180.157.252.250 - - [25/Mar/2020:10:37:36 +0800] "GET /xingrg/system/rest/get_item.html?table=menu&target=cook_mode&id=1996&_=1585103853685 HTTP/1.1" 200 14339
180.157.252.250 - - [25/Mar/2020:10:37:36 +0800] "GET /xingrg/system/rest/get_infos.html?command=menu_img_show&id=1996 HTTP/1.1" 200 5
180.157.252.250 - - [25/Mar/2020:10:37:39 +0800] "GET /xingrg/system/rest/get_item.html?table=menu&target=menu_rest_detail&id=1996&sid=14&_=1585103856632 HTTP/1.1" 200 430
116.224.247.222 - - [25/Mar/2020:10:37:40 +0800] "GET /xingrg/kc/mdqp/pssh_order_list.html HTTP/1.1" 200 17532
116.224.247.222 - - [25/Mar/2020:10:37:40 +0800] "POST /xingrg/kc/mdqp/pssh_list_operate.html HTTP/1.1" 200 5391
116.224.247.222 - - [25/Mar/2020:10:37:40 +0800] "GET /xingrg/all/function/internal_message.html?_=1585104035140&CODE_STATE=getMsg HTTP/1.1" 200 27
222.69.138.221 - - [25/Mar/2020:10:37:42 +0800] "GET /xingrg/all/function/internal_message.html?_=1585103858264&CODE_STATE=getMsg HTTP/1.1" 200 27
180.157.252.250 - - [25/Mar/2020:10:37:47 +0800] "GET /xingrg/system/rest/query_items.html?_=1585103864308&table=menu&page=1&rows=20&categoryId=&key=%25E7%25AC%258B%25E5%25A3%25B3%25E9%25B1%25BC HTTP/1.1" 200 2460
180.157.252.250 - - [25/Mar/2020:10:37:48 +0800] "GET /xingrg/system/rest/query_items.html?_=1585103865658&table=menu&page=1&rows=20&categoryId=&key=%25E7%25AC%258B%25E5%25A3%25B3%25E9%25B1%25BC HTTP/1.1" 200 2460
116.224.247.222 - - [25/Mar/2020:10:37:49 +0800] "POST /xingrg/kc/mdqp/pssh_list_operate.html HTTP/1.1" 200 362
180.157.252.250 - - [25/Mar/2020:10:37:50 +0800] "GET /xingrg/system/rest/get_item.html?table=menu&id=1940&_=1585103867746 HTTP/1.1" 200 966
180.157.252.250 - - [25/Mar/2020:10:37:50 +0800] "GET /xingrg/system/rest/get_item.html?table=menu&target=menu_rest&id=1940&_=1585103867767 HTTP/1.1" 200 869
180.157.252.250 - - [25/Mar/2020:10:37:50 +0800] "GET /xingrg/system/rest/get_item.html?table=menu&target=cook_mode&id=1940&_=1585103867765 HTTP/1.1" 200 10495
180.157.252.250 - - [25/Mar/2020:10:37:50 +0800] "GET /xingrg/system/rest/get_infos.html?command=menu_img_show&id=1940 HTTP/1.1" 200 5
116.224.247.222 - - [25/Mar/2020:10:37:52 +0800] "POST /xingrg/kc/mdqp/pssh_list_operate.html HTTP/1.1" 200 258
180.157.252.250 - - [25/Mar/2020:10:37:53 +0800] "GET /xingrg/system/rest/get_item.html?table=menu&target=menu_rest_detail&id=1940&sid=14&_=1585103870642 HTTP/1.1" 200 426
114.93.75.19 - - [25/Mar/2020:10:37:54 +0800] "GET /xingrg/all/function/internal_message.html?_=1585103885637&CODE_STATE=getMsg HTTP/1.1" 200 27
124.77.241.94 - - [25/Mar/2020:10:37:56 +0800] "GET /xingrg/all/function/internal_message.html?_=1585103913151&CODE_STATE=getMsg HTTP/1.1" 200 27
114.93.75.19 - - [25/Mar/2020:10:37:57 +0800] "GET /xingrg/all/function/internal_message.html?_=1585103875115&CODE_STATE=getMsg HTTP/1.1" 200 27
180.162.102.27 - - [25/Mar/2020:10:37:58 +0800] "GET /xingrg/kc/buy/cgsh_order_operate.html?command=get_materiel&rest_code=00142&code=00101008108&supplier_code=00100161&order_time=2020-03-19 HTTP/1.1" 200 412
124.77.241.94 - - [25/Mar/2020:10:37:59 +0800] "GET /xingrg/all/function/internal_message.html?_=1585103875991&CODE_STATE=getMsg HTTP/1.1" 200 27
114.88.170.9 - - [25/Mar/2020:10:38:00 +0800] "GET /xingrg/all/function/internal_message.html?_=1585104179921&CODE_STATE=getMsg HTTP/1.1" 200 27
114.88.170.9 - - [25/Mar/2020:10:38:02 +0800] "GET /xingrg/all/function/internal_message.html?_=1585103882528&CODE_STATE=getMsg HTTP/1.1" 200 27
180.162.102.27 - - [25/Mar/2020:10:38:06 +0800] "GET /xingrg/kc/buy/cgsh_order_operate.html?command=get_materiel&rest_code=00142&code=00101008368&supplier_code=00100161&order_time=2020-03-19 HTTP/1.1" 200 408
116.235.222.53 - - [25/Mar/2020:10:38:09 +0800] "GET /xingrg/all/function/internal_message.html?_=1585103884521&CODE_STATE=getMsg HTTP/1.1" 200 27
180.157.252.250 - - [25/Mar/2020:10:38:10 +0800] "GET /xingrg/all/function/internal_message.html?_=1585103887954&CODE_STATE=getMsg HTTP/1.1" 200 27
180.156.150.85 - - [25/Mar/2020:10:38:12 +0800] "GET /xingrg/all/function/internal_message.html?_=1585103891524&CODE_STATE=getMsg HTTP/1.1" 200 27
180.156.150.85 - - [25/Mar/2020:10:38:12 +0800] "GET /xingrg/check_reg.html?_=1585103891526 HTTP/1.1" 200 22
180.157.252.250 - - [25/Mar/2020:10:38:13 +0800] "GET /xingrg/system/rest/query_items.html?_=1585103890403&table=menu&page=1&rows=20&categoryId=&key=%25E8%2599%25BE%25E5%25A7%2591 HTTP/1.1" 200 729
180.157.252.250 - - [25/Mar/2020:10:38:15 +0800] "GET /xingrg/system/rest/query_items.html?_=1585103892332&table=menu&page=1&rows=20&categoryId=&key=%25E8%2599%25BE%25E5%25A7%2591 HTTP/1.1" 200 729
180.157.252.250 - - [25/Mar/2020:10:38:15 +0800] "GET /xingrg/system/rest/get_item.html?table=menu&id=7081&_=1585103892782 HTTP/1.1" 200 962
180.157.252.250 - - [25/Mar/2020:10:38:15 +0800] "GET /xingrg/system/rest/get_item.html?table=menu&target=menu_rest&id=7081&_=1585103892800 HTTP/1.1" 200 66
180.157.252.250 - - [25/Mar/2020:10:38:15 +0800] "GET /xingrg/system/rest/get_item.html?table=menu&target=cook_mode&id=7081&_=1585103892799 HTTP/1.1" 200 1960
180.157.252.250 - - [25/Mar/2020:10:38:16 +0800] "GET /xingrg/system/rest/get_infos.html?command=menu_img_show&id=7081 HTTP/1.1" 200 5
114.93.75.19 - - [25/Mar/2020:10:38:17 +0800] "GET /xingrg/all/function/internal_message.html?_=1585103895540&CODE_STATE=getMsg HTTP/1.1" 200 27
114.93.75.19 - - [25/Mar/2020:10:38:18 +0800] "GET /xingrg/check_reg.html?_=1585103896697 HTTP/1.1" 200 22
180.162.102.27 - - [25/Mar/2020:10:38:20 +0800] "GET /xingrg/kc/buy/cgsh_order_operate.html?command=get_materiel&rest_code=00142&code=00101008005&supplier_code=00100161&order_time=2020-03-19 HTTP/1.1" 200 432
180.157.252.250 - - [25/Mar/2020:10:38:20 +0800] "GET /xingrg/system/rest/query_items.html?_=1585103897775&table=menu&page=1&rows=20&categoryId=&key=2001 HTTP/1.1" 200 249
116.238.181.252 - - [25/Mar/2020:10:38:20 +0800] "GET /xingrg/all/function/internal_message.html?_=1585103899537&CODE_STATE=getMsg HTTP/1.1" 200 27
180.157.252.250 - - [25/Mar/2020:10:38:21 +0800] "GET /xingrg/system/rest/query_items.html?_=1585103898967&table=menu&page=1&rows=20&categoryId=&key=2001 HTTP/1.1" 200 249
180.157.252.250 - - [25/Mar/2020:10:38:22 +0800] "GET /xingrg/system/rest/get_item.html?table=menu&id=2001&_=1585103899431 HTTP/1.1" 200 934
180.157.252.250 - - [25/Mar/2020:10:38:22 +0800] "GET /xingrg/system/rest/get_item.html?table=menu&target=menu_rest&id=2001&_=1585103899448 HTTP/1.1" 200 746
180.157.252.250 - - [25/Mar/2020:10:38:22 +0800] "GET /xingrg/system/rest/get_item.html?table=menu&target=cook_mode&id=2001&_=1585103899447 HTTP/1.1" 200 8443
180.157.252.250 - - [25/Mar/2020:10:38:22 +0800] "GET /xingrg/system/rest/get_infos.html?command=menu_img_show&id=2001 HTTP/1.1" 200 5
180.157.252.250 - - [25/Mar/2020:10:38:26 +0800] "GET /xingrg/system/rest/get_item.html?table=menu&target=menu_rest_detail&id=2001&sid=14&_=1585103904141 HTTP/1.1" 200 427
58.40.7.146 - - [25/Mar/2020:10:38:27 +0800] "GET /xingrg/all/function/internal_message.html?_=1585103905528&CODE_STATE=getMsg HTTP/1.1" 200 27
180.162.102.27 - - [25/Mar/2020:10:38:28 +0800] "GET /xingrg/kc/buy/cgsh_order_operate.html?command=get_materiel&rest_code=00142&code=00101008361&supplier_code=00100161&order_time=2020-03-19 HTTP/1.1" 200 424
114.93.75.19 - - [25/Mar/2020:10:38:30 +0800] "GET /xingrg/all/function/internal_message.html?_=1585103915970&CODE_STATE=getMsg HTTP/1.1" 200 27
117.184.7.26 - - [25/Mar/2020:10:38:30 +0800] "GET /xingrg/all/function/internal_message.html?_=1585103901335&CODE_STATE=getMsg HTTP/1.1" 302 -
117.184.7.26 - - [25/Mar/2020:10:38:30 +0800] "GET /xingrg/login.html HTTP/1.1" 200 7639
180.157.252.250 - - [25/Mar/2020:10:38:32 +0800] "POST /xingrg/system/rest/edit_item.html HTTP/1.1" 200 4
180.157.252.250 - - [25/Mar/2020:10:38:32 +0800] "GET /xingrg/system/rest/get_item.html?table=menu&target=menu_rest&id=2001&_=1585103909733 HTTP/1.1" 200 746
180.162.102.27 - - [25/Mar/2020:10:38:32 +0800] "GET /xingrg/all/function/internal_message.html?_=1585103405928&CODE_STATE=getMsg HTTP/1.1" 200 27
180.162.102.27 - - [25/Mar/2020:10:38:32 +0800] "GET /xingrg/check_reg.html?_=1585103405929 HTTP/1.1" 200 22
180.162.102.27 - - [25/Mar/2020:10:38:36 +0800] "GET /xingrg/kc/buy/cgsh_order_operate.html?command=get_materiel&rest_code=00142&code=00101008155&supplier_code=00100161&order_time=2020-03-19 HTTP/1.1" 200 424
116.224.247.222 - - [25/Mar/2020:10:38:41 +0800] "GET /xingrg/all/function/internal_message.html?_=1585104095452&CODE_STATE=getMsg HTTP/1.1" 200 27
222.69.138.221 - - [25/Mar/2020:10:38:42 +0800] "GET /xingrg/all/function/internal_message.html?_=1585103918256&CODE_STATE=getMsg HTTP/1.1" 200 27
180.162.102.27 - - [25/Mar/2020:10:38:43 +0800] "GET /xingrg/kc/buy/cgsh_order_operate.html?command=get_materiel&rest_code=00142&code=00101008371&supplier_code=00100161&order_time=2020-03-19 HTTP/1.1" 200 412
114.88.170.9 - - [25/Mar/2020:10:38:46 +0800] "GET /xingrg/check_reg.html?_=1585103926368 HTTP/1.1" 200 22
180.157.252.250 - - [25/Mar/2020:10:38:48 +0800] "GET /xingrg/system/rest/query_items.html?_=1585103925537&table=menu&page=1&rows=20&categoryId=&key=%25E8%2580%2581%25E8%2599%258E%25E6%2596%2591 HTTP/1.1" 200 3693
180.157.252.250 - - [25/Mar/2020:10:38:49 +0800] "GET /xingrg/system/rest/query_items.html?_=1585103927117&table=menu&page=1&rows=20&categoryId=&key=%25E8%2580%2581%25E8%2599%258E%25E6%2596%2591 HTTP/1.1" 200 3693
180.157.252.250 - - [25/Mar/2020:10:38:50 +0800] "GET /xingrg/system/rest/get_item.html?table=menu&id=1909&_=1585103927727 HTTP/1.1" 200 941
180.157.252.250 - - [25/Mar/2020:10:38:50 +0800] "GET /xingrg/system/rest/get_item.html?table=menu&target=menu_rest&id=1909&_=1585103927745 HTTP/1.1" 200 950
180.157.252.250 - - [25/Mar/2020:10:38:50 +0800] "GET /xingrg/system/rest/get_item.html?table=menu&target=cook_mode&id=1909&_=1585103927743 HTTP/1.1" 200 11038
180.157.252.250 - - [25/Mar/2020:10:38:51 +0800] "GET /xingrg/system/rest/get_infos.html?command=menu_img_show&id=1909 HTTP/1.1" 200 5
180.162.102.27 - - [25/Mar/2020:10:38:52 +0800] "GET /xingrg/kc/buy/cgsh_order_operate.html?command=get_materiel&rest_code=00142&code=00101008355&supplier_code=00100161&order_time=2020-03-19 HTTP/1.1" 200 424
180.157.252.250 - - [25/Mar/2020:10:38:53 +0800] "GET /xingrg/system/rest/get_item.html?table=menu&target=menu_rest_detail&id=1909&sid=14&_=1585103931102 HTTP/1.1" 200 428
114.93.75.19 - - [25/Mar/2020:10:38:54 +0800] "GET /xingrg/all/function/internal_message.html?_=1585103945351&CODE_STATE=getMsg HTTP/1.1" 200 27
124.77.241.94 - - [25/Mar/2020:10:38:56 +0800] "GET /xingrg/all/function/internal_message.html?_=1585103973250&CODE_STATE=getMsg HTTP/1.1" 200 27
114.93.75.19 - - [25/Mar/2020:10:38:57 +0800] "GET /xingrg/all/function/internal_message.html?_=1585103935119&CODE_STATE=getMsg HTTP/1.1" 200 27
180.157.252.250 - - [25/Mar/2020:10:38:59 +0800] "POST /xingrg/system/rest/edit_item.html HTTP/1.1" 200 4
180.157.252.250 - - [25/Mar/2020:10:38:59 +0800] "GET /xingrg/system/rest/get_item.html?table=menu&target=menu_rest&id=1909&_=1585103936655 HTTP/1.1" 200 949
124.77.241.94 - - [25/Mar/2020:10:38:59 +0800] "GET /xingrg/all/function/internal_message.html?_=1585103935995&CODE_STATE=getMsg HTTP/1.1" 200 27
114.88.170.9 - - [25/Mar/2020:10:39:00 +0800] "GET /xingrg/all/function/internal_message.html?_=1585104239922&CODE_STATE=getMsg HTTP/1.1" 200 27
114.88.170.9 - - [25/Mar/2020:10:39:02 +0800] "GET /xingrg/all/function/internal_message.html?_=1585103942541&CODE_STATE=getMsg HTTP/1.1" 200 27
180.162.102.27 - - [25/Mar/2020:10:39:03 +0800] "GET /xingrg/kc/buy/cgsh_order_operate.html?command=get_materiel&rest_code=00142&code=00101008024&supplier_code=00100161&order_time=2020-03-19 HTTP/1.1" 200 427
180.157.252.250 - - [25/Mar/2020:10:39:06 +0800] "GET /xingrg/system/rest/query_items.html?_=1585103943901&table=menu&page=1&rows=20&categoryId=&key=%25E6%259D%2582%25E9%25B1%25BC HTTP/1.1" 200 1755
180.157.252.250 - - [25/Mar/2020:10:39:08 +0800] "GET /xingrg/system/rest/query_items.html?_=1585103945789&table=menu&page=1&rows=20&categoryId=&key=%25E6%259D%2582%25E9%25B1%25BC HTTP/1.1" 200 1755
116.235.222.53 - - [25/Mar/2020:10:39:09 +0800] "GET /xingrg/all/function/internal_message.html?_=1585103944535&CODE_STATE=getMsg HTTP/1.1" 200 27
180.157.252.250 - - [25/Mar/2020:10:39:10 +0800] "GET /xingrg/all/function/internal_message.html?_=1585103947955&CODE_STATE=getMsg HTTP/1.1" 200 27
180.157.252.250 - - [25/Mar/2020:10:39:11 +0800] "GET /xingrg/system/rest/get_item.html?table=menu&id=1965&_=1585103948846 HTTP/1.1" 200 969
180.157.252.250 - - [25/Mar/2020:10:39:11 +0800] "GET /xingrg/system/rest/get_item.html?table=menu&target=cook_mode&id=1965&_=1585103948863 HTTP/1.1" 200 6235
180.157.252.250 - - [25/Mar/2020:10:39:11 +0800] "GET /xingrg/system/rest/get_item.html?table=menu&target=menu_rest&id=1965&_=1585103948865 HTTP/1.1" 200 762
180.157.252.250 - - [25/Mar/2020:10:39:12 +0800] "GET /xingrg/system/rest/get_infos.html?command=menu_img_show&id=1965 HTTP/1.1" 200 5
180.156.150.85 - - [25/Mar/2020:10:39:12 +0800] "GET /xingrg/all/function/internal_message.html?_=1585103951526&CODE_STATE=getMsg HTTP/1.1" 200 27
180.162.102.27 - - [25/Mar/2020:10:39:12 +0800] "GET /xingrg/kc/buy/cgsh_order_operate.html?command=get_materiel&rest_code=00142&code=00101008356&supplier_code=00100161&order_time=2020-03-19 HTTP/1.1" 200 424
117.184.7.26 - - [25/Mar/2020:10:39:12 +0800] "GET /xingrg/check_reg.html?_=1585103943445 HTTP/1.1" 302 -
117.184.7.26 - - [25/Mar/2020:10:39:12 +0800] "GET /xingrg/login.html HTTP/1.1" 200 7639
180.157.252.250 - - [25/Mar/2020:10:39:14 +0800] "GET /xingrg/system/rest/get_item.html?table=menu&target=menu_rest_detail&id=1965&sid=14&_=1585103951803 HTTP/1.1" 200 426
114.93.75.19 - - [25/Mar/2020:10:39:17 +0800] "GET /xingrg/all/function/internal_message.html?_=1585103955511&CODE_STATE=getMsg HTTP/1.1" 200 27
180.157.252.250 - - [25/Mar/2020:10:39:19 +0800] "POST /xingrg/system/rest/edit_item.html HTTP/1.1" 200 4
180.157.252.250 - - [25/Mar/2020:10:39:19 +0800] "GET /xingrg/system/rest/get_item.html?table=menu&target=menu_rest&id=1965&_=1585103957247 HTTP/1.1" 200 762
116.238.181.252 - - [25/Mar/2020:10:39:20 +0800] "GET /xingrg/all/function/internal_message.html?_=1585103959524&CODE_STATE=getMsg HTTP/1.1" 200 27
180.162.102.27 - - [25/Mar/2020:10:39:23 +0800] "GET /xingrg/kc/buy/cgsh_order_operate.html?command=get_materiel&rest_code=00142&code=00101008286&supplier_code=00100161&order_time=2020-03-19 HTTP/1.1" 200 428
180.157.252.250 - - [25/Mar/2020:10:39:26 +0800] "GET /xingrg/system/rest/query_items.html?_=1585103964045&table=menu&page=1&rows=20&categoryId=&key=%25E8%258A%25B1%25E8%259E%25BA HTTP/1.1" 200 1050
58.40.7.146 - - [25/Mar/2020:10:39:27 +0800] "GET /xingrg/all/function/internal_message.html?_=1585103965530&CODE_STATE=getMsg HTTP/1.1" 200 27
58.40.7.146 - - [25/Mar/2020:10:39:27 +0800] "GET /xingrg/check_reg.html?_=1585103965534 HTTP/1.1" 200 22
180.157.252.250 - - [25/Mar/2020:10:39:28 +0800] "GET /xingrg/system/rest/query_items.html?_=1585103965928&table=menu&page=1&rows=20&categoryId=&key=%25E8%258A%25B1%25E8%259E%25BA HTTP/1.1" 200 1050
180.157.252.250 - - [25/Mar/2020:10:39:29 +0800] "GET /xingrg/system/rest/get_item.html?table=menu&id=2054&_=1585103966371 HTTP/1.1" 200 1006
180.157.252.250 - - [25/Mar/2020:10:39:29 +0800] "GET /xingrg/system/rest/get_item.html?table=menu&target=menu_rest&id=2054&_=1585103966387 HTTP/1.1" 200 868
180.157.252.250 - - [25/Mar/2020:10:39:29 +0800] "GET /xingrg/system/rest/get_infos.html?command=menu_img_show&id=2054 HTTP/1.1" 200 5
180.157.252.250 - - [25/Mar/2020:10:39:29 +0800] "GET /xingrg/system/rest/get_item.html?table=menu&target=cook_mode&id=2054&_=1585103966386 HTTP/1.1" 200 10645
114.93.75.19 - - [25/Mar/2020:10:39:30 +0800] "GET /xingrg/all/function/internal_message.html?_=1585103975983&CODE_STATE=getMsg HTTP/1.1" 200 27
117.184.7.26 - - [25/Mar/2020:10:39:30 +0800] "GET /xingrg/all/function/internal_message.html?_=1585103961348&CODE_STATE=getMsg HTTP/1.1" 302 -
117.184.7.26 - - [25/Mar/2020:10:39:30 +0800] "GET /xingrg/login.html HTTP/1.1" 200 7639
180.157.252.250 - - [25/Mar/2020:10:39:32 +0800] "GET /xingrg/system/rest/get_item.html?table=menu&target=menu_rest_detail&id=2054&sid=14&_=1585103969365 HTTP/1.1" 200 427
180.162.102.27 - - [25/Mar/2020:10:39:32 +0800] "GET /xingrg/all/function/internal_message.html?_=1585103465938&CODE_STATE=getMsg HTTP/1.1" 200 27
180.162.102.27 - - [25/Mar/2020:10:39:34 +0800] "GET /xingrg/kc/buy/cgsh_order_operate.html?command=get_materiel&rest_code=00142&code=00101008350&supplier_code=00100161&order_time=2020-03-19 HTTP/1.1" 200 426
116.224.247.222 - - [25/Mar/2020:10:39:38 +0800] "GET /xingrg/check_reg.html?_=1585104153097 HTTP/1.1" 200 22
114.88.170.9 - - [25/Mar/2020:10:39:38 +0800] "POST /xingrg/services/DataTransmitService HTTP/1.1" 200 524
180.157.252.250 - - [25/Mar/2020:10:39:40 +0800] "POST /xingrg/system/rest/edit_item.html HTTP/1.1" 200 4
180.157.252.250 - - [25/Mar/2020:10:39:40 +0800] "GET /xingrg/system/rest/get_item.html?table=menu&target=menu_rest&id=2054&_=1585103977660 HTTP/1.1" 200 868
116.224.247.222 - - [25/Mar/2020:10:39:41 +0800] "GET /xingrg/all/function/internal_message.html?_=1585104155464&CODE_STATE=getMsg HTTP/1.1" 200 27
222.69.138.221 - - [25/Mar/2020:10:39:42 +0800] "GET /xingrg/all/function/internal_message.html?_=1585103978270&CODE_STATE=getMsg HTTP/1.1" 200 27
180.162.102.27 - - [25/Mar/2020:10:39:46 +0800] "GET /xingrg/kc/buy/cgsh_order_operate.html?command=get_materiel&rest_code=00142&code=00101008298&supplier_code=00100161&order_time=2020-03-19 HTTP/1.1" 200 427
180.157.252.250 - - [25/Mar/2020:10:39:49 +0800] "GET /xingrg/system/rest/query_items.html?_=1585103986393&table=menu&page=1&rows=20&categoryId=&key=%25E6%25AF%258D%25E5%258D%25B7 HTTP/1.1" 200 2236
180.157.252.250 - - [25/Mar/2020:10:39:50 +0800] "GET /xingrg/system/rest/query_items.html?_=1585103987997&table=menu&page=1&rows=20&categoryId=&key=%25E6%25AF%258D%25E5%258D%25B7 HTTP/1.1" 200 2236
180.157.252.250 - - [25/Mar/2020:10:39:51 +0800] "GET /xingrg/system/rest/get_item.html?table=menu&id=2084&_=1585103988485 HTTP/1.1" 200 971
180.157.252.250 - - [25/Mar/2020:10:39:51 +0800] "GET /xingrg/system/rest/get_item.html?table=menu&target=menu_rest&id=2084&_=1585103988504 HTTP/1.1" 200 1236
180.157.252.250 - - [25/Mar/2020:10:39:51 +0800] "GET /xingrg/system/rest/get_item.html?table=menu&target=cook_mode&id=2084&_=1585103988503 HTTP/1.1" 200 9370
180.157.252.250 - - [25/Mar/2020:10:39:51 +0800] "GET /xingrg/system/rest/get_infos.html?command=menu_img_show&id=2084 HTTP/1.1" 200 5
114.93.75.19 - - [25/Mar/2020:10:39:54 +0800] "GET /xingrg/all/function/internal_message.html?_=1585104005399&CODE_STATE=getMsg HTTP/1.1" 200 27
114.93.75.19 - - [25/Mar/2020:10:39:54 +0800] "GET /xingrg/check_reg.html?_=1585104006217 HTTP/1.1" 200 22
180.157.252.250 - - [25/Mar/2020:10:39:54 +0800] "GET /xingrg/system/rest/get_item.html?table=menu&target=menu_rest_detail&id=2084&sid=14&_=1585103992296 HTTP/1.1" 200 426
124.77.241.94 - - [25/Mar/2020:10:39:56 +0800] "GET /xingrg/all/function/internal_message.html?_=1585104033254&CODE_STATE=getMsg HTTP/1.1" 200 27
114.93.75.19 - - [25/Mar/2020:10:39:57 +0800] "GET /xingrg/check_reg.html?_=1585103995123 HTTP/1.1" 200 22
114.93.75.19 - - [25/Mar/2020:10:39:57 +0800] "GET /xingrg/all/function/internal_message.html?_=1585103995127&CODE_STATE=getMsg HTTP/1.1" 200 27
124.77.241.94 - - [25/Mar/2020:10:39:59 +0800] "GET /xingrg/all/function/internal_message.html?_=1585103995995&CODE_STATE=getMsg HTTP/1.1" 200 27
114.88.170.9 - - [25/Mar/2020:10:40:00 +0800] "GET /xingrg/all/function/internal_message.html?_=1585104299926&CODE_STATE=getMsg HTTP/1.1" 200 27
114.88.170.9 - - [25/Mar/2020:10:40:00 +0800] "GET /xingrg/check_reg.html?_=1585104299920 HTTP/1.1" 200 22
180.157.252.250 - - [25/Mar/2020:10:40:00 +0800] "POST /xingrg/system/rest/edit_item.html HTTP/1.1" 200 4
180.157.252.250 - - [25/Mar/2020:10:40:00 +0800] "GET /xingrg/system/rest/get_item.html?table=menu&target=menu_rest&id=2084&_=1585103998169 HTTP/1.1" 200 1236
114.88.170.9 - - [25/Mar/2020:10:40:02 +0800] "GET /xingrg/all/function/internal_message.html?_=1585104002554&CODE_STATE=getMsg HTTP/1.1" 200 27
116.238.181.252 - - [25/Mar/2020:10:40:06 +0800] "POST /xingrg/kc/base/wldb_order_operate.html HTTP/1.1" 200 37
116.238.181.252 - - [25/Mar/2020:10:40:07 +0800] "POST /xingrg/kc/base/wldb_order_operate.html HTTP/1.1" 200 7395
116.238.181.252 - - [25/Mar/2020:10:40:07 +0800] "GET /xingrg/kc/base/wldb_order_info.html?code=422020032500758 HTTP/1.1" 200 30318
116.238.181.252 - - [25/Mar/2020:10:40:08 +0800] "GET /xingrg/javascript/easyui/themes/default/validatebox.css HTTP/1.1" 404 1104
180.157.252.250 - - [25/Mar/2020:10:40:08 +0800] "GET /xingrg/system/rest/query_items.html?_=1585104005481&table=menu&page=1&rows=20&categoryId=&key=%25E5%25B0%258F%25E7%2599%25BD HTTP/1.1" 200 1206
116.238.181.252 - - [25/Mar/2020:10:40:08 +0800] "POST /xingrg/kc/base/wldb_order_operate.html HTTP/1.1" 200 7395
180.162.102.27 - - [25/Mar/2020:10:40:08 +0800] "GET /xingrg/kc/buy/cgsh_order_operate.html?command=get_materiel&rest_code=00142&code=00101008152&supplier_code=00100161&order_time=2020-03-19 HTTP/1.1" 200 408
116.235.222.53 - - [25/Mar/2020:10:40:09 +0800] "GET /xingrg/check_reg.html?_=1585104004520 HTTP/1.1" 200 22
116.235.222.53 - - [25/Mar/2020:10:40:09 +0800] "GET /xingrg/all/function/internal_message.html?_=1585104004523&CODE_STATE=getMsg HTTP/1.1" 200 27
180.157.252.250 - - [25/Mar/2020:10:40:10 +0800] "GET /xingrg/all/function/internal_message.html?_=1585104007973&CODE_STATE=getMsg HTTP/1.1" 200 27
180.157.252.250 - - [25/Mar/2020:10:40:11 +0800] "GET /xingrg/system/rest/query_items.html?_=1585104009167&table=menu&page=1&rows=20&categoryId=&key=%25E5%25B0%258F%25E7%2599%25BD HTTP/1.1" 200 1206
180.156.150.85 - - [25/Mar/2020:10:40:12 +0800] "GET /xingrg/all/function/internal_message.html?_=1585104011551&CODE_STATE=getMsg HTTP/1.1" 200 27
180.157.252.250 - - [25/Mar/2020:10:40:12 +0800] "GET /xingrg/system/rest/get_item.html?table=menu&id=1931&_=1585104009604 HTTP/1.1" 200 939
180.157.252.250 - - [25/Mar/2020:10:40:12 +0800] "GET /xingrg/system/rest/get_item.html?table=menu&target=menu_rest&id=1931&_=1585104009622 HTTP/1.1" 200 853
180.157.252.250 - - [25/Mar/2020:10:40:12 +0800] "GET /xingrg/system/rest/get_item.html?table=menu&target=cook_mode&id=1931&_=1585104009621 HTTP/1.1" 200 17346
180.157.252.250 - - [25/Mar/2020:10:40:12 +0800] "GET /xingrg/system/rest/get_infos.html?command=menu_img_show&id=1931 HTTP/1.1" 200 5
180.157.252.250 - - [25/Mar/2020:10:40:15 +0800] "GET /xingrg/system/rest/get_item.html?table=menu&target=menu_rest_detail&id=1931&sid=14&_=1585104013186 HTTP/1.1" 200 436
114.93.75.19 - - [25/Mar/2020:10:40:17 +0800] "GET /xingrg/all/function/internal_message.html?_=1585104015480&CODE_STATE=getMsg HTTP/1.1" 200 27
116.238.181.252 - - [25/Mar/2020:10:40:20 +0800] "GET /xingrg/all/function/internal_message.html?_=1585104019508&CODE_STATE=getMsg HTTP/1.1" 200 27
124.77.241.94 - - [25/Mar/2020:10:40:20 +0800] "POST /xingrg/services/DataTransmitService HTTP/1.1" 200 524
180.162.102.27 - - [25/Mar/2020:10:40:21 +0800] "GET /xingrg/kc/buy/cgsh_order_operate.html?command=get_materiel&rest_code=00142&code=00101008323&supplier_code=00100161&order_time=2020-03-19 HTTP/1.1" 200 424
180.157.252.250 - - [25/Mar/2020:10:40:23 +0800] "POST /xingrg/system/rest/edit_item.html HTTP/1.1" 200 4
180.157.252.250 - - [25/Mar/2020:10:40:23 +0800] "GET /xingrg/system/rest/get_item.html?table=menu&target=menu_rest&id=1931&_=1585104020519 HTTP/1.1" 200 853
124.77.241.94 - - [25/Mar/2020:10:40:23 +0800] "POST /xingrg/services/DataTransmitService HTTP/1.1" 200 501
58.40.7.146 - - [25/Mar/2020:10:40:27 +0800] "GET /xingrg/all/function/internal_message.html?_=1585104025520&CODE_STATE=getMsg HTTP/1.1" 200 27
180.157.252.250 - - [25/Mar/2020:10:40:29 +0800] "GET /xingrg/system/rest/query_items.html?_=1585104026765&table=menu&page=1&rows=20&categoryId=&key=%25E5%25B8%25A6%25E9%25B1%25BC HTTP/1.1" 200 2368
180.162.102.27 - - [25/Mar/2020:10:40:29 +0800] "GET /xingrg/kc/buy/cgsh_order_operate.html?command=get_materiel&rest_code=00142&code=00101008092&supplier_code=00100161&order_time=2020-03-19 HTTP/1.1" 200 413
114.93.75.19 - - [25/Mar/2020:10:40:30 +0800] "GET /xingrg/all/function/internal_message.html?_=1585104036004&CODE_STATE=getMsg HTTP/1.1" 200 27
117.184.7.26 - - [25/Mar/2020:10:40:30 +0800] "GET /xingrg/all/function/internal_message.html?_=1585104021361&CODE_STATE=getMsg HTTP/1.1" 302 -
117.184.7.26 - - [25/Mar/2020:10:40:30 +0800] "GET /xingrg/login.html HTTP/1.1" 200 7639
180.157.252.250 - - [25/Mar/2020:10:40:31 +0800] "GET /xingrg/system/rest/query_items.html?_=1585104028480&table=menu&page=1&rows=20&categoryId=&key=%25E5%25B8%25A6%25E9%25B1%25BC HTTP/1.1" 200 2368
180.157.252.250 - - [25/Mar/2020:10:40:31 +0800] "GET /xingrg/system/rest/get_item.html?table=menu&id=1932&_=1585104028985 HTTP/1.1" 200 937
180.157.252.250 - - [25/Mar/2020:10:40:31 +0800] "GET /xingrg/system/rest/get_item.html?table=menu&target=menu_rest&id=1932&_=1585104029005 HTTP/1.1" 200 647
180.157.252.250 - - [25/Mar/2020:10:40:31 +0800] "GET /xingrg/system/rest/get_item.html?table=menu&target=cook_mode&id=1932&_=1585104029004 HTTP/1.1" 200 14725
180.157.252.250 - - [25/Mar/2020:10:40:32 +0800] "GET /xingrg/system/rest/get_infos.html?command=menu_img_show&id=1932 HTTP/1.1" 200 5
180.162.102.27 - - [25/Mar/2020:10:40:32 +0800] "GET /xingrg/all/function/internal_message.html?_=1585103525991&CODE_STATE=getMsg HTTP/1.1" 200 27
180.157.252.250 - - [25/Mar/2020:10:40:34 +0800] "GET /xingrg/system/rest/get_item.html?table=menu&target=menu_rest_detail&id=1932&sid=14&_=1585104031418 HTTP/1.1" 200 426
180.157.252.250 - - [25/Mar/2020:10:40:40 +0800] "POST /xingrg/system/rest/edit_item.html HTTP/1.1" 200 4
180.157.252.250 - - [25/Mar/2020:10:40:40 +0800] "GET /xingrg/system/rest/get_item.html?table=menu&target=menu_rest&id=1932&_=1585104037998 HTTP/1.1" 200 647
180.162.102.27 - - [25/Mar/2020:10:40:40 +0800] "GET /xingrg/kc/buy/cgsh_order_operate.html?command=get_materiel&rest_code=00142&code=00101008352&supplier_code=00100161&order_time=2020-03-19 HTTP/1.1" 200 427
116.238.181.252 - - [25/Mar/2020:10:40:41 +0800] "POST /xingrg/kc/base/wldb_order_operate.html HTTP/1.1" 200 37
116.224.247.222 - - [25/Mar/2020:10:40:41 +0800] "GET /xingrg/all/function/internal_message.html?_=1585104215478&CODE_STATE=getMsg HTTP/1.1" 200 27
117.184.7.30 - - [25/Mar/2020:10:40:41 +0800] "GET /xingrg/login.html HTTP/1.1" 200 7639
117.184.7.30 - - [25/Mar/2020:10:40:42 +0800] "GET /favicon.ico HTTP/1.1" 404 -
116.238.181.252 - - [25/Mar/2020:10:40:42 +0800] "POST /xingrg/kc/base/wldb_order_operate.html HTTP/1.1" 200 12
116.238.181.252 - - [25/Mar/2020:10:40:42 +0800] "POST /xingrg/kc/base/wldb_order_operate.html HTTP/1.1" 200 7392
222.69.138.221 - - [25/Mar/2020:10:40:42 +0800] "GET /xingrg/all/function/internal_message.html?_=1585104038259&CODE_STATE=getMsg HTTP/1.1" 200 27
116.238.181.252 - - [25/Mar/2020:10:40:43 +0800] "GET /xingrg/kc/base/wldb_order_info.html?code=422020032500758 HTTP/1.1" 200 26200
116.238.181.252 - - [25/Mar/2020:10:40:44 +0800] "GET /xingrg/javascript/easyui/themes/default/validatebox.css HTTP/1.1" 404 1104
116.238.181.252 - - [25/Mar/2020:10:40:44 +0800] "POST /xingrg/kc/base/wldb_order_operate.html HTTP/1.1" 200 5563
116.238.181.252 - - [25/Mar/2020:10:40:46 +0800] "GET /xingrg/kc/print/load_data.html?order_code=422020032500758&kc_code=wldb&condition= HTTP/1.1" 200 2087
180.162.102.27 - - [25/Mar/2020:10:40:50 +0800] "GET /xingrg/kc/buy/cgsh_order_operate.html?command=get_materiel&rest_code=00142&code=00101008393&supplier_code=00100161&order_time=2020-03-19 HTTP/1.1" 200 408
114.93.75.19 - - [25/Mar/2020:10:40:54 +0800] "GET /xingrg/all/function/internal_message.html?_=1585104065389&CODE_STATE=getMsg HTTP/1.1" 200 27
117.184.7.30 - - [25/Mar/2020:10:40:55 +0800] "POST /xingrg/login.do HTTP/1.1" 302 -
117.184.7.30 - - [25/Mar/2020:10:40:55 +0800] "GET /xingrg/index.html?sysBaseUrl=http%3A%2F%2F117.131.15.22%3A18081%2Fxingrg%2F&costTime=35×tamp=1585104055480 HTTP/1.1" 200 17157
124.77.241.94 - - [25/Mar/2020:10:40:55 +0800] "GET /xingrg/check_reg.html?_=1585104092647 HTTP/1.1" 200 22
117.184.7.30 - - [25/Mar/2020:10:40:55 +0800] "GET /favicon.ico HTTP/1.1" 404 -
117.184.7.30 - - [25/Mar/2020:10:40:55 +0800] "POST /xingrg/all/common/load_tree.html?tree=area_rest_tree_json&manage=1 HTTP/1.1" 200 470
117.184.7.30 - - [25/Mar/2020:10:40:55 +0800] "GET /xingrg/all/function/internal_message.html?_=1585104047643&CODE_STATE=count HTTP/1.1" 200 11
117.184.7.30 - - [25/Mar/2020:10:40:55 +0800] "GET /xingrg/check_reg.html?_=1585104047655 HTTP/1.1" 200 22
117.184.7.30 - - [25/Mar/2020:10:40:55 +0800] "POST /xingrg/load_menu.html HTTP/1.1" 200 5124
124.77.241.94 - - [25/Mar/2020:10:40:56 +0800] "GET /xingrg/all/function/internal_message.html?_=1585104093269&CODE_STATE=getMsg HTTP/1.1" 200 27
116.238.181.252 - - [25/Mar/2020:10:40:56 +0800] "GET /xingrg/kc/base/wldb_order_add.html HTTP/1.1" 200 30305
116.238.181.252 - - [25/Mar/2020:10:40:57 +0800] "POST /xingrg/kc/base/wldb_order_operate.html HTTP/1.1" 200 6806
116.238.181.252 - - [25/Mar/2020:10:40:57 +0800] "GET /xingrg/javascript/easyui/themes/default/validatebox.css HTTP/1.1" 404 1104
114.93.75.19 - - [25/Mar/2020:10:40:57 +0800] "GET /xingrg/all/function/internal_message.html?_=1585104055115&CODE_STATE=getMsg HTTP/1.1" 200 27
124.77.241.94 - - [25/Mar/2020:10:40:59 +0800] "GET /xingrg/check_reg.html?_=1585104056030 HTTP/1.1" 200 22
124.77.241.94 - - [25/Mar/2020:10:40:59 +0800] "GET /xingrg/all/function/internal_message.html?_=1585104056025&CODE_STATE=getMsg HTTP/1.1" 200 27
114.88.170.9 - - [25/Mar/2020:10:41:00 +0800] "GET /xingrg/all/function/internal_message.html?_=1585104359926&CODE_STATE=getMsg HTTP/1.1" 200 27
114.88.170.9 - - [25/Mar/2020:10:41:02 +0800] "GET /xingrg/all/function/internal_message.html?_=1585104062587&CODE_STATE=getMsg HTTP/1.1" 200 27
116.235.222.53 - - [25/Mar/2020:10:41:09 +0800] "GET /xingrg/all/function/internal_message.html?_=1585104064539&CODE_STATE=getMsg HTTP/1.1" 200 27
180.157.252.250 - - [25/Mar/2020:10:41:10 +0800] "GET /xingrg/check_reg.html?_=1585104067969 HTTP/1.1" 200 22
180.157.252.250 - - [25/Mar/2020:10:41:10 +0800] "GET /xingrg/all/function/internal_message.html?_=1585104067973&CODE_STATE=getMsg HTTP/1.1" 200 27
180.156.150.85 - - [25/Mar/2020:10:41:12 +0800] "GET /xingrg/all/function/internal_message.html?_=1585104071549&CODE_STATE=getMsg HTTP/1.1" 200 27
114.93.75.19 - - [25/Mar/2020:10:41:17 +0800] "GET /xingrg/all/function/internal_message.html?_=1585104075466&CODE_STATE=getMsg HTTP/1.1" 200 27
116.238.181.252 - - [25/Mar/2020:10:41:20 +0800] "GET /xingrg/all/function/internal_message.html?_=1585104079492&CODE_STATE=getMsg HTTP/1.1" 200 27
116.238.181.252 - - [25/Mar/2020:10:41:21 +0800] "GET /xingrg/check_reg.html?_=1585104079849 HTTP/1.1" 200 22
180.162.102.27 - - [25/Mar/2020:10:41:22 +0800] "POST /xingrg/kc/buy/cgsh_order_operate.html HTTP/1.1" 200 37
180.162.102.27 - - [25/Mar/2020:10:41:23 +0800] "POST /xingrg/kc/buy/cgsh_order_operate.html HTTP/1.1" 200 12
180.162.102.27 - - [25/Mar/2020:10:41:24 +0800] "GET /xingrg/kc/buy/cgsh_order_info.html?code=212020032502576 HTTP/1.1" 200 51799
180.162.102.27 - - [25/Mar/2020:10:41:24 +0800] "POST /xingrg/kc/buy/cgsh_order_operate.html HTTP/1.1" 200 10615
180.162.102.27 - - [25/Mar/2020:10:41:26 +0800] "GET /xingrg/kc/print/load_data.html?order_code=212020032502576&kc_code=cgsh&condition= HTTP/1.1" 200 4506
58.40.7.146 - - [25/Mar/2020:10:41:27 +0800] "GET /xingrg/all/function/internal_message.html?_=1585104085522&CODE_STATE=getMsg HTTP/1.1" 200 27
180.162.102.27 - - [25/Mar/2020:10:41:27 +0800] "GET /xingrg/javascript/easyui/themes/default/validatebox.css HTTP/1.1" 404 1104
114.93.75.19 - - [25/Mar/2020:10:41:30 +0800] "GET /xingrg/all/function/internal_message.html?_=1585104096010&CODE_STATE=getMsg HTTP/1.1" 200 27
117.184.7.26 - - [25/Mar/2020:10:41:30 +0800] "GET /xingrg/all/function/internal_message.html?_=1585104081374&CODE_STATE=getMsg HTTP/1.1" 302 -
117.184.7.26 - - [25/Mar/2020:10:41:30 +0800] "GET /xingrg/login.html HTTP/1.1" 200 7639
180.162.102.27 - - [25/Mar/2020:10:41:32 +0800] "GET /xingrg/all/function/internal_message.html?_=1585103585942&CODE_STATE=getMsg HTTP/1.1" 200 27
116.224.247.222 - - [25/Mar/2020:10:41:41 +0800] "GET /xingrg/all/function/internal_message.html?_=1585104275491&CODE_STATE=getMsg HTTP/1.1" 200 27
222.69.138.221 - - [25/Mar/2020:10:41:42 +0800] "GET /xingrg/all/function/internal_message.html?_=1585104098258&CODE_STATE=getMsg HTTP/1.1" 200 27
222.69.138.221 - - [25/Mar/2020:10:41:42 +0800] "GET /xingrg/check_reg.html?_=1585104098271 HTTP/1.1" 200 22
117.131.5.26 - - [25/Mar/2020:10:41:45 +0800] "GET /xingrg/check_reg.html?_=1585104119562 HTTP/1.1" 200 22
180.162.102.27 - - [25/Mar/2020:10:41:49 +0800] "GET /xingrg/kc/buy/cgsh_order_add.html HTTP/1.1" 200 56890
180.162.102.27 - - [25/Mar/2020:10:41:50 +0800] "POST /xingrg/kc/buy/cgsh_order_operate.html HTTP/1.1" 200 8245
180.162.102.27 - - [25/Mar/2020:10:41:50 +0800] "GET /xingrg/javascript/easyui/themes/default/validatebox.css HTTP/1.1" 404 1104
114.93.75.19 - - [25/Mar/2020:10:41:54 +0800] "GET /xingrg/all/function/internal_message.html?_=1585104125371&CODE_STATE=getMsg HTTP/1.1" 200 27
117.184.7.30 - - [25/Mar/2020:10:41:55 +0800] "GET /xingrg/all/function/internal_message.html?_=1585104107664&CODE_STATE=getMsg HTTP/1.1" 200 27
124.77.241.94 - - [25/Mar/2020:10:41:56 +0800] "GET /xingrg/all/function/internal_message.html?_=1585104153282&CODE_STATE=getMsg HTTP/1.1" 200 27
114.93.75.19 - - [25/Mar/2020:10:41:57 +0800] "GET /xingrg/all/function/internal_message.html?_=1585104115118&CODE_STATE=getMsg HTTP/1.1" 200 27
124.77.241.94 - - [25/Mar/2020:10:41:59 +0800] "GET /xingrg/all/function/internal_message.html?_=1585104116016&CODE_STATE=getMsg HTTP/1.1" 200 27
114.88.170.9 - - [25/Mar/2020:10:42:00 +0800] "GET /xingrg/all/function/internal_message.html?_=1585104419929&CODE_STATE=getMsg HTTP/1.1" 200 27
114.88.170.9 - - [25/Mar/2020:10:42:02 +0800] "GET /xingrg/all/function/internal_message.html?_=1585104122598&CODE_STATE=getMsg HTTP/1.1" 200 27
180.162.102.27 - - [25/Mar/2020:10:42:06 +0800] "GET /xingrg/kc/buy/cgsh_order_operate.html?command=get_materiel&rest_code=00142&code=00101008126&supplier_code=00100161&order_time=2020-03-20 HTTP/1.1" 200 412
116.235.222.53 - - [25/Mar/2020:10:42:09 +0800] "GET /xingrg/all/function/internal_message.html?_=1585104124549&CODE_STATE=getMsg HTTP/1.1" 200 27
180.157.252.250 - - [25/Mar/2020:10:42:10 +0800] "GET /xingrg/all/function/internal_message.html?_=1585104127951&CODE_STATE=getMsg HTTP/1.1" 200 27
180.156.150.85 - - [25/Mar/2020:10:42:12 +0800] "GET /xingrg/all/function/internal_message.html?_=1585104131550&CODE_STATE=getMsg HTTP/1.1" 200 27
180.162.102.27 - - [25/Mar/2020:10:42:16 +0800] "GET /xingrg/kc/buy/cgsh_order_operate.html?command=get_materiel&rest_code=00142&code=00101008005&supplier_code=00100161&order_time=2020-03-20 HTTP/1.1" 200 432
114.93.75.19 - - [25/Mar/2020:10:42:17 +0800] "GET /xingrg/all/function/internal_message.html?_=1585104135436&CODE_STATE=getMsg HTTP/1.1" 200 27
116.238.181.252 - - [25/Mar/2020:10:42:20 +0800] "GET /xingrg/all/function/internal_message.html?_=1585104139472&CODE_STATE=getMsg HTTP/1.1" 200 27
180.162.102.27 - - [25/Mar/2020:10:42:24 +0800] "GET /xingrg/kc/buy/cgsh_order_operate.html?command=get_materiel&rest_code=00142&code=00101008361&supplier_code=00100161&order_time=2020-03-20 HTTP/1.1" 200 424
58.40.7.146 - - [25/Mar/2020:10:42:27 +0800] "GET /xingrg/all/function/internal_message.html?_=1585104145529&CODE_STATE=getMsg HTTP/1.1" 200 27
180.162.102.27 - - [25/Mar/2020:10:42:29 +0800] "GET /xingrg/kc/buy/cgsh_order_operate.html?command=get_materiel&rest_code=00142&code=00101008155&supplier_code=00100161&order_time=2020-03-20 HTTP/1.1" 200 424
114.93.75.19 - - [25/Mar/2020:10:42:30 +0800] "GET /xingrg/check_reg.html?_=1585104155737 HTTP/1.1" 200 22
114.93.75.19 - - [25/Mar/2020:10:42:30 +0800] "GET /xingrg/all/function/internal_message.html?_=1585104156024&CODE_STATE=getMsg HTTP/1.1" 200 27
117.184.7.26 - - [25/Mar/2020:10:42:30 +0800] "GET /xingrg/all/function/internal_message.html?_=1585104141389&CODE_STATE=getMsg HTTP/1.1" 302 -
117.184.7.26 - - [25/Mar/2020:10:42:30 +0800] "GET /xingrg/login.html HTTP/1.1" 200 7639
180.162.102.27 - - [25/Mar/2020:10:42:32 +0800] "GET /xingrg/all/function/internal_message.html?_=1585103645946&CODE_STATE=getMsg HTTP/1.1" 200 27
116.238.181.252 - - [25/Mar/2020:10:42:36 +0800] "POST /xingrg/kc/base/wldb_order_operate.html HTTP/1.1" 200 37
116.238.181.252 - - [25/Mar/2020:10:42:36 +0800] "POST /xingrg/kc/base/wldb_order_operate.html HTTP/1.1" 200 5935
180.162.102.27 - - [25/Mar/2020:10:42:36 +0800] "GET /xingrg/kc/buy/cgsh_order_operate.html?command=get_materiel&rest_code=00142&code=00101008355&supplier_code=00100161&order_time=2020-03-20 HTTP/1.1" 200 424
116.238.181.252 - - [25/Mar/2020:10:42:38 +0800] "GET /xingrg/kc/base/wldb_order_info.html?code=422020032500759 HTTP/1.1" 200 30318
116.238.181.252 - - [25/Mar/2020:10:42:38 +0800] "GET /xingrg/javascript/easyui/themes/default/validatebox.css HTTP/1.1" 404 1104
116.238.181.252 - - [25/Mar/2020:10:42:38 +0800] "POST /xingrg/kc/base/wldb_order_operate.html HTTP/1.1" 200 5935
116.224.247.222 - - [25/Mar/2020:10:42:41 +0800] "GET /xingrg/all/function/internal_message.html?_=1585104335812&CODE_STATE=getMsg HTTP/1.1" 200 27
222.69.138.221 - - [25/Mar/2020:10:42:42 +0800] "GET /xingrg/all/function/internal_message.html?_=1585104158257&CODE_STATE=getMsg HTTP/1.1" 200 27
180.162.102.27 - - [25/Mar/2020:10:42:43 +0800] "GET /xingrg/kc/buy/cgsh_order_operate.html?command=get_materiel&rest_code=00142&code=00101008024&supplier_code=00100161&order_time=2020-03-20 HTTP/1.1" 200 427
180.157.252.250 - - [25/Mar/2020:10:42:47 +0800] "POST /xingrg/services/DataTransmitService HTTP/1.1" 200 524
180.157.252.250 - - [25/Mar/2020:10:42:48 +0800] "POST /xingrg/services/DataTransmitService HTTP/1.1" 200 2063
180.157.252.250 - - [25/Mar/2020:10:42:48 +0800] "POST /xingrg/services/DataTransmitService HTTP/1.1" 200 2299
180.157.252.250 - - [25/Mar/2020:10:42:48 +0800] "POST /xingrg/services/DataTransmitService HTTP/1.1" 200 1447
117.131.5.26 - - [25/Mar/2020:10:42:51 +0800] "GET /favicon.ico HTTP/1.1" 404 -
180.157.252.250 - - [25/Mar/2020:10:42:52 +0800] "POST /xingrg/services/DataTransmitService HTTP/1.1" 200 137160
114.93.75.19 - - [25/Mar/2020:10:42:54 +0800] "GET /xingrg/all/function/internal_message.html?_=1585104185389&CODE_STATE=getMsg HTTP/1.1" 200 27
180.162.102.27 - - [25/Mar/2020:10:42:54 +0800] "GET /xingrg/kc/buy/cgsh_order_operate.html?command=get_materiel&rest_code=00142&code=00101008286&supplier_code=00100161&order_time=2020-03-20 HTTP/1.1" 200 428
117.184.7.30 - - [25/Mar/2020:10:42:55 +0800] "GET /xingrg/all/function/internal_message.html?_=1585104167666&CODE_STATE=getMsg HTTP/1.1" 200 27
124.77.241.94 - - [25/Mar/2020:10:42:56 +0800] "GET /xingrg/all/function/internal_message.html?_=1585104213295&CODE_STATE=getMsg HTTP/1.1" 200 27
114.93.75.19 - - [25/Mar/2020:10:42:57 +0800] "GET /xingrg/all/function/internal_message.html?_=1585104175122&CODE_STATE=getMsg HTTP/1.1" 200 27
124.77.241.94 - - [25/Mar/2020:10:42:59 +0800] "GET /xingrg/all/function/internal_message.html?_=1585104176019&CODE_STATE=getMsg HTTP/1.1" 200 27
114.88.170.9 - - [25/Mar/2020:10:43:02 +0800] "GET /xingrg/all/function/internal_message.html?_=1585104182627&CODE_STATE=getMsg HTTP/1.1" 200 27
116.235.222.53 - - [25/Mar/2020:10:43:09 +0800] "GET /xingrg/all/function/internal_message.html?_=1585104184542&CODE_STATE=getMsg HTTP/1.1" 200 27
180.157.252.250 - - [25/Mar/2020:10:43:10 +0800] "GET /xingrg/all/function/internal_message.html?_=1585104187951&CODE_STATE=getMsg HTTP/1.1" 200 27
180.162.102.27 - - [25/Mar/2020:10:43:10 +0800] "GET /xingrg/kc/buy/cgsh_order_operate.html?command=get_materiel&rest_code=00142&code=00101008353&supplier_code=00100161&order_time=2020-03-20 HTTP/1.1" 200 428
180.156.150.85 - - [25/Mar/2020:10:43:12 +0800] "GET /xingrg/check_reg.html?_=1585104191556 HTTP/1.1" 200 22
180.156.150.85 - - [25/Mar/2020:10:43:12 +0800] "GET /xingrg/all/function/internal_message.html?_=1585104191551&CODE_STATE=getMsg HTTP/1.1" 200 27
114.93.75.19 - - [25/Mar/2020:10:43:12 +0800] "GET /favicon.ico HTTP/1.1" 404 -
117.131.5.26 - - [25/Mar/2020:10:43:13 +0800] "GET /xingrg/login.html HTTP/1.1" 200 7639
117.131.5.26 - - [25/Mar/2020:10:43:13 +0800] "GET /xingrg/images/blue/jxLogo.png HTTP/1.1" 304 -
117.131.5.26 - - [25/Mar/2020:10:43:13 +0800] "GET /xingrg/images/blue/login_bg.png HTTP/1.1" 304 -
117.131.5.26 - - [25/Mar/2020:10:43:13 +0800] "GET /xingrg/images/blue/hj.png HTTP/1.1" 304 -
117.131.5.26 - - [25/Mar/2020:10:43:13 +0800] "GET /xingrg/images/blue/srbg.png HTTP/1.1" 304 -
117.131.5.26 - - [25/Mar/2020:10:43:13 +0800] "GET /favicon.ico HTTP/1.1" 404 -
114.88.170.9 - - [25/Mar/2020:10:43:14 +0800] "GET /xingrg/all/function/internal_message.html?_=1585104479963&CODE_STATE=getMsg HTTP/1.1" 200 27
114.93.75.19 - - [25/Mar/2020:10:43:17 +0800] "GET /xingrg/all/function/internal_message.html?_=1585104195421&CODE_STATE=getMsg HTTP/1.1" 200 27
114.93.75.19 - - [25/Mar/2020:10:43:18 +0800] "GET /xingrg/check_reg.html?_=1585104196673 HTTP/1.1" 200 22
116.238.181.252 - - [25/Mar/2020:10:43:20 +0800] "GET /xingrg/all/function/internal_message.html?_=1585104199445&CODE_STATE=getMsg HTTP/1.1" 200 27
180.162.102.27 - - [25/Mar/2020:10:43:22 +0800] "GET /xingrg/kc/buy/cgsh_order_operate.html?command=get_materiel&rest_code=00142&code=00101008366&supplier_code=00100161&order_time=2020-03-20 HTTP/1.1" 200 408
117.131.5.26 - - [25/Mar/2020:10:43:25 +0800] "GET /xingrg/login.html HTTP/1.1" 200 7639
117.131.5.26 - - [25/Mar/2020:10:43:25 +0800] "GET /xingrg/images/blue/jxLogo.png HTTP/1.1" 304 -
117.131.5.26 - - [25/Mar/2020:10:43:25 +0800] "GET /xingrg/images/blue/login_bg.png HTTP/1.1" 304 -
117.131.5.26 - - [25/Mar/2020:10:43:25 +0800] "GET /xingrg/images/blue/hj.png HTTP/1.1" 304 -
117.131.5.26 - - [25/Mar/2020:10:43:25 +0800] "GET /xingrg/images/blue/srbg.png HTTP/1.1" 304 -
117.131.5.26 - - [25/Mar/2020:10:43:25 +0800] "GET /favicon.ico HTTP/1.1" 404 -
58.40.7.146 - - [25/Mar/2020:10:43:27 +0800] "GET /xingrg/all/function/internal_message.html?_=1585104205517&CODE_STATE=getMsg HTTP/1.1" 200 27
117.131.5.26 - - [25/Mar/2020:10:43:27 +0800] "POST /xingrg/login.do HTTP/1.1" 302 -
117.131.5.26 - - [25/Mar/2020:10:43:28 +0800] "GET /xingrg/index.html?sysBaseUrl=http%3A%2F%2F117.131.15.22%3A18081%2Fxingrg%2F&costTime=35×tamp=1585104207998 HTTP/1.1" 200 17397
117.131.5.26 - - [25/Mar/2020:10:43:28 +0800] "GET /xingrg/javascript/jquery_easy_ui/themes/default/easyui.css HTTP/1.1" 304 -
117.131.5.26 - - [25/Mar/2020:10:43:28 +0800] "GET /xingrg/javascript/jquery_easy_ui/themes/icon.css HTTP/1.1" 304 -
117.131.5.26 - - [25/Mar/2020:10:43:28 +0800] "GET /xingrg/css/form.css HTTP/1.1" 304 -
117.131.5.26 - - [25/Mar/2020:10:43:28 +0800] "GET /xingrg/javascript/jquery.timers.js HTTP/1.1" 304 -
117.131.5.26 - - [25/Mar/2020:10:43:28 +0800] "GET /xingrg/javascript/jquery-1.4.2.min.js HTTP/1.1" 304 -
117.131.5.26 - - [25/Mar/2020:10:43:28 +0800] "GET /xingrg/javascript/jquery_easy_ui/jquery.easyui.min.js HTTP/1.1" 304 -
117.131.5.26 - - [25/Mar/2020:10:43:28 +0800] "GET /xingrg/javascript/jquery_easy_ui/easyui-lang-zh_CN.js HTTP/1.1" 304 -
117.131.5.26 - - [25/Mar/2020:10:43:28 +0800] "GET /xingrg/javascript/jquery.form.js HTTP/1.1" 304 -
117.131.5.26 - - [25/Mar/2020:10:43:28 +0800] "GET /xingrg/javascript/jquery.utils.js HTTP/1.1" 304 -
117.131.5.26 - - [25/Mar/2020:10:43:28 +0800] "GET /favicon.ico HTTP/1.1" 404 -
117.131.5.26 - - [25/Mar/2020:10:43:28 +0800] "GET /xingrg/images/blue/navBackgound.jpg HTTP/1.1" 304 -
117.131.5.26 - - [25/Mar/2020:10:43:28 +0800] "GET /xingrg/javascript/jquery_easy_ui/themes/icons/settle_new.png HTTP/1.1" 304 -
117.131.5.26 - - [25/Mar/2020:10:43:28 +0800] "POST /xingrg/all/common/load_tree.html?tree=area_rest_tree_json&manage=1 HTTP/1.1" 200 351
117.131.5.26 - - [25/Mar/2020:10:43:28 +0800] "GET /xingrg/images/blue/pingpu.png HTTP/1.1" 304 -
117.131.5.26 - - [25/Mar/2020:10:43:28 +0800] "GET /xingrg/javascript/jquery_easy_ui/themes/default/images/tabs_leftarrow.png HTTP/1.1" 304 -
117.131.5.26 - - [25/Mar/2020:10:43:28 +0800] "GET /xingrg/javascript/jquery_easy_ui/themes/default/images/tabs_rightarrow.png HTTP/1.1" 304 -
117.131.5.26 - - [25/Mar/2020:10:43:28 +0800] "GET /xingrg/javascript/jquery_easy_ui/themes/default/images/panel_tool_collapse.gif HTTP/1.1" 304 -
117.131.5.26 - - [25/Mar/2020:10:43:28 +0800] "GET /xingrg/javascript/jquery_easy_ui/themes/default/images/panel_tool_expand.gif HTTP/1.1" 304 -
117.131.5.26 - - [25/Mar/2020:10:43:28 +0800] "GET /xingrg/all/function/internal_message.html?_=1585103887826&CODE_STATE=count HTTP/1.1" 200 11
117.131.5.26 - - [25/Mar/2020:10:43:28 +0800] "GET /xingrg/check_reg.html?_=1585103887827 HTTP/1.1" 200 22
117.131.5.26 - - [25/Mar/2020:10:43:28 +0800] "POST /xingrg/load_menu.html HTTP/1.1" 200 9945
117.131.5.26 - - [25/Mar/2020:10:43:28 +0800] "GET /xingrg/javascript/jquery_easy_ui/themes/default/images/tree_arrows.gif HTTP/1.1" 304 -
117.131.5.26 - - [25/Mar/2020:10:43:29 +0800] "GET /xingrg/javascript/jquery_easy_ui/themes/default/images/tree_folder_open.gif HTTP/1.1" 304 -
117.131.5.26 - - [25/Mar/2020:10:43:29 +0800] "GET /xingrg/javascript/jquery_easy_ui/themes/icons/search_new.png HTTP/1.1" 304 -
117.131.5.26 - - [25/Mar/2020:10:43:29 +0800] "GET /xingrg/javascript/jquery_easy_ui/themes/default/images/tree_folder.gif HTTP/1.1" 304 -
117.131.5.26 - - [25/Mar/2020:10:43:29 +0800] "GET /xingrg/javascript/jquery_easy_ui/themes/icons/storage_new.png HTTP/1.1" 304 -
117.131.5.26 - - [25/Mar/2020:10:43:29 +0800] "GET /xingrg/javascript/jquery_easy_ui/themes/icons/checkout_new.png HTTP/1.1" 304 -
117.131.5.26 - - [25/Mar/2020:10:43:29 +0800] "GET /xingrg/javascript/jquery_easy_ui/themes/icons/forms_new.png HTTP/1.1" 304 -
117.131.5.26 - - [25/Mar/2020:10:43:29 +0800] "GET /xingrg/javascript/jquery_easy_ui/themes/icons/setting_new.png HTTP/1.1" 304 -
117.131.5.26 - - [25/Mar/2020:10:43:29 +0800] "GET /xingrg/javascript/jquery_easy_ui/themes/default/images/tree_file.gif HTTP/1.1" 304 -
117.131.5.26 - - [25/Mar/2020:10:43:29 +0800] "GET /xingrg/javascript/jquery_easy_ui/themes/icons/systemset_new.png HTTP/1.1" 304 -
114.93.75.19 - - [25/Mar/2020:10:43:30 +0800] "GET /xingrg/all/function/internal_message.html?_=1585104216038&CODE_STATE=getMsg HTTP/1.1" 200 27
117.184.7.26 - - [25/Mar/2020:10:43:30 +0800] "GET /xingrg/all/function/internal_message.html?_=1585104201401&CODE_STATE=getMsg HTTP/1.1" 302 -
117.184.7.26 - - [25/Mar/2020:10:43:30 +0800] "GET /xingrg/login.html HTTP/1.1" 200 7639
180.162.102.27 - - [25/Mar/2020:10:43:30 +0800] "GET /xingrg/kc/buy/cgsh_order_operate.html?command=get_materiel&rest_code=00142&code=00101008234&supplier_code=00100161&order_time=2020-03-20 HTTP/1.1" 200 408
117.131.5.26 - - [25/Mar/2020:10:43:32 +0800] "POST /xingrg/load_menu.html HTTP/1.1" 200 10062
180.162.102.27 - - [25/Mar/2020:10:43:32 +0800] "GET /xingrg/check_reg.html?_=1585103705953 HTTP/1.1" 200 22
180.162.102.27 - - [25/Mar/2020:10:43:32 +0800] "GET /xingrg/all/function/internal_message.html?_=1585103705955&CODE_STATE=getMsg HTTP/1.1" 200 27
117.131.5.26 - - [25/Mar/2020:10:43:38 +0800] "GET /xingrg/javascript/jquery_easy_ui/themes/default/images/tabs_close.gif HTTP/1.1" 304 -
117.131.5.26 - - [25/Mar/2020:10:43:38 +0800] "GET /xingrg/css/table.css HTTP/1.1" 304 -
117.131.5.26 - - [25/Mar/2020:10:43:38 +0800] "GET /xingrg/dwr/interface/AjaxGetFirstChart.js HTTP/1.1" 200 631
117.131.5.26 - - [25/Mar/2020:10:43:38 +0800] "GET /xingrg/system/rest/list_page.html?p=menu HTTP/1.1" 200 110789
117.131.5.26 - - [25/Mar/2020:10:43:38 +0800] "GET /xingrg/dwr/util.js HTTP/1.1" 304 -
117.131.5.26 - - [25/Mar/2020:10:43:38 +0800] "GET /xingrg/javascript/Calendar.js HTTP/1.1" 304 -
117.131.5.26 - - [25/Mar/2020:10:43:38 +0800] "GET /xingrg/javascript/jquery.shich.js HTTP/1.1" 304 -
117.131.5.26 - - [25/Mar/2020:10:43:38 +0800] "GET /xingrg/javascript/convert.js HTTP/1.1" 304 -
117.131.5.26 - - [25/Mar/2020:10:43:38 +0800] "GET /xingrg/dwr/engine.js HTTP/1.1" 200 43631
117.131.5.26 - - [25/Mar/2020:10:43:38 +0800] "GET /xingrg/ HTTP/1.1" 304 -
117.131.5.26 - - [25/Mar/2020:10:43:38 +0800] "GET /xingrg/javascript/jquery_easy_ui/themes/icons/search.png HTTP/1.1" 304 -
117.131.5.26 - - [25/Mar/2020:10:43:38 +0800] "GET /xingrg/javascript/jquery_easy_ui/themes/icons/edit_add.png HTTP/1.1" 304 -
117.131.5.26 - - [25/Mar/2020:10:43:38 +0800] "GET /xingrg/javascript/jquery_easy_ui/themes/icons/pencil.png HTTP/1.1" 304 -
117.131.5.26 - - [25/Mar/2020:10:43:38 +0800] "GET /xingrg/javascript/jquery_easy_ui/themes/icons/edit_remove.png HTTP/1.1" 304 -
117.131.5.26 - - [25/Mar/2020:10:43:38 +0800] "GET /xingrg/javascript/jquery_easy_ui/themes/icons/check_new.png HTTP/1.1" 304 -
117.131.5.26 - - [25/Mar/2020:10:43:38 +0800] "GET /xingrg/javascript/jquery_easy_ui/themes/icons/uncheck_new.png HTTP/1.1" 304 -
117.131.5.26 - - [25/Mar/2020:10:43:38 +0800] "GET /xingrg/javascript/jquery_easy_ui/themes/default/images/button_a_bg.gif HTTP/1.1" 304 -
117.131.5.26 - - [25/Mar/2020:10:43:38 +0800] "GET /xingrg/javascript/jquery_easy_ui/themes/default/images/button_span_bg.gif HTTP/1.1" 304 -
117.131.5.26 - - [25/Mar/2020:10:43:38 +0800] "GET /xingrg/javascript/jquery_easy_ui/themes/icons/ok.png HTTP/1.1" 304 -
117.131.5.26 - - [25/Mar/2020:10:43:38 +0800] "GET /xingrg/images/control/ajaxLoader.gif HTTP/1.1" 304 -
