116.238.181.252 - - [25/Mar/2020:10:20:28 +0800] "POST /xingrg/kc/base/wldb_order_operate.html HTTP/1.1" 200 6806
116.238.181.252 - - [25/Mar/2020:10:20:28 +0800] "GET /xingrg/javascript/easyui/themes/default/validatebox.css HTTP/1.1" 404 1104
114.93.75.19 - - [25/Mar/2020:10:20:30 +0800] "GET /xingrg/all/function/internal_message.html?_=1585102835725&CODE_STATE=getMsg HTTP/1.1" 200 27
117.184.7.26 - - [25/Mar/2020:10:20:30 +0800] "GET /xingrg/all/function/internal_message.html?_=1585102821090&CODE_STATE=getMsg HTTP/1.1" 302 -
117.184.7.26 - - [25/Mar/2020:10:20:30 +0800] "GET /xingrg/login.html HTTP/1.1" 200 7639
116.224.247.222 - - [25/Mar/2020:10:20:39 +0800] "GET /xingrg/all/function/internal_message.html?_=1585103013614&CODE_STATE=getMsg HTTP/1.1" 200 27
114.93.75.19 - - [25/Mar/2020:10:20:41 +0800] "GET /xingrg/system/rest/query_items.html?_=1585102846657&table=menu&page=5&rows=20&sort=id&order=asc&categoryId=&key=72 HTTP/1.1" 200 4730
116.224.247.222 - - [25/Mar/2020:10:20:41 +0800] "GET /xingrg/kc/buy/cgsh_order_operate.html?command=get_materiel&rest_code=00102&code=00101008358&supplier_code=00100007&order_time=2020-03-25 HTTP/1.1" 200 431
222.69.138.221 - - [25/Mar/2020:10:20:42 +0800] "GET /xingrg/all/function/internal_message.html?_=1585102838218&CODE_STATE=getMsg HTTP/1.1" 200 27
114.93.75.19 - - [25/Mar/2020:10:20:52 +0800] "GET /xingrg/system/rest/query_items.html?_=1585102858320&table=menu&page=6&rows=20&sort=id&order=asc&categoryId=&key=72 HTTP/1.1" 200 4817
114.93.75.19 - - [25/Mar/2020:10:20:54 +0800] "GET /xingrg/all/function/internal_message.html?_=1585102865349&CODE_STATE=getMsg HTTP/1.1" 200 27
124.77.241.94 - - [25/Mar/2020:10:20:55 +0800] "GET /xingrg/check_reg.html?_=1585102892258 HTTP/1.1" 200 22
124.77.241.94 - - [25/Mar/2020:10:20:55 +0800] "GET /xingrg/all/function/internal_message.html?_=1585102892622&CODE_STATE=getMsg HTTP/1.1" 200 27
114.93.75.19 - - [25/Mar/2020:10:20:57 +0800] "GET /xingrg/all/function/internal_message.html?_=1585102855121&CODE_STATE=getMsg HTTP/1.1" 200 27
124.77.241.94 - - [25/Mar/2020:10:20:59 +0800] "GET /xingrg/check_reg.html?_=1585102855973 HTTP/1.1" 200 22
124.77.241.94 - - [25/Mar/2020:10:20:59 +0800] "GET /xingrg/all/function/internal_message.html?_=1585102855967&CODE_STATE=getMsg HTTP/1.1" 200 27
114.88.170.9 - - [25/Mar/2020:10:21:00 +0800] "GET /xingrg/all/function/internal_message.html?_=1585103159894&CODE_STATE=getMsg HTTP/1.1" 200 27
114.93.75.19 - - [25/Mar/2020:10:21:00 +0800] "GET /xingrg/system/rest/get_item.html?table=menu&id=7242&_=1585102866200 HTTP/1.1" 200 953
114.93.75.19 - - [25/Mar/2020:10:21:00 +0800] "GET /xingrg/system/rest/get_item.html?table=menu&target=menu_rest&id=7242&_=1585102866206 HTTP/1.1" 200 65
114.93.75.19 - - [25/Mar/2020:10:21:00 +0800] "GET /xingrg/system/rest/get_item.html?table=menu&target=cook_mode&id=7242&_=1585102866206 HTTP/1.1" 200 65
114.93.75.19 - - [25/Mar/2020:10:21:01 +0800] "GET /xingrg/system/rest/get_infos.html?command=menu_img_show&id=7242 HTTP/1.1" 200 5
114.88.170.9 - - [25/Mar/2020:10:21:02 +0800] "GET /xingrg/all/function/internal_message.html?_=1585102862171&CODE_STATE=getMsg HTTP/1.1" 200 27
116.224.247.222 - - [25/Mar/2020:10:21:07 +0800] "GET /xingrg/kc/buy/cgsh_order_operate.html?command=get_materiel&rest_code=00102&code=00101008082&supplier_code=00100007&order_time=2020-03-25 HTTP/1.1" 200 422
116.235.222.53 - - [25/Mar/2020:10:21:09 +0800] "GET /xingrg/all/function/internal_message.html?_=1585102864405&CODE_STATE=getMsg HTTP/1.1" 200 27
180.156.150.85 - - [25/Mar/2020:10:21:12 +0800] "GET /xingrg/all/function/internal_message.html?_=1585102871499&CODE_STATE=getMsg HTTP/1.1" 200 27
116.238.181.252 - - [25/Mar/2020:10:21:15 +0800] "GET /xingrg/kc/base/wldb_order_operate.html?command=get_materiel&rest_code=00150&base_code=0010451&code=00101008034 HTTP/1.1" 200 429
114.93.75.19 - - [25/Mar/2020:10:21:17 +0800] "GET /xingrg/all/function/internal_message.html?_=1585102875938&CODE_STATE=getMsg HTTP/1.1" 200 27
116.224.247.222 - - [25/Mar/2020:10:21:19 +0800] "GET /xingrg/kc/buy/cgsh_order_operate.html?command=get_materiel&rest_code=00102&code=00101008087&supplier_code=00100007&order_time=2020-03-25 HTTP/1.1" 200 429
116.238.181.252 - - [25/Mar/2020:10:21:20 +0800] "GET /xingrg/check_reg.html?_=1585102879825 HTTP/1.1" 200 22
116.238.181.252 - - [25/Mar/2020:10:21:20 +0800] "GET /xingrg/all/function/internal_message.html?_=1585102879827&CODE_STATE=getMsg HTTP/1.1" 200 27
116.238.181.252 - - [25/Mar/2020:10:21:23 +0800] "GET /xingrg/kc/base/wldb_order_operate.html?command=get_materiel&rest_code=00150&base_code=0010451&code=00101008257 HTTP/1.1" 200 439
116.224.247.222 - - [25/Mar/2020:10:21:27 +0800] "POST /xingrg/kc/buy/cgsh_order_operate.html HTTP/1.1" 200 2065
58.40.7.146 - - [25/Mar/2020:10:21:27 +0800] "GET /xingrg/all/function/internal_message.html?_=1585102885524&CODE_STATE=getMsg HTTP/1.1" 200 27
114.93.75.19 - - [25/Mar/2020:10:21:30 +0800] "GET /xingrg/all/function/internal_message.html?_=1585102895745&CODE_STATE=getMsg HTTP/1.1" 200 27
117.184.7.26 - - [25/Mar/2020:10:21:30 +0800] "GET /xingrg/all/function/internal_message.html?_=1585102881104&CODE_STATE=getMsg HTTP/1.1" 302 -
117.184.7.26 - - [25/Mar/2020:10:21:30 +0800] "GET /xingrg/login.html HTTP/1.1" 200 7639
116.224.247.222 - - [25/Mar/2020:10:21:30 +0800] "GET /xingrg/kc/buy/cgsh_order_operate.html?command=get_materiel&rest_code=00102&code=00101008355&supplier_code=00100007&order_time=2020-03-25 HTTP/1.1" 200 424
116.224.247.222 - - [25/Mar/2020:10:21:39 +0800] "GET /xingrg/all/function/internal_message.html?_=1585103073628&CODE_STATE=getMsg HTTP/1.1" 200 27
116.224.247.222 - - [25/Mar/2020:10:21:41 +0800] "GET /xingrg/kc/buy/cgsh_order_operate.html?command=get_materiel&rest_code=00102&code=00101008270&supplier_code=00100007&order_time=2020-03-25 HTTP/1.1" 200 414
222.69.138.221 - - [25/Mar/2020:10:21:42 +0800] "GET /xingrg/check_reg.html?_=1585102898215 HTTP/1.1" 200 22
222.69.138.221 - - [25/Mar/2020:10:21:42 +0800] "GET /xingrg/all/function/internal_message.html?_=1585102898219&CODE_STATE=getMsg HTTP/1.1" 200 27
117.131.5.26 - - [25/Mar/2020:10:21:45 +0800] "GET /xingrg/check_reg.html?_=1585102919562 HTTP/1.1" 200 22
116.238.181.252 - - [25/Mar/2020:10:21:45 +0800] "GET /xingrg/kc/base/wldb_order_operate.html?command=get_materiel&rest_code=00150&base_code=0010451&code=00101008024 HTTP/1.1" 200 427
116.224.247.222 - - [25/Mar/2020:10:21:50 +0800] "POST /xingrg/kc/buy/cgsh_order_operate.html HTTP/1.1" 200 37
116.224.247.222 - - [25/Mar/2020:10:21:51 +0800] "POST /xingrg/kc/buy/cgsh_order_operate.html HTTP/1.1" 200 6806
114.93.75.19 - - [25/Mar/2020:10:21:54 +0800] "GET /xingrg/all/function/internal_message.html?_=1585102925389&CODE_STATE=getMsg HTTP/1.1" 200 27
124.77.241.94 - - [25/Mar/2020:10:21:55 +0800] "GET /xingrg/all/function/internal_message.html?_=1585102952636&CODE_STATE=getMsg HTTP/1.1" 200 27
114.93.75.19 - - [25/Mar/2020:10:21:57 +0800] "GET /xingrg/all/function/internal_message.html?_=1585102915125&CODE_STATE=getMsg HTTP/1.1" 200 27
124.77.241.94 - - [25/Mar/2020:10:21:59 +0800] "GET /xingrg/all/function/internal_message.html?_=1585102915974&CODE_STATE=getMsg HTTP/1.1" 200 27
114.88.170.9 - - [25/Mar/2020:10:22:00 +0800] "GET /xingrg/all/function/internal_message.html?_=1585103219895&CODE_STATE=getMsg HTTP/1.1" 200 27
114.88.170.9 - - [25/Mar/2020:10:22:02 +0800] "GET /xingrg/all/function/internal_message.html?_=1585102922184&CODE_STATE=getMsg HTTP/1.1" 200 27
116.238.181.252 - - [25/Mar/2020:10:22:04 +0800] "GET /xingrg/kc/base/wldb_order_operate.html?command=get_materiel&rest_code=00150&base_code=0010451&code=00101006136 HTTP/1.1" 200 437
116.224.247.222 - - [25/Mar/2020:10:22:08 +0800] "POST /xingrg/kc/buy/cgsh_list_operate.html HTTP/1.1" 200 2031
180.156.150.85 - - [25/Mar/2020:10:22:08 +0800] "POST /xingrg/services/DataTransmitService HTTP/1.1" 401 565
180.156.150.85 - - [25/Mar/2020:10:22:08 +0800] "POST /xingrg/services/DataTransmitService HTTP/1.1" 200 478
180.156.150.85 - - [25/Mar/2020:10:22:09 +0800] "POST /xingrg/services/DataTransmitService HTTP/1.1" 200 1320
180.156.150.85 - - [25/Mar/2020:10:22:09 +0800] "POST /xingrg/services/DataTransmitService HTTP/1.1" 200 478
180.156.150.85 - - [25/Mar/2020:10:22:09 +0800] "POST /xingrg/services/DataTransmitService HTTP/1.1" 200 1320
180.156.150.85 - - [25/Mar/2020:10:22:09 +0800] "POST /xingrg/services/DataTransmitService HTTP/1.1" 200 524
180.156.150.85 - - [25/Mar/2020:10:22:09 +0800] "POST /xingrg/services/DataTransmitService HTTP/1.1" 200 2403
180.156.150.85 - - [25/Mar/2020:10:22:09 +0800] "POST /xingrg/services/DataTransmitService HTTP/1.1" 200 2299
116.235.222.53 - - [25/Mar/2020:10:22:09 +0800] "GET /xingrg/all/function/internal_message.html?_=1585102924398&CODE_STATE=getMsg HTTP/1.1" 200 27
180.156.150.85 - - [25/Mar/2020:10:22:09 +0800] "POST /xingrg/services/DataTransmitService HTTP/1.1" 200 1487
180.156.150.85 - - [25/Mar/2020:10:22:10 +0800] "POST /xingrg/services/DataTransmitService HTTP/1.1" 200 160516
180.156.150.85 - - [25/Mar/2020:10:22:12 +0800] "GET /xingrg/all/function/internal_message.html?_=1585102931531&CODE_STATE=getMsg HTTP/1.1" 200 27
116.238.181.252 - - [25/Mar/2020:10:22:13 +0800] "GET /xingrg/kc/base/wldb_order_operate.html?command=get_materiel&rest_code=00150&base_code=0010451&code=00101001084 HTTP/1.1" 200 433
116.224.247.222 - - [25/Mar/2020:10:22:16 +0800] "POST /xingrg/kc/buy/cgsh_list_operate.html HTTP/1.1" 200 570
116.224.247.222 - - [25/Mar/2020:10:22:16 +0800] "GET /xingrg/kc/buy/cgsh_order_info.html?code=212020032502572 HTTP/1.1" 200 57572
116.224.247.222 - - [25/Mar/2020:10:22:17 +0800] "GET /xingrg/javascript/easyui/themes/default/validatebox.css HTTP/1.1" 404 1104
114.93.75.19 - - [25/Mar/2020:10:22:17 +0800] "GET /xingrg/all/function/internal_message.html?_=1585102935908&CODE_STATE=getMsg HTTP/1.1" 200 27
116.224.247.222 - - [25/Mar/2020:10:22:17 +0800] "POST /xingrg/kc/buy/cgsh_order_operate.html HTTP/1.1" 200 6806
116.238.181.252 - - [25/Mar/2020:10:22:20 +0800] "GET /xingrg/all/function/internal_message.html?_=1585102939803&CODE_STATE=getMsg HTTP/1.1" 200 27
116.224.247.222 - - [25/Mar/2020:10:22:23 +0800] "POST /xingrg/kc/buy/cgsh_order_operate.html HTTP/1.1" 200 37
116.224.247.222 - - [25/Mar/2020:10:22:25 +0800] "POST /xingrg/kc/buy/cgsh_order_operate.html HTTP/1.1" 200 12
116.224.247.222 - - [25/Mar/2020:10:22:25 +0800] "GET /xingrg/kc/buy/cgsh_order_info.html?code=212020032502572 HTTP/1.1" 200 52466
116.224.247.222 - - [25/Mar/2020:10:22:26 +0800] "GET /xingrg/javascript/easyui/themes/default/validatebox.css HTTP/1.1" 404 1104
116.224.247.222 - - [25/Mar/2020:10:22:27 +0800] "POST /xingrg/kc/buy/cgsh_order_operate.html HTTP/1.1" 200 4752
58.40.7.146 - - [25/Mar/2020:10:22:27 +0800] "GET /xingrg/all/function/internal_message.html?_=1585102945526&CODE_STATE=getMsg HTTP/1.1" 200 27
114.93.75.19 - - [25/Mar/2020:10:22:30 +0800] "GET /xingrg/check_reg.html?_=1585102955690 HTTP/1.1" 200 22
114.93.75.19 - - [25/Mar/2020:10:22:30 +0800] "GET /xingrg/all/function/internal_message.html?_=1585102955752&CODE_STATE=getMsg HTTP/1.1" 200 27
117.184.7.26 - - [25/Mar/2020:10:22:30 +0800] "GET /xingrg/all/function/internal_message.html?_=1585102941117&CODE_STATE=getMsg HTTP/1.1" 302 -
117.184.7.26 - - [25/Mar/2020:10:22:30 +0800] "GET /xingrg/login.html HTTP/1.1" 200 7639
116.224.247.222 - - [25/Mar/2020:10:22:39 +0800] "GET /xingrg/all/function/internal_message.html?_=1585103133648&CODE_STATE=getMsg HTTP/1.1" 200 27
116.224.247.222 - - [25/Mar/2020:10:22:40 +0800] "GET /xingrg/kc/print/load_config.html?kc_code=cgsh HTTP/1.1" 200 1841
116.224.247.222 - - [25/Mar/2020:10:22:40 +0800] "GET /xingrg/kc/print/load_data.html?order_code=212020032502572&kc_code=cgsh&condition= HTTP/1.1" 200 2318
222.69.138.221 - - [25/Mar/2020:10:22:42 +0800] "GET /xingrg/all/function/internal_message.html?_=1585102958216&CODE_STATE=getMsg HTTP/1.1" 200 27
116.224.247.222 - - [25/Mar/2020:10:22:50 +0800] "POST /xingrg/kc/buy/cgsh_list_operate.html HTTP/1.1" 200 1679
180.162.232.172 - - [25/Mar/2020:10:22:51 +0800] "POST /xingrg/services/DataTransmitService HTTP/1.1" 200 524
116.224.247.222 - - [25/Mar/2020:10:22:51 +0800] "POST /xingrg/kc/buy/cgsh_list_operate.html HTTP/1.1" 200 558
116.224.247.222 - - [25/Mar/2020:10:22:51 +0800] "GET /xingrg/kc/buy/cgsh_order_info.html?code=212020032502571 HTTP/1.1" 200 57572
116.224.247.222 - - [25/Mar/2020:10:22:52 +0800] "GET /xingrg/javascript/easyui/themes/default/validatebox.css HTTP/1.1" 404 1104
116.224.247.222 - - [25/Mar/2020:10:22:52 +0800] "POST /xingrg/kc/buy/cgsh_order_operate.html HTTP/1.1" 200 10941
114.93.75.19 - - [25/Mar/2020:10:22:54 +0800] "GET /xingrg/all/function/internal_message.html?_=1585102985381&CODE_STATE=getMsg HTTP/1.1" 200 27
124.77.241.94 - - [25/Mar/2020:10:22:55 +0800] "GET /xingrg/all/function/internal_message.html?_=1585103012650&CODE_STATE=getMsg HTTP/1.1" 200 27
116.224.247.222 - - [25/Mar/2020:10:22:57 +0800] "POST /xingrg/kc/buy/cgsh_order_operate.html HTTP/1.1" 200 37
114.93.75.19 - - [25/Mar/2020:10:22:57 +0800] "GET /xingrg/all/function/internal_message.html?_=1585102975114&CODE_STATE=getMsg HTTP/1.1" 200 27
116.224.247.222 - - [25/Mar/2020:10:22:59 +0800] "POST /xingrg/kc/buy/cgsh_order_operate.html HTTP/1.1" 200 12
124.77.241.94 - - [25/Mar/2020:10:22:59 +0800] "GET /xingrg/all/function/internal_message.html?_=1585102975977&CODE_STATE=getMsg HTTP/1.1" 200 27
116.224.247.222 - - [25/Mar/2020:10:23:00 +0800] "GET /xingrg/kc/buy/cgsh_order_info.html?code=212020032502571 HTTP/1.1" 200 52466
114.88.170.9 - - [25/Mar/2020:10:23:00 +0800] "GET /xingrg/all/function/internal_message.html?_=1585103279896&CODE_STATE=getMsg HTTP/1.1" 200 27
116.224.247.222 - - [25/Mar/2020:10:23:00 +0800] "GET /xingrg/javascript/easyui/themes/default/validatebox.css HTTP/1.1" 404 1104
116.224.247.222 - - [25/Mar/2020:10:23:01 +0800] "POST /xingrg/kc/buy/cgsh_order_operate.html HTTP/1.1" 200 8886
114.88.170.9 - - [25/Mar/2020:10:23:02 +0800] "GET /xingrg/all/function/internal_message.html?_=1585102982221&CODE_STATE=getMsg HTTP/1.1" 200 27
116.238.181.252 - - [25/Mar/2020:10:23:03 +0800] "GET /xingrg/kc/base/wldb_order_operate.html?command=get_materiel&rest_code=00150&base_code=0010451&code=00101008016 HTTP/1.1" 200 438
116.224.247.222 - - [25/Mar/2020:10:23:03 +0800] "GET /xingrg/kc/print/load_data.html?order_code=212020032502571&kc_code=cgsh&condition= HTTP/1.1" 200 3852
116.235.222.53 - - [25/Mar/2020:10:23:09 +0800] "GET /xingrg/all/function/internal_message.html?_=1585102984410&CODE_STATE=getMsg HTTP/1.1" 200 27
180.162.102.27 - - [25/Mar/2020:10:23:11 +0800] "GET /xingrg/login.html HTTP/1.1" 200 7639
180.156.150.85 - - [25/Mar/2020:10:23:12 +0800] "GET /xingrg/check_reg.html?_=1585102991527 HTTP/1.1" 200 22
180.156.150.85 - - [25/Mar/2020:10:23:12 +0800] "GET /xingrg/all/function/internal_message.html?_=1585102991531&CODE_STATE=getMsg HTTP/1.1" 200 27
114.93.75.19 - - [25/Mar/2020:10:23:17 +0800] "GET /xingrg/all/function/internal_message.html?_=1585102995878&CODE_STATE=getMsg HTTP/1.1" 200 27
114.93.75.19 - - [25/Mar/2020:10:23:18 +0800] "GET /xingrg/check_reg.html?_=1585102996770 HTTP/1.1" 200 22
180.162.102.27 - - [25/Mar/2020:10:23:19 +0800] "GET /favicon.ico HTTP/1.1" 404 -
116.238.181.252 - - [25/Mar/2020:10:23:20 +0800] "GET /xingrg/all/function/internal_message.html?_=1585102999827&CODE_STATE=getMsg HTTP/1.1" 200 27
114.93.75.19 - - [25/Mar/2020:10:23:27 +0800] "GET /xingrg/system/rest/query_items.html?_=1585103012587&table=menu&page=5&rows=20&sort=id&order=asc&categoryId=&key=72 HTTP/1.1" 200 4730
58.40.7.146 - - [25/Mar/2020:10:23:27 +0800] "GET /xingrg/all/function/internal_message.html?_=1585103005515&CODE_STATE=getMsg HTTP/1.1" 200 27
180.162.102.27 - - [25/Mar/2020:10:23:28 +0800] "POST /xingrg/login.do HTTP/1.1" 302 -
180.162.102.27 - - [25/Mar/2020:10:23:29 +0800] "GET /xingrg/index.html?sysBaseUrl=http%3A%2F%2F117.131.15.22%3A18081%2Fxingrg%2F&costTime=35×tamp=1585103008996 HTTP/1.1" 200 17157
114.93.75.19 - - [25/Mar/2020:10:23:30 +0800] "GET /xingrg/all/function/internal_message.html?_=1585103015766&CODE_STATE=getMsg HTTP/1.1" 200 27
117.184.7.26 - - [25/Mar/2020:10:23:30 +0800] "GET /xingrg/all/function/internal_message.html?_=1585103001140&CODE_STATE=getMsg HTTP/1.1" 302 -
117.184.7.26 - - [25/Mar/2020:10:23:30 +0800] "GET /xingrg/login.html HTTP/1.1" 200 7639
180.162.102.27 - - [25/Mar/2020:10:23:31 +0800] "GET /favicon.ico HTTP/1.1" 404 -
180.162.102.27 - - [25/Mar/2020:10:23:31 +0800] "POST /xingrg/all/common/load_tree.html?tree=area_rest_tree_json&manage=1 HTTP/1.1" 200 351
180.162.102.27 - - [25/Mar/2020:10:23:32 +0800] "GET /xingrg/all/function/internal_message.html?_=1585102505906&CODE_STATE=count HTTP/1.1" 200 11
180.162.102.27 - - [25/Mar/2020:10:23:32 +0800] "GET /xingrg/check_reg.html?_=1585102505906 HTTP/1.1" 200 22
180.162.102.27 - - [25/Mar/2020:10:23:33 +0800] "POST /xingrg/load_menu.html HTTP/1.1" 200 5124
116.238.181.252 - - [25/Mar/2020:10:23:33 +0800] "GET /xingrg/kc/base/wldb_order_operate.html?command=get_materiel&rest_code=00150&base_code=0010451&code=00101007122 HTTP/1.1" 200 457
114.93.75.19 - - [25/Mar/2020:10:23:34 +0800] "GET /xingrg/system/rest/query_items.html?_=1585103020482&table=menu&page=4&rows=20&sort=id&order=asc&categoryId=&key=72 HTTP/1.1" 200 4679
116.224.247.222 - - [25/Mar/2020:10:23:39 +0800] "GET /xingrg/all/function/internal_message.html?_=1585103193894&CODE_STATE=getMsg HTTP/1.1" 200 27
222.69.138.221 - - [25/Mar/2020:10:23:42 +0800] "GET /xingrg/all/function/internal_message.html?_=1585103018279&CODE_STATE=getMsg HTTP/1.1" 200 27
180.162.102.27 - - [25/Mar/2020:10:23:44 +0800] "GET /xingrg/kc/buy/cgsh_order_list.html HTTP/1.1" 200 42049
114.93.75.19 - - [25/Mar/2020:10:23:46 +0800] "GET /xingrg/system/rest/get_item.html?table=menu&id=7218&_=1585103031977 HTTP/1.1" 200 945
114.93.75.19 - - [25/Mar/2020:10:23:46 +0800] "GET /xingrg/system/rest/get_item.html?table=menu&target=cook_mode&id=7218&_=1585103031982 HTTP/1.1" 200 513
114.93.75.19 - - [25/Mar/2020:10:23:46 +0800] "GET /xingrg/system/rest/get_item.html?table=menu&target=menu_rest&id=7218&_=1585103031984 HTTP/1.1" 200 58
114.88.170.9 - - [25/Mar/2020:10:23:46 +0800] "GET /xingrg/check_reg.html?_=1585103026348 HTTP/1.1" 200 22
180.162.102.27 - - [25/Mar/2020:10:23:47 +0800] "POST /xingrg/kc/buy/cgsh_list_operate.html HTTP/1.1" 200 876
114.93.75.19 - - [25/Mar/2020:10:23:47 +0800] "GET /xingrg/system/rest/get_infos.html?command=menu_img_show&id=7218 HTTP/1.1" 200 5
222.69.138.221 - - [25/Mar/2020:10:23:51 +0800] "POST /xingrg/kc/buy/cgsh_order_operate.html HTTP/1.1" 200 37
180.156.150.85 - - [25/Mar/2020:10:23:53 +0800] "POST /xingrg/services/DataTransmitService HTTP/1.1" 200 39563
180.156.150.85 - - [25/Mar/2020:10:23:53 +0800] "POST /xingrg/services/DataTransmitService HTTP/1.1" 200 18477
114.93.75.19 - - [25/Mar/2020:10:23:54 +0800] "GET /xingrg/all/function/internal_message.html?_=1585103045351&CODE_STATE=getMsg HTTP/1.1" 200 27
222.69.138.221 - - [25/Mar/2020:10:23:54 +0800] "POST /xingrg/kc/buy/cgsh_order_operate.html HTTP/1.1" 200 12
222.69.138.221 - - [25/Mar/2020:10:23:54 +0800] "GET /xingrg/kc/buy/cgsh_order_info.html?code=212020032502573 HTTP/1.1" 200 52562
222.69.138.221 - - [25/Mar/2020:10:23:55 +0800] "GET /xingrg/javascript/easyui/themes/default/validatebox.css HTTP/1.1" 404 1104
222.69.138.221 - - [25/Mar/2020:10:23:55 +0800] "POST /xingrg/kc/buy/cgsh_order_operate.html HTTP/1.1" 200 2975
124.77.241.94 - - [25/Mar/2020:10:23:55 +0800] "GET /xingrg/all/function/internal_message.html?_=1585103072757&CODE_STATE=getMsg HTTP/1.1" 200 27
222.69.138.221 - - [25/Mar/2020:10:23:57 +0800] "GET /xingrg/kc/print/load_config.html?kc_code=cgsh HTTP/1.1" 200 1841
222.69.138.221 - - [25/Mar/2020:10:23:57 +0800] "GET /xingrg/kc/print/load_data.html?order_code=212020032502573&kc_code=cgsh&condition= HTTP/1.1" 200 1623
114.93.75.19 - - [25/Mar/2020:10:23:57 +0800] "GET /xingrg/all/function/internal_message.html?_=1585103035120&CODE_STATE=getMsg HTTP/1.1" 200 27
124.77.241.94 - - [25/Mar/2020:10:23:59 +0800] "GET /xingrg/all/function/internal_message.html?_=1585103035991&CODE_STATE=getMsg HTTP/1.1" 200 27
114.88.170.9 - - [25/Mar/2020:10:24:00 +0800] "GET /xingrg/all/function/internal_message.html?_=1585103339896&CODE_STATE=getMsg HTTP/1.1" 200 27
114.88.170.9 - - [25/Mar/2020:10:24:02 +0800] "GET /xingrg/all/function/internal_message.html?_=1585103042227&CODE_STATE=getMsg HTTP/1.1" 200 27
180.162.102.27 - - [25/Mar/2020:10:24:07 +0800] "GET /xingrg/kc/buy/cgsh_order_add.html HTTP/1.1" 200 56890
180.162.102.27 - - [25/Mar/2020:10:24:07 +0800] "GET /xingrg/words/20200324200415_words.js HTTP/1.1" 304 -
180.162.102.27 - - [25/Mar/2020:10:24:07 +0800] "POST /xingrg/kc/buy/cgsh_order_operate.html HTTP/1.1" 200 8245
180.162.102.27 - - [25/Mar/2020:10:24:07 +0800] "GET /xingrg/javascript/easyui/themes/default/validatebox.css HTTP/1.1" 404 1104
180.162.102.27 - - [25/Mar/2020:10:24:07 +0800] "GET /xingrg/all/common/auto_word.html?type=employee&rest_code=00142 HTTP/1.1" 200 105
180.162.102.27 - - [25/Mar/2020:10:24:07 +0800] "GET /xingrg/all/common/auto_word.html?type=employee&rest_code=00142 HTTP/1.1" 200 105
116.235.222.53 - - [25/Mar/2020:10:24:09 +0800] "GET /xingrg/all/function/internal_message.html?_=1585103044412&CODE_STATE=getMsg HTTP/1.1" 200 27
180.162.102.27 - - [25/Mar/2020:10:24:10 +0800] "GET /xingrg/javascript/auto/indicator.gif HTTP/1.1" 404 1066
180.156.150.85 - - [25/Mar/2020:10:24:12 +0800] "GET /xingrg/all/function/internal_message.html?_=1585103051526&CODE_STATE=getMsg HTTP/1.1" 200 27
117.184.7.26 - - [25/Mar/2020:10:24:12 +0800] "GET /xingrg/check_reg.html?_=1585103043424 HTTP/1.1" 302 -
117.184.7.26 - - [25/Mar/2020:10:24:12 +0800] "GET /xingrg/login.html HTTP/1.1" 200 7639
180.162.102.27 - - [25/Mar/2020:10:24:13 +0800] "GET /xingrg/javascript/jquery_tools/images/prev.gif HTTP/1.1" 404 1086
180.162.102.27 - - [25/Mar/2020:10:24:13 +0800] "GET /xingrg/javascript/jquery_tools/images/next.gif HTTP/1.1" 404 1086
114.93.75.19 - - [25/Mar/2020:10:24:17 +0800] "GET /xingrg/all/function/internal_message.html?_=1585103055849&CODE_STATE=getMsg HTTP/1.1" 200 27
116.238.181.252 - - [25/Mar/2020:10:24:20 +0800] "GET /xingrg/all/function/internal_message.html?_=1585103059836&CODE_STATE=getMsg HTTP/1.1" 200 27
58.40.7.146 - - [25/Mar/2020:10:24:27 +0800] "GET /xingrg/all/function/internal_message.html?_=1585103065521&CODE_STATE=getMsg HTTP/1.1" 200 27
58.40.7.146 - - [25/Mar/2020:10:24:27 +0800] "GET /xingrg/check_reg.html?_=1585103065523 HTTP/1.1" 200 22
114.93.75.19 - - [25/Mar/2020:10:24:30 +0800] "GET /xingrg/all/function/internal_message.html?_=1585103075780&CODE_STATE=getMsg HTTP/1.1" 200 27
117.184.7.26 - - [25/Mar/2020:10:24:30 +0800] "GET /xingrg/all/function/internal_message.html?_=1585103061144&CODE_STATE=getMsg HTTP/1.1" 302 -
117.184.7.26 - - [25/Mar/2020:10:24:30 +0800] "GET /xingrg/login.html HTTP/1.1" 200 7639
180.162.102.27 - - [25/Mar/2020:10:24:32 +0800] "GET /xingrg/all/function/internal_message.html?_=1585102565919&CODE_STATE=getMsg HTTP/1.1" 200 27
116.224.247.222 - - [25/Mar/2020:10:24:37 +0800] "POST /xingrg/kc/buy/cgsh_list_operate.html HTTP/1.1" 200 876
116.224.247.222 - - [25/Mar/2020:10:24:38 +0800] "GET /xingrg/check_reg.html?_=1585103252613 HTTP/1.1" 200 22
116.224.247.222 - - [25/Mar/2020:10:24:39 +0800] "GET /xingrg/kc/buy/cgsh_order_add.html HTTP/1.1" 200 57563
116.224.247.222 - - [25/Mar/2020:10:24:39 +0800] "POST /xingrg/kc/buy/cgsh_order_operate.html HTTP/1.1" 200 8245
116.224.247.222 - - [25/Mar/2020:10:24:39 +0800] "GET /xingrg/javascript/easyui/themes/default/validatebox.css HTTP/1.1" 404 1104
116.224.247.222 - - [25/Mar/2020:10:24:39 +0800] "GET /xingrg/all/function/internal_message.html?_=1585103254050&CODE_STATE=getMsg HTTP/1.1" 200 27
116.224.247.222 - - [25/Mar/2020:10:24:40 +0800] "GET /xingrg/kc/buy/cgsh_order_add.html HTTP/1.1" 200 32812
222.69.138.221 - - [25/Mar/2020:10:24:42 +0800] "GET /xingrg/all/function/internal_message.html?_=1585103078277&CODE_STATE=getMsg HTTP/1.1" 200 27
117.131.5.26 - - [25/Mar/2020:10:24:49 +0800] "POST /xingrg/services/DataTransmitService HTTP/1.1" 200 524
116.224.247.222 - - [25/Mar/2020:10:24:53 +0800] "GET /xingrg/kc/buy/cgsh_order_operate.html?command=get_materiel&rest_code=00102&code=00101009011&supplier_code=00100096&order_time=2020-03-25 HTTP/1.1" 200 433
114.93.75.19 - - [25/Mar/2020:10:24:54 +0800] "GET /xingrg/all/function/internal_message.html?_=1585103105349&CODE_STATE=getMsg HTTP/1.1" 200 27
114.93.75.19 - - [25/Mar/2020:10:24:54 +0800] "GET /xingrg/check_reg.html?_=1585103105792 HTTP/1.1" 200 22
124.77.241.94 - - [25/Mar/2020:10:24:55 +0800] "GET /xingrg/all/function/internal_message.html?_=1585103132771&CODE_STATE=getMsg HTTP/1.1" 200 27
114.93.75.19 - - [25/Mar/2020:10:24:57 +0800] "GET /xingrg/check_reg.html?_=1585103095122 HTTP/1.1" 200 22
114.93.75.19 - - [25/Mar/2020:10:24:57 +0800] "GET /xingrg/all/function/internal_message.html?_=1585103095124&CODE_STATE=getMsg HTTP/1.1" 200 27
124.77.241.94 - - [25/Mar/2020:10:24:59 +0800] "GET /xingrg/all/function/internal_message.html?_=1585103095993&CODE_STATE=getMsg HTTP/1.1" 200 27
114.88.170.9 - - [25/Mar/2020:10:25:00 +0800] "GET /xingrg/all/function/internal_message.html?_=1585103399899&CODE_STATE=getMsg HTTP/1.1" 200 27
114.88.170.9 - - [25/Mar/2020:10:25:00 +0800] "GET /xingrg/check_reg.html?_=1585103399896 HTTP/1.1" 200 22
180.162.102.27 - - [25/Mar/2020:10:25:01 +0800] "GET /xingrg/kc/buy/cgsh_order_operate.html?command=get_materiel&rest_code=00142&code=00101008126&supplier_code=00100161&order_time=2020-03-18 HTTP/1.1" 200 412
114.88.170.9 - - [25/Mar/2020:10:25:02 +0800] "GET /xingrg/all/function/internal_message.html?_=1585103102243&CODE_STATE=getMsg HTTP/1.1" 200 27
114.93.75.19 - - [25/Mar/2020:10:25:07 +0800] "POST /xingrg/dwr/call/plaincall/AjaxGetFirstChart.getFirstChart.dwr HTTP/1.1" 200 80
116.238.181.252 - - [25/Mar/2020:10:25:08 +0800] "POST /xingrg/kc/base/wldb_order_operate.html HTTP/1.1" 200 1710
116.235.222.53 - - [25/Mar/2020:10:25:09 +0800] "GET /xingrg/check_reg.html?_=1585103104415 HTTP/1.1" 200 22
116.224.247.222 - - [25/Mar/2020:10:25:09 +0800] "GET /xingrg/kc/buy/cgsh_order_operate.html?command=get_materiel&rest_code=00102&code=00101009018&supplier_code=00100096&order_time=2020-03-25 HTTP/1.1" 200 408
116.235.222.53 - - [25/Mar/2020:10:25:10 +0800] "GET /xingrg/all/function/internal_message.html?_=1585103104417&CODE_STATE=getMsg HTTP/1.1" 200 27
180.156.150.85 - - [25/Mar/2020:10:25:12 +0800] "GET /xingrg/all/function/internal_message.html?_=1585103111526&CODE_STATE=getMsg HTTP/1.1" 200 27
58.40.7.146 - - [25/Mar/2020:10:25:13 +0800] "POST /xingrg/services/DataTransmitService HTTP/1.1" 200 524
180.162.102.27 - - [25/Mar/2020:10:25:14 +0800] "GET /xingrg/kc/buy/cgsh_order_operate.html?command=get_materiel&rest_code=00142&code=00101008261&supplier_code=00100161&order_time=2020-03-18 HTTP/1.1" 200 408
116.238.181.252 - - [25/Mar/2020:10:25:15 +0800] "GET /xingrg/kc/base/wldb_order_operate.html?command=get_materiel&rest_code=00150&base_code=0010451&code=00101008110 HTTP/1.1" 200 431
114.93.75.19 - - [25/Mar/2020:10:25:17 +0800] "GET /xingrg/all/function/internal_message.html?_=1585103115821&CODE_STATE=getMsg HTTP/1.1" 200 27
116.238.181.252 - - [25/Mar/2020:10:25:20 +0800] "GET /xingrg/all/function/internal_message.html?_=1585103119823&CODE_STATE=getMsg HTTP/1.1" 200 27
116.224.247.222 - - [25/Mar/2020:10:25:24 +0800] "POST /xingrg/kc/buy/cgsh_order_operate.html HTTP/1.1" 200 37
116.224.247.222 - - [25/Mar/2020:10:25:26 +0800] "POST /xingrg/kc/buy/cgsh_order_operate.html HTTP/1.1" 200 12
58.40.7.146 - - [25/Mar/2020:10:25:27 +0800] "GET /xingrg/all/function/internal_message.html?_=1585103125526&CODE_STATE=getMsg HTTP/1.1" 200 27
116.224.247.222 - - [25/Mar/2020:10:25:27 +0800] "GET /xingrg/kc/buy/cgsh_order_info.html?code=212020032502574 HTTP/1.1" 200 52456
116.224.247.222 - - [25/Mar/2020:10:25:28 +0800] "GET /xingrg/javascript/easyui/themes/default/validatebox.css HTTP/1.1" 404 1104
116.224.247.222 - - [25/Mar/2020:10:25:28 +0800] "POST /xingrg/kc/buy/cgsh_order_operate.html HTTP/1.1" 200 1199
114.93.75.19 - - [25/Mar/2020:10:25:30 +0800] "GET /xingrg/all/function/internal_message.html?_=1585103135793&CODE_STATE=getMsg HTTP/1.1" 200 27
117.184.7.26 - - [25/Mar/2020:10:25:30 +0800] "GET /xingrg/all/function/internal_message.html?_=1585103121158&CODE_STATE=getMsg HTTP/1.1" 302 -
117.184.7.26 - - [25/Mar/2020:10:25:30 +0800] "GET /xingrg/login.html HTTP/1.1" 200 7639
116.224.247.222 - - [25/Mar/2020:10:25:31 +0800] "GET /xingrg/kc/print/load_data.html?order_code=212020032502574&kc_code=cgsh&condition= HTTP/1.1" 200 888
180.162.102.27 - - [25/Mar/2020:10:25:32 +0800] "GET /xingrg/all/function/internal_message.html?_=1585102625910&CODE_STATE=getMsg HTTP/1.1" 200 27
114.93.75.19 - - [25/Mar/2020:10:25:36 +0800] "GET /xingrg/system/rest/get_item.html?table=menu&id=7218&_=1585103141684 HTTP/1.1" 200 945
114.93.75.19 - - [25/Mar/2020:10:25:36 +0800] "GET /xingrg/system/rest/get_item.html?table=menu&target=cook_mode&id=7218&_=1585103141690 HTTP/1.1" 200 513
114.93.75.19 - - [25/Mar/2020:10:25:36 +0800] "GET /xingrg/system/rest/get_item.html?table=menu&target=menu_rest&id=7218&_=1585103141691 HTTP/1.1" 200 58
116.224.247.222 - - [25/Mar/2020:10:25:39 +0800] "GET /xingrg/all/function/internal_message.html?_=1585103314057&CODE_STATE=getMsg HTTP/1.1" 200 27
114.93.75.19 - - [25/Mar/2020:10:25:40 +0800] "POST /xingrg/dwr/call/plaincall/AjaxGetFirstChart.getFirstChart.dwr HTTP/1.1" 200 80
114.93.75.19 - - [25/Mar/2020:10:25:40 +0800] "POST /xingrg/dwr/call/plaincall/AjaxGetFirstChart.getFirstChart.dwr HTTP/1.1" 200 80
114.93.75.19 - - [25/Mar/2020:10:25:40 +0800] "POST /xingrg/dwr/call/plaincall/AjaxGetFirstChart.getFirstChart.dwr HTTP/1.1" 200 81
222.69.138.221 - - [25/Mar/2020:10:25:42 +0800] "GET /xingrg/all/function/internal_message.html?_=1585103138261&CODE_STATE=getMsg HTTP/1.1" 200 27
114.93.75.19 - - [25/Mar/2020:10:25:43 +0800] "POST /xingrg/dwr/call/plaincall/AjaxGetFirstChart.getFirstChart.dwr HTTP/1.1" 200 78
114.93.75.19 - - [25/Mar/2020:10:25:54 +0800] "GET /xingrg/all/function/internal_message.html?_=1585103165450&CODE_STATE=getMsg HTTP/1.1" 200 27
124.77.241.94 - - [25/Mar/2020:10:25:55 +0800] "GET /xingrg/check_reg.html?_=1585103192354 HTTP/1.1" 200 22
124.77.241.94 - - [25/Mar/2020:10:25:55 +0800] "GET /xingrg/all/function/internal_message.html?_=1585103192783&CODE_STATE=getMsg HTTP/1.1" 200 27
116.238.181.252 - - [25/Mar/2020:10:25:56 +0800] "POST /xingrg/kc/base/wldb_order_operate.html HTTP/1.1" 200 37
116.238.181.252 - - [25/Mar/2020:10:25:56 +0800] "POST /xingrg/kc/base/wldb_order_operate.html HTTP/1.1" 200 12165
180.162.102.27 - - [25/Mar/2020:10:25:57 +0800] "GET /xingrg/kc/buy/cgsh_order_operate.html?command=get_materiel&rest_code=00142&code=00101008268&supplier_code=00100161&order_time=2020-03-18 HTTP/1.1" 200 408
114.93.75.19 - - [25/Mar/2020:10:25:57 +0800] "GET /xingrg/all/function/internal_message.html?_=1585103155127&CODE_STATE=getMsg HTTP/1.1" 200 27
117.185.32.26 - - [25/Mar/2020:10:25:58 +0800] "POST /xingrg/services/DataTransmitService HTTP/1.1" 200 524
116.238.181.252 - - [25/Mar/2020:10:25:58 +0800] "GET /xingrg/kc/base/wldb_order_info.html?code=422020032500755 HTTP/1.1" 200 30336
124.77.241.94 - - [25/Mar/2020:10:25:59 +0800] "GET /xingrg/all/function/internal_message.html?_=1585103155997&CODE_STATE=getMsg HTTP/1.1" 200 27
124.77.241.94 - - [25/Mar/2020:10:25:59 +0800] "GET /xingrg/check_reg.html?_=1585103156003 HTTP/1.1" 200 22
116.238.181.252 - - [25/Mar/2020:10:25:59 +0800] "GET /xingrg/javascript/easyui/themes/default/validatebox.css HTTP/1.1" 404 1104
116.238.181.252 - - [25/Mar/2020:10:25:59 +0800] "POST /xingrg/kc/base/wldb_order_operate.html HTTP/1.1" 200 12165
114.88.170.9 - - [25/Mar/2020:10:26:00 +0800] "GET /xingrg/all/function/internal_message.html?_=1585103459898&CODE_STATE=getMsg HTTP/1.1" 200 27
114.88.170.9 - - [25/Mar/2020:10:26:02 +0800] "GET /xingrg/all/function/internal_message.html?_=1585103162283&CODE_STATE=getMsg HTTP/1.1" 200 27
116.224.247.222 - - [25/Mar/2020:10:26:05 +0800] "POST /xingrg/kc/buy/cgsh_list_operate.html HTTP/1.1" 200 876
116.224.247.222 - - [25/Mar/2020:10:26:06 +0800] "POST /xingrg/kc/buy/cgsh_list_operate.html HTTP/1.1" 200 876
114.93.75.19 - - [25/Mar/2020:10:26:07 +0800] "POST /xingrg/dwr/call/plaincall/AjaxGetFirstChart.getFirstChart.dwr HTTP/1.1" 200 79
114.93.75.19 - - [25/Mar/2020:10:26:08 +0800] "POST /xingrg/dwr/call/plaincall/AjaxGetFirstChart.getFirstChart.dwr HTTP/1.1" 200 81
114.93.75.19 - - [25/Mar/2020:10:26:08 +0800] "POST /xingrg/dwr/call/plaincall/AjaxGetFirstChart.getFirstChart.dwr HTTP/1.1" 200 81
116.224.247.222 - - [25/Mar/2020:10:26:08 +0800] "POST /xingrg/kc/buy/cgsh_list_operate.html HTTP/1.1" 200 876
114.93.75.19 - - [25/Mar/2020:10:26:09 +0800] "POST /xingrg/dwr/call/plaincall/AjaxGetFirstChart.getFirstChart.dwr HTTP/1.1" 200 82
114.93.75.19 - - [25/Mar/2020:10:26:09 +0800] "POST /xingrg/dwr/call/plaincall/AjaxGetFirstChart.getFirstChart.dwr HTTP/1.1" 200 83
114.93.75.19 - - [25/Mar/2020:10:26:09 +0800] "POST /xingrg/dwr/call/plaincall/AjaxGetFirstChart.getFirstChart.dwr HTTP/1.1" 200 85
114.93.75.19 - - [25/Mar/2020:10:26:09 +0800] "POST /xingrg/dwr/call/plaincall/AjaxGetFirstChart.getFirstChart.dwr HTTP/1.1" 200 86
116.235.222.53 - - [25/Mar/2020:10:26:09 +0800] "GET /xingrg/all/function/internal_message.html?_=1585103164441&CODE_STATE=getMsg HTTP/1.1" 200 27
114.93.75.19 - - [25/Mar/2020:10:26:09 +0800] "POST /xingrg/dwr/call/plaincall/AjaxGetFirstChart.getFirstChart.dwr HTTP/1.1" 200 88
114.93.75.19 - - [25/Mar/2020:10:26:09 +0800] "POST /xingrg/dwr/call/plaincall/AjaxGetFirstChart.getFirstChart.dwr HTTP/1.1" 200 88
114.93.75.19 - - [25/Mar/2020:10:26:11 +0800] "POST /xingrg/dwr/call/plaincall/AjaxGetFirstChart.getFirstChart.dwr HTTP/1.1" 200 79
180.156.150.85 - - [25/Mar/2020:10:26:12 +0800] "GET /xingrg/all/function/internal_message.html?_=1585103171527&CODE_STATE=getMsg HTTP/1.1" 200 27
114.93.75.19 - - [25/Mar/2020:10:26:12 +0800] "POST /xingrg/dwr/call/plaincall/AjaxGetFirstChart.getFirstChart.dwr HTTP/1.1" 200 79
180.162.102.27 - - [25/Mar/2020:10:26:12 +0800] "GET /xingrg/kc/buy/cgsh_order_operate.html?command=get_materiel&rest_code=00142&code=00101008059&supplier_code=00100161&order_time=2020-03-18 HTTP/1.1" 200 408
114.93.75.19 - - [25/Mar/2020:10:26:14 +0800] "POST /xingrg/dwr/call/plaincall/AjaxGetFirstChart.getFirstChart.dwr HTTP/1.1" 200 79
114.93.75.19 - - [25/Mar/2020:10:26:14 +0800] "POST /xingrg/dwr/call/plaincall/AjaxGetFirstChart.getFirstChart.dwr HTTP/1.1" 200 79
116.224.247.222 - - [25/Mar/2020:10:26:14 +0800] "GET /xingrg/kc/mdqp/pssh_order_list.html HTTP/1.1" 200 17532
116.224.247.222 - - [25/Mar/2020:10:26:15 +0800] "POST /xingrg/kc/mdqp/pssh_list_operate.html HTTP/1.1" 200 5391
114.93.75.19 - - [25/Mar/2020:10:26:15 +0800] "POST /xingrg/dwr/call/plaincall/AjaxGetFirstChart.getFirstChart.dwr HTTP/1.1" 200 79
114.93.75.19 - - [25/Mar/2020:10:26:15 +0800] "POST /xingrg/dwr/call/plaincall/AjaxGetFirstChart.getFirstChart.dwr HTTP/1.1" 200 79
114.93.75.19 - - [25/Mar/2020:10:26:15 +0800] "POST /xingrg/dwr/call/plaincall/AjaxGetFirstChart.getFirstChart.dwr HTTP/1.1" 200 79
114.93.75.19 - - [25/Mar/2020:10:26:16 +0800] "POST /xingrg/dwr/call/plaincall/AjaxGetFirstChart.getFirstChart.dwr HTTP/1.1" 200 79
114.93.75.19 - - [25/Mar/2020:10:26:16 +0800] "POST /xingrg/dwr/call/plaincall/AjaxGetFirstChart.getFirstChart.dwr HTTP/1.1" 200 79
114.93.75.19 - - [25/Mar/2020:10:26:16 +0800] "POST /xingrg/dwr/call/plaincall/AjaxGetFirstChart.getFirstChart.dwr HTTP/1.1" 200 79
114.93.75.19 - - [25/Mar/2020:10:26:17 +0800] "POST /xingrg/dwr/call/plaincall/AjaxGetFirstChart.getFirstChart.dwr HTTP/1.1" 200 82
114.93.75.19 - - [25/Mar/2020:10:26:17 +0800] "GET /xingrg/all/function/internal_message.html?_=1585103175790&CODE_STATE=getMsg HTTP/1.1" 200 27
114.93.75.19 - - [25/Mar/2020:10:26:19 +0800] "POST /xingrg/dwr/call/plaincall/AjaxGetFirstChart.getFirstChart.dwr HTTP/1.1" 200 81
114.93.75.19 - - [25/Mar/2020:10:26:20 +0800] "POST /xingrg/dwr/call/plaincall/AjaxGetFirstChart.getFirstChart.dwr HTTP/1.1" 200 81
114.93.75.19 - - [25/Mar/2020:10:26:20 +0800] "POST /xingrg/dwr/call/plaincall/AjaxGetFirstChart.getFirstChart.dwr HTTP/1.1" 200 81
114.93.75.19 - - [25/Mar/2020:10:26:20 +0800] "POST /xingrg/dwr/call/plaincall/AjaxGetFirstChart.getFirstChart.dwr HTTP/1.1" 200 81
114.93.75.19 - - [25/Mar/2020:10:26:20 +0800] "POST /xingrg/dwr/call/plaincall/AjaxGetFirstChart.getFirstChart.dwr HTTP/1.1" 200 81
114.93.75.19 - - [25/Mar/2020:10:26:20 +0800] "POST /xingrg/dwr/call/plaincall/AjaxGetFirstChart.getFirstChart.dwr HTTP/1.1" 200 81
116.238.181.252 - - [25/Mar/2020:10:26:20 +0800] "GET /xingrg/all/function/internal_message.html?_=1585103179799&CODE_STATE=getMsg HTTP/1.1" 200 27
116.238.181.252 - - [25/Mar/2020:10:26:20 +0800] "GET /xingrg/check_reg.html?_=1585103179829 HTTP/1.1" 200 22
114.93.75.19 - - [25/Mar/2020:10:26:21 +0800] "POST /xingrg/dwr/call/plaincall/AjaxGetFirstChart.getFirstChart.dwr HTTP/1.1" 200 83
116.224.247.222 - - [25/Mar/2020:10:26:21 +0800] "POST /xingrg/kc/mdqp/pssh_list_operate.html HTTP/1.1" 200 264
114.93.75.19 - - [25/Mar/2020:10:26:22 +0800] "POST /xingrg/dwr/call/plaincall/AjaxGetFirstChart.getFirstChart.dwr HTTP/1.1" 200 82
180.162.102.27 - - [25/Mar/2020:10:26:25 +0800] "GET /xingrg/kc/buy/cgsh_order_operate.html?command=get_materiel&rest_code=00142&code=00101008370&supplier_code=00100161&order_time=2020-03-18 HTTP/1.1" 200 412
116.224.247.222 - - [25/Mar/2020:10:26:26 +0800] "POST /xingrg/kc/mdqp/pssh_list_operate.html HTTP/1.1" 200 264
58.40.7.146 - - [25/Mar/2020:10:26:27 +0800] "GET /xingrg/all/function/internal_message.html?_=1585103185511&CODE_STATE=getMsg HTTP/1.1" 200 27
116.224.247.222 - - [25/Mar/2020:10:26:28 +0800] "POST /xingrg/kc/mdqp/pssh_list_operate.html HTTP/1.1" 200 768
114.93.75.19 - - [25/Mar/2020:10:26:30 +0800] "GET /xingrg/all/function/internal_message.html?_=1585103195806&CODE_STATE=getMsg HTTP/1.1" 200 27
117.184.7.26 - - [25/Mar/2020:10:26:30 +0800] "GET /xingrg/all/function/internal_message.html?_=1585103181172&CODE_STATE=getMsg HTTP/1.1" 302 -
117.184.7.26 - - [25/Mar/2020:10:26:30 +0800] "GET /xingrg/login.html HTTP/1.1" 200 7639
116.238.181.252 - - [25/Mar/2020:10:26:32 +0800] "POST /xingrg/kc/base/wldb_order_operate.html HTTP/1.1" 200 37
180.162.102.27 - - [25/Mar/2020:10:26:32 +0800] "GET /xingrg/all/function/internal_message.html?_=1585102685942&CODE_STATE=getMsg HTTP/1.1" 200 27
116.238.181.252 - - [25/Mar/2020:10:26:32 +0800] "POST /xingrg/kc/base/wldb_order_operate.html HTTP/1.1" 200 12165
116.238.181.252 - - [25/Mar/2020:10:26:33 +0800] "GET /xingrg/kc/base/wldb_order_info.html?code=422020032500755 HTTP/1.1" 200 30336
116.238.181.252 - - [25/Mar/2020:10:26:33 +0800] "GET /xingrg/javascript/easyui/themes/default/validatebox.css HTTP/1.1" 404 1104
116.238.181.252 - - [25/Mar/2020:10:26:34 +0800] "POST /xingrg/kc/base/wldb_order_operate.html HTTP/1.1" 200 12165
114.93.75.19 - - [25/Mar/2020:10:26:34 +0800] "POST /xingrg/system/rest/edit_item.html HTTP/1.1" 200 4
114.93.75.19 - - [25/Mar/2020:10:26:35 +0800] "GET /xingrg/system/rest/get_item.html?table=menu&id=7218&_=1585103200604 HTTP/1.1" 200 943
114.93.75.19 - - [25/Mar/2020:10:26:36 +0800] "GET /xingrg/system/rest/query_items.html?_=1585103202190&table=menu&page=4&rows=20&sort=id&order=asc&categoryId=&key=72 HTTP/1.1" 200 4678
180.162.102.27 - - [25/Mar/2020:10:26:38 +0800] "GET /xingrg/kc/buy/cgsh_order_operate.html?command=get_materiel&rest_code=00142&code=00101008361&supplier_code=00100161&order_time=2020-03-18 HTTP/1.1" 200 424
116.224.247.222 - - [25/Mar/2020:10:26:40 +0800] "GET /xingrg/all/function/internal_message.html?_=1585103374320&CODE_STATE=getMsg HTTP/1.1" 200 27
222.69.138.221 - - [25/Mar/2020:10:26:42 +0800] "GET /xingrg/check_reg.html?_=1585103198244 HTTP/1.1" 200 22
222.69.138.221 - - [25/Mar/2020:10:26:42 +0800] "GET /xingrg/all/function/internal_message.html?_=1585103198246&CODE_STATE=getMsg HTTP/1.1" 200 27
117.131.5.26 - - [25/Mar/2020:10:26:45 +0800] "GET /xingrg/check_reg.html?_=1585103219562 HTTP/1.1" 200 22
180.162.102.27 - - [25/Mar/2020:10:26:52 +0800] "GET /xingrg/kc/buy/cgsh_order_operate.html?command=get_materiel&rest_code=00142&code=00101008155&supplier_code=00100161&order_time=2020-03-18 HTTP/1.1" 200 424
114.93.75.19 - - [25/Mar/2020:10:26:53 +0800] "POST /xingrg/system/rest/edit_item.html HTTP/1.1" 200 4
114.93.75.19 - - [25/Mar/2020:10:26:54 +0800] "GET /xingrg/all/function/internal_message.html?_=1585103225346&CODE_STATE=getMsg HTTP/1.1" 200 27
114.93.75.19 - - [25/Mar/2020:10:26:55 +0800] "POST /xingrg/system/rest/edit_item.html HTTP/1.1" 200 4
124.77.241.94 - - [25/Mar/2020:10:26:55 +0800] "GET /xingrg/all/function/internal_message.html?_=1585103252799&CODE_STATE=getMsg HTTP/1.1" 200 27
114.93.75.19 - - [25/Mar/2020:10:26:56 +0800] "POST /xingrg/system/rest/edit_item.html HTTP/1.1" 200 4
114.93.75.19 - - [25/Mar/2020:10:26:57 +0800] "GET /xingrg/all/function/internal_message.html?_=1585103215112&CODE_STATE=getMsg HTTP/1.1" 200 27
124.77.241.94 - - [25/Mar/2020:10:26:59 +0800] "GET /xingrg/all/function/internal_message.html?_=1585103216002&CODE_STATE=getMsg HTTP/1.1" 200 27
114.88.170.9 - - [25/Mar/2020:10:27:00 +0800] "GET /xingrg/all/function/internal_message.html?_=1585103519899&CODE_STATE=getMsg HTTP/1.1" 200 27
116.224.247.222 - - [25/Mar/2020:10:27:01 +0800] "POST /xingrg/kc/mdqp/pssh_list_operate.html HTTP/1.1" 200 258
114.93.75.19 - - [25/Mar/2020:10:27:02 +0800] "GET /xingrg/system/rest/query_items.html?_=1585103227628&table=menu&page=5&rows=20&sort=id&order=asc&categoryId=&key=72 HTTP/1.1" 200 4730
114.88.170.9 - - [25/Mar/2020:10:27:02 +0800] "GET /xingrg/all/function/internal_message.html?_=1585103222301&CODE_STATE=getMsg HTTP/1.1" 200 27
114.93.75.19 - - [25/Mar/2020:10:27:03 +0800] "GET /xingrg/system/rest/get_item.html?table=menu&id=7221&_=1585103229222 HTTP/1.1" 200 951
114.93.75.19 - - [25/Mar/2020:10:27:03 +0800] "GET /xingrg/system/rest/get_item.html?table=menu&target=cook_mode&id=7221&_=1585103229227 HTTP/1.1" 200 62
114.93.75.19 - - [25/Mar/2020:10:27:03 +0800] "GET /xingrg/system/rest/get_item.html?table=menu&target=menu_rest&id=7221&_=1585103229228 HTTP/1.1" 200 62
114.93.75.19 - - [25/Mar/2020:10:27:04 +0800] "GET /xingrg/system/rest/get_infos.html?command=menu_img_show&id=7221 HTTP/1.1" 200 5
116.224.247.222 - - [25/Mar/2020:10:27:07 +0800] "POST /xingrg/kc/mdqp/pssh_list_operate.html HTTP/1.1" 200 362
116.235.222.53 - - [25/Mar/2020:10:27:09 +0800] "GET /xingrg/all/function/internal_message.html?_=1585103224444&CODE_STATE=getMsg HTTP/1.1" 200 27
180.156.150.85 - - [25/Mar/2020:10:27:12 +0800] "GET /xingrg/all/function/internal_message.html?_=1585103231528&CODE_STATE=getMsg HTTP/1.1" 200 27
180.162.102.27 - - [25/Mar/2020:10:27:14 +0800] "GET /xingrg/kc/buy/cgsh_order_operate.html?command=get_materiel&rest_code=00142&code=00101008371&supplier_code=00100161&order_time=2020-03-18 HTTP/1.1" 200 412
114.93.75.19 - - [25/Mar/2020:10:27:15 +0800] "GET /xingrg/system/rest/get_item.html?table=menu&id=7235&_=1585103241331 HTTP/1.1" 200 953
114.93.75.19 - - [25/Mar/2020:10:27:15 +0800] "GET /xingrg/system/rest/get_item.html?table=menu&target=menu_rest&id=7235&_=1585103241338 HTTP/1.1" 200 65
114.93.75.19 - - [25/Mar/2020:10:27:15 +0800] "GET /xingrg/system/rest/get_item.html?table=menu&target=cook_mode&id=7235&_=1585103241337 HTTP/1.1" 200 672
114.93.75.19 - - [25/Mar/2020:10:27:16 +0800] "GET /xingrg/system/rest/get_infos.html?command=menu_img_show&id=7235 HTTP/1.1" 200 5
114.93.75.19 - - [25/Mar/2020:10:27:17 +0800] "GET /xingrg/all/function/internal_message.html?_=1585103235776&CODE_STATE=getMsg HTTP/1.1" 200 27
116.238.181.252 - - [25/Mar/2020:10:27:20 +0800] "GET /xingrg/all/function/internal_message.html?_=1585103239772&CODE_STATE=getMsg HTTP/1.1" 200 27
116.224.247.222 - - [25/Mar/2020:10:27:24 +0800] "GET /xingrg/kc/base/wldb_order_list.html HTTP/1.1" 200 19244
116.224.247.222 - - [25/Mar/2020:10:27:24 +0800] "POST /xingrg/kc/base/wldb_list_operate.html HTTP/1.1" 200 928
116.224.247.222 - - [25/Mar/2020:10:27:26 +0800] "GET /xingrg/kc/base/wldb_order_add.html HTTP/1.1" 200 30295
116.224.247.222 - - [25/Mar/2020:10:27:26 +0800] "POST /xingrg/kc/base/wldb_order_operate.html HTTP/1.1" 200 6806
116.224.247.222 - - [25/Mar/2020:10:27:27 +0800] "GET /xingrg/all/common/auto_word.html?type=base&rest_code=00102 HTTP/1.1" 200 1503
116.224.247.222 - - [25/Mar/2020:10:27:27 +0800] "GET /xingrg/all/common/auto_word.html?type=base&rest_code=00102 HTTP/1.1" 200 1503
58.40.7.146 - - [25/Mar/2020:10:27:27 +0800] "GET /xingrg/all/function/internal_message.html?_=1585103245516&CODE_STATE=getMsg HTTP/1.1" 200 27
116.224.247.222 - - [25/Mar/2020:10:27:27 +0800] "GET /xingrg/javascript/easyui/themes/default/validatebox.css HTTP/1.1" 404 1104
116.224.247.222 - - [25/Mar/2020:10:27:28 +0800] "POST /xingrg/all/common/load_combo.html?type=base HTTP/1.1" 200 2702
180.162.102.27 - - [25/Mar/2020:10:27:28 +0800] "GET /xingrg/kc/buy/cgsh_order_operate.html?command=get_materiel&rest_code=00142&code=00101008355&supplier_code=00100161&order_time=2020-03-18 HTTP/1.1" 200 424
114.93.75.19 - - [25/Mar/2020:10:27:30 +0800] "GET /xingrg/check_reg.html?_=1585103255717 HTTP/1.1" 200 22
116.224.247.222 - - [25/Mar/2020:10:27:30 +0800] "POST /xingrg/all/common/load_combo.html?type=base HTTP/1.1" 200 2702
114.93.75.19 - - [25/Mar/2020:10:27:30 +0800] "GET /xingrg/all/function/internal_message.html?_=1585103255820&CODE_STATE=getMsg HTTP/1.1" 200 27
117.184.7.26 - - [25/Mar/2020:10:27:30 +0800] "GET /xingrg/all/function/internal_message.html?_=1585103241184&CODE_STATE=getMsg HTTP/1.1" 302 -
117.184.7.26 - - [25/Mar/2020:10:27:30 +0800] "GET /xingrg/login.html HTTP/1.1" 200 7639
114.93.75.19 - - [25/Mar/2020:10:27:30 +0800] "GET /xingrg/system/rest/query_items.html?_=1585103256283&table=menu&page=6&rows=20&sort=id&order=asc&categoryId=&key=72 HTTP/1.1" 200 4817
180.162.102.27 - - [25/Mar/2020:10:27:32 +0800] "GET /xingrg/all/function/internal_message.html?_=1585102745940&CODE_STATE=getMsg HTTP/1.1" 200 27
180.162.102.27 - - [25/Mar/2020:10:27:39 +0800] "GET /xingrg/kc/buy/cgsh_order_operate.html?command=get_materiel&rest_code=00142&code=00101008024&supplier_code=00100161&order_time=2020-03-18 HTTP/1.1" 200 427
116.224.247.222 - - [25/Mar/2020:10:27:39 +0800] "GET /xingrg/kc/base/wldb_order_operate.html?command=get_materiel&rest_code=00102&base_code=0010476&code=00101013011 HTTP/1.1" 200 451
116.238.181.252 - - [25/Mar/2020:10:27:39 +0800] "POST /xingrg/kc/base/wldb_order_operate.html HTTP/1.1" 200 37
116.224.247.222 - - [25/Mar/2020:10:27:40 +0800] "GET /xingrg/all/function/internal_message.html?_=1585103434333&CODE_STATE=getMsg HTTP/1.1" 200 27
116.238.181.252 - - [25/Mar/2020:10:27:40 +0800] "POST /xingrg/kc/base/wldb_order_operate.html HTTP/1.1" 200 12
116.238.181.252 - - [25/Mar/2020:10:27:40 +0800] "POST /xingrg/kc/base/wldb_order_operate.html HTTP/1.1" 200 12157
222.69.138.221 - - [25/Mar/2020:10:27:42 +0800] "GET /xingrg/all/function/internal_message.html?_=1585103258249&CODE_STATE=getMsg HTTP/1.1" 200 27
116.224.247.222 - - [25/Mar/2020:10:27:46 +0800] "GET /xingrg/kc/base/wldb_order_operate.html?command=get_materiel&rest_code=00102&base_code=0010476&code=00101019536 HTTP/1.1" 200 470
114.93.75.19 - - [25/Mar/2020:10:27:47 +0800] "GET /xingrg/system/rest/query_items.html?_=1585103272568&table=menu&page=5&rows=20&sort=id&order=asc&categoryId=&key=72 HTTP/1.1" 200 4730
180.162.102.27 - - [25/Mar/2020:10:27:47 +0800] "GET /xingrg/kc/buy/cgsh_order_operate.html?command=get_materiel&rest_code=00142&code=00101008356&supplier_code=00100161&order_time=2020-03-18 HTTP/1.1" 200 424
114.93.75.19 - - [25/Mar/2020:10:27:48 +0800] "GET /xingrg/system/rest/query_items.html?_=1585103274330&table=menu&page=4&rows=20&sort=id&order=asc&categoryId=&key=72 HTTP/1.1" 200 4678
116.224.247.222 - - [25/Mar/2020:10:27:52 +0800] "GET /xingrg/kc/base/wldb_order_operate.html?command=get_materiel&rest_code=00102&base_code=0010476&code=00101019391 HTTP/1.1" 200 472
114.93.75.19 - - [25/Mar/2020:10:27:53 +0800] "GET /xingrg/system/rest/get_item.html?table=menu&id=7218&_=1585103278689 HTTP/1.1" 200 943
114.93.75.19 - - [25/Mar/2020:10:27:53 +0800] "GET /xingrg/system/rest/get_item.html?table=menu&target=cook_mode&id=7218&_=1585103278694 HTTP/1.1" 200 58
114.93.75.19 - - [25/Mar/2020:10:27:53 +0800] "GET /xingrg/system/rest/get_item.html?table=menu&target=menu_rest&id=7218&_=1585103278695 HTTP/1.1" 200 58
114.93.75.19 - - [25/Mar/2020:10:27:53 +0800] "GET /xingrg/system/rest/get_infos.html?command=menu_img_show&id=7218 HTTP/1.1" 200 5
114.93.75.19 - - [25/Mar/2020:10:27:54 +0800] "GET /xingrg/all/function/internal_message.html?_=1585103285340&CODE_STATE=getMsg HTTP/1.1" 200 27
116.238.181.252 - - [25/Mar/2020:10:27:55 +0800] "GET /xingrg/kc/base/wldb_order_info.html?code=422020032500755 HTTP/1.1" 200 26202
124.77.241.94 - - [25/Mar/2020:10:27:55 +0800] "GET /xingrg/all/function/internal_message.html?_=1585103312810&CODE_STATE=getMsg HTTP/1.1" 200 27
116.238.181.252 - - [25/Mar/2020:10:27:56 +0800] "GET /xingrg/javascript/easyui/themes/default/validatebox.css HTTP/1.1" 404 1104
116.238.181.252 - - [25/Mar/2020:10:27:56 +0800] "POST /xingrg/kc/base/wldb_order_operate.html HTTP/1.1" 200 10220
114.93.75.19 - - [25/Mar/2020:10:27:57 +0800] "GET /xingrg/all/function/internal_message.html?_=1585103275114&CODE_STATE=getMsg HTTP/1.1" 200 27
116.238.181.252 - - [25/Mar/2020:10:27:58 +0800] "GET /xingrg/kc/print/load_data.html?order_code=422020032500755&kc_code=wldb&condition= HTTP/1.1" 200 3444
