114.93.75.19 - - [25/Mar/2020:12:41:50 +0800] "GET /xingrg/javascript/easyui/themes/default/validatebox.css HTTP/1.1" 404 1104
114.93.75.19 - - [25/Mar/2020:12:41:50 +0800] "POST /xingrg/kc/base/wldb_order_operate.html HTTP/1.1" 200 7930
114.93.75.19 - - [25/Mar/2020:12:41:57 +0800] "GET /xingrg/all/function/internal_message.html?_=1585111315124&CODE_STATE=getMsg HTTP/1.1" 200 27
117.185.32.26 - - [25/Mar/2020:12:41:58 +0800] "GET /xingrg/all/function/internal_message.html?_=1585111312897&CODE_STATE=getMsg HTTP/1.1" 200 27
124.77.241.94 - - [25/Mar/2020:12:41:59 +0800] "GET /xingrg/all/function/internal_message.html?_=1585111357081&CODE_STATE=getMsg HTTP/1.1" 200 27
114.93.75.19 - - [25/Mar/2020:12:42:04 +0800] "GET /xingrg/all/function/internal_message.html?_=1585111327295&CODE_STATE=getMsg HTTP/1.1" 200 27
114.88.170.9 - - [25/Mar/2020:12:42:05 +0800] "GET /xingrg/all/function/internal_message.html?_=1585111324976&CODE_STATE=getMsg HTTP/1.1" 200 27
116.235.222.53 - - [25/Mar/2020:12:42:09 +0800] "GET /xingrg/all/function/internal_message.html?_=1585111324156&CODE_STATE=getMsg HTTP/1.1" 200 27
116.238.181.252 - - [25/Mar/2020:12:42:10 +0800] "GET /xingrg/all/function/internal_message.html?_=1585111329488&CODE_STATE=getMsg HTTP/1.1" 200 27
116.238.181.252 - - [25/Mar/2020:12:42:11 +0800] "GET /xingrg/check_reg.html?_=1585111329837 HTTP/1.1" 200 22
180.156.150.85 - - [25/Mar/2020:12:42:12 +0800] "GET /xingrg/all/function/internal_message.html?_=1585111331712&CODE_STATE=getMsg HTTP/1.1" 200 27
114.93.75.19 - - [25/Mar/2020:12:42:14 +0800] "GET /xingrg/all/function/internal_message.html?_=1585111332665&CODE_STATE=getMsg HTTP/1.1" 302 -
114.88.159.93 - - [25/Mar/2020:12:42:17 +0800] "POST /xingrg/services/DataTransmitService HTTP/1.1" 200 524
114.93.75.19 - - [25/Mar/2020:12:42:18 +0800] "GET /xingrg/all/function/internal_message.html?_=1585111341429&CODE_STATE=getMsg HTTP/1.1" 200 27
116.233.78.110 - - [25/Mar/2020:12:42:18 +0800] "GET /xingrg/all/function/internal_message.html?_=1585111379451&CODE_STATE=getMsg HTTP/1.1" 200 27
116.238.181.252 - - [25/Mar/2020:12:42:18 +0800] "GET /xingrg/kc/base/wldb_order_list.html HTTP/1.1" 200 19250
116.238.181.252 - - [25/Mar/2020:12:42:19 +0800] "POST /xingrg/kc/base/wldb_list_operate.html HTTP/1.1" 200 2650
114.93.75.19 - - [25/Mar/2020:12:42:21 +0800] "GET /xingrg/all/function/internal_message.html?_=1585111346800&CODE_STATE=getMsg HTTP/1.1" 200 27
117.184.7.30 - - [25/Mar/2020:12:42:23 +0800] "GET /xingrg/all/function/internal_message.html?_=1585111334552&CODE_STATE=getMsg HTTP/1.1" 200 27
117.184.7.26 - - [25/Mar/2020:12:42:32 +0800] "GET /xingrg/all/function/internal_message.html?_=1585111343035&CODE_STATE=getMsg HTTP/1.1" 302 -
117.184.7.26 - - [25/Mar/2020:12:42:32 +0800] "GET /xingrg/login.html HTTP/1.1" 200 7639
180.162.102.27 - - [25/Mar/2020:12:42:33 +0800] "GET /xingrg/all/function/internal_message.html?_=1585110846149&CODE_STATE=getMsg HTTP/1.1" 200 27
180.157.252.250 - - [25/Mar/2020:12:42:38 +0800] "GET /xingrg/check_reg.html?_=1585111354134 HTTP/1.1" 200 22
180.157.252.250 - - [25/Mar/2020:12:42:38 +0800] "GET /xingrg/all/function/internal_message.html?_=1585111354137&CODE_STATE=getMsg HTTP/1.1" 200 27
222.69.138.221 - - [25/Mar/2020:12:42:42 +0800] "GET /xingrg/all/function/internal_message.html?_=1585111358440&CODE_STATE=getMsg HTTP/1.1" 200 27
114.85.95.146 - - [25/Mar/2020:12:42:43 +0800] "GET /xingrg/all/function/internal_message.html?_=1585110470008&CODE_STATE=getMsg HTTP/1.1" 200 27
114.93.75.19 - - [25/Mar/2020:12:42:49 +0800] "GET /xingrg/all/function/internal_message.html?_=1585112341541&CODE_STATE=getMsg HTTP/1.1" 200 27
114.93.75.19 - - [25/Mar/2020:12:42:57 +0800] "GET /xingrg/all/function/internal_message.html?_=1585111375127&CODE_STATE=getMsg HTTP/1.1" 200 27
117.185.32.26 - - [25/Mar/2020:12:42:58 +0800] "GET /xingrg/check_reg.html?_=1585111372923 HTTP/1.1" 200 22
117.185.32.26 - - [25/Mar/2020:12:42:58 +0800] "GET /xingrg/all/function/internal_message.html?_=1585111372926&CODE_STATE=getMsg HTTP/1.1" 200 27
124.77.241.94 - - [25/Mar/2020:12:42:59 +0800] "GET /xingrg/all/function/internal_message.html?_=1585111417093&CODE_STATE=getMsg HTTP/1.1" 200 27
116.238.181.252 - - [25/Mar/2020:12:43:03 +0800] "POST /xingrg/kc/base/wldb_list_operate.html HTTP/1.1" 200 567
114.93.75.19 - - [25/Mar/2020:12:43:04 +0800] "GET /xingrg/all/function/internal_message.html?_=1585111387309&CODE_STATE=getMsg HTTP/1.1" 200 27
114.88.170.9 - - [25/Mar/2020:12:43:05 +0800] "GET /xingrg/all/function/internal_message.html?_=1585111385018&CODE_STATE=getMsg HTTP/1.1" 200 27
116.238.181.252 - - [25/Mar/2020:12:43:05 +0800] "GET /xingrg/kc/base/wldb_order_info.html?code=422020032500762 HTTP/1.1" 200 30338
116.238.181.252 - - [25/Mar/2020:12:43:06 +0800] "GET /xingrg/words/20200325113553_words.js HTTP/1.1" 304 -
116.238.181.252 - - [25/Mar/2020:12:43:06 +0800] "GET /xingrg/javascript/easyui/themes/default/validatebox.css HTTP/1.1" 404 1104
116.238.181.252 - - [25/Mar/2020:12:43:06 +0800] "POST /xingrg/kc/base/wldb_order_operate.html HTTP/1.1" 200 9274
116.235.222.53 - - [25/Mar/2020:12:43:09 +0800] "GET /xingrg/all/function/internal_message.html?_=1585111384147&CODE_STATE=getMsg HTTP/1.1" 200 27
180.157.252.250 - - [25/Mar/2020:12:43:10 +0800] "POST /xingrg/dwr/call/plaincall/AjaxGetFirstChart.getFirstChart.dwr HTTP/1.1" 200 76
116.238.181.252 - - [25/Mar/2020:12:43:10 +0800] "GET /xingrg/all/function/internal_message.html?_=1585111389475&CODE_STATE=getMsg HTTP/1.1" 200 27
180.157.252.250 - - [25/Mar/2020:12:43:10 +0800] "POST /xingrg/dwr/call/plaincall/AjaxGetFirstChart.getFirstChart.dwr HTTP/1.1" 200 76
180.157.252.250 - - [25/Mar/2020:12:43:10 +0800] "POST /xingrg/dwr/call/plaincall/AjaxGetFirstChart.getFirstChart.dwr HTTP/1.1" 200 76
180.157.252.250 - - [25/Mar/2020:12:43:11 +0800] "POST /xingrg/dwr/call/plaincall/AjaxGetFirstChart.getFirstChart.dwr HTTP/1.1" 200 76
180.157.252.250 - - [25/Mar/2020:12:43:11 +0800] "POST /xingrg/dwr/call/plaincall/AjaxGetFirstChart.getFirstChart.dwr HTTP/1.1" 200 76
180.157.252.250 - - [25/Mar/2020:12:43:11 +0800] "POST /xingrg/dwr/call/plaincall/AjaxGetFirstChart.getFirstChart.dwr HTTP/1.1" 200 76
180.156.150.85 - - [25/Mar/2020:12:43:12 +0800] "GET /xingrg/all/function/internal_message.html?_=1585111391712&CODE_STATE=getMsg HTTP/1.1" 200 27
180.156.150.85 - - [25/Mar/2020:12:43:12 +0800] "GET /xingrg/check_reg.html?_=1585111391714 HTTP/1.1" 200 22
180.157.252.250 - - [25/Mar/2020:12:43:13 +0800] "POST /xingrg/dwr/call/plaincall/AjaxGetFirstChart.getFirstChart.dwr HTTP/1.1" 200 76
180.157.252.250 - - [25/Mar/2020:12:43:13 +0800] "POST /xingrg/dwr/call/plaincall/AjaxGetFirstChart.getFirstChart.dwr HTTP/1.1" 200 76
180.157.252.250 - - [25/Mar/2020:12:43:13 +0800] "POST /xingrg/dwr/call/plaincall/AjaxGetFirstChart.getFirstChart.dwr HTTP/1.1" 200 76
114.93.75.19 - - [25/Mar/2020:12:43:14 +0800] "GET /xingrg/all/function/internal_message.html?_=1585111392634&CODE_STATE=getMsg HTTP/1.1" 302 -
180.157.252.250 - - [25/Mar/2020:12:43:15 +0800] "POST /xingrg/dwr/call/plaincall/AjaxGetFirstChart.getFirstChart.dwr HTTP/1.1" 200 77
180.157.252.250 - - [25/Mar/2020:12:43:16 +0800] "POST /xingrg/dwr/call/plaincall/AjaxGetFirstChart.getFirstChart.dwr HTTP/1.1" 200 78
180.157.252.250 - - [25/Mar/2020:12:43:16 +0800] "POST /xingrg/dwr/call/plaincall/AjaxGetFirstChart.getFirstChart.dwr HTTP/1.1" 200 78
116.233.78.110 - - [25/Mar/2020:12:43:16 +0800] "GET /xingrg/all/function/internal_message.html?_=1585111439453&CODE_STATE=getMsg HTTP/1.1" 200 27
180.157.252.250 - - [25/Mar/2020:12:43:16 +0800] "POST /xingrg/dwr/call/plaincall/AjaxGetFirstChart.getFirstChart.dwr HTTP/1.1" 200 78
180.157.252.250 - - [25/Mar/2020:12:43:17 +0800] "POST /xingrg/dwr/call/plaincall/AjaxGetFirstChart.getFirstChart.dwr HTTP/1.1" 200 79
114.93.75.19 - - [25/Mar/2020:12:43:18 +0800] "GET /xingrg/all/function/internal_message.html?_=1585111401404&CODE_STATE=getMsg HTTP/1.1" 200 27
114.93.75.19 - - [25/Mar/2020:12:43:18 +0800] "GET /xingrg/check_reg.html?_=1585111396214 HTTP/1.1" 302 -
180.157.252.250 - - [25/Mar/2020:12:43:18 +0800] "POST /xingrg/dwr/call/plaincall/AjaxGetFirstChart.getFirstChart.dwr HTTP/1.1" 200 79
180.157.252.250 - - [25/Mar/2020:12:43:19 +0800] "POST /xingrg/dwr/call/plaincall/AjaxGetFirstChart.getFirstChart.dwr HTTP/1.1" 200 79
180.157.252.250 - - [25/Mar/2020:12:43:19 +0800] "POST /xingrg/dwr/call/plaincall/AjaxGetFirstChart.getFirstChart.dwr HTTP/1.1" 200 79
180.157.252.250 - - [25/Mar/2020:12:43:19 +0800] "POST /xingrg/dwr/call/plaincall/AjaxGetFirstChart.getFirstChart.dwr HTTP/1.1" 200 79
180.157.252.250 - - [25/Mar/2020:12:43:19 +0800] "POST /xingrg/dwr/call/plaincall/AjaxGetFirstChart.getFirstChart.dwr HTTP/1.1" 200 80
114.93.75.19 - - [25/Mar/2020:12:43:21 +0800] "GET /xingrg/all/function/internal_message.html?_=1585111406819&CODE_STATE=getMsg HTTP/1.1" 200 27
180.157.252.250 - - [25/Mar/2020:12:43:21 +0800] "POST /xingrg/dwr/call/plaincall/AjaxGetFirstChart.getFirstChart.dwr HTTP/1.1" 200 80
180.157.252.250 - - [25/Mar/2020:12:43:21 +0800] "POST /xingrg/dwr/call/plaincall/AjaxGetFirstChart.getFirstChart.dwr HTTP/1.1" 200 80
180.157.252.250 - - [25/Mar/2020:12:43:21 +0800] "POST /xingrg/dwr/call/plaincall/AjaxGetFirstChart.getFirstChart.dwr HTTP/1.1" 200 80
180.157.252.250 - - [25/Mar/2020:12:43:21 +0800] "POST /xingrg/dwr/call/plaincall/AjaxGetFirstChart.getFirstChart.dwr HTTP/1.1" 200 80
180.157.252.250 - - [25/Mar/2020:12:43:22 +0800] "POST /xingrg/dwr/call/plaincall/AjaxGetFirstChart.getFirstChart.dwr HTTP/1.1" 200 80
117.184.7.26 - - [25/Mar/2020:12:43:23 +0800] "GET /xingrg/all/function/internal_message.html?_=1585111394536&CODE_STATE=getMsg HTTP/1.1" 200 27
180.157.252.250 - - [25/Mar/2020:12:43:24 +0800] "POST /xingrg/dwr/call/plaincall/AjaxGetFirstChart.getFirstChart.dwr HTTP/1.1" 200 80
180.157.252.250 - - [25/Mar/2020:12:43:25 +0800] "POST /xingrg/dwr/call/plaincall/AjaxGetFirstChart.getFirstChart.dwr HTTP/1.1" 200 80
180.157.252.250 - - [25/Mar/2020:12:43:26 +0800] "POST /xingrg/dwr/call/plaincall/AjaxGetFirstChart.getFirstChart.dwr HTTP/1.1" 200 81
180.157.252.250 - - [25/Mar/2020:12:43:27 +0800] "POST /xingrg/dwr/call/plaincall/AjaxGetFirstChart.getFirstChart.dwr HTTP/1.1" 200 81
180.157.252.250 - - [25/Mar/2020:12:43:28 +0800] "POST /xingrg/dwr/call/plaincall/AjaxGetFirstChart.getFirstChart.dwr HTTP/1.1" 200 82
117.184.7.26 - - [25/Mar/2020:12:43:32 +0800] "GET /xingrg/all/function/internal_message.html?_=1585111403048&CODE_STATE=getMsg HTTP/1.1" 302 -
117.184.7.26 - - [25/Mar/2020:12:43:32 +0800] "GET /xingrg/login.html HTTP/1.1" 200 7639
180.162.102.27 - - [25/Mar/2020:12:43:33 +0800] "GET /xingrg/all/function/internal_message.html?_=1585110906148&CODE_STATE=getMsg HTTP/1.1" 200 27
180.162.102.27 - - [25/Mar/2020:12:43:33 +0800] "GET /xingrg/check_reg.html?_=1585110906146 HTTP/1.1" 200 22
180.157.252.250 - - [25/Mar/2020:12:43:38 +0800] "GET /xingrg/all/function/internal_message.html?_=1585111414141&CODE_STATE=getMsg HTTP/1.1" 200 27
222.69.138.221 - - [25/Mar/2020:12:43:42 +0800] "GET /xingrg/all/function/internal_message.html?_=1585111418445&CODE_STATE=getMsg HTTP/1.1" 200 27
114.85.95.146 - - [25/Mar/2020:12:43:42 +0800] "GET /xingrg/all/function/internal_message.html?_=1585110530009&CODE_STATE=getMsg HTTP/1.1" 200 27
114.88.170.9 - - [25/Mar/2020:12:43:46 +0800] "GET /xingrg/check_reg.html?_=1585111426504 HTTP/1.1" 200 22
114.93.75.19 - - [25/Mar/2020:12:43:49 +0800] "GET /xingrg/all/function/internal_message.html?_=1585112401543&CODE_STATE=getMsg HTTP/1.1" 200 27
114.93.75.19 - - [25/Mar/2020:12:43:49 +0800] "GET /xingrg/check_reg.html?_=1585112401545 HTTP/1.1" 200 22
114.93.75.19 - - [25/Mar/2020:12:43:57 +0800] "GET /xingrg/all/function/internal_message.html?_=1585111435116&CODE_STATE=getMsg HTTP/1.1" 200 27
117.185.32.26 - - [25/Mar/2020:12:43:58 +0800] "GET /xingrg/all/function/internal_message.html?_=1585111432927&CODE_STATE=getMsg HTTP/1.1" 200 27
124.77.241.94 - - [25/Mar/2020:12:43:59 +0800] "GET /xingrg/all/function/internal_message.html?_=1585111477203&CODE_STATE=getMsg HTTP/1.1" 200 27
114.93.75.19 - - [25/Mar/2020:12:44:04 +0800] "GET /xingrg/all/function/internal_message.html?_=1585111447308&CODE_STATE=getMsg HTTP/1.1" 200 27
114.88.170.9 - - [25/Mar/2020:12:44:05 +0800] "GET /xingrg/all/function/internal_message.html?_=1585111445035&CODE_STATE=getMsg HTTP/1.1" 200 27
116.235.222.53 - - [25/Mar/2020:12:44:09 +0800] "GET /xingrg/all/function/internal_message.html?_=1585111444160&CODE_STATE=getMsg HTTP/1.1" 200 27
116.238.181.252 - - [25/Mar/2020:12:44:10 +0800] "GET /xingrg/all/function/internal_message.html?_=1585111449457&CODE_STATE=getMsg HTTP/1.1" 200 27
180.156.150.85 - - [25/Mar/2020:12:44:12 +0800] "GET /xingrg/all/function/internal_message.html?_=1585111451712&CODE_STATE=getMsg HTTP/1.1" 200 27
117.184.7.26 - - [25/Mar/2020:12:44:12 +0800] "GET /xingrg/check_reg.html?_=1585111443580 HTTP/1.1" 302 -
117.184.7.26 - - [25/Mar/2020:12:44:12 +0800] "GET /xingrg/login.html HTTP/1.1" 200 7639
180.157.252.250 - - [25/Mar/2020:12:44:13 +0800] "GET /xingrg/system/rest/query_items.html?_=1585111449108&table=menu&page=1&rows=20&categoryId=&key=%25E6%25A2%2585%25E6%25B1%2581 HTTP/1.1" 200 961
116.233.78.110 - - [25/Mar/2020:12:44:14 +0800] "GET /xingrg/all/function/internal_message.html?_=1585111499453&CODE_STATE=getMsg HTTP/1.1" 200 27
114.93.75.19 - - [25/Mar/2020:12:44:14 +0800] "GET /xingrg/all/function/internal_message.html?_=1585111452606&CODE_STATE=getMsg HTTP/1.1" 302 -
180.157.252.250 - - [25/Mar/2020:12:44:16 +0800] "GET /xingrg/system/rest/query_items.html?_=1585111452256&table=menu&page=1&rows=20&categoryId=&key=%25E6%25A2%2585%25E6%25B1%2581 HTTP/1.1" 200 961
180.157.252.250 - - [25/Mar/2020:12:44:19 +0800] "GET /xingrg/system/rest/query_items.html?_=1585111454985&table=menu&page=1&rows=20&categoryId=&key=7198 HTTP/1.1" 200 21
180.157.252.250 - - [25/Mar/2020:12:44:20 +0800] "GET /xingrg/system/rest/query_items.html?_=1585111456426&table=menu&page=1&rows=20&categoryId=&key=7198 HTTP/1.1" 200 21
114.93.75.19 - - [25/Mar/2020:12:44:21 +0800] "GET /xingrg/all/function/internal_message.html?_=1585111466828&CODE_STATE=getMsg HTTP/1.1" 200 27
117.184.7.26 - - [25/Mar/2020:12:44:22 +0800] "GET /xingrg/all/function/internal_message.html?_=1585111454522&CODE_STATE=getMsg HTTP/1.1" 200 27
180.157.252.250 - - [25/Mar/2020:12:44:23 +0800] "GET /xingrg/system/rest/get_item.html?table=menu&isAdd=1&_=1585111458796 HTTP/1.1" 200 22
117.184.7.26 - - [25/Mar/2020:12:44:24 +0800] "GET /xingrg/check_reg.html?_=1585111455589 HTTP/1.1" 200 22
116.238.181.252 - - [25/Mar/2020:12:44:28 +0800] "POST /xingrg/kc/base/wldb_order_operate.html HTTP/1.1" 200 37
116.238.181.252 - - [25/Mar/2020:12:44:28 +0800] "POST /xingrg/kc/base/wldb_order_operate.html HTTP/1.1" 200 8802
116.238.181.252 - - [25/Mar/2020:12:44:29 +0800] "GET /xingrg/kc/base/wldb_order_info.html?code=422020032500762 HTTP/1.1" 200 30338
116.238.181.252 - - [25/Mar/2020:12:44:30 +0800] "GET /xingrg/javascript/easyui/themes/default/validatebox.css HTTP/1.1" 404 1104
116.238.181.252 - - [25/Mar/2020:12:44:30 +0800] "POST /xingrg/kc/base/wldb_order_operate.html HTTP/1.1" 200 8802
180.157.252.250 - - [25/Mar/2020:12:44:30 +0800] "POST /xingrg/dwr/call/plaincall/AjaxGetFirstChart.getFirstChart.dwr HTTP/1.1" 200 77
180.157.252.250 - - [25/Mar/2020:12:44:30 +0800] "POST /xingrg/dwr/call/plaincall/AjaxGetFirstChart.getFirstChart.dwr HTTP/1.1" 200 77
180.157.252.250 - - [25/Mar/2020:12:44:30 +0800] "POST /xingrg/dwr/call/plaincall/AjaxGetFirstChart.getFirstChart.dwr HTTP/1.1" 200 77
180.157.252.250 - - [25/Mar/2020:12:44:31 +0800] "POST /xingrg/dwr/call/plaincall/AjaxGetFirstChart.getFirstChart.dwr HTTP/1.1" 200 78
180.157.252.250 - - [25/Mar/2020:12:44:31 +0800] "POST /xingrg/dwr/call/plaincall/AjaxGetFirstChart.getFirstChart.dwr HTTP/1.1" 200 78
180.157.252.250 - - [25/Mar/2020:12:44:31 +0800] "POST /xingrg/dwr/call/plaincall/AjaxGetFirstChart.getFirstChart.dwr HTTP/1.1" 200 78
180.157.252.250 - - [25/Mar/2020:12:44:31 +0800] "POST /xingrg/dwr/call/plaincall/AjaxGetFirstChart.getFirstChart.dwr HTTP/1.1" 200 78
180.157.252.250 - - [25/Mar/2020:12:44:32 +0800] "POST /xingrg/dwr/call/plaincall/AjaxGetFirstChart.getFirstChart.dwr HTTP/1.1" 200 79
117.184.7.26 - - [25/Mar/2020:12:44:32 +0800] "GET /xingrg/all/function/internal_message.html?_=1585111463061&CODE_STATE=getMsg HTTP/1.1" 302 -
117.184.7.26 - - [25/Mar/2020:12:44:32 +0800] "GET /xingrg/login.html HTTP/1.1" 200 7639
180.157.252.250 - - [25/Mar/2020:12:44:32 +0800] "POST /xingrg/dwr/call/plaincall/AjaxGetFirstChart.getFirstChart.dwr HTTP/1.1" 200 79
180.157.252.250 - - [25/Mar/2020:12:44:32 +0800] "POST /xingrg/dwr/call/plaincall/AjaxGetFirstChart.getFirstChart.dwr HTTP/1.1" 200 79
180.162.102.27 - - [25/Mar/2020:12:44:33 +0800] "GET /xingrg/all/function/internal_message.html?_=1585110966146&CODE_STATE=getMsg HTTP/1.1" 200 27
180.157.252.250 - - [25/Mar/2020:12:44:33 +0800] "POST /xingrg/dwr/call/plaincall/AjaxGetFirstChart.getFirstChart.dwr HTTP/1.1" 200 79
180.157.252.250 - - [25/Mar/2020:12:44:33 +0800] "POST /xingrg/dwr/call/plaincall/AjaxGetFirstChart.getFirstChart.dwr HTTP/1.1" 200 79
180.157.252.250 - - [25/Mar/2020:12:44:33 +0800] "POST /xingrg/dwr/call/plaincall/AjaxGetFirstChart.getFirstChart.dwr HTTP/1.1" 200 80
180.157.252.250 - - [25/Mar/2020:12:44:34 +0800] "POST /xingrg/dwr/call/plaincall/AjaxGetFirstChart.getFirstChart.dwr HTTP/1.1" 200 80
116.238.181.252 - - [25/Mar/2020:12:44:34 +0800] "POST /xingrg/kc/base/wldb_order_operate.html HTTP/1.1" 200 37
180.157.252.250 - - [25/Mar/2020:12:44:34 +0800] "POST /xingrg/dwr/call/plaincall/AjaxGetFirstChart.getFirstChart.dwr HTTP/1.1" 200 80
180.157.252.250 - - [25/Mar/2020:12:44:35 +0800] "POST /xingrg/dwr/call/plaincall/AjaxGetFirstChart.getFirstChart.dwr HTTP/1.1" 200 80
180.157.252.250 - - [25/Mar/2020:12:44:35 +0800] "POST /xingrg/dwr/call/plaincall/AjaxGetFirstChart.getFirstChart.dwr HTTP/1.1" 200 80
116.238.181.252 - - [25/Mar/2020:12:44:36 +0800] "POST /xingrg/kc/base/wldb_order_operate.html HTTP/1.1" 200 12
116.238.181.252 - - [25/Mar/2020:12:44:36 +0800] "POST /xingrg/kc/base/wldb_order_operate.html HTTP/1.1" 200 8801
180.157.252.250 - - [25/Mar/2020:12:44:36 +0800] "POST /xingrg/dwr/call/plaincall/AjaxGetFirstChart.getFirstChart.dwr HTTP/1.1" 200 80
116.238.181.252 - - [25/Mar/2020:12:44:36 +0800] "GET /xingrg/kc/base/wldb_order_info.html?code=422020032500762 HTTP/1.1" 200 26204
180.157.252.250 - - [25/Mar/2020:12:44:37 +0800] "POST /xingrg/dwr/call/plaincall/AjaxGetFirstChart.getFirstChart.dwr HTTP/1.1" 200 81
116.238.181.252 - - [25/Mar/2020:12:44:37 +0800] "GET /xingrg/javascript/easyui/themes/default/validatebox.css HTTP/1.1" 404 1104
116.238.181.252 - - [25/Mar/2020:12:44:37 +0800] "POST /xingrg/kc/base/wldb_order_operate.html HTTP/1.1" 200 6919
180.157.252.250 - - [25/Mar/2020:12:44:38 +0800] "GET /xingrg/all/function/internal_message.html?_=1585111474144&CODE_STATE=getMsg HTTP/1.1" 200 27
180.157.252.250 - - [25/Mar/2020:12:44:38 +0800] "POST /xingrg/dwr/call/plaincall/AjaxGetFirstChart.getFirstChart.dwr HTTP/1.1" 200 81
180.157.252.250 - - [25/Mar/2020:12:44:39 +0800] "POST /xingrg/dwr/call/plaincall/AjaxGetFirstChart.getFirstChart.dwr HTTP/1.1" 200 82
180.157.252.250 - - [25/Mar/2020:12:44:39 +0800] "POST /xingrg/dwr/call/plaincall/AjaxGetFirstChart.getFirstChart.dwr HTTP/1.1" 200 82
116.238.181.252 - - [25/Mar/2020:12:44:39 +0800] "GET /xingrg/kc/print/load_data.html?order_code=422020032500762&kc_code=wldb&condition= HTTP/1.1" 200 2469
222.69.138.221 - - [25/Mar/2020:12:44:42 +0800] "GET /xingrg/all/function/internal_message.html?_=1585111478446&CODE_STATE=getMsg HTTP/1.1" 200 27
114.85.95.146 - - [25/Mar/2020:12:44:43 +0800] "GET /xingrg/all/function/internal_message.html?_=1585110590009&CODE_STATE=getMsg HTTP/1.1" 200 27
116.238.181.252 - - [25/Mar/2020:12:44:47 +0800] "POST /xingrg/kc/base/wldb_list_operate.html HTTP/1.1" 200 2226
114.93.75.19 - - [25/Mar/2020:12:44:49 +0800] "GET /xingrg/all/function/internal_message.html?_=1585112461548&CODE_STATE=getMsg HTTP/1.1" 200 27
116.238.181.252 - - [25/Mar/2020:12:44:50 +0800] "POST /xingrg/kc/base/wldb_list_operate.html HTTP/1.1" 200 577
116.238.181.252 - - [25/Mar/2020:12:44:52 +0800] "GET /xingrg/kc/base/wldb_order_info.html?code=422020032500765 HTTP/1.1" 200 30336
116.238.181.252 - - [25/Mar/2020:12:44:52 +0800] "GET /xingrg/javascript/easyui/themes/default/validatebox.css HTTP/1.1" 404 1104
116.238.181.252 - - [25/Mar/2020:12:44:52 +0800] "POST /xingrg/kc/base/wldb_order_operate.html HTTP/1.1" 200 7930
114.93.75.19 - - [25/Mar/2020:12:44:57 +0800] "GET /xingrg/all/function/internal_message.html?_=1585111495119&CODE_STATE=getMsg HTTP/1.1" 200 27
114.93.75.19 - - [25/Mar/2020:12:44:57 +0800] "GET /xingrg/check_reg.html?_=1585111495121 HTTP/1.1" 200 22
117.185.32.26 - - [25/Mar/2020:12:44:58 +0800] "GET /xingrg/all/function/internal_message.html?_=1585111492913&CODE_STATE=getMsg HTTP/1.1" 200 27
124.77.241.94 - - [25/Mar/2020:12:44:59 +0800] "GET /xingrg/all/function/internal_message.html?_=1585111537214&CODE_STATE=getMsg HTTP/1.1" 200 27
114.93.75.19 - - [25/Mar/2020:12:45:04 +0800] "GET /xingrg/all/function/internal_message.html?_=1585111507322&CODE_STATE=getMsg HTTP/1.1" 200 27
114.88.170.9 - - [25/Mar/2020:12:45:05 +0800] "GET /xingrg/all/function/internal_message.html?_=1585111505049&CODE_STATE=getMsg HTTP/1.1" 200 27
116.235.222.53 - - [25/Mar/2020:12:45:09 +0800] "GET /xingrg/all/function/internal_message.html?_=1585111504149&CODE_STATE=getMsg HTTP/1.1" 200 27
116.235.222.53 - - [25/Mar/2020:12:45:10 +0800] "GET /xingrg/check_reg.html?_=1585111505452 HTTP/1.1" 200 22
116.238.181.252 - - [25/Mar/2020:12:45:10 +0800] "GET /xingrg/all/function/internal_message.html?_=1585111509460&CODE_STATE=getMsg HTTP/1.1" 200 27
116.233.78.110 - - [25/Mar/2020:12:45:12 +0800] "GET /xingrg/check_reg.html?_=1585111559447 HTTP/1.1" 200 22
116.233.78.110 - - [25/Mar/2020:12:45:12 +0800] "GET /xingrg/all/function/internal_message.html?_=1585111559447&CODE_STATE=getMsg HTTP/1.1" 200 27
180.156.150.85 - - [25/Mar/2020:12:45:12 +0800] "GET /xingrg/all/function/internal_message.html?_=1585111511712&CODE_STATE=getMsg HTTP/1.1" 200 27
180.157.252.250 - - [25/Mar/2020:12:45:13 +0800] "POST /xingrg/system/rest/edit_item.html HTTP/1.1" 200 4
180.157.252.250 - - [25/Mar/2020:12:45:13 +0800] "GET /xingrg/system/rest/get_item.html?table=menu&id=7198&_=1585111509197 HTTP/1.1" 200 938
114.93.75.19 - - [25/Mar/2020:12:45:14 +0800] "GET /xingrg/all/function/internal_message.html?_=1585111512576&CODE_STATE=getMsg HTTP/1.1" 302 -
180.157.252.250 - - [25/Mar/2020:12:45:16 +0800] "GET /xingrg/system/rest/get_infos.html?command=menu_img_show&id=7198 HTTP/1.1" 200 5
180.157.252.250 - - [25/Mar/2020:12:45:16 +0800] "GET /xingrg/system/rest/query_items.html?_=1585111511746&table=menu&page=1&rows=20&categoryId=&key=7198 HTTP/1.1" 200 246
114.93.75.19 - - [25/Mar/2020:12:45:21 +0800] "GET /xingrg/check_reg.html?_=1585111526539 HTTP/1.1" 200 22
114.93.75.19 - - [25/Mar/2020:12:45:21 +0800] "GET /xingrg/all/function/internal_message.html?_=1585111526842&CODE_STATE=getMsg HTTP/1.1" 200 27
116.238.181.252 - - [25/Mar/2020:12:45:21 +0800] "POST /xingrg/kc/base/wldb_order_operate.html HTTP/1.1" 200 37
116.238.181.252 - - [25/Mar/2020:12:45:22 +0800] "POST /xingrg/kc/base/wldb_order_operate.html HTTP/1.1" 200 7465
117.184.7.26 - - [25/Mar/2020:12:45:22 +0800] "GET /xingrg/all/function/internal_message.html?_=1585111514499&CODE_STATE=getMsg HTTP/1.1" 200 27
116.238.181.252 - - [25/Mar/2020:12:45:23 +0800] "GET /xingrg/kc/base/wldb_order_info.html?code=422020032500765 HTTP/1.1" 200 30336
116.238.181.252 - - [25/Mar/2020:12:45:24 +0800] "GET /xingrg/javascript/easyui/themes/default/validatebox.css HTTP/1.1" 404 1104
180.157.252.250 - - [25/Mar/2020:12:45:24 +0800] "GET /xingrg/system/rest/list_page.html?p=down HTTP/1.1" 200 20314
116.238.181.252 - - [25/Mar/2020:12:45:24 +0800] "POST /xingrg/kc/base/wldb_order_operate.html HTTP/1.1" 200 7465
180.157.252.250 - - [25/Mar/2020:12:45:24 +0800] "GET /xingrg/system/rest/query_items.html?_=1585111520252&table=down&tcode=&key= HTTP/1.1" 200 5761
180.157.252.250 - - [25/Mar/2020:12:45:30 +0800] "GET /xingrg/system/rest/get_item.html?table=down&code=7af602139ba04ddf96e64bc2f77b1218&_=1585111525605 HTTP/1.1" 200 233
180.157.252.250 - - [25/Mar/2020:12:45:30 +0800] "POST /xingrg/system/rest/edit_item.html HTTP/1.1" 200 4
180.157.252.250 - - [25/Mar/2020:12:45:30 +0800] "POST /xingrg/all/common/load_tree.html?tree=area_station_tree_json&defaultRests=1_14 HTTP/1.1" 200 2989
180.157.252.250 - - [25/Mar/2020:12:45:30 +0800] "GET /xingrg/javascript/jquery_easy_ui/themes/icons/area.png HTTP/1.1" 304 -
180.157.252.250 - - [25/Mar/2020:12:45:30 +0800] "GET /xingrg/javascript/jquery_easy_ui/themes/icons/rest.png HTTP/1.1" 304 -
180.157.252.250 - - [25/Mar/2020:12:45:30 +0800] "POST /xingrg/system/rest/get_infos.html HTTP/1.1" 200 513132
117.184.7.26 - - [25/Mar/2020:12:45:32 +0800] "GET /xingrg/all/function/internal_message.html?_=1585111523075&CODE_STATE=getMsg HTTP/1.1" 302 -
117.184.7.26 - - [25/Mar/2020:12:45:32 +0800] "GET /xingrg/login.html HTTP/1.1" 200 7639
180.162.102.27 - - [25/Mar/2020:12:45:33 +0800] "GET /xingrg/all/function/internal_message.html?_=1585111026145&CODE_STATE=getMsg HTTP/1.1" 200 27
116.238.181.252 - - [25/Mar/2020:12:45:34 +0800] "POST /xingrg/kc/base/wldb_order_operate.html HTTP/1.1" 200 37
116.238.181.252 - - [25/Mar/2020:12:45:35 +0800] "POST /xingrg/kc/base/wldb_order_operate.html HTTP/1.1" 200 12
116.238.181.252 - - [25/Mar/2020:12:45:35 +0800] "POST /xingrg/kc/base/wldb_order_operate.html HTTP/1.1" 200 7462
180.157.252.250 - - [25/Mar/2020:12:45:38 +0800] "GET /xingrg/all/function/internal_message.html?_=1585111534149&CODE_STATE=getMsg HTTP/1.1" 200 27
222.69.138.221 - - [25/Mar/2020:12:45:42 +0800] "GET /xingrg/all/function/internal_message.html?_=1585111538447&CODE_STATE=getMsg HTTP/1.1" 200 27
114.85.95.146 - - [25/Mar/2020:12:45:43 +0800] "GET /xingrg/check_reg.html?_=1585110650009 HTTP/1.1" 200 22
114.85.95.146 - - [25/Mar/2020:12:45:43 +0800] "GET /xingrg/all/function/internal_message.html?_=1585110650012&CODE_STATE=getMsg HTTP/1.1" 200 27
116.238.181.252 - - [25/Mar/2020:12:45:43 +0800] "GET /xingrg/kc/base/wldb_order_info.html?code=422020032500765 HTTP/1.1" 200 26202
180.157.252.250 - - [25/Mar/2020:12:45:43 +0800] "POST /xingrg/system/rest/search_item.html HTTP/1.1" 200 720
116.238.181.252 - - [25/Mar/2020:12:45:44 +0800] "GET /xingrg/javascript/easyui/themes/default/validatebox.css HTTP/1.1" 404 1104
116.238.181.252 - - [25/Mar/2020:12:45:44 +0800] "POST /xingrg/kc/base/wldb_order_operate.html HTTP/1.1" 200 5629
116.238.181.252 - - [25/Mar/2020:12:45:47 +0800] "GET /xingrg/kc/print/load_data.html?order_code=422020032500765&kc_code=wldb&condition= HTTP/1.1" 200 2160
114.93.75.19 - - [25/Mar/2020:12:45:49 +0800] "GET /xingrg/all/function/internal_message.html?_=1585112521542&CODE_STATE=getMsg HTTP/1.1" 200 27
180.157.252.250 - - [25/Mar/2020:12:45:50 +0800] "POST /xingrg/system/rest/edit_item.html HTTP/1.1" 200 32
180.157.252.250 - - [25/Mar/2020:12:45:50 +0800] "POST /xingrg/system/rest/edit_item.html HTTP/1.1" 200 -
180.157.252.250 - - [25/Mar/2020:12:45:50 +0800] "POST /xingrg/system/rest/edit_item.html HTTP/1.1" 200 32
180.157.252.250 - - [25/Mar/2020:12:45:50 +0800] "GET /xingrg/system/rest/get_item.html?table=down&code=7af602139ba04ddf96e64bc2f77b1218&_=1585111546129 HTTP/1.1" 200 233
180.157.252.250 - - [25/Mar/2020:12:45:52 +0800] "POST /xingrg/system/rest/edit_item.html HTTP/1.1" 200 4
180.157.252.250 - - [25/Mar/2020:12:45:52 +0800] "GET /xingrg/system/rest/query_items.html?_=1585111547840&table=down&tcode=&key= HTTP/1.1" 200 5761
180.157.252.250 - - [25/Mar/2020:12:45:52 +0800] "POST /xingrg/all/common/load_tree.html?tree=area_station_tree_json&defaultRests=1_14 HTTP/1.1" 200 2989
116.238.181.252 - - [25/Mar/2020:12:45:54 +0800] "POST /xingrg/kc/base/wldb_list_operate.html HTTP/1.1" 200 1803
116.238.181.252 - - [25/Mar/2020:12:45:55 +0800] "POST /xingrg/kc/base/wldb_list_operate.html HTTP/1.1" 200 573
116.238.181.252 - - [25/Mar/2020:12:45:56 +0800] "GET /xingrg/kc/base/wldb_order_info.html?code=422020032500754 HTTP/1.1" 200 30336
116.238.181.252 - - [25/Mar/2020:12:45:56 +0800] "GET /xingrg/javascript/easyui/themes/default/validatebox.css HTTP/1.1" 404 1104
116.238.181.252 - - [25/Mar/2020:12:45:56 +0800] "POST /xingrg/kc/base/wldb_order_operate.html HTTP/1.1" 200 10693
114.93.75.19 - - [25/Mar/2020:12:45:57 +0800] "GET /xingrg/all/function/internal_message.html?_=1585111555122&CODE_STATE=getMsg HTTP/1.1" 200 27
124.77.241.94 - - [25/Mar/2020:12:45:57 +0800] "GET /xingrg/check_reg.html?_=1585111595102 HTTP/1.1" 200 22
180.157.252.250 - - [25/Mar/2020:12:45:57 +0800] "POST /xingrg/system/rest/get_infos.html HTTP/1.1" 200 513141
117.185.32.26 - - [25/Mar/2020:12:45:58 +0800] "GET /xingrg/all/function/internal_message.html?_=1585111552914&CODE_STATE=getMsg HTTP/1.1" 200 27
124.77.241.94 - - [25/Mar/2020:12:45:59 +0800] "GET /xingrg/all/function/internal_message.html?_=1585111597228&CODE_STATE=getMsg HTTP/1.1" 200 27
116.238.181.252 - - [25/Mar/2020:12:46:01 +0800] "POST /xingrg/kc/base/wldb_order_operate.html HTTP/1.1" 200 37
116.238.181.252 - - [25/Mar/2020:12:46:01 +0800] "POST /xingrg/kc/base/wldb_order_operate.html HTTP/1.1" 200 10693
116.238.181.252 - - [25/Mar/2020:12:46:02 +0800] "GET /xingrg/kc/base/wldb_order_info.html?code=422020032500754 HTTP/1.1" 200 30336
116.238.181.252 - - [25/Mar/2020:12:46:03 +0800] "GET /xingrg/javascript/easyui/themes/default/validatebox.css HTTP/1.1" 404 1104
116.238.181.252 - - [25/Mar/2020:12:46:03 +0800] "POST /xingrg/kc/base/wldb_order_operate.html HTTP/1.1" 200 10693
114.93.75.19 - - [25/Mar/2020:12:46:04 +0800] "GET /xingrg/check_reg.html?_=1585111567303 HTTP/1.1" 200 22
114.93.75.19 - - [25/Mar/2020:12:46:04 +0800] "GET /xingrg/all/function/internal_message.html?_=1585111567326&CODE_STATE=getMsg HTTP/1.1" 200 27
114.88.170.9 - - [25/Mar/2020:12:46:05 +0800] "GET /xingrg/all/function/internal_message.html?_=1585111565077&CODE_STATE=getMsg HTTP/1.1" 200 27
116.238.181.252 - - [25/Mar/2020:12:46:07 +0800] "POST /xingrg/kc/base/wldb_order_operate.html HTTP/1.1" 200 37
116.238.181.252 - - [25/Mar/2020:12:46:08 +0800] "POST /xingrg/kc/base/wldb_order_operate.html HTTP/1.1" 200 12
116.238.181.252 - - [25/Mar/2020:12:46:08 +0800] "POST /xingrg/kc/base/wldb_order_operate.html HTTP/1.1" 200 10687
116.235.222.53 - - [25/Mar/2020:12:46:09 +0800] "GET /xingrg/all/function/internal_message.html?_=1585111564128&CODE_STATE=getMsg HTTP/1.1" 200 27
116.233.78.110 - - [25/Mar/2020:12:46:10 +0800] "GET /xingrg/all/function/internal_message.html?_=1585111619440&CODE_STATE=getMsg HTTP/1.1" 200 27
116.238.181.252 - - [25/Mar/2020:12:46:11 +0800] "GET /xingrg/kc/base/wldb_order_info.html?code=422020032500754 HTTP/1.1" 200 26202
116.238.181.252 - - [25/Mar/2020:12:46:11 +0800] "GET /xingrg/javascript/easyui/themes/default/validatebox.css HTTP/1.1" 404 1104
116.238.181.252 - - [25/Mar/2020:12:46:11 +0800] "POST /xingrg/kc/base/wldb_order_operate.html HTTP/1.1" 200 8790
180.156.150.85 - - [25/Mar/2020:12:46:12 +0800] "GET /xingrg/all/function/internal_message.html?_=1585111571710&CODE_STATE=getMsg HTTP/1.1" 200 27
114.93.75.19 - - [25/Mar/2020:12:46:14 +0800] "GET /xingrg/all/function/internal_message.html?_=1585111572562&CODE_STATE=getMsg HTTP/1.1" 302 -
116.238.181.252 - - [25/Mar/2020:12:46:15 +0800] "POST /xingrg/kc/base/wldb_list_operate.html HTTP/1.1" 200 928
114.93.75.19 - - [25/Mar/2020:12:46:21 +0800] "GET /xingrg/all/function/internal_message.html?_=1585111586854&CODE_STATE=getMsg HTTP/1.1" 200 27
117.184.7.26 - - [25/Mar/2020:12:46:22 +0800] "GET /xingrg/all/function/internal_message.html?_=1585111574469&CODE_STATE=getMsg HTTP/1.1" 200 27
117.184.7.26 - - [25/Mar/2020:12:46:32 +0800] "GET /xingrg/all/function/internal_message.html?_=1585111583088&CODE_STATE=getMsg HTTP/1.1" 302 -
117.184.7.26 - - [25/Mar/2020:12:46:32 +0800] "GET /xingrg/login.html HTTP/1.1" 200 7639
180.162.102.27 - - [25/Mar/2020:12:46:33 +0800] "GET /xingrg/all/function/internal_message.html?_=1585111086143&CODE_STATE=getMsg HTTP/1.1" 200 27
180.157.252.250 - - [25/Mar/2020:12:46:38 +0800] "GET /xingrg/all/function/internal_message.html?_=1585111594142&CODE_STATE=getMsg HTTP/1.1" 200 27
114.85.95.146 - - [25/Mar/2020:12:46:42 +0800] "POST /xingrg/kc/buy/cgsh_list_operate.html HTTP/1.1" 200 876
222.69.138.221 - - [25/Mar/2020:12:46:42 +0800] "GET /xingrg/check_reg.html?_=1585111598451 HTTP/1.1" 200 22
222.69.138.221 - - [25/Mar/2020:12:46:42 +0800] "GET /xingrg/all/function/internal_message.html?_=1585111598454&CODE_STATE=getMsg HTTP/1.1" 200 27
114.85.95.146 - - [25/Mar/2020:12:46:42 +0800] "GET /xingrg/all/function/internal_message.html?_=1585110710001&CODE_STATE=getMsg HTTP/1.1" 200 27
117.131.5.26 - - [25/Mar/2020:12:46:45 +0800] "GET /xingrg/check_reg.html?_=1585111619890 HTTP/1.1" 302 -
114.93.75.19 - - [25/Mar/2020:12:46:49 +0800] "GET /xingrg/all/function/internal_message.html?_=1585112581545&CODE_STATE=getMsg HTTP/1.1" 200 27
114.88.159.93 - - [25/Mar/2020:12:46:55 +0800] "POST /xingrg/login.do HTTP/1.1" 302 -
114.88.159.93 - - [25/Mar/2020:12:46:55 +0800] "GET /xingrg/index.html?sysBaseUrl=http%3A%2F%2F117.131.15.22%3A18081%2Fxingrg%2F&costTime=35×tamp=1585111615462 HTTP/1.1" 200 17157
114.88.159.93 - - [25/Mar/2020:12:46:55 +0800] "GET /favicon.ico HTTP/1.1" 404 -
114.88.159.93 - - [25/Mar/2020:12:46:55 +0800] "POST /xingrg/all/common/load_tree.html?tree=area_rest_tree_json&manage=1 HTTP/1.1" 200 351
114.88.159.93 - - [25/Mar/2020:12:46:55 +0800] "POST /xingrg/load_menu.html HTTP/1.1" 200 5124
114.88.159.93 - - [25/Mar/2020:12:46:55 +0800] "GET /xingrg/all/function/internal_message.html?_=1585111336519&CODE_STATE=count HTTP/1.1" 200 11
114.88.159.93 - - [25/Mar/2020:12:46:55 +0800] "GET /xingrg/check_reg.html?_=1585111336520 HTTP/1.1" 200 22
114.93.75.19 - - [25/Mar/2020:12:46:57 +0800] "GET /xingrg/all/function/internal_message.html?_=1585111615128&CODE_STATE=getMsg HTTP/1.1" 200 27
117.185.32.26 - - [25/Mar/2020:12:46:58 +0800] "GET /xingrg/all/function/internal_message.html?_=1585111612916&CODE_STATE=getMsg HTTP/1.1" 200 27
124.77.241.94 - - [25/Mar/2020:12:46:59 +0800] "GET /xingrg/all/function/internal_message.html?_=1585111657241&CODE_STATE=getMsg HTTP/1.1" 200 27
114.93.75.19 - - [25/Mar/2020:12:47:04 +0800] "GET /xingrg/all/function/internal_message.html?_=1585111627337&CODE_STATE=getMsg HTTP/1.1" 200 27
114.88.170.9 - - [25/Mar/2020:12:47:05 +0800] "GET /xingrg/all/function/internal_message.html?_=1585111625090&CODE_STATE=getMsg HTTP/1.1" 200 27
116.233.78.110 - - [25/Mar/2020:12:47:08 +0800] "GET /xingrg/all/function/internal_message.html?_=1585111679437&CODE_STATE=getMsg HTTP/1.1" 200 27
116.235.222.53 - - [25/Mar/2020:12:47:09 +0800] "GET /xingrg/all/function/internal_message.html?_=1585111624124&CODE_STATE=getMsg HTTP/1.1" 200 27
116.238.181.252 - - [25/Mar/2020:12:47:10 +0800] "GET /xingrg/all/function/internal_message.html?_=1585111629462&CODE_STATE=getMsg HTTP/1.1" 200 27
116.238.181.252 - - [25/Mar/2020:12:47:11 +0800] "GET /xingrg/check_reg.html?_=1585111629831 HTTP/1.1" 200 22
180.156.150.85 - - [25/Mar/2020:12:47:12 +0800] "GET /xingrg/all/function/internal_message.html?_=1585111631708&CODE_STATE=getMsg HTTP/1.1" 200 27
114.93.75.19 - - [25/Mar/2020:12:47:14 +0800] "GET /xingrg/all/function/internal_message.html?_=1585111632532&CODE_STATE=getMsg HTTP/1.1" 302 -
114.93.75.19 - - [25/Mar/2020:12:47:21 +0800] "GET /xingrg/all/function/internal_message.html?_=1585111646869&CODE_STATE=getMsg HTTP/1.1" 200 27
117.184.7.26 - - [25/Mar/2020:12:47:22 +0800] "GET /xingrg/all/function/internal_message.html?_=1585111634454&CODE_STATE=getMsg HTTP/1.1" 200 27
114.88.159.93 - - [25/Mar/2020:12:47:27 +0800] "GET /xingrg/kc/base/base_main.html HTTP/1.1" 200 12138
114.88.159.93 - - [25/Mar/2020:12:47:29 +0800] "GET /xingrg/kc/base/wldb_order_list.html HTTP/1.1" 200 19250
114.88.159.93 - - [25/Mar/2020:12:47:31 +0800] "POST /xingrg/kc/base/wldb_list_operate.html HTTP/1.1" 200 928
117.184.7.26 - - [25/Mar/2020:12:47:32 +0800] "GET /xingrg/all/function/internal_message.html?_=1585111643103&CODE_STATE=getMsg HTTP/1.1" 302 -
117.184.7.26 - - [25/Mar/2020:12:47:32 +0800] "GET /xingrg/login.html HTTP/1.1" 200 7639
114.88.159.93 - - [25/Mar/2020:12:47:32 +0800] "GET /xingrg/kc/base/wldb_order_add.html HTTP/1.1" 200 30305
114.88.159.93 - - [25/Mar/2020:12:47:33 +0800] "GET /xingrg/words/20200325113553_words.js HTTP/1.1" 200 717581
180.162.102.27 - - [25/Mar/2020:12:47:33 +0800] "GET /xingrg/all/function/internal_message.html?_=1585111146144&CODE_STATE=getMsg HTTP/1.1" 200 27
114.88.159.93 - - [25/Mar/2020:12:47:33 +0800] "POST /xingrg/kc/base/wldb_order_operate.html HTTP/1.1" 200 6806
114.88.159.93 - - [25/Mar/2020:12:47:33 +0800] "GET /xingrg/all/common/auto_word.html?type=base&rest_code=00141 HTTP/1.1" 200 1603
114.88.159.93 - - [25/Mar/2020:12:47:33 +0800] "GET /xingrg/all/common/auto_word.html?type=base&rest_code=00141 HTTP/1.1" 200 1603
114.88.159.93 - - [25/Mar/2020:12:47:33 +0800] "GET /xingrg/javascript/easyui/themes/default/validatebox.css HTTP/1.1" 404 1104
114.88.159.93 - - [25/Mar/2020:12:47:37 +0800] "GET /xingrg/javascript/auto/indicator.gif HTTP/1.1" 404 1066
180.157.252.250 - - [25/Mar/2020:12:47:38 +0800] "GET /xingrg/check_reg.html?_=1585111654144 HTTP/1.1" 200 22
180.157.252.250 - - [25/Mar/2020:12:47:38 +0800] "GET /xingrg/all/function/internal_message.html?_=1585111654146&CODE_STATE=getMsg HTTP/1.1" 200 27
114.88.159.93 - - [25/Mar/2020:12:47:39 +0800] "GET /xingrg/javascript/jquery_tools/images/prev.gif HTTP/1.1" 404 1086
114.88.159.93 - - [25/Mar/2020:12:47:39 +0800] "GET /xingrg/javascript/jquery_tools/images/next.gif HTTP/1.1" 404 1086
222.69.138.221 - - [25/Mar/2020:12:47:42 +0800] "GET /xingrg/all/function/internal_message.html?_=1585111658456&CODE_STATE=getMsg HTTP/1.1" 200 27
114.85.95.146 - - [25/Mar/2020:12:47:43 +0800] "GET /xingrg/all/function/internal_message.html?_=1585110770007&CODE_STATE=getMsg HTTP/1.1" 200 27
116.238.181.252 - - [25/Mar/2020:12:47:44 +0800] "GET /xingrg/kc/base/wldb_order_list.html HTTP/1.1" 200 19250
116.238.181.252 - - [25/Mar/2020:12:47:44 +0800] "POST /xingrg/kc/base/wldb_list_operate.html HTTP/1.1" 200 928
114.88.159.93 - - [25/Mar/2020:12:47:48 +0800] "GET /xingrg/kc/base/wldb_order_operate.html?command=get_materiel&rest_code=00141&base_code=0010382&code=00101019079 HTTP/1.1" 200 465
114.93.75.19 - - [25/Mar/2020:12:47:49 +0800] "GET /xingrg/all/function/internal_message.html?_=1585112641550&CODE_STATE=getMsg HTTP/1.1" 200 27
116.238.181.252 - - [25/Mar/2020:12:47:52 +0800] "POST /xingrg/kc/base/wldb_list_operate.html HTTP/1.1" 200 4887
116.238.181.252 - - [25/Mar/2020:12:47:54 +0800] "POST /xingrg/kc/base/wldb_list_operate.html HTTP/1.1" 200 573
114.88.159.93 - - [25/Mar/2020:12:47:55 +0800] "GET /xingrg/all/function/internal_message.html?_=1585111396544&CODE_STATE=getMsg HTTP/1.1" 200 27
114.93.75.19 - - [25/Mar/2020:12:47:57 +0800] "GET /xingrg/all/function/internal_message.html?_=1585111675114&CODE_STATE=getMsg HTTP/1.1" 200 27
117.185.32.26 - - [25/Mar/2020:12:47:58 +0800] "GET /xingrg/all/function/internal_message.html?_=1585111672918&CODE_STATE=getMsg HTTP/1.1" 200 27
117.185.32.26 - - [25/Mar/2020:12:47:58 +0800] "GET /xingrg/check_reg.html?_=1585111672919 HTTP/1.1" 200 22
114.88.159.93 - - [25/Mar/2020:12:47:58 +0800] "GET /xingrg/kc/base/wldb_order_operate.html?command=get_materiel&rest_code=00141&base_code=0010382&code=00101019534 HTTP/1.1" 200 471
116.238.181.252 - - [25/Mar/2020:12:47:59 +0800] "POST /xingrg/kc/base/wldb_list_operate.html HTTP/1.1" 200 607
124.77.241.94 - - [25/Mar/2020:12:47:59 +0800] "GET /xingrg/all/function/internal_message.html?_=1585111717256&CODE_STATE=getMsg HTTP/1.1" 200 27
116.238.181.252 - - [25/Mar/2020:12:48:01 +0800] "GET /xingrg/kc/base/wldb_order_info.html?code=422020032500766 HTTP/1.1" 200 26202
116.238.181.252 - - [25/Mar/2020:12:48:01 +0800] "GET /xingrg/javascript/easyui/themes/default/validatebox.css HTTP/1.1" 404 1104
116.238.181.252 - - [25/Mar/2020:12:48:01 +0800] "POST /xingrg/kc/base/wldb_order_operate.html HTTP/1.1" 200 6147
114.88.159.93 - - [25/Mar/2020:12:48:04 +0800] "GET /xingrg/kc/base/wldb_order_operate.html?command=get_materiel&rest_code=00141&base_code=0010382&code=00101019306 HTTP/1.1" 200 463
114.93.75.19 - - [25/Mar/2020:12:48:04 +0800] "GET /xingrg/all/function/internal_message.html?_=1585111687349&CODE_STATE=getMsg HTTP/1.1" 200 27
114.88.170.9 - - [25/Mar/2020:12:48:05 +0800] "GET /xingrg/all/function/internal_message.html?_=1585111685122&CODE_STATE=getMsg HTTP/1.1" 200 27
116.233.78.110 - - [25/Mar/2020:12:48:06 +0800] "GET /xingrg/all/function/internal_message.html?_=1585111739437&CODE_STATE=getMsg HTTP/1.1" 200 27
116.238.181.252 - - [25/Mar/2020:12:48:07 +0800] "GET /xingrg/kc/print/load_data.html?order_code=422020032500766&kc_code=wldb&condition= HTTP/1.1" 200 2346
116.235.222.53 - - [25/Mar/2020:12:48:09 +0800] "GET /xingrg/all/function/internal_message.html?_=1585111684108&CODE_STATE=getMsg HTTP/1.1" 200 27
116.238.181.252 - - [25/Mar/2020:12:48:10 +0800] "GET /xingrg/all/function/internal_message.html?_=1585111689453&CODE_STATE=getMsg HTTP/1.1" 200 27
180.156.150.85 - - [25/Mar/2020:12:48:12 +0800] "GET /xingrg/all/function/internal_message.html?_=1585111691723&CODE_STATE=getMsg HTTP/1.1" 200 27
180.156.150.85 - - [25/Mar/2020:12:48:12 +0800] "GET /xingrg/check_reg.html?_=1585111691724 HTTP/1.1" 200 22
114.93.75.19 - - [25/Mar/2020:12:48:13 +0800] "GET /xingrg/javascript/jquery_easy_ui/themes/default/images/button_plain_hover.png HTTP/1.1" 304 -
114.93.75.19 - - [25/Mar/2020:12:48:14 +0800] "GET /xingrg/all/function/internal_message.html?_=1585111692502&CODE_STATE=getMsg HTTP/1.1" 302 -
114.88.159.93 - - [25/Mar/2020:12:48:14 +0800] "POST /xingrg/kc/base/wldb_order_operate.html HTTP/1.1" 200 37
114.88.159.93 - - [25/Mar/2020:12:48:15 +0800] "POST /xingrg/kc/base/wldb_order_operate.html HTTP/1.1" 200 12
114.88.159.93 - - [25/Mar/2020:12:48:15 +0800] "POST /xingrg/kc/base/wldb_order_operate.html HTTP/1.1" 200 3236
116.238.181.252 - - [25/Mar/2020:12:48:16 +0800] "POST /xingrg/kc/base/wldb_list_operate.html HTTP/1.1" 200 4887
114.88.159.93 - - [25/Mar/2020:12:48:17 +0800] "GET /xingrg/kc/base/wldb_order_info.html?code=422020032500767 HTTP/1.1" 200 26185
114.88.159.93 - - [25/Mar/2020:12:48:17 +0800] "POST /xingrg/kc/base/wldb_order_operate.html HTTP/1.1" 200 1509
114.88.159.93 - - [25/Mar/2020:12:48:18 +0800] "GET /xingrg/javascript/easyui/themes/default/validatebox.css HTTP/1.1" 404 1104
114.93.75.19 - - [25/Mar/2020:12:48:18 +0800] "GET /xingrg/check_reg.html?_=1585111696222 HTTP/1.1" 302 -
114.93.75.19 - - [25/Mar/2020:12:48:21 +0800] "GET /xingrg/all/function/internal_message.html?_=1585111706889&CODE_STATE=getMsg HTTP/1.1" 200 27
117.184.7.26 - - [25/Mar/2020:12:48:22 +0800] "GET /xingrg/all/function/internal_message.html?_=1585111694437&CODE_STATE=getMsg HTTP/1.1" 200 27
117.184.7.26 - - [25/Mar/2020:12:48:32 +0800] "GET /xingrg/all/function/internal_message.html?_=1585111703116&CODE_STATE=getMsg HTTP/1.1" 302 -
117.184.7.26 - - [25/Mar/2020:12:48:32 +0800] "GET /xingrg/login.html HTTP/1.1" 200 7639
180.162.102.27 - - [25/Mar/2020:12:48:33 +0800] "GET /xingrg/all/function/internal_message.html?_=1585111206143&CODE_STATE=getMsg HTTP/1.1" 200 27
180.162.102.27 - - [25/Mar/2020:12:48:33 +0800] "GET /xingrg/check_reg.html?_=1585111206144 HTTP/1.1" 200 22
180.157.252.250 - - [25/Mar/2020:12:48:38 +0800] "GET /xingrg/all/function/internal_message.html?_=1585111714145&CODE_STATE=getMsg HTTP/1.1" 200 27
222.69.138.221 - - [25/Mar/2020:12:48:42 +0800] "GET /xingrg/all/function/internal_message.html?_=1585111718455&CODE_STATE=getMsg HTTP/1.1" 200 27
114.85.95.146 - - [25/Mar/2020:12:48:42 +0800] "GET /xingrg/all/function/internal_message.html?_=1585110829998&CODE_STATE=getMsg HTTP/1.1" 200 27
114.85.95.146 - - [25/Mar/2020:12:48:45 +0800] "GET /xingrg/kc/buy/buy_main.html HTTP/1.1" 200 12398
114.85.95.146 - - [25/Mar/2020:12:48:45 +0800] "GET /xingrg/css/new_ie.css HTTP/1.1" 404 1036
114.85.95.146 - - [25/Mar/2020:12:48:46 +0800] "GET /xingrg/images/yd/bt.gif HTTP/1.1" 404 1040
114.88.170.9 - - [25/Mar/2020:12:48:46 +0800] "GET /xingrg/check_reg.html?_=1585111726507 HTTP/1.1" 200 22
114.85.95.146 - - [25/Mar/2020:12:48:47 +0800] "GET /xingrg/kc/buy/cgsh_order_list.html HTTP/1.1" 200 42049
114.85.95.146 - - [25/Mar/2020:12:48:47 +0800] "POST /xingrg/kc/buy/cgsh_list_operate.html HTTP/1.1" 200 876
114.85.95.146 - - [25/Mar/2020:12:48:49 +0800] "GET /xingrg/kc/buy/cgsh_order_add.html HTTP/1.1" 200 56849
114.93.75.19 - - [25/Mar/2020:12:48:49 +0800] "GET /xingrg/check_reg.html?_=1585112701552 HTTP/1.1" 200 22
114.93.75.19 - - [25/Mar/2020:12:48:49 +0800] "GET /xingrg/all/function/internal_message.html?_=1585112701556&CODE_STATE=getMsg HTTP/1.1" 200 27
114.85.95.146 - - [25/Mar/2020:12:48:50 +0800] "POST /xingrg/kc/buy/cgsh_order_operate.html HTTP/1.1" 200 8245
114.85.95.146 - - [25/Mar/2020:12:48:50 +0800] "GET /xingrg/javascript/easyui/themes/default/validatebox.css HTTP/1.1" 404 1104
114.85.95.146 - - [25/Mar/2020:12:48:53 +0800] "GET /xingrg/javascript/auto/indicator.gif HTTP/1.1" 404 1066
116.238.181.252 - - [25/Mar/2020:12:48:54 +0800] "GET /xingrg/kc/base/wldb_order_add.html HTTP/1.1" 200 30305
116.238.181.252 - - [25/Mar/2020:12:48:55 +0800] "GET /xingrg/javascript/easyui/themes/default/validatebox.css HTTP/1.1" 404 1104
116.238.181.252 - - [25/Mar/2020:12:48:55 +0800] "POST /xingrg/kc/base/wldb_order_operate.html HTTP/1.1" 200 6806
114.88.159.93 - - [25/Mar/2020:12:48:55 +0800] "GET /xingrg/all/function/internal_message.html?_=1585111456530&CODE_STATE=getMsg HTTP/1.1" 200 27
114.93.75.19 - - [25/Mar/2020:12:48:57 +0800] "GET /xingrg/all/function/internal_message.html?_=1585111735118&CODE_STATE=getMsg HTTP/1.1" 200 27
117.185.32.26 - - [25/Mar/2020:12:48:58 +0800] "GET /xingrg/all/function/internal_message.html?_=1585111732918&CODE_STATE=getMsg HTTP/1.1" 200 27
124.77.241.94 - - [25/Mar/2020:12:49:00 +0800] "GET /xingrg/all/function/internal_message.html?_=1585111777364&CODE_STATE=getMsg HTTP/1.1" 200 27
116.233.78.110 - - [25/Mar/2020:12:49:04 +0800] "GET /xingrg/all/function/internal_message.html?_=1585111799437&CODE_STATE=getMsg HTTP/1.1" 200 27
114.88.170.9 - - [25/Mar/2020:12:49:05 +0800] "GET /xingrg/all/function/internal_message.html?_=1585111745134&CODE_STATE=getMsg HTTP/1.1" 200 27
114.88.159.93 - - [25/Mar/2020:12:49:05 +0800] "GET /xingrg/kc/buy/buy_main.html HTTP/1.1" 200 12398
114.88.159.93 - - [25/Mar/2020:12:49:05 +0800] "GET /xingrg/css/new_ie.css HTTP/1.1" 404 1036
114.88.159.93 - - [25/Mar/2020:12:49:06 +0800] "GET /xingrg/images/yd/bt.gif HTTP/1.1" 404 1040
114.88.159.93 - - [25/Mar/2020:12:49:06 +0800] "GET /xingrg/kc/buy/cgsh_order_list.html HTTP/1.1" 200 42049
114.88.159.93 - - [25/Mar/2020:12:49:06 +0800] "POST /xingrg/kc/buy/cgsh_list_operate.html HTTP/1.1" 200 876
114.88.159.93 - - [25/Mar/2020:12:49:07 +0800] "GET /xingrg/kc/buy/cgsh_order_add.html HTTP/1.1" 200 57657
114.88.159.93 - - [25/Mar/2020:12:49:08 +0800] "GET /xingrg/all/common/auto_word.html?type=employee&rest_code=00141 HTTP/1.1" 200 201
114.88.159.93 - - [25/Mar/2020:12:49:08 +0800] "POST /xingrg/kc/buy/cgsh_order_operate.html HTTP/1.1" 200 8245
114.88.159.93 - - [25/Mar/2020:12:49:08 +0800] "GET /xingrg/all/common/auto_word.html?type=employee&rest_code=00141 HTTP/1.1" 200 201
114.88.159.93 - - [25/Mar/2020:12:49:08 +0800] "GET /xingrg/javascript/easyui/themes/default/validatebox.css HTTP/1.1" 404 1104
116.235.222.53 - - [25/Mar/2020:12:49:09 +0800] "GET /xingrg/all/function/internal_message.html?_=1585111744113&CODE_STATE=getMsg HTTP/1.1" 200 27
116.238.181.252 - - [25/Mar/2020:12:49:10 +0800] "GET /xingrg/all/function/internal_message.html?_=1585111749430&CODE_STATE=getMsg HTTP/1.1" 200 27
180.156.150.85 - - [25/Mar/2020:12:49:12 +0800] "GET /xingrg/all/function/internal_message.html?_=1585111751722&CODE_STATE=getMsg HTTP/1.1" 200 27
117.184.7.26 - - [25/Mar/2020:12:49:12 +0800] "GET /xingrg/check_reg.html?_=1585111743588 HTTP/1.1" 302 -
117.184.7.26 - - [25/Mar/2020:12:49:12 +0800] "GET /xingrg/login.html HTTP/1.1" 200 7639
114.93.75.19 - - [25/Mar/2020:12:49:14 +0800] "GET /xingrg/all/function/internal_message.html?_=1585111752473&CODE_STATE=getMsg HTTP/1.1" 302 -
114.93.75.19 - - [25/Mar/2020:12:49:21 +0800] "GET /xingrg/all/function/internal_message.html?_=1585111766895&CODE_STATE=getMsg HTTP/1.1" 200 27
117.184.7.26 - - [25/Mar/2020:12:49:22 +0800] "GET /xingrg/all/function/internal_message.html?_=1585111754422&CODE_STATE=getMsg HTTP/1.1" 200 27
117.184.7.26 - - [25/Mar/2020:12:49:24 +0800] "GET /xingrg/check_reg.html?_=1585111755594 HTTP/1.1" 200 22
117.184.7.26 - - [25/Mar/2020:12:49:32 +0800] "GET /xingrg/all/function/internal_message.html?_=1585111763129&CODE_STATE=getMsg HTTP/1.1" 302 -
117.184.7.26 - - [25/Mar/2020:12:49:32 +0800] "GET /xingrg/login.html HTTP/1.1" 200 7639
180.162.102.27 - - [25/Mar/2020:12:49:33 +0800] "GET /xingrg/all/function/internal_message.html?_=1585111266141&CODE_STATE=getMsg HTTP/1.1" 200 27
180.157.252.250 - - [25/Mar/2020:12:49:38 +0800] "GET /xingrg/all/function/internal_message.html?_=1585111774153&CODE_STATE=getMsg HTTP/1.1" 200 27
222.69.138.221 - - [25/Mar/2020:12:49:42 +0800] "GET /xingrg/all/function/internal_message.html?_=1585111778457&CODE_STATE=getMsg HTTP/1.1" 200 27
114.85.95.146 - - [25/Mar/2020:12:49:43 +0800] "GET /xingrg/all/function/internal_message.html?_=1585110890010&CODE_STATE=getMsg HTTP/1.1" 200 27
114.93.75.19 - - [25/Mar/2020:12:49:49 +0800] "GET /xingrg/all/function/internal_message.html?_=1585112761544&CODE_STATE=getMsg HTTP/1.1" 200 27
