116.238.181.252 - - [25/Mar/2020:11:05:02 +0800] "GET /xingrg/javascript/jquery_easy_ui/themes/default/images/tabs_rightarrow.png HTTP/1.1" 304 -
114.88.170.9 - - [25/Mar/2020:11:05:03 +0800] "GET /xingrg/all/function/internal_message.html?_=1585105503035&CODE_STATE=getMsg HTTP/1.1" 200 27
116.238.181.252 - - [25/Mar/2020:11:05:04 +0800] "GET /xingrg/kc/buy/cgsh_order_list.html HTTP/1.1" 200 42047
116.238.181.252 - - [25/Mar/2020:11:05:05 +0800] "POST /xingrg/kc/buy/cgsh_list_operate.html HTTP/1.1" 200 876
116.238.181.252 - - [25/Mar/2020:11:05:06 +0800] "GET /xingrg/kc/buy/cgsh_order_add.html HTTP/1.1" 200 57375
116.238.181.252 - - [25/Mar/2020:11:05:06 +0800] "POST /xingrg/kc/buy/cgsh_order_operate.html HTTP/1.1" 200 8245
116.238.181.252 - - [25/Mar/2020:11:05:06 +0800] "GET /xingrg/javascript/easyui/themes/default/validatebox.css HTTP/1.1" 404 1104
116.238.181.252 - - [25/Mar/2020:11:05:08 +0800] "GET /xingrg/javascript/auto/indicator.gif HTTP/1.1" 404 1066
116.235.222.53 - - [25/Mar/2020:11:05:09 +0800] "GET /xingrg/check_reg.html?_=1585105504735 HTTP/1.1" 200 22
116.235.222.53 - - [25/Mar/2020:11:05:09 +0800] "GET /xingrg/all/function/internal_message.html?_=1585105504834&CODE_STATE=getMsg HTTP/1.1" 200 27
180.157.252.250 - - [25/Mar/2020:11:05:10 +0800] "GET /xingrg/all/function/internal_message.html?_=1585105507974&CODE_STATE=getMsg HTTP/1.1" 200 27
180.156.150.85 - - [25/Mar/2020:11:05:12 +0800] "GET /xingrg/all/function/internal_message.html?_=1585105511553&CODE_STATE=getMsg HTTP/1.1" 200 27
116.238.181.252 - - [25/Mar/2020:11:05:14 +0800] "GET /xingrg/kc/buy/cgsh_order_operate.html?command=get_materiel&rest_code=00151&code=00101016082&supplier_code=00100266&order_time=2020-03-25 HTTP/1.1" 200 408
114.93.75.19 - - [25/Mar/2020:11:05:16 +0800] "GET /xingrg/all/function/internal_message.html?_=1585105514891&CODE_STATE=getMsg HTTP/1.1" 200 27
117.184.7.26 - - [25/Mar/2020:11:05:23 +0800] "GET /xingrg/all/function/internal_message.html?_=1585105515497&CODE_STATE=getMsg HTTP/1.1" 200 27
116.238.181.252 - - [25/Mar/2020:11:05:24 +0800] "GET /xingrg/kc/buy/cgsh_order_operate.html?command=get_materiel&rest_code=00151&code=00101010247&supplier_code=00100266&order_time=2020-03-25 HTTP/1.1" 200 408
58.40.7.146 - - [25/Mar/2020:11:05:24 +0800] "GET /favicon.ico HTTP/1.1" 404 -
58.40.7.146 - - [25/Mar/2020:11:05:24 +0800] "GET /favicon.ico HTTP/1.1" 404 -
58.40.7.146 - - [25/Mar/2020:11:05:27 +0800] "GET /xingrg/all/function/internal_message.html?_=1585105525537&CODE_STATE=getMsg HTTP/1.1" 200 27
117.184.7.26 - - [25/Mar/2020:11:05:30 +0800] "GET /xingrg/all/function/internal_message.html?_=1585105521701&CODE_STATE=getMsg HTTP/1.1" 302 -
117.184.7.26 - - [25/Mar/2020:11:05:30 +0800] "GET /xingrg/login.html HTTP/1.1" 200 7639
180.162.102.27 - - [25/Mar/2020:11:05:32 +0800] "GET /xingrg/all/function/internal_message.html?_=1585105026013&CODE_STATE=getMsg HTTP/1.1" 200 27
222.69.138.221 - - [25/Mar/2020:11:05:34 +0800] "GET /xingrg/login.html HTTP/1.1" 200 7639
222.69.138.221 - - [25/Mar/2020:11:05:34 +0800] "GET /favicon.ico HTTP/1.1" 404 -
222.69.138.221 - - [25/Mar/2020:11:05:42 +0800] "GET /xingrg/all/function/internal_message.html?_=1585105538291&CODE_STATE=getMsg HTTP/1.1" 200 27
116.224.247.222 - - [25/Mar/2020:11:05:43 +0800] "GET /xingrg/all/function/internal_message.html?_=1585105717378&CODE_STATE=getMsg HTTP/1.1" 200 27
222.69.138.221 - - [25/Mar/2020:11:05:43 +0800] "POST /xingrg/login.do HTTP/1.1" 302 -
222.69.138.221 - - [25/Mar/2020:11:05:43 +0800] "GET /xingrg/index.html?sysBaseUrl=http%3A%2F%2F117.131.15.22%3A18081%2Fxingrg%2F&costTime=47×tamp=1585105543327 HTTP/1.1" 200 17397
222.69.138.221 - - [25/Mar/2020:11:05:43 +0800] "GET /favicon.ico HTTP/1.1" 404 -
222.69.138.221 - - [25/Mar/2020:11:05:43 +0800] "POST /xingrg/all/common/load_tree.html?tree=area_rest_tree_json&manage=1 HTTP/1.1" 200 351
222.69.138.221 - - [25/Mar/2020:11:05:43 +0800] "GET /xingrg/all/function/internal_message.html?_=1585105537849&CODE_STATE=count HTTP/1.1" 200 11
222.69.138.221 - - [25/Mar/2020:11:05:43 +0800] "GET /xingrg/check_reg.html?_=1585105537850 HTTP/1.1" 200 22
222.69.138.221 - - [25/Mar/2020:11:05:43 +0800] "POST /xingrg/load_menu.html HTTP/1.1" 200 9945
222.69.138.221 - - [25/Mar/2020:11:05:46 +0800] "POST /xingrg/load_menu.html HTTP/1.1" 200 10062
222.69.138.221 - - [25/Mar/2020:11:05:48 +0800] "GET /xingrg/all/report/report_query.html?fileName=dma/new_5.0/yingye/order_list.xml HTTP/1.1" 200 55251
222.69.138.221 - - [25/Mar/2020:11:05:48 +0800] "GET /xingrg/dwr/interface/AjaxReportQueryService.js HTTP/1.1" 200 13203
222.69.138.221 - - [25/Mar/2020:11:05:48 +0800] "GET /xingrg/dwr/engine.js HTTP/1.1" 200 43631
222.69.138.221 - - [25/Mar/2020:11:05:48 +0800] "POST /xingrg/dwr/call/plaincall/AjaxReportQueryService.getFixDate.dwr HTTP/1.1" 200 111
222.69.138.221 - - [25/Mar/2020:11:05:48 +0800] "POST /xingrg/all/common/load_tree.html?tree=area_station_tree_json&manage=1 HTTP/1.1" 200 347
222.69.138.221 - - [25/Mar/2020:11:05:48 +0800] "POST /xingrg/dwr/call/plaincall/AjaxReportQueryService.getInitString.dwr HTTP/1.1" 200 76
222.69.138.221 - - [25/Mar/2020:11:05:51 +0800] "POST /xingrg/dwr/call/plaincall/AjaxReportQueryService.getFixDate.dwr HTTP/1.1" 200 111
114.93.75.19 - - [25/Mar/2020:11:05:53 +0800] "GET /xingrg/all/function/internal_message.html?_=1585105565398&CODE_STATE=getMsg HTTP/1.1" 200 27
222.69.138.221 - - [25/Mar/2020:11:05:54 +0800] "POST /xingrg/dwr/call/plaincall/AjaxReportQueryService.queryInitializeString.dwr HTTP/1.1" 200 203
124.77.241.94 - - [25/Mar/2020:11:05:56 +0800] "GET /xingrg/check_reg.html?_=1585105593099 HTTP/1.1" 200 22
222.69.138.221 - - [25/Mar/2020:11:05:56 +0800] "POST /xingrg/dwr/call/plaincall/AjaxReportQueryService.refreshCache.dwr HTTP/1.1" 200 78
222.69.138.221 - - [25/Mar/2020:11:05:56 +0800] "POST /xingrg/all/report/load_report_page.html HTTP/1.1" 200 196416
222.69.138.221 - - [25/Mar/2020:11:05:56 +0800] "GET /xingrg/servlets/image?cache=0.5210562410194339&image=px HTTP/1.1" 200 807
124.77.241.94 - - [25/Mar/2020:11:05:57 +0800] "GET /xingrg/all/function/internal_message.html?_=1585105594047&CODE_STATE=getMsg HTTP/1.1" 200 27
114.93.75.19 - - [25/Mar/2020:11:05:57 +0800] "GET /xingrg/all/function/internal_message.html?_=1585105555122&CODE_STATE=getMsg HTTP/1.1" 200 27
117.185.32.26 - - [25/Mar/2020:11:05:57 +0800] "GET /xingrg/all/function/internal_message.html?_=1585105552786&CODE_STATE=getMsg HTTP/1.1" 200 27
116.238.181.252 - - [25/Mar/2020:11:06:00 +0800] "GET /xingrg/kc/buy/cgsh_order_operate.html?command=get_materiel&rest_code=00151&code=00101006026&supplier_code=00100266&order_time=2020-03-25 HTTP/1.1" 200 409
222.69.138.221 - - [25/Mar/2020:11:06:00 +0800] "POST /xingrg/all/report/load_report_page.html HTTP/1.1" 200 23326
222.69.138.221 - - [25/Mar/2020:11:06:00 +0800] "GET /xingrg/servlets/image?cache=0.7385265066199315&image=px HTTP/1.1" 200 807
116.238.181.252 - - [25/Mar/2020:11:06:02 +0800] "GET /xingrg/all/function/internal_message.html?_=1585105561125&CODE_STATE=getMsg HTTP/1.1" 200 27
114.88.170.9 - - [25/Mar/2020:11:06:03 +0800] "GET /xingrg/all/function/internal_message.html?_=1585105563060&CODE_STATE=getMsg HTTP/1.1" 200 27
116.235.222.53 - - [25/Mar/2020:11:06:09 +0800] "GET /xingrg/all/function/internal_message.html?_=1585105564819&CODE_STATE=getMsg HTTP/1.1" 200 27
180.157.252.250 - - [25/Mar/2020:11:06:10 +0800] "GET /xingrg/check_reg.html?_=1585105567974 HTTP/1.1" 200 22
180.157.252.250 - - [25/Mar/2020:11:06:10 +0800] "GET /xingrg/all/function/internal_message.html?_=1585105567979&CODE_STATE=getMsg HTTP/1.1" 200 27
180.156.150.85 - - [25/Mar/2020:11:06:12 +0800] "GET /xingrg/all/function/internal_message.html?_=1585105571553&CODE_STATE=getMsg HTTP/1.1" 200 27
180.162.102.27 - - [25/Mar/2020:11:06:12 +0800] "POST /xingrg/kc/buy/cgsh_order_operate.html HTTP/1.1" 200 37
180.162.102.27 - - [25/Mar/2020:11:06:13 +0800] "POST /xingrg/kc/buy/cgsh_order_operate.html HTTP/1.1" 200 9143
114.93.75.19 - - [25/Mar/2020:11:06:16 +0800] "GET /xingrg/all/function/internal_message.html?_=1585105574861&CODE_STATE=getMsg HTTP/1.1" 200 27
180.162.102.27 - - [25/Mar/2020:11:06:17 +0800] "POST /xingrg/kc/buy/cgsh_list_operate.html HTTP/1.1" 200 1690
116.238.181.252 - - [25/Mar/2020:11:06:20 +0800] "GET /xingrg/javascript/jquery_tools/images/next.gif HTTP/1.1" 404 1086
116.238.181.252 - - [25/Mar/2020:11:06:20 +0800] "GET /xingrg/javascript/jquery_tools/images/prev.gif HTTP/1.1" 404 1086
58.40.7.146 - - [25/Mar/2020:11:06:22 +0800] "GET /xingrg/login.html HTTP/1.1" 200 7639
58.40.7.146 - - [25/Mar/2020:11:06:22 +0800] "GET /favicon.ico HTTP/1.1" 404 -
180.162.102.27 - - [25/Mar/2020:11:06:23 +0800] "POST /xingrg/kc/buy/cgsh_list_operate.html HTTP/1.1" 200 5942
117.184.7.26 - - [25/Mar/2020:11:06:23 +0800] "GET /xingrg/all/function/internal_message.html?_=1585105575498&CODE_STATE=getMsg HTTP/1.1" 200 27
58.40.7.146 - - [25/Mar/2020:11:06:27 +0800] "GET /xingrg/all/function/internal_message.html?_=1585105585542&CODE_STATE=getMsg HTTP/1.1" 200 27
117.184.7.26 - - [25/Mar/2020:11:06:30 +0800] "GET /xingrg/all/function/internal_message.html?_=1585105581714&CODE_STATE=getMsg HTTP/1.1" 302 -
117.184.7.26 - - [25/Mar/2020:11:06:31 +0800] "GET /xingrg/login.html HTTP/1.1" 200 7639
180.162.102.27 - - [25/Mar/2020:11:06:32 +0800] "GET /xingrg/all/function/internal_message.html?_=1585105086003&CODE_STATE=getMsg HTTP/1.1" 200 27
117.185.32.26 - - [25/Mar/2020:11:06:36 +0800] "POST /xingrg/kc/buy/cgsh_order_operate.html HTTP/1.1" 200 37
117.185.32.26 - - [25/Mar/2020:11:06:37 +0800] "POST /xingrg/kc/buy/cgsh_order_operate.html HTTP/1.1" 200 18035
180.162.102.27 - - [25/Mar/2020:11:06:38 +0800] "GET /xingrg/kc/mdqp/pssh_order_list.html HTTP/1.1" 200 16860
180.162.102.27 - - [25/Mar/2020:11:06:38 +0800] "GET /xingrg/javascript/jquery_tools/list_manager.js HTTP/1.1" 200 3652
180.162.102.27 - - [25/Mar/2020:11:06:38 +0800] "GET /xingrg/javascript/easyui/themes/icons/field_new.png HTTP/1.1" 200 1097
180.162.102.27 - - [25/Mar/2020:11:06:38 +0800] "GET /xingrg/images/control/ajaxLoader.gif HTTP/1.1" 200 4659
180.162.102.27 - - [25/Mar/2020:11:06:38 +0800] "POST /xingrg/kc/mdqp/pssh_list_operate.html HTTP/1.1" 200 5544
117.185.32.26 - - [25/Mar/2020:11:06:40 +0800] "POST /xingrg/kc/buy/cgsh_list_operate.html HTTP/1.1" 200 1697
222.69.138.221 - - [25/Mar/2020:11:06:42 +0800] "GET /xingrg/all/function/internal_message.html?_=1585105598291&CODE_STATE=getMsg HTTP/1.1" 200 27
222.69.138.221 - - [25/Mar/2020:11:06:42 +0800] "GET /xingrg/check_reg.html?_=1585105598294 HTTP/1.1" 200 22
117.185.32.26 - - [25/Mar/2020:11:06:42 +0800] "POST /xingrg/kc/buy/cgsh_list_operate.html HTTP/1.1" 200 5974
116.224.247.222 - - [25/Mar/2020:11:06:43 +0800] "GET /xingrg/all/function/internal_message.html?_=1585105777393&CODE_STATE=getMsg HTTP/1.1" 200 27
222.69.138.221 - - [25/Mar/2020:11:06:43 +0800] "GET /xingrg/all/function/internal_message.html?_=1585105597860&CODE_STATE=getMsg HTTP/1.1" 200 27
117.185.32.26 - - [25/Mar/2020:11:06:44 +0800] "POST /xingrg/kc/buy/cgsh_list_operate.html HTTP/1.1" 200 419
117.131.5.26 - - [25/Mar/2020:11:06:45 +0800] "GET /xingrg/check_reg.html?_=1585105619562 HTTP/1.1" 302 -
117.185.32.26 - - [25/Mar/2020:11:06:45 +0800] "GET /xingrg/kc/buy/cgsh_order_info.html?code=212020032502583 HTTP/1.1" 200 52566
117.185.32.26 - - [25/Mar/2020:11:06:45 +0800] "GET /xingrg/javascript/easyui/themes/default/validatebox.css HTTP/1.1" 404 1104
117.185.32.26 - - [25/Mar/2020:11:06:46 +0800] "POST /xingrg/kc/buy/cgsh_order_operate.html HTTP/1.1" 200 2371
117.185.32.26 - - [25/Mar/2020:11:06:48 +0800] "GET /xingrg/kc/print/load_data.html?order_code=212020032502583&kc_code=cgsh HTTP/1.1" 200 1387
114.93.75.19 - - [25/Mar/2020:11:06:53 +0800] "GET /xingrg/all/function/internal_message.html?_=1585105625393&CODE_STATE=getMsg HTTP/1.1" 200 27
124.77.241.94 - - [25/Mar/2020:11:06:57 +0800] "GET /xingrg/all/function/internal_message.html?_=1585105654058&CODE_STATE=getMsg HTTP/1.1" 200 27
114.93.75.19 - - [25/Mar/2020:11:06:57 +0800] "GET /xingrg/all/function/internal_message.html?_=1585105615126&CODE_STATE=getMsg HTTP/1.1" 200 27
117.185.32.26 - - [25/Mar/2020:11:06:57 +0800] "GET /xingrg/all/function/internal_message.html?_=1585105612777&CODE_STATE=getMsg HTTP/1.1" 200 27
114.88.170.9 - - [25/Mar/2020:11:07:03 +0800] "GET /xingrg/all/function/internal_message.html?_=1585105623062&CODE_STATE=getMsg HTTP/1.1" 200 27
116.238.181.252 - - [25/Mar/2020:11:07:09 +0800] "GET /xingrg/kc/buy/cgsh_order_list.html HTTP/1.1" 200 42047
116.238.181.252 - - [25/Mar/2020:11:07:09 +0800] "POST /xingrg/kc/buy/cgsh_list_operate.html HTTP/1.1" 200 876
116.235.222.53 - - [25/Mar/2020:11:07:09 +0800] "GET /xingrg/all/function/internal_message.html?_=1585105624803&CODE_STATE=getMsg HTTP/1.1" 200 27
180.157.252.250 - - [25/Mar/2020:11:07:10 +0800] "GET /xingrg/all/function/internal_message.html?_=1585105627972&CODE_STATE=getMsg HTTP/1.1" 200 27
180.156.150.85 - - [25/Mar/2020:11:07:12 +0800] "GET /xingrg/all/function/internal_message.html?_=1585105631579&CODE_STATE=getMsg HTTP/1.1" 200 27
117.184.7.26 - - [25/Mar/2020:11:07:14 +0800] "GET /xingrg/kc/buy/buy_main.html HTTP/1.1" 200 12398
117.184.7.30 - - [25/Mar/2020:11:07:14 +0800] "GET /xingrg/css/new_ie.css HTTP/1.1" 404 1036
117.184.7.26 - - [25/Mar/2020:11:07:15 +0800] "GET /xingrg/images/yd/bt.gif HTTP/1.1" 404 1040
117.184.7.26 - - [25/Mar/2020:11:07:16 +0800] "GET /xingrg/kc/buy/cgsh_order_list.html HTTP/1.1" 200 42043
114.93.75.19 - - [25/Mar/2020:11:07:16 +0800] "GET /xingrg/all/function/internal_message.html?_=1585105634846&CODE_STATE=getMsg HTTP/1.1" 200 27
117.184.7.26 - - [25/Mar/2020:11:07:16 +0800] "POST /xingrg/kc/buy/cgsh_list_operate.html HTTP/1.1" 200 876
117.184.7.26 - - [25/Mar/2020:11:07:18 +0800] "GET /xingrg/kc/buy/cgsh_order_add.html HTTP/1.1" 200 57654
117.184.7.26 - - [25/Mar/2020:11:07:18 +0800] "GET /xingrg/words/20200324200415_words.js HTTP/1.1" 200 717524
117.184.7.26 - - [25/Mar/2020:11:07:18 +0800] "POST /xingrg/kc/buy/cgsh_order_operate.html HTTP/1.1" 200 8245
117.184.7.30 - - [25/Mar/2020:11:07:18 +0800] "GET /xingrg/all/common/auto_word.html?type=employee&rest_code=00108 HTTP/1.1" 200 197
117.184.7.30 - - [25/Mar/2020:11:07:18 +0800] "GET /xingrg/all/common/auto_word.html?type=employee&rest_code=00108 HTTP/1.1" 200 197
117.184.7.30 - - [25/Mar/2020:11:07:18 +0800] "GET /xingrg/javascript/easyui/themes/default/validatebox.css HTTP/1.1" 404 1104
117.184.7.30 - - [25/Mar/2020:11:07:20 +0800] "GET /xingrg/javascript/auto/indicator.gif HTTP/1.1" 404 1066
117.184.7.26 - - [25/Mar/2020:11:07:21 +0800] "GET /xingrg/javascript/jquery_tools/images/next.gif HTTP/1.1" 404 1086
117.184.7.30 - - [25/Mar/2020:11:07:21 +0800] "GET /xingrg/javascript/jquery_tools/images/prev.gif HTTP/1.1" 404 1086
116.238.181.252 - - [25/Mar/2020:11:07:22 +0800] "GET /xingrg/login.html HTTP/1.1" 200 7639
116.238.181.252 - - [25/Mar/2020:11:07:22 +0800] "GET /favicon.ico HTTP/1.1" 404 -
117.184.7.30 - - [25/Mar/2020:11:07:23 +0800] "GET /xingrg/all/function/internal_message.html?_=1585105635487&CODE_STATE=getMsg HTTP/1.1" 200 27
116.238.181.252 - - [25/Mar/2020:11:07:25 +0800] "POST /xingrg/login.do HTTP/1.1" 302 -
116.238.181.252 - - [25/Mar/2020:11:07:25 +0800] "GET /xingrg/index.html?sysBaseUrl=http%3A%2F%2F117.131.15.22%3A18081%2Fxingrg%2F&costTime=36×tamp=1585105645772 HTTP/1.1" 200 17155
116.238.181.252 - - [25/Mar/2020:11:07:25 +0800] "GET /favicon.ico HTTP/1.1" 404 -
116.238.181.252 - - [25/Mar/2020:11:07:26 +0800] "POST /xingrg/all/common/load_tree.html?tree=area_rest_tree_json&manage=1 HTTP/1.1" 200 476
116.238.181.252 - - [25/Mar/2020:11:07:26 +0800] "GET /xingrg/all/function/internal_message.html?_=1585105645103&CODE_STATE=count HTTP/1.1" 200 11
116.238.181.252 - - [25/Mar/2020:11:07:26 +0800] "GET /xingrg/check_reg.html?_=1585105645105 HTTP/1.1" 200 22
116.238.181.252 - - [25/Mar/2020:11:07:26 +0800] "POST /xingrg/load_menu.html HTTP/1.1" 200 5124
58.40.7.146 - - [25/Mar/2020:11:07:27 +0800] "GET /xingrg/all/function/internal_message.html?_=1585105645531&CODE_STATE=getMsg HTTP/1.1" 200 27
58.40.7.146 - - [25/Mar/2020:11:07:29 +0800] "GET /xingrg/login.html HTTP/1.1" 200 7639
116.238.181.252 - - [25/Mar/2020:11:07:29 +0800] "GET /xingrg/kc/buy/cgsh_order_list.html HTTP/1.1" 200 42047
58.40.7.146 - - [25/Mar/2020:11:07:29 +0800] "GET /favicon.ico HTTP/1.1" 404 -
117.184.7.26 - - [25/Mar/2020:11:07:31 +0800] "GET /xingrg/all/function/internal_message.html?_=1585105641727&CODE_STATE=getMsg HTTP/1.1" 302 -
117.184.7.26 - - [25/Mar/2020:11:07:31 +0800] "GET /xingrg/login.html HTTP/1.1" 200 7639
116.238.181.252 - - [25/Mar/2020:11:07:31 +0800] "POST /xingrg/kc/buy/cgsh_list_operate.html HTTP/1.1" 200 876
116.238.181.252 - - [25/Mar/2020:11:07:32 +0800] "GET /xingrg/kc/buy/cgsh_order_add.html HTTP/1.1" 200 57375
180.162.102.27 - - [25/Mar/2020:11:07:32 +0800] "GET /xingrg/all/function/internal_message.html?_=1585105145994&CODE_STATE=getMsg HTTP/1.1" 200 27
116.238.181.252 - - [25/Mar/2020:11:07:32 +0800] "GET /xingrg/all/common/auto_word.html?type=employee&rest_code=00151 HTTP/1.1" 200 243
116.238.181.252 - - [25/Mar/2020:11:07:33 +0800] "GET /xingrg/all/common/auto_word.html?type=employee&rest_code=00151 HTTP/1.1" 200 243
116.238.181.252 - - [25/Mar/2020:11:07:33 +0800] "GET /xingrg/javascript/easyui/themes/default/validatebox.css HTTP/1.1" 404 1104
116.238.181.252 - - [25/Mar/2020:11:07:33 +0800] "POST /xingrg/kc/buy/cgsh_order_operate.html HTTP/1.1" 200 8245
116.238.181.252 - - [25/Mar/2020:11:07:36 +0800] "GET /xingrg/javascript/jquery_tools/images/prev.gif HTTP/1.1" 404 1086
116.238.181.252 - - [25/Mar/2020:11:07:36 +0800] "GET /xingrg/javascript/jquery_tools/images/next.gif HTTP/1.1" 404 1086
116.238.181.252 - - [25/Mar/2020:11:07:38 +0800] "GET /xingrg/javascript/auto/indicator.gif HTTP/1.1" 404 1066
58.40.7.146 - - [25/Mar/2020:11:07:41 +0800] "GET /xingrg/login.html HTTP/1.1" 200 7639
58.40.7.146 - - [25/Mar/2020:11:07:42 +0800] "GET /xingrg/images/blue/jxLogo.png HTTP/1.1" 304 -
58.40.7.146 - - [25/Mar/2020:11:07:42 +0800] "GET /xingrg/images/blue/login_bg.png HTTP/1.1" 304 -
58.40.7.146 - - [25/Mar/2020:11:07:42 +0800] "GET /xingrg/images/blue/srbg.png HTTP/1.1" 304 -
58.40.7.146 - - [25/Mar/2020:11:07:42 +0800] "GET /xingrg/images/blue/hj.png HTTP/1.1" 304 -
222.69.138.221 - - [25/Mar/2020:11:07:42 +0800] "GET /xingrg/all/function/internal_message.html?_=1585105658299&CODE_STATE=getMsg HTTP/1.1" 200 27
116.224.247.222 - - [25/Mar/2020:11:07:43 +0800] "GET /xingrg/all/function/internal_message.html?_=1585105837752&CODE_STATE=getMsg HTTP/1.1" 200 27
116.238.181.252 - - [25/Mar/2020:11:07:43 +0800] "GET /xingrg/kc/buy/cgsh_order_operate.html?command=get_materiel&rest_code=00151&code=00101016082&supplier_code=00100266&order_time=2020-03-25 HTTP/1.1" 200 408
116.238.181.252 - - [25/Mar/2020:11:07:52 +0800] "GET /xingrg/kc/buy/cgsh_order_operate.html?command=get_materiel&rest_code=00151&code=00101010247&supplier_code=00100266&order_time=2020-03-25 HTTP/1.1" 200 408
114.93.75.19 - - [25/Mar/2020:11:07:53 +0800] "GET /xingrg/all/function/internal_message.html?_=1585105685403&CODE_STATE=getMsg HTTP/1.1" 200 27
124.77.241.94 - - [25/Mar/2020:11:07:57 +0800] "GET /xingrg/all/function/internal_message.html?_=1585105714074&CODE_STATE=getMsg HTTP/1.1" 200 27
114.93.75.19 - - [25/Mar/2020:11:07:57 +0800] "GET /xingrg/all/function/internal_message.html?_=1585105675114&CODE_STATE=getMsg HTTP/1.1" 200 27
117.185.32.26 - - [25/Mar/2020:11:07:57 +0800] "GET /xingrg/check_reg.html?_=1585105672789 HTTP/1.1" 200 22
117.185.32.26 - - [25/Mar/2020:11:07:57 +0800] "GET /xingrg/all/function/internal_message.html?_=1585105672787&CODE_STATE=getMsg HTTP/1.1" 200 27
116.238.181.252 - - [25/Mar/2020:11:08:01 +0800] "GET /xingrg/kc/buy/cgsh_order_operate.html?command=get_materiel&rest_code=00151&code=00101006026&supplier_code=00100266&order_time=2020-03-25 HTTP/1.1" 200 409
114.88.170.9 - - [25/Mar/2020:11:08:03 +0800] "GET /xingrg/all/function/internal_message.html?_=1585105683091&CODE_STATE=getMsg HTTP/1.1" 200 27
116.235.222.53 - - [25/Mar/2020:11:08:09 +0800] "GET /xingrg/all/function/internal_message.html?_=1585105684807&CODE_STATE=getMsg HTTP/1.1" 200 27
180.157.252.250 - - [25/Mar/2020:11:08:10 +0800] "GET /xingrg/all/function/internal_message.html?_=1585105687972&CODE_STATE=getMsg HTTP/1.1" 200 27
180.156.150.85 - - [25/Mar/2020:11:08:12 +0800] "GET /xingrg/check_reg.html?_=1585105691580 HTTP/1.1" 200 22
180.156.150.85 - - [25/Mar/2020:11:08:12 +0800] "GET /xingrg/all/function/internal_message.html?_=1585105691583&CODE_STATE=getMsg HTTP/1.1" 200 27
116.238.181.252 - - [25/Mar/2020:11:08:12 +0800] "POST /xingrg/kc/buy/cgsh_order_operate.html HTTP/1.1" 200 37
116.238.181.252 - - [25/Mar/2020:11:08:14 +0800] "POST /xingrg/kc/buy/cgsh_order_operate.html HTTP/1.1" 200 12
116.238.181.252 - - [25/Mar/2020:11:08:15 +0800] "GET /xingrg/kc/buy/cgsh_order_info.html?code=212020032502604 HTTP/1.1" 200 52292
116.238.181.252 - - [25/Mar/2020:11:08:16 +0800] "GET /xingrg/javascript/easyui/themes/default/validatebox.css HTTP/1.1" 404 1104
116.238.181.252 - - [25/Mar/2020:11:08:16 +0800] "POST /xingrg/kc/buy/cgsh_order_operate.html HTTP/1.1" 200 1791
114.93.75.19 - - [25/Mar/2020:11:08:16 +0800] "GET /xingrg/all/function/internal_message.html?_=1585105694832&CODE_STATE=getMsg HTTP/1.1" 200 27
116.238.181.252 - - [25/Mar/2020:11:08:17 +0800] "GET /xingrg/kc/print/load_config.html?kc_code=cgsh HTTP/1.1" 200 1841
116.238.181.252 - - [25/Mar/2020:11:08:17 +0800] "GET /xingrg/kc/print/load_data.html?order_code=212020032502604&kc_code=cgsh&condition= HTTP/1.1" 200 1158
114.93.75.19 - - [25/Mar/2020:11:08:18 +0800] "GET /xingrg/check_reg.html?_=1585105696552 HTTP/1.1" 200 22
117.184.7.30 - - [25/Mar/2020:11:08:23 +0800] "GET /xingrg/all/function/internal_message.html?_=1585105695503&CODE_STATE=getMsg HTTP/1.1" 200 27
116.238.181.252 - - [25/Mar/2020:11:08:26 +0800] "GET /xingrg/all/function/internal_message.html?_=1585105705114&CODE_STATE=getMsg HTTP/1.1" 200 27
117.184.7.26 - - [25/Mar/2020:11:08:31 +0800] "GET /xingrg/all/function/internal_message.html?_=1585105701741&CODE_STATE=getMsg HTTP/1.1" 302 -
117.184.7.26 - - [25/Mar/2020:11:08:31 +0800] "GET /xingrg/login.html HTTP/1.1" 200 7639
180.162.102.27 - - [25/Mar/2020:11:08:32 +0800] "GET /xingrg/all/function/internal_message.html?_=1585105205992&CODE_STATE=getMsg HTTP/1.1" 200 27
180.162.102.27 - - [25/Mar/2020:11:08:32 +0800] "GET /xingrg/check_reg.html?_=1585105205993 HTTP/1.1" 200 22
222.69.138.221 - - [25/Mar/2020:11:08:36 +0800] "GET /xingrg/system/info/materiel_import.html?isSelect=1&singleSelect=false HTTP/1.1" 200 5596
222.69.138.221 - - [25/Mar/2020:11:08:36 +0800] "GET /xingrg/css/xtree.css HTTP/1.1" 200 880
222.69.138.221 - - [25/Mar/2020:11:08:37 +0800] "GET /xingrg/javascript/jquery_ui/themes/base/base.css HTTP/1.1" 200 28568
222.69.138.221 - - [25/Mar/2020:11:08:37 +0800] "GET /xingrg/javascript/jquery_easy_ui/themes/default/images/button_a_bg.gif HTTP/1.1" 200 1194
222.69.138.221 - - [25/Mar/2020:11:08:37 +0800] "GET /xingrg/javascript/jquery_easy_ui/themes/default/images/button_span_bg.gif HTTP/1.1" 200 2061
222.69.138.221 - - [25/Mar/2020:11:08:37 +0800] "GET /xingrg/javascript/jquery_easy_ui/themes/default/images/pagination_prev.gif HTTP/1.1" 200 879
222.69.138.221 - - [25/Mar/2020:11:08:37 +0800] "GET /xingrg/javascript/jquery_easy_ui/themes/icons/search.png HTTP/1.1" 200 813
222.69.138.221 - - [25/Mar/2020:11:08:37 +0800] "GET /xingrg/javascript/jquery_easy_ui/themes/icons/edit_add.png HTTP/1.1" 200 1088
222.69.138.221 - - [25/Mar/2020:11:08:37 +0800] "GET /xingrg/javascript/jquery_easy_ui/themes/default/images/datagrid_header_bg.gif HTTP/1.1" 200 97
222.69.138.221 - - [25/Mar/2020:11:08:37 +0800] "GET /xingrg/javascript/jquery_easy_ui/themes/default/images/pagination_first.gif HTTP/1.1" 200 925
222.69.138.221 - - [25/Mar/2020:11:08:37 +0800] "GET /favicon.ico HTTP/1.1" 404 -
222.69.138.221 - - [25/Mar/2020:11:08:37 +0800] "POST /xingrg/all/common/load_tree.html?tree=materiel_sort_tree_json HTTP/1.1" 200 8666
222.69.138.221 - - [25/Mar/2020:11:08:37 +0800] "GET /xingrg/javascript/jquery_easy_ui/themes/default/images/pagination_next.gif HTTP/1.1" 200 875
222.69.138.221 - - [25/Mar/2020:11:08:37 +0800] "GET /xingrg/javascript/jquery_easy_ui/themes/default/images/pagination_last.gif HTTP/1.1" 200 923
222.69.138.221 - - [25/Mar/2020:11:08:37 +0800] "GET /xingrg/javascript/jquery_easy_ui/themes/default/images/pagination_load.png HTTP/1.1" 200 827
116.238.181.252 - - [25/Mar/2020:11:08:38 +0800] "POST /xingrg/all/user/operate.html HTTP/1.1" 200 36
116.238.181.252 - - [25/Mar/2020:11:08:38 +0800] "GET /xingrg/index.html?sysBaseUrl=http%3A%2F%2F117.131.15.22%3A18081%2Fxingrg%2F&costTime=36×tamp=1585105645772 HTTP/1.1" 200 17157
116.238.181.252 - - [25/Mar/2020:11:08:38 +0800] "GET /xingrg/javascript/jquery_easy_ui/themes/default/easyui.css HTTP/1.1" 304 -
116.238.181.252 - - [25/Mar/2020:11:08:38 +0800] "GET /xingrg/javascript/jquery_easy_ui/themes/icon.css HTTP/1.1" 304 -
116.238.181.252 - - [25/Mar/2020:11:08:38 +0800] "GET /xingrg/css/form.css HTTP/1.1" 304 -
116.238.181.252 - - [25/Mar/2020:11:08:38 +0800] "GET /xingrg/javascript/jquery-1.4.2.min.js HTTP/1.1" 304 -
116.238.181.252 - - [25/Mar/2020:11:08:38 +0800] "GET /xingrg/javascript/jquery_easy_ui/jquery.easyui.min.js HTTP/1.1" 304 -
116.238.181.252 - - [25/Mar/2020:11:08:38 +0800] "GET /xingrg/javascript/jquery_easy_ui/easyui-lang-zh_CN.js HTTP/1.1" 304 -
116.238.181.252 - - [25/Mar/2020:11:08:38 +0800] "GET /xingrg/javascript/jquery.form.js HTTP/1.1" 304 -
116.238.181.252 - - [25/Mar/2020:11:08:38 +0800] "GET /xingrg/javascript/jquery.utils.js HTTP/1.1" 304 -
116.238.181.252 - - [25/Mar/2020:11:08:38 +0800] "GET /xingrg/javascript/jquery.timers.js HTTP/1.1" 304 -
116.238.181.252 - - [25/Mar/2020:11:08:38 +0800] "GET /xingrg/images/blue/jxLogo.png HTTP/1.1" 304 -
116.238.181.252 - - [25/Mar/2020:11:08:38 +0800] "GET /xingrg/images/blue/navBackgound.jpg HTTP/1.1" 304 -
116.238.181.252 - - [25/Mar/2020:11:08:38 +0800] "GET /xingrg/javascript/jquery_easy_ui/themes/icons/settle_new.png HTTP/1.1" 304 -
116.238.181.252 - - [25/Mar/2020:11:08:38 +0800] "POST /xingrg/all/common/load_tree.html?tree=area_rest_tree_json&manage=1 HTTP/1.1" 200 476
116.238.181.252 - - [25/Mar/2020:11:08:38 +0800] "GET /xingrg/all/function/internal_message.html?_=1585105717812&CODE_STATE=count HTTP/1.1" 200 11
116.238.181.252 - - [25/Mar/2020:11:08:38 +0800] "GET /xingrg/check_reg.html?_=1585105717814 HTTP/1.1" 200 22
116.238.181.252 - - [25/Mar/2020:11:08:38 +0800] "GET /xingrg/javascript/jquery_easy_ui/themes/default/images/tabs_leftarrow.png HTTP/1.1" 304 -
116.238.181.252 - - [25/Mar/2020:11:08:38 +0800] "GET /xingrg/javascript/jquery_easy_ui/themes/default/images/tabs_rightarrow.png HTTP/1.1" 304 -
116.238.181.252 - - [25/Mar/2020:11:08:38 +0800] "GET /xingrg/javascript/jquery_easy_ui/themes/default/images/panel_tool_collapse.gif HTTP/1.1" 304 -
116.238.181.252 - - [25/Mar/2020:11:08:38 +0800] "GET /xingrg/images/blue/pingpu.png HTTP/1.1" 304 -
116.238.181.252 - - [25/Mar/2020:11:08:38 +0800] "POST /xingrg/load_menu.html HTTP/1.1" 200 5124
222.69.138.221 - - [25/Mar/2020:11:08:42 +0800] "GET /xingrg/all/function/internal_message.html?_=1585105718313&CODE_STATE=getMsg HTTP/1.1" 200 27
222.69.138.221 - - [25/Mar/2020:11:08:43 +0800] "GET /xingrg/kc/buy/cgsh_order_operate.html?command=get_materiel&rest_code=00149&code=00101007105&supplier_code=00100323&order_time=2020-03-25 HTTP/1.1" 200 414
114.88.170.9 - - [25/Mar/2020:11:08:46 +0800] "GET /xingrg/check_reg.html?_=1585105726400 HTTP/1.1" 200 22
114.93.75.19 - - [25/Mar/2020:11:08:54 +0800] "GET /xingrg/all/function/internal_message.html?_=1585105745403&CODE_STATE=getMsg HTTP/1.1" 200 27
124.77.241.94 - - [25/Mar/2020:11:08:57 +0800] "GET /xingrg/all/function/internal_message.html?_=1585105774178&CODE_STATE=getMsg HTTP/1.1" 200 27
114.93.75.19 - - [25/Mar/2020:11:08:57 +0800] "GET /xingrg/all/function/internal_message.html?_=1585105735119&CODE_STATE=getMsg HTTP/1.1" 200 27
117.185.32.26 - - [25/Mar/2020:11:08:57 +0800] "GET /xingrg/all/function/internal_message.html?_=1585105732788&CODE_STATE=getMsg HTTP/1.1" 200 27
114.88.170.9 - - [25/Mar/2020:11:09:03 +0800] "GET /xingrg/all/function/internal_message.html?_=1585105743104&CODE_STATE=getMsg HTTP/1.1" 200 27
116.235.222.53 - - [25/Mar/2020:11:09:09 +0800] "GET /xingrg/all/function/internal_message.html?_=1585105744797&CODE_STATE=getMsg HTTP/1.1" 200 27
180.157.252.250 - - [25/Mar/2020:11:09:10 +0800] "GET /xingrg/all/function/internal_message.html?_=1585105747954&CODE_STATE=getMsg HTTP/1.1" 200 27
180.156.150.85 - - [25/Mar/2020:11:09:12 +0800] "GET /xingrg/all/function/internal_message.html?_=1585105751583&CODE_STATE=getMsg HTTP/1.1" 200 27
117.184.7.26 - - [25/Mar/2020:11:09:12 +0800] "GET /xingrg/check_reg.html?_=1585105743475 HTTP/1.1" 302 -
117.184.7.26 - - [25/Mar/2020:11:09:12 +0800] "GET /xingrg/login.html HTTP/1.1" 200 7639
114.93.75.19 - - [25/Mar/2020:11:09:16 +0800] "GET /xingrg/all/function/internal_message.html?_=1585105754803&CODE_STATE=getMsg HTTP/1.1" 200 27
222.69.138.221 - - [25/Mar/2020:11:09:22 +0800] "GET /xingrg/kc/buy/cgsh_order_operate.html?command=get_materiel&rest_code=00149&code=00101007144&supplier_code=00100323&order_time=2020-03-25 HTTP/1.1" 200 457
117.184.7.30 - - [25/Mar/2020:11:09:23 +0800] "GET /xingrg/all/function/internal_message.html?_=1585105755495&CODE_STATE=getMsg HTTP/1.1" 200 27
117.184.7.26 - - [25/Mar/2020:11:09:23 +0800] "GET /xingrg/check_reg.html?_=1585105755499 HTTP/1.1" 200 22
117.184.7.26 - - [25/Mar/2020:11:09:31 +0800] "GET /xingrg/all/function/internal_message.html?_=1585105761756&CODE_STATE=getMsg HTTP/1.1" 302 -
117.184.7.26 - - [25/Mar/2020:11:09:31 +0800] "GET /xingrg/login.html HTTP/1.1" 200 7639
222.69.138.221 - - [25/Mar/2020:11:09:32 +0800] "POST /xingrg/kc/buy/cgsh_order_operate.html HTTP/1.1" 200 37
180.162.102.27 - - [25/Mar/2020:11:09:32 +0800] "GET /xingrg/all/function/internal_message.html?_=1585105265992&CODE_STATE=getMsg HTTP/1.1" 200 27
222.69.138.221 - - [25/Mar/2020:11:09:33 +0800] "POST /xingrg/kc/buy/cgsh_order_operate.html HTTP/1.1" 200 4456
222.69.138.221 - - [25/Mar/2020:11:09:35 +0800] "GET /xingrg/kc/print/load_data.html?order_code=212020032502605&kc_code=cgsh&condition= HTTP/1.1" 200 1387
116.238.181.252 - - [25/Mar/2020:11:09:38 +0800] "GET /xingrg/all/function/internal_message.html?_=1585105777831&CODE_STATE=getMsg HTTP/1.1" 200 27
222.69.138.221 - - [25/Mar/2020:11:09:42 +0800] "GET /xingrg/all/function/internal_message.html?_=1585105778314&CODE_STATE=getMsg HTTP/1.1" 200 27
114.93.75.19 - - [25/Mar/2020:11:09:53 +0800] "GET /xingrg/all/function/internal_message.html?_=1585105805398&CODE_STATE=getMsg HTTP/1.1" 200 27
114.93.75.19 - - [25/Mar/2020:11:09:54 +0800] "GET /xingrg/check_reg.html?_=1585105805987 HTTP/1.1" 200 22
124.77.241.94 - - [25/Mar/2020:11:09:57 +0800] "GET /xingrg/all/function/internal_message.html?_=1585105834179&CODE_STATE=getMsg HTTP/1.1" 200 27
114.93.75.19 - - [25/Mar/2020:11:09:57 +0800] "GET /xingrg/all/function/internal_message.html?_=1585105795122&CODE_STATE=getMsg HTTP/1.1" 200 27
114.93.75.19 - - [25/Mar/2020:11:09:57 +0800] "GET /xingrg/check_reg.html?_=1585105795163 HTTP/1.1" 200 22
117.185.32.26 - - [25/Mar/2020:11:09:57 +0800] "GET /xingrg/all/function/internal_message.html?_=1585105792790&CODE_STATE=getMsg HTTP/1.1" 200 27
114.88.170.9 - - [25/Mar/2020:11:10:00 +0800] "GET /xingrg/check_reg.html?_=1585106099985 HTTP/1.1" 200 22
114.88.170.9 - - [25/Mar/2020:11:10:03 +0800] "GET /xingrg/all/function/internal_message.html?_=1585105803119&CODE_STATE=getMsg HTTP/1.1" 200 27
116.235.222.53 - - [25/Mar/2020:11:10:09 +0800] "GET /xingrg/check_reg.html?_=1585105804737 HTTP/1.1" 200 22
116.235.222.53 - - [25/Mar/2020:11:10:09 +0800] "GET /xingrg/all/function/internal_message.html?_=1585105804779&CODE_STATE=getMsg HTTP/1.1" 200 27
180.157.252.250 - - [25/Mar/2020:11:10:10 +0800] "GET /xingrg/all/function/internal_message.html?_=1585105807970&CODE_STATE=getMsg HTTP/1.1" 200 27
180.156.150.85 - - [25/Mar/2020:11:10:12 +0800] "GET /xingrg/all/function/internal_message.html?_=1585105811581&CODE_STATE=getMsg HTTP/1.1" 200 27
114.93.75.19 - - [25/Mar/2020:11:10:16 +0800] "GET /xingrg/all/function/internal_message.html?_=1585105814772&CODE_STATE=getMsg HTTP/1.1" 200 27
117.184.7.26 - - [25/Mar/2020:11:10:23 +0800] "GET /xingrg/all/function/internal_message.html?_=1585105815503&CODE_STATE=getMsg HTTP/1.1" 200 27
117.184.7.26 - - [25/Mar/2020:11:10:31 +0800] "GET /xingrg/all/function/internal_message.html?_=1585105821769&CODE_STATE=getMsg HTTP/1.1" 302 -
117.184.7.26 - - [25/Mar/2020:11:10:31 +0800] "GET /xingrg/login.html HTTP/1.1" 200 7639
180.162.102.27 - - [25/Mar/2020:11:10:32 +0800] "GET /xingrg/all/function/internal_message.html?_=1585105325987&CODE_STATE=getMsg HTTP/1.1" 200 27
116.238.181.252 - - [25/Mar/2020:11:10:38 +0800] "GET /xingrg/all/function/internal_message.html?_=1585105837817&CODE_STATE=getMsg HTTP/1.1" 200 27
222.69.138.221 - - [25/Mar/2020:11:10:42 +0800] "GET /xingrg/all/function/internal_message.html?_=1585105838300&CODE_STATE=getMsg HTTP/1.1" 200 27
114.93.75.19 - - [25/Mar/2020:11:10:54 +0800] "GET /xingrg/all/function/internal_message.html?_=1585105865406&CODE_STATE=getMsg HTTP/1.1" 200 27
124.77.241.94 - - [25/Mar/2020:11:10:56 +0800] "GET /xingrg/check_reg.html?_=1585105893197 HTTP/1.1" 200 22
124.77.241.94 - - [25/Mar/2020:11:10:57 +0800] "GET /xingrg/all/function/internal_message.html?_=1585105894190&CODE_STATE=getMsg HTTP/1.1" 200 27
114.93.75.19 - - [25/Mar/2020:11:10:57 +0800] "GET /xingrg/all/function/internal_message.html?_=1585105855119&CODE_STATE=getMsg HTTP/1.1" 200 27
117.185.32.26 - - [25/Mar/2020:11:10:57 +0800] "GET /xingrg/all/function/internal_message.html?_=1585105852787&CODE_STATE=getMsg HTTP/1.1" 200 27
114.88.170.9 - - [25/Mar/2020:11:11:03 +0800] "GET /xingrg/all/function/internal_message.html?_=1585105863146&CODE_STATE=getMsg HTTP/1.1" 200 27
116.235.222.53 - - [25/Mar/2020:11:11:09 +0800] "GET /xingrg/all/function/internal_message.html?_=1585105864783&CODE_STATE=getMsg HTTP/1.1" 200 27
180.157.252.250 - - [25/Mar/2020:11:11:10 +0800] "GET /xingrg/all/function/internal_message.html?_=1585105867953&CODE_STATE=getMsg HTTP/1.1" 200 27
180.157.252.250 - - [25/Mar/2020:11:11:10 +0800] "GET /xingrg/check_reg.html?_=1585105867957 HTTP/1.1" 200 22
180.156.150.85 - - [25/Mar/2020:11:11:12 +0800] "GET /xingrg/all/function/internal_message.html?_=1585105871582&CODE_STATE=getMsg HTTP/1.1" 200 27
114.93.75.19 - - [25/Mar/2020:11:11:16 +0800] "GET /xingrg/all/function/internal_message.html?_=1585105874758&CODE_STATE=getMsg HTTP/1.1" 200 27
117.184.7.26 - - [25/Mar/2020:11:11:23 +0800] "GET /xingrg/all/function/internal_message.html?_=1585105875504&CODE_STATE=getMsg HTTP/1.1" 200 27
117.184.7.26 - - [25/Mar/2020:11:11:31 +0800] "GET /xingrg/all/function/internal_message.html?_=1585105881782&CODE_STATE=getMsg HTTP/1.1" 302 -
117.184.7.26 - - [25/Mar/2020:11:11:31 +0800] "GET /xingrg/login.html HTTP/1.1" 200 7639
180.162.102.27 - - [25/Mar/2020:11:11:32 +0800] "GET /xingrg/all/function/internal_message.html?_=1585105385986&CODE_STATE=getMsg HTTP/1.1" 200 27
116.238.181.252 - - [25/Mar/2020:11:11:38 +0800] "GET /xingrg/all/function/internal_message.html?_=1585105897820&CODE_STATE=getMsg HTTP/1.1" 200 27
222.69.138.221 - - [25/Mar/2020:11:11:42 +0800] "GET /xingrg/all/function/internal_message.html?_=1585105898307&CODE_STATE=getMsg HTTP/1.1" 200 27
222.69.138.221 - - [25/Mar/2020:11:11:42 +0800] "GET /xingrg/check_reg.html?_=1585105898310 HTTP/1.1" 200 22
117.131.5.26 - - [25/Mar/2020:11:11:45 +0800] "GET /xingrg/check_reg.html?_=1585105919578 HTTP/1.1" 302 -
114.93.75.19 - - [25/Mar/2020:11:11:54 +0800] "GET /xingrg/all/function/internal_message.html?_=1585105925395&CODE_STATE=getMsg HTTP/1.1" 200 27
124.77.241.94 - - [25/Mar/2020:11:11:57 +0800] "GET /xingrg/all/function/internal_message.html?_=1585105954205&CODE_STATE=getMsg HTTP/1.1" 200 27
114.93.75.19 - - [25/Mar/2020:11:11:57 +0800] "GET /xingrg/all/function/internal_message.html?_=1585105915125&CODE_STATE=getMsg HTTP/1.1" 200 27
117.185.32.26 - - [25/Mar/2020:11:11:57 +0800] "GET /xingrg/all/function/internal_message.html?_=1585105912788&CODE_STATE=getMsg HTTP/1.1" 200 27
114.88.170.9 - - [25/Mar/2020:11:12:03 +0800] "GET /xingrg/all/function/internal_message.html?_=1585105923161&CODE_STATE=getMsg HTTP/1.1" 200 27
116.235.222.53 - - [25/Mar/2020:11:12:09 +0800] "GET /xingrg/all/function/internal_message.html?_=1585105924777&CODE_STATE=getMsg HTTP/1.1" 200 27
180.157.252.250 - - [25/Mar/2020:11:12:10 +0800] "GET /xingrg/all/function/internal_message.html?_=1585105927969&CODE_STATE=getMsg HTTP/1.1" 200 27
180.156.150.85 - - [25/Mar/2020:11:12:12 +0800] "GET /xingrg/all/function/internal_message.html?_=1585105931583&CODE_STATE=getMsg HTTP/1.1" 200 27
114.93.75.19 - - [25/Mar/2020:11:12:16 +0800] "GET /xingrg/all/function/internal_message.html?_=1585105934727&CODE_STATE=getMsg HTTP/1.1" 200 27
117.184.7.26 - - [25/Mar/2020:11:12:23 +0800] "GET /xingrg/all/function/internal_message.html?_=1585105935497&CODE_STATE=getMsg HTTP/1.1" 200 27
117.184.7.26 - - [25/Mar/2020:11:12:31 +0800] "GET /xingrg/all/function/internal_message.html?_=1585105941795&CODE_STATE=getMsg HTTP/1.1" 302 -
117.184.7.26 - - [25/Mar/2020:11:12:31 +0800] "GET /xingrg/login.html HTTP/1.1" 200 7639
180.162.102.27 - - [25/Mar/2020:11:12:32 +0800] "GET /xingrg/all/function/internal_message.html?_=1585105445985&CODE_STATE=getMsg HTTP/1.1" 200 27
116.238.181.252 - - [25/Mar/2020:11:12:38 +0800] "GET /xingrg/all/function/internal_message.html?_=1585105957825&CODE_STATE=getMsg HTTP/1.1" 200 27
222.69.138.221 - - [25/Mar/2020:11:12:42 +0800] "GET /xingrg/all/function/internal_message.html?_=1585105958322&CODE_STATE=getMsg HTTP/1.1" 200 27
114.93.75.19 - - [25/Mar/2020:11:12:53 +0800] "GET /xingrg/all/function/internal_message.html?_=1585105985415&CODE_STATE=getMsg HTTP/1.1" 200 27
124.77.241.94 - - [25/Mar/2020:11:12:57 +0800] "GET /xingrg/all/function/internal_message.html?_=1585106014220&CODE_STATE=getMsg HTTP/1.1" 200 27
114.93.75.19 - - [25/Mar/2020:11:12:57 +0800] "GET /xingrg/all/function/internal_message.html?_=1585105975117&CODE_STATE=getMsg HTTP/1.1" 200 27
117.185.32.26 - - [25/Mar/2020:11:12:57 +0800] "GET /xingrg/all/function/internal_message.html?_=1585105972796&CODE_STATE=getMsg HTTP/1.1" 200 27
117.185.32.26 - - [25/Mar/2020:11:12:57 +0800] "GET /xingrg/check_reg.html?_=1585105972800 HTTP/1.1" 200 22
114.88.170.9 - - [25/Mar/2020:11:13:03 +0800] "GET /xingrg/all/function/internal_message.html?_=1585105983196&CODE_STATE=getMsg HTTP/1.1" 200 27
116.235.222.53 - - [25/Mar/2020:11:13:09 +0800] "GET /xingrg/all/function/internal_message.html?_=1585105984770&CODE_STATE=getMsg HTTP/1.1" 200 27
180.157.252.250 - - [25/Mar/2020:11:13:10 +0800] "GET /xingrg/all/function/internal_message.html?_=1585105987956&CODE_STATE=getMsg HTTP/1.1" 200 27
180.156.150.85 - - [25/Mar/2020:11:13:12 +0800] "GET /xingrg/check_reg.html?_=1585105991584 HTTP/1.1" 200 22
180.156.150.85 - - [25/Mar/2020:11:13:12 +0800] "GET /xingrg/all/function/internal_message.html?_=1585105991588&CODE_STATE=getMsg HTTP/1.1" 200 27
114.93.75.19 - - [25/Mar/2020:11:13:16 +0800] "GET /xingrg/all/function/internal_message.html?_=1585105994712&CODE_STATE=getMsg HTTP/1.1" 200 27
114.93.75.19 - - [25/Mar/2020:11:13:18 +0800] "GET /xingrg/check_reg.html?_=1585105996526 HTTP/1.1" 200 22
117.184.7.26 - - [25/Mar/2020:11:13:23 +0800] "GET /xingrg/all/function/internal_message.html?_=1585105995501&CODE_STATE=getMsg HTTP/1.1" 200 27
117.184.7.26 - - [25/Mar/2020:11:13:31 +0800] "GET /xingrg/all/function/internal_message.html?_=1585106001810&CODE_STATE=getMsg HTTP/1.1" 302 -
117.184.7.26 - - [25/Mar/2020:11:13:31 +0800] "GET /xingrg/login.html HTTP/1.1" 200 7639
180.162.102.27 - - [25/Mar/2020:11:13:32 +0800] "GET /xingrg/check_reg.html?_=1585105505986 HTTP/1.1" 200 22
180.162.102.27 - - [25/Mar/2020:11:13:32 +0800] "GET /xingrg/all/function/internal_message.html?_=1585105505984&CODE_STATE=getMsg HTTP/1.1" 200 27
116.238.181.252 - - [25/Mar/2020:11:13:38 +0800] "GET /xingrg/check_reg.html?_=1585106017828 HTTP/1.1" 200 22
116.238.181.252 - - [25/Mar/2020:11:13:39 +0800] "GET /xingrg/all/function/internal_message.html?_=1585106017832&CODE_STATE=getMsg HTTP/1.1" 200 27
222.69.138.221 - - [25/Mar/2020:11:13:42 +0800] "GET /xingrg/all/function/internal_message.html?_=1585106018311&CODE_STATE=getMsg HTTP/1.1" 200 27
114.88.170.9 - - [25/Mar/2020:11:13:46 +0800] "GET /xingrg/check_reg.html?_=1585106026406 HTTP/1.1" 200 22
114.93.75.19 - - [25/Mar/2020:11:13:53 +0800] "GET /xingrg/all/function/internal_message.html?_=1585106045402&CODE_STATE=getMsg HTTP/1.1" 200 27
124.77.241.94 - - [25/Mar/2020:11:13:57 +0800] "GET /xingrg/all/function/internal_message.html?_=1585106074327&CODE_STATE=getMsg HTTP/1.1" 200 27
114.93.75.19 - - [25/Mar/2020:11:13:57 +0800] "GET /xingrg/all/function/internal_message.html?_=1585106035123&CODE_STATE=getMsg HTTP/1.1" 200 27
117.185.32.26 - - [25/Mar/2020:11:13:57 +0800] "GET /xingrg/all/function/internal_message.html?_=1585106032786&CODE_STATE=getMsg HTTP/1.1" 200 27
114.88.170.9 - - [25/Mar/2020:11:14:03 +0800] "GET /xingrg/all/function/internal_message.html?_=1585106043203&CODE_STATE=getMsg HTTP/1.1" 200 27
116.235.222.53 - - [25/Mar/2020:11:14:09 +0800] "GET /xingrg/all/function/internal_message.html?_=1585106044772&CODE_STATE=getMsg HTTP/1.1" 200 27
180.157.252.250 - - [25/Mar/2020:11:14:10 +0800] "GET /xingrg/all/function/internal_message.html?_=1585106047969&CODE_STATE=getMsg HTTP/1.1" 200 27
180.156.150.85 - - [25/Mar/2020:11:14:12 +0800] "GET /xingrg/all/function/internal_message.html?_=1585106051579&CODE_STATE=getMsg HTTP/1.1" 200 27
117.184.7.26 - - [25/Mar/2020:11:14:12 +0800] "GET /xingrg/check_reg.html?_=1585106043477 HTTP/1.1" 302 -
117.184.7.26 - - [25/Mar/2020:11:14:12 +0800] "GET /xingrg/login.html HTTP/1.1" 200 7639
114.93.75.19 - - [25/Mar/2020:11:14:16 +0800] "GET /xingrg/all/function/internal_message.html?_=1585106054683&CODE_STATE=getMsg HTTP/1.1" 200 27
117.184.7.26 - - [25/Mar/2020:11:14:23 +0800] "GET /xingrg/check_reg.html?_=1585106055508 HTTP/1.1" 200 22
117.184.7.26 - - [25/Mar/2020:11:14:23 +0800] "GET /xingrg/all/function/internal_message.html?_=1585106055512&CODE_STATE=getMsg HTTP/1.1" 200 27
117.184.7.26 - - [25/Mar/2020:11:14:31 +0800] "GET /xingrg/all/function/internal_message.html?_=1585106061824&CODE_STATE=getMsg HTTP/1.1" 302 -
117.184.7.26 - - [25/Mar/2020:11:14:31 +0800] "GET /xingrg/login.html HTTP/1.1" 200 7639
180.162.102.27 - - [25/Mar/2020:11:14:32 +0800] "GET /xingrg/all/function/internal_message.html?_=1585105565981&CODE_STATE=getMsg HTTP/1.1" 200 27
116.238.181.252 - - [25/Mar/2020:11:14:39 +0800] "GET /xingrg/all/function/internal_message.html?_=1585106077835&CODE_STATE=getMsg HTTP/1.1" 200 27
222.69.138.221 - - [25/Mar/2020:11:14:42 +0800] "GET /xingrg/all/function/internal_message.html?_=1585106078325&CODE_STATE=getMsg HTTP/1.1" 200 27
114.93.75.19 - - [25/Mar/2020:11:14:53 +0800] "GET /xingrg/all/function/internal_message.html?_=1585106105412&CODE_STATE=getMsg HTTP/1.1" 200 27
114.93.75.19 - - [25/Mar/2020:11:14:54 +0800] "GET /xingrg/check_reg.html?_=1585106105967 HTTP/1.1" 200 22
124.77.241.94 - - [25/Mar/2020:11:14:57 +0800] "GET /xingrg/all/function/internal_message.html?_=1585106134338&CODE_STATE=getMsg HTTP/1.1" 200 27
114.93.75.19 - - [25/Mar/2020:11:14:57 +0800] "GET /xingrg/all/function/internal_message.html?_=1585106095126&CODE_STATE=getMsg HTTP/1.1" 200 27
114.93.75.19 - - [25/Mar/2020:11:14:57 +0800] "GET /xingrg/check_reg.html?_=1585106095144 HTTP/1.1" 200 22
117.185.32.26 - - [25/Mar/2020:11:14:57 +0800] "GET /xingrg/all/function/internal_message.html?_=1585106092788&CODE_STATE=getMsg HTTP/1.1" 200 27
114.88.170.9 - - [25/Mar/2020:11:15:00 +0800] "GET /xingrg/check_reg.html?_=1585106399979 HTTP/1.1" 200 22
114.88.170.9 - - [25/Mar/2020:11:15:03 +0800] "GET /xingrg/all/function/internal_message.html?_=1585106103218&CODE_STATE=getMsg HTTP/1.1" 200 27
116.235.222.53 - - [25/Mar/2020:11:15:09 +0800] "GET /xingrg/all/function/internal_message.html?_=1585106104757&CODE_STATE=getMsg HTTP/1.1" 200 27
116.235.222.53 - - [25/Mar/2020:11:15:09 +0800] "GET /xingrg/check_reg.html?_=1585106104780 HTTP/1.1" 200 22
180.157.252.250 - - [25/Mar/2020:11:15:10 +0800] "GET /xingrg/all/function/internal_message.html?_=1585106107951&CODE_STATE=getMsg HTTP/1.1" 200 27
180.156.150.85 - - [25/Mar/2020:11:15:12 +0800] "GET /xingrg/all/function/internal_message.html?_=1585106111579&CODE_STATE=getMsg HTTP/1.1" 200 27
114.93.75.19 - - [25/Mar/2020:11:15:16 +0800] "GET /xingrg/all/function/internal_message.html?_=1585106114652&CODE_STATE=getMsg HTTP/1.1" 200 27
117.184.7.26 - - [25/Mar/2020:11:15:23 +0800] "GET /xingrg/all/function/internal_message.html?_=1585106115497&CODE_STATE=getMsg HTTP/1.1" 200 27
117.184.7.26 - - [25/Mar/2020:11:15:31 +0800] "GET /xingrg/all/function/internal_message.html?_=1585106121837&CODE_STATE=getMsg HTTP/1.1" 302 -
117.184.7.26 - - [25/Mar/2020:11:15:31 +0800] "GET /xingrg/login.html HTTP/1.1" 200 7639
180.162.102.27 - - [25/Mar/2020:11:15:32 +0800] "GET /xingrg/all/function/internal_message.html?_=1585105625980&CODE_STATE=getMsg HTTP/1.1" 200 27
116.238.181.252 - - [25/Mar/2020:11:15:38 +0800] "GET /xingrg/all/function/internal_message.html?_=1585106137835&CODE_STATE=getMsg HTTP/1.1" 200 27
222.69.138.221 - - [25/Mar/2020:11:15:42 +0800] "GET /xingrg/all/function/internal_message.html?_=1585106138321&CODE_STATE=getMsg HTTP/1.1" 200 27
114.93.75.19 - - [25/Mar/2020:11:15:54 +0800] "GET /xingrg/all/function/internal_message.html?_=1585106165400&CODE_STATE=getMsg HTTP/1.1" 200 27
124.77.241.94 - - [25/Mar/2020:11:15:56 +0800] "GET /xingrg/check_reg.html?_=1585106193291 HTTP/1.1" 200 22
124.77.241.94 - - [25/Mar/2020:11:15:57 +0800] "GET /xingrg/all/function/internal_message.html?_=1585106194354&CODE_STATE=getMsg HTTP/1.1" 200 27
114.93.75.19 - - [25/Mar/2020:11:15:57 +0800] "GET /xingrg/all/function/internal_message.html?_=1585106155113&CODE_STATE=getMsg HTTP/1.1" 200 27
117.185.32.26 - - [25/Mar/2020:11:15:57 +0800] "GET /xingrg/all/function/internal_message.html?_=1585106152789&CODE_STATE=getMsg HTTP/1.1" 200 27
114.88.170.9 - - [25/Mar/2020:11:16:03 +0800] "GET /xingrg/all/function/internal_message.html?_=1585106163249&CODE_STATE=getMsg HTTP/1.1" 200 27
116.235.222.53 - - [25/Mar/2020:11:16:09 +0800] "GET /xingrg/all/function/internal_message.html?_=1585106164765&CODE_STATE=getMsg HTTP/1.1" 200 27
180.157.252.250 - - [25/Mar/2020:11:16:10 +0800] "GET /xingrg/all/function/internal_message.html?_=1585106167970&CODE_STATE=getMsg HTTP/1.1" 200 27
180.157.252.250 - - [25/Mar/2020:11:16:10 +0800] "GET /xingrg/check_reg.html?_=1585106167976 HTTP/1.1" 200 22
180.156.150.85 - - [25/Mar/2020:11:16:12 +0800] "GET /xingrg/all/function/internal_message.html?_=1585106171581&CODE_STATE=getMsg HTTP/1.1" 200 27
114.93.75.19 - - [25/Mar/2020:11:16:16 +0800] "GET /xingrg/all/function/internal_message.html?_=1585106174638&CODE_STATE=getMsg HTTP/1.1" 200 27
117.184.7.26 - - [25/Mar/2020:11:16:23 +0800] "GET /xingrg/all/function/internal_message.html?_=1585106175506&CODE_STATE=getMsg HTTP/1.1" 200 27
117.184.7.26 - - [25/Mar/2020:11:16:31 +0800] "GET /xingrg/all/function/internal_message.html?_=1585106181850&CODE_STATE=getMsg HTTP/1.1" 302 -
117.184.7.26 - - [25/Mar/2020:11:16:31 +0800] "GET /xingrg/login.html HTTP/1.1" 200 7639
180.162.102.27 - - [25/Mar/2020:11:16:32 +0800] "GET /xingrg/all/function/internal_message.html?_=1585105685981&CODE_STATE=getMsg HTTP/1.1" 200 27
116.238.181.252 - - [25/Mar/2020:11:16:39 +0800] "GET /xingrg/all/function/internal_message.html?_=1585106197834&CODE_STATE=getMsg HTTP/1.1" 200 27
222.69.138.221 - - [25/Mar/2020:11:16:42 +0800] "GET /xingrg/check_reg.html?_=1585106198328 HTTP/1.1" 200 22
222.69.138.221 - - [25/Mar/2020:11:16:42 +0800] "GET /xingrg/all/function/internal_message.html?_=1585106198333&CODE_STATE=getMsg HTTP/1.1" 200 27
117.131.5.26 - - [25/Mar/2020:11:16:45 +0800] "GET /xingrg/check_reg.html?_=1585106219593 HTTP/1.1" 302 -
114.93.75.19 - - [25/Mar/2020:11:16:54 +0800] "GET /xingrg/all/function/internal_message.html?_=1585106225410&CODE_STATE=getMsg HTTP/1.1" 200 27
124.77.241.94 - - [25/Mar/2020:11:16:57 +0800] "GET /xingrg/all/function/internal_message.html?_=1585106254365&CODE_STATE=getMsg HTTP/1.1" 200 27
114.93.75.19 - - [25/Mar/2020:11:16:57 +0800] "GET /xingrg/all/function/internal_message.html?_=1585106215118&CODE_STATE=getMsg HTTP/1.1" 200 27
117.185.32.26 - - [25/Mar/2020:11:16:57 +0800] "GET /xingrg/all/function/internal_message.html?_=1585106212794&CODE_STATE=getMsg HTTP/1.1" 200 27
114.88.170.9 - - [25/Mar/2020:11:17:03 +0800] "GET /xingrg/all/function/internal_message.html?_=1585106223260&CODE_STATE=getMsg HTTP/1.1" 200 27
116.235.222.53 - - [25/Mar/2020:11:17:09 +0800] "GET /xingrg/all/function/internal_message.html?_=1585106224754&CODE_STATE=getMsg HTTP/1.1" 200 27
180.156.150.85 - - [25/Mar/2020:11:17:12 +0800] "GET /xingrg/all/function/internal_message.html?_=1585106231580&CODE_STATE=getMsg HTTP/1.1" 200 27
114.93.75.19 - - [25/Mar/2020:11:17:16 +0800] "GET /xingrg/all/function/internal_message.html?_=1585106234623&CODE_STATE=getMsg HTTP/1.1" 200 27
114.88.159.93 - - [25/Mar/2020:11:17:16 +0800] "GET /xingrg/login.html HTTP/1.1" 200 7639
114.88.159.93 - - [25/Mar/2020:11:17:17 +0800] "GET /favicon.ico HTTP/1.1" 404 -
114.88.159.93 - - [25/Mar/2020:11:17:21 +0800] "POST /xingrg/login.do HTTP/1.1" 302 -
114.88.159.93 - - [25/Mar/2020:11:17:21 +0800] "GET /xingrg/index.html?sysBaseUrl=http%3A%2F%2F117.131.15.22%3A18081%2Fxingrg%2F&costTime=34×tamp=1585106241347 HTTP/1.1" 200 17397
