114.93.75.19 - - [25/Mar/2020:10:48:57 +0800] "GET /xingrg/all/function/internal_message.html?_=1585104535127&CODE_STATE=getMsg HTTP/1.1" 200 27
117.185.32.26 - - [25/Mar/2020:10:48:57 +0800] "GET /xingrg/all/function/internal_message.html?_=1585104532766&CODE_STATE=getMsg HTTP/1.1" 200 27
180.162.102.27 - - [25/Mar/2020:10:48:59 +0800] "GET /xingrg/kc/buy/cgsh_order_operate.html?command=get_materiel&rest_code=00142&code=00101008199&supplier_code=00100161&order_time=2020-03-21 HTTP/1.1" 200 427
124.77.241.94 - - [25/Mar/2020:10:48:59 +0800] "GET /xingrg/all/function/internal_message.html?_=1585104536021&CODE_STATE=getMsg HTTP/1.1" 200 27
114.88.170.9 - - [25/Mar/2020:10:49:03 +0800] "GET /xingrg/all/function/internal_message.html?_=1585104542740&CODE_STATE=getMsg HTTP/1.1" 200 27
222.69.138.221 - - [25/Mar/2020:10:49:05 +0800] "GET /xingrg/kc/buy/cgsh_order_operate.html?command=get_materiel&rest_code=00149&code=00101016071&supplier_code=00100036&order_time=2020-03-25 HTTP/1.1" 200 432
120.204.17.73 - - [25/Mar/2020:10:49:06 +0800] "GET /xingrg/index.html?sysbaseurl=http%3a%2f%2f117.131.15.22%3a18081%2fxingrg%2f&costtime=34×tamp=1585104477129 HTTP/1.1" 302 -
180.162.102.27 - - [25/Mar/2020:10:49:07 +0800] "GET /xingrg/kc/buy/cgsh_order_operate.html?command=get_materiel&rest_code=00142&code=00101008361&supplier_code=00100161&order_time=2020-03-21 HTTP/1.1" 200 424
101.91.60.109 - - [25/Mar/2020:10:49:08 +0800] "GET /xingrg/index.html?sysbaseurl=http%3a%2f%2f117.131.15.22%3a18081%2fxingrg%2f&costtime=34×tamp=1585104477129 HTTP/1.1" 302 -
116.235.222.53 - - [25/Mar/2020:10:49:09 +0800] "GET /xingrg/all/function/internal_message.html?_=1585104544590&CODE_STATE=getMsg HTTP/1.1" 200 27
180.157.252.250 - - [25/Mar/2020:10:49:10 +0800] "GET /xingrg/all/function/internal_message.html?_=1585104547965&CODE_STATE=getMsg HTTP/1.1" 200 27
101.91.60.109 - - [25/Mar/2020:10:49:10 +0800] "GET /xingrg/login.html HTTP/1.1" 200 7639
180.156.150.85 - - [25/Mar/2020:10:49:12 +0800] "GET /xingrg/all/function/internal_message.html?_=1585104551564&CODE_STATE=getMsg HTTP/1.1" 200 27
117.184.7.26 - - [25/Mar/2020:10:49:12 +0800] "GET /xingrg/check_reg.html?_=1585104543454 HTTP/1.1" 302 -
117.184.7.26 - - [25/Mar/2020:10:49:12 +0800] "GET /xingrg/login.html HTTP/1.1" 200 7639
117.185.32.26 - - [25/Mar/2020:10:49:13 +0800] "POST /xingrg/kc/base/yddb_list_operate.html HTTP/1.1" 200 7389
180.162.102.27 - - [25/Mar/2020:10:49:13 +0800] "GET /xingrg/kc/buy/cgsh_order_operate.html?command=get_materiel&rest_code=00142&code=00101008155&supplier_code=00100161&order_time=2020-03-21 HTTP/1.1" 200 424
222.69.138.221 - - [25/Mar/2020:10:49:15 +0800] "POST /xingrg/kc/buy/cgsh_order_operate.html HTTP/1.1" 200 37
117.185.32.26 - - [25/Mar/2020:10:49:16 +0800] "GET /xingrg/kc/buy/buy_main.html HTTP/1.1" 200 12398
116.238.181.252 - - [25/Mar/2020:10:49:16 +0800] "POST /xingrg/kc/base/wldb_order_operate.html HTTP/1.1" 200 37
117.185.32.26 - - [25/Mar/2020:10:49:16 +0800] "GET /xingrg/css/new_ie.css HTTP/1.1" 404 1036
120.204.17.73 - - [25/Mar/2020:10:49:16 +0800] "GET /xingrg/login.html HTTP/1.1" 200 7639
117.185.32.26 - - [25/Mar/2020:10:49:16 +0800] "GET /xingrg/images/yd/bt.gif HTTP/1.1" 404 1040
116.238.181.252 - - [25/Mar/2020:10:49:16 +0800] "POST /xingrg/kc/base/wldb_order_operate.html HTTP/1.1" 200 8353
114.93.75.19 - - [25/Mar/2020:10:49:17 +0800] "GET /xingrg/all/function/internal_message.html?_=1585104555274&CODE_STATE=getMsg HTTP/1.1" 200 27
117.185.32.26 - - [25/Mar/2020:10:49:17 +0800] "GET /xingrg/kc/buy/cgsh_order_list.html HTTP/1.1" 200 42043
222.69.138.221 - - [25/Mar/2020:10:49:17 +0800] "POST /xingrg/kc/buy/cgsh_order_operate.html HTTP/1.1" 200 12
116.238.181.252 - - [25/Mar/2020:10:49:18 +0800] "GET /xingrg/kc/base/wldb_order_info.html?code=422020032500759 HTTP/1.1" 200 30320
117.185.32.26 - - [25/Mar/2020:10:49:18 +0800] "POST /xingrg/kc/buy/cgsh_list_operate.html HTTP/1.1" 200 876
222.69.138.221 - - [25/Mar/2020:10:49:18 +0800] "GET /xingrg/kc/buy/cgsh_order_info.html?code=212020032502578 HTTP/1.1" 200 52564
116.238.181.252 - - [25/Mar/2020:10:49:18 +0800] "GET /xingrg/javascript/easyui/themes/default/validatebox.css HTTP/1.1" 404 1104
222.69.138.221 - - [25/Mar/2020:10:49:18 +0800] "GET /xingrg/javascript/easyui/themes/default/validatebox.css HTTP/1.1" 404 1104
116.238.181.252 - - [25/Mar/2020:10:49:18 +0800] "POST /xingrg/kc/base/wldb_order_operate.html HTTP/1.1" 200 8353
117.185.32.26 - - [25/Mar/2020:10:49:18 +0800] "GET /xingrg/kc/buy/cgsh_order_add.html HTTP/1.1" 200 57657
117.185.32.26 - - [25/Mar/2020:10:49:18 +0800] "GET /xingrg/words/20200324200415_words.js HTTP/1.1" 200 717524
222.69.138.221 - - [25/Mar/2020:10:49:18 +0800] "POST /xingrg/kc/buy/cgsh_order_operate.html HTTP/1.1" 200 1785
117.185.32.26 - - [25/Mar/2020:10:49:19 +0800] "POST /xingrg/kc/buy/cgsh_order_operate.html HTTP/1.1" 200 8245
117.185.32.26 - - [25/Mar/2020:10:49:19 +0800] "GET /xingrg/all/common/auto_word.html?type=employee&rest_code=00106 HTTP/1.1" 200 205
117.185.32.26 - - [25/Mar/2020:10:49:19 +0800] "GET /xingrg/javascript/easyui/themes/default/validatebox.css HTTP/1.1" 404 1104
117.185.32.26 - - [25/Mar/2020:10:49:19 +0800] "GET /xingrg/all/common/auto_word.html?type=employee&rest_code=00106 HTTP/1.1" 200 205
117.185.32.26 - - [25/Mar/2020:10:49:19 +0800] "GET /xingrg/javascript/easyui/themes/default/tree.css HTTP/1.1" 404 1090
117.185.32.26 - - [25/Mar/2020:10:49:20 +0800] "POST /xingrg/all/common/load_tree.html?tree=supplier_tree_json&isDelete=1 HTTP/1.1" 200 46535
116.238.181.252 - - [25/Mar/2020:10:49:20 +0800] "GET /xingrg/all/function/internal_message.html?_=1585104559337&CODE_STATE=getMsg HTTP/1.1" 200 27
222.69.138.221 - - [25/Mar/2020:10:49:20 +0800] "GET /xingrg/kc/print/load_data.html?order_code=212020032502578&kc_code=cgsh&condition= HTTP/1.1" 200 1220
180.162.102.27 - - [25/Mar/2020:10:49:22 +0800] "GET /xingrg/kc/buy/cgsh_order_operate.html?command=get_materiel&rest_code=00142&code=00101008355&supplier_code=00100161&order_time=2020-03-21 HTTP/1.1" 200 424
222.69.138.221 - - [25/Mar/2020:10:49:26 +0800] "GET /xingrg/kc/buy/cgsh_order_add.html HTTP/1.1" 200 57657
222.69.138.221 - - [25/Mar/2020:10:49:26 +0800] "POST /xingrg/kc/buy/cgsh_order_operate.html HTTP/1.1" 200 8245
222.69.138.221 - - [25/Mar/2020:10:49:26 +0800] "GET /xingrg/javascript/easyui/themes/default/validatebox.css HTTP/1.1" 404 1104
58.40.7.146 - - [25/Mar/2020:10:49:27 +0800] "GET /xingrg/all/function/internal_message.html?_=1585104565533&CODE_STATE=getMsg HTTP/1.1" 200 27
58.40.7.146 - - [25/Mar/2020:10:49:27 +0800] "GET /xingrg/check_reg.html?_=1585104565534 HTTP/1.1" 200 22
117.131.5.26 - - [25/Mar/2020:10:49:28 +0800] "GET /xingrg/all/function/internal_message.html?_=1585104242888&CODE_STATE=getMsg HTTP/1.1" 200 27
180.162.102.27 - - [25/Mar/2020:10:49:29 +0800] "GET /xingrg/kc/buy/cgsh_order_operate.html?command=get_materiel&rest_code=00142&code=00101008024&supplier_code=00100161&order_time=2020-03-21 HTTP/1.1" 200 427
117.184.7.26 - - [25/Mar/2020:10:49:30 +0800] "GET /xingrg/all/function/internal_message.html?_=1585104561484&CODE_STATE=getMsg HTTP/1.1" 302 -
117.184.7.26 - - [25/Mar/2020:10:49:30 +0800] "GET /xingrg/login.html HTTP/1.1" 200 7639
180.162.102.27 - - [25/Mar/2020:10:49:32 +0800] "GET /xingrg/all/function/internal_message.html?_=1585104065989&CODE_STATE=getMsg HTTP/1.1" 200 27
180.162.102.27 - - [25/Mar/2020:10:49:36 +0800] "GET /xingrg/kc/buy/cgsh_order_operate.html?command=get_materiel&rest_code=00142&code=00101008356&supplier_code=00100161&order_time=2020-03-21 HTTP/1.1" 200 424
183.192.164.90 - - [25/Mar/2020:10:49:37 +0800] "GET /xingrg/check_reg.html?_=1585104182823 HTTP/1.1" 302 -
116.224.247.222 - - [25/Mar/2020:10:49:39 +0800] "GET /xingrg/check_reg.html?_=1585104753709 HTTP/1.1" 200 22
116.224.247.222 - - [25/Mar/2020:10:49:41 +0800] "GET /xingrg/all/function/internal_message.html?_=1585104756209&CODE_STATE=getMsg HTTP/1.1" 200 27
116.238.181.252 - - [25/Mar/2020:10:49:42 +0800] "POST /xingrg/kc/base/wldb_order_operate.html HTTP/1.1" 200 37
222.69.138.221 - - [25/Mar/2020:10:49:42 +0800] "GET /xingrg/all/function/internal_message.html?_=1585104578320&CODE_STATE=getMsg HTTP/1.1" 200 27
116.238.181.252 - - [25/Mar/2020:10:49:42 +0800] "POST /xingrg/kc/base/wldb_order_operate.html HTTP/1.1" 200 8353
116.238.181.252 - - [25/Mar/2020:10:49:43 +0800] "GET /xingrg/kc/base/wldb_order_info.html?code=422020032500759 HTTP/1.1" 200 30335
183.192.164.90 - - [25/Mar/2020:10:49:43 +0800] "GET /xingrg/login.html HTTP/1.1" 200 7639
116.238.181.252 - - [25/Mar/2020:10:49:43 +0800] "GET /xingrg/javascript/easyui/themes/default/validatebox.css HTTP/1.1" 404 1104
116.238.181.252 - - [25/Mar/2020:10:49:44 +0800] "POST /xingrg/kc/base/wldb_order_operate.html HTTP/1.1" 200 8353
180.162.102.27 - - [25/Mar/2020:10:49:46 +0800] "GET /xingrg/kc/buy/cgsh_order_operate.html?command=get_materiel&rest_code=00142&code=00101008286&supplier_code=00100161&order_time=2020-03-21 HTTP/1.1" 200 428
116.238.181.252 - - [25/Mar/2020:10:49:49 +0800] "POST /xingrg/kc/base/wldb_order_operate.html HTTP/1.1" 200 37
116.238.181.252 - - [25/Mar/2020:10:49:50 +0800] "POST /xingrg/kc/base/wldb_order_operate.html HTTP/1.1" 200 12
116.238.181.252 - - [25/Mar/2020:10:49:50 +0800] "POST /xingrg/kc/base/wldb_order_operate.html HTTP/1.1" 200 8350
116.238.181.252 - - [25/Mar/2020:10:49:52 +0800] "GET /xingrg/kc/base/wldb_order_info.html?code=422020032500759 HTTP/1.1" 200 26201
116.238.181.252 - - [25/Mar/2020:10:49:53 +0800] "POST /xingrg/kc/base/wldb_order_operate.html HTTP/1.1" 200 6482
116.238.181.252 - - [25/Mar/2020:10:49:53 +0800] "GET /xingrg/javascript/easyui/themes/default/validatebox.css HTTP/1.1" 404 1104
180.162.102.27 - - [25/Mar/2020:10:49:53 +0800] "GET /xingrg/kc/buy/cgsh_order_operate.html?command=get_materiel&rest_code=00142&code=00101008353&supplier_code=00100161&order_time=2020-03-21 HTTP/1.1" 200 428
114.93.75.19 - - [25/Mar/2020:10:49:54 +0800] "GET /xingrg/all/function/internal_message.html?_=1585104605385&CODE_STATE=getMsg HTTP/1.1" 200 27
114.93.75.19 - - [25/Mar/2020:10:49:54 +0800] "GET /xingrg/check_reg.html?_=1585104606037 HTTP/1.1" 200 22
222.69.138.221 - - [25/Mar/2020:10:49:55 +0800] "GET /xingrg/kc/buy/cgsh_order_operate.html?command=get_materiel&rest_code=00149&code=00101006130&supplier_code=00100012&order_time=2020-03-25 HTTP/1.1" 200 442
116.238.181.252 - - [25/Mar/2020:10:49:55 +0800] "GET /xingrg/kc/print/load_data.html?order_code=422020032500759&kc_code=wldb&condition= HTTP/1.1" 200 2358
117.184.7.30 - - [25/Mar/2020:10:49:55 +0800] "GET /xingrg/all/function/internal_message.html?_=1585104587667&CODE_STATE=getMsg HTTP/1.1" 200 27
124.77.241.94 - - [25/Mar/2020:10:49:56 +0800] "GET /xingrg/all/function/internal_message.html?_=1585104633579&CODE_STATE=getMsg HTTP/1.1" 200 27
114.93.75.19 - - [25/Mar/2020:10:49:57 +0800] "GET /xingrg/check_reg.html?_=1585104595118 HTTP/1.1" 200 22
114.93.75.19 - - [25/Mar/2020:10:49:57 +0800] "GET /xingrg/all/function/internal_message.html?_=1585104595124&CODE_STATE=getMsg HTTP/1.1" 200 27
117.185.32.26 - - [25/Mar/2020:10:49:57 +0800] "GET /xingrg/all/function/internal_message.html?_=1585104592755&CODE_STATE=getMsg HTTP/1.1" 200 27
124.77.241.94 - - [25/Mar/2020:10:49:59 +0800] "GET /xingrg/all/function/internal_message.html?_=1585104596022&CODE_STATE=getMsg HTTP/1.1" 200 27
114.88.170.9 - - [25/Mar/2020:10:50:00 +0800] "GET /xingrg/check_reg.html?_=1585104899960 HTTP/1.1" 200 22
114.88.170.9 - - [25/Mar/2020:10:50:03 +0800] "GET /xingrg/all/function/internal_message.html?_=1585104602755&CODE_STATE=getMsg HTTP/1.1" 200 27
117.185.32.26 - - [25/Mar/2020:10:50:06 +0800] "GET /xingrg/javascript/auto/indicator.gif HTTP/1.1" 404 1066
180.162.102.27 - - [25/Mar/2020:10:50:06 +0800] "GET /xingrg/kc/buy/cgsh_order_operate.html?command=get_materiel&rest_code=00142&code=00101008351&supplier_code=00100161&order_time=2020-03-21 HTTP/1.1" 200 428
222.69.138.221 - - [25/Mar/2020:10:50:09 +0800] "POST /xingrg/kc/buy/cgsh_order_operate.html HTTP/1.1" 200 37
116.235.222.53 - - [25/Mar/2020:10:50:09 +0800] "GET /xingrg/check_reg.html?_=1585104604621 HTTP/1.1" 200 22
116.235.222.53 - - [25/Mar/2020:10:50:09 +0800] "GET /xingrg/all/function/internal_message.html?_=1585104604623&CODE_STATE=getMsg HTTP/1.1" 200 27
117.185.32.26 - - [25/Mar/2020:10:50:10 +0800] "GET /xingrg/kc/buy/cgsh_order_operate.html?command=get_materiel&rest_code=00106&code=00101011005&supplier_code=00100050&order_time=2020-03-25 HTTP/1.1" 200 428
180.157.252.250 - - [25/Mar/2020:10:50:10 +0800] "GET /xingrg/all/function/internal_message.html?_=1585104607965&CODE_STATE=getMsg HTTP/1.1" 200 27
222.69.138.221 - - [25/Mar/2020:10:50:11 +0800] "POST /xingrg/kc/buy/cgsh_order_operate.html HTTP/1.1" 200 12
180.156.150.85 - - [25/Mar/2020:10:50:12 +0800] "GET /xingrg/all/function/internal_message.html?_=1585104611566&CODE_STATE=getMsg HTTP/1.1" 200 27
222.69.138.221 - - [25/Mar/2020:10:50:12 +0800] "GET /xingrg/kc/buy/cgsh_order_info.html?code=212020032502579 HTTP/1.1" 200 52562
222.69.138.221 - - [25/Mar/2020:10:50:12 +0800] "GET /xingrg/javascript/easyui/themes/default/validatebox.css HTTP/1.1" 404 1104
222.69.138.221 - - [25/Mar/2020:10:50:12 +0800] "POST /xingrg/kc/buy/cgsh_order_operate.html HTTP/1.1" 200 624
222.69.138.221 - - [25/Mar/2020:10:50:15 +0800] "GET /xingrg/kc/print/load_data.html?order_code=212020032502579&kc_code=cgsh&condition= HTTP/1.1" 200 808
114.93.75.19 - - [25/Mar/2020:10:50:17 +0800] "GET /xingrg/all/function/internal_message.html?_=1585104615244&CODE_STATE=getMsg HTTP/1.1" 200 27
222.69.138.221 - - [25/Mar/2020:10:50:19 +0800] "GET /xingrg/kc/buy/cgsh_order_add.html HTTP/1.1" 200 57657
222.69.138.221 - - [25/Mar/2020:10:50:19 +0800] "POST /xingrg/kc/buy/cgsh_order_operate.html HTTP/1.1" 200 8245
222.69.138.221 - - [25/Mar/2020:10:50:19 +0800] "GET /xingrg/javascript/easyui/themes/default/validatebox.css HTTP/1.1" 404 1104
116.238.181.252 - - [25/Mar/2020:10:50:20 +0800] "GET /xingrg/all/function/internal_message.html?_=1585104619308&CODE_STATE=getMsg HTTP/1.1" 200 27
117.185.32.26 - - [25/Mar/2020:10:50:20 +0800] "GET /xingrg/kc/buy/cgsh_order_operate.html?command=get_materiel&rest_code=00106&code=00101011003&supplier_code=00100050&order_time=2020-03-25 HTTP/1.1" 200 412
180.162.102.27 - - [25/Mar/2020:10:50:22 +0800] "GET /xingrg/kc/buy/cgsh_order_operate.html?command=get_materiel&rest_code=00142&code=00101008357&supplier_code=00100161&order_time=2020-03-21 HTTP/1.1" 200 424
116.238.181.252 - - [25/Mar/2020:10:50:24 +0800] "GET /xingrg/kc/base/wldb_order_add.html HTTP/1.1" 200 30305
116.238.181.252 - - [25/Mar/2020:10:50:24 +0800] "POST /xingrg/kc/base/wldb_order_operate.html HTTP/1.1" 200 6806
116.238.181.252 - - [25/Mar/2020:10:50:25 +0800] "GET /xingrg/javascript/easyui/themes/default/validatebox.css HTTP/1.1" 404 1104
58.40.7.146 - - [25/Mar/2020:10:50:27 +0800] "GET /xingrg/all/function/internal_message.html?_=1585104625521&CODE_STATE=getMsg HTTP/1.1" 200 27
117.185.32.26 - - [25/Mar/2020:10:50:28 +0800] "POST /xingrg/kc/buy/cgsh_order_operate.html HTTP/1.1" 200 37
117.131.5.26 - - [25/Mar/2020:10:50:28 +0800] "GET /xingrg/all/function/internal_message.html?_=1585104302901&CODE_STATE=getMsg HTTP/1.1" 200 27
222.69.138.221 - - [25/Mar/2020:10:50:30 +0800] "GET /xingrg/kc/buy/cgsh_order_operate.html?command=get_materiel&rest_code=00149&code=00101004048&supplier_code=00100083&order_time=2020-03-25 HTTP/1.1" 200 417
117.184.7.26 - - [25/Mar/2020:10:50:30 +0800] "GET /xingrg/all/function/internal_message.html?_=1585104621498&CODE_STATE=getMsg HTTP/1.1" 302 -
117.184.7.26 - - [25/Mar/2020:10:50:30 +0800] "GET /xingrg/login.html HTTP/1.1" 200 7639
117.185.32.26 - - [25/Mar/2020:10:50:32 +0800] "POST /xingrg/kc/buy/cgsh_order_operate.html HTTP/1.1" 200 12
180.162.102.27 - - [25/Mar/2020:10:50:32 +0800] "GET /xingrg/all/function/internal_message.html?_=1585104125987&CODE_STATE=getMsg HTTP/1.1" 200 27
117.185.32.26 - - [25/Mar/2020:10:50:32 +0800] "GET /xingrg/kc/buy/cgsh_order_info.html?code=212020032502580 HTTP/1.1" 200 52564
117.185.32.26 - - [25/Mar/2020:10:50:33 +0800] "GET /xingrg/javascript/easyui/themes/default/validatebox.css HTTP/1.1" 404 1104
117.185.32.26 - - [25/Mar/2020:10:50:33 +0800] "POST /xingrg/kc/buy/cgsh_order_operate.html HTTP/1.1" 200 1196
117.131.5.26 - - [25/Mar/2020:10:50:34 +0800] "GET /xingrg/system/rest/query_items.html?_=1585104308695&table=menu&page=1&rows=20&categoryId=&key=SKY HTTP/1.1" 200 3431
117.185.32.26 - - [25/Mar/2020:10:50:34 +0800] "GET /xingrg/kc/print/load_config.html?kc_code=cgsh HTTP/1.1" 200 1841
117.185.32.26 - - [25/Mar/2020:10:50:35 +0800] "GET /xingrg/kc/print/load_data.html?order_code=212020032502580&kc_code=cgsh&condition= HTTP/1.1" 200 979
180.162.102.27 - - [25/Mar/2020:10:50:35 +0800] "GET /xingrg/kc/buy/cgsh_order_operate.html?command=get_materiel&rest_code=00142&code=00101008312&supplier_code=00100161&order_time=2020-03-21 HTTP/1.1" 200 428
117.131.5.26 - - [25/Mar/2020:10:50:36 +0800] "GET /xingrg/system/rest/query_items.html?_=1585104310612&table=menu&page=1&rows=20&categoryId=&key=SKY HTTP/1.1" 200 3431
117.131.5.26 - - [25/Mar/2020:10:50:37 +0800] "GET /xingrg/system/rest/get_item.html?table=menu&id=1940&_=1585104311526 HTTP/1.1" 200 966
117.131.5.26 - - [25/Mar/2020:10:50:37 +0800] "GET /xingrg/system/rest/get_item.html?table=menu&target=menu_rest&id=1940&_=1585104311534 HTTP/1.1" 200 869
117.131.5.26 - - [25/Mar/2020:10:50:37 +0800] "GET /xingrg/system/rest/get_item.html?table=menu&target=cook_mode&id=1940&_=1585104311533 HTTP/1.1" 200 10495
117.131.5.26 - - [25/Mar/2020:10:50:38 +0800] "GET /xingrg/system/rest/get_infos.html?command=menu_img_show&id=1940 HTTP/1.1" 200 5
222.69.138.221 - - [25/Mar/2020:10:50:39 +0800] "GET /xingrg/kc/buy/cgsh_order_operate.html?command=get_materiel&rest_code=00149&code=00101004067&supplier_code=00100083&order_time=2020-03-25 HTTP/1.1" 200 429
120.204.17.68 - - [25/Mar/2020:10:50:39 +0800] "GET /xingrg/all/function/internal_message.html?_=1585104242888&CODE_STATE=getMsg HTTP/1.1" 302 -
117.131.5.26 - - [25/Mar/2020:10:50:39 +0800] "GET /xingrg/system/rest/get_item.html?table=menu&target=menu_rest_detail&id=1940&sid=5&_=1585104313813 HTTP/1.1" 200 425
116.224.247.222 - - [25/Mar/2020:10:50:42 +0800] "GET /xingrg/all/function/internal_message.html?_=1585104816223&CODE_STATE=getMsg HTTP/1.1" 200 27
120.204.17.68 - - [25/Mar/2020:10:50:42 +0800] "GET /xingrg/login.html HTTP/1.1" 200 7639
222.69.138.221 - - [25/Mar/2020:10:50:42 +0800] "GET /xingrg/all/function/internal_message.html?_=1585104638331&CODE_STATE=getMsg HTTP/1.1" 200 27
180.162.102.27 - - [25/Mar/2020:10:50:42 +0800] "GET /xingrg/kc/buy/cgsh_order_operate.html?command=get_materiel&rest_code=00142&code=00101016057&supplier_code=00100161&order_time=2020-03-21 HTTP/1.1" 200 408
116.238.181.252 - - [25/Mar/2020:10:50:43 +0800] "GET /xingrg/kc/base/wldb_order_operate.html?command=get_materiel&rest_code=00150&base_code=0010463&code=00101001084 HTTP/1.1" 200 432
117.131.5.26 - - [25/Mar/2020:10:50:43 +0800] "POST /xingrg/system/rest/edit_item.html HTTP/1.1" 200 4
117.131.5.26 - - [25/Mar/2020:10:50:43 +0800] "GET /xingrg/system/rest/get_item.html?table=menu&target=menu_rest&id=1940&_=1585104317783 HTTP/1.1" 200 869
222.69.138.221 - - [25/Mar/2020:10:50:48 +0800] "GET /xingrg/kc/buy/cgsh_order_operate.html?command=get_materiel&rest_code=00149&code=00101004027&supplier_code=00100083&order_time=2020-03-25 HTTP/1.1" 200 409
180.162.102.27 - - [25/Mar/2020:10:50:52 +0800] "GET /xingrg/kc/buy/cgsh_order_operate.html?command=get_materiel&rest_code=00142&code=00101008283&supplier_code=00100161&order_time=2020-03-21 HTTP/1.1" 200 428
114.93.75.19 - - [25/Mar/2020:10:50:54 +0800] "GET /xingrg/all/function/internal_message.html?_=1585104665405&CODE_STATE=getMsg HTTP/1.1" 200 27
180.162.102.27 - - [25/Mar/2020:10:50:54 +0800] "POST /xingrg/kc/buy/cgsh_order_operate.html HTTP/1.1" 200 2065
124.77.241.94 - - [25/Mar/2020:10:50:55 +0800] "GET /xingrg/check_reg.html?_=1585104692816 HTTP/1.1" 200 22
117.184.7.30 - - [25/Mar/2020:10:50:55 +0800] "GET /xingrg/check_reg.html?_=1585104647667 HTTP/1.1" 200 22
117.184.7.30 - - [25/Mar/2020:10:50:55 +0800] "GET /xingrg/all/function/internal_message.html?_=1585104647670&CODE_STATE=getMsg HTTP/1.1" 200 27
124.77.241.94 - - [25/Mar/2020:10:50:56 +0800] "GET /xingrg/all/function/internal_message.html?_=1585104693591&CODE_STATE=getMsg HTTP/1.1" 200 27
114.93.75.19 - - [25/Mar/2020:10:50:57 +0800] "GET /xingrg/all/function/internal_message.html?_=1585104655127&CODE_STATE=getMsg HTTP/1.1" 200 27
117.185.32.26 - - [25/Mar/2020:10:50:57 +0800] "GET /xingrg/all/function/internal_message.html?_=1585104652760&CODE_STATE=getMsg HTTP/1.1" 200 27
180.162.102.27 - - [25/Mar/2020:10:50:58 +0800] "GET /xingrg/kc/buy/cgsh_order_operate.html?command=get_materiel&rest_code=00142&code=00101008298&supplier_code=00100161&order_time=2020-03-21 HTTP/1.1" 200 427
124.77.241.94 - - [25/Mar/2020:10:50:59 +0800] "GET /xingrg/check_reg.html?_=1585104656024 HTTP/1.1" 200 22
124.77.241.94 - - [25/Mar/2020:10:50:59 +0800] "GET /xingrg/all/function/internal_message.html?_=1585104656028&CODE_STATE=getMsg HTTP/1.1" 200 27
117.185.32.26 - - [25/Mar/2020:10:51:02 +0800] "GET /xingrg/kc/buy/cgsh_order_add.html HTTP/1.1" 200 57657
117.185.32.26 - - [25/Mar/2020:10:51:02 +0800] "GET /xingrg/javascript/easyui/themes/default/validatebox.css HTTP/1.1" 404 1104
117.185.32.26 - - [25/Mar/2020:10:51:02 +0800] "POST /xingrg/kc/buy/cgsh_order_operate.html HTTP/1.1" 200 8245
114.88.170.9 - - [25/Mar/2020:10:51:03 +0800] "GET /xingrg/all/function/internal_message.html?_=1585104662785&CODE_STATE=getMsg HTTP/1.1" 200 27
117.185.32.26 - - [25/Mar/2020:10:51:04 +0800] "GET /xingrg/javascript/easyui/themes/default/tree.css HTTP/1.1" 404 1090
117.185.32.26 - - [25/Mar/2020:10:51:04 +0800] "POST /xingrg/all/common/load_tree.html?tree=supplier_tree_json&isDelete=1 HTTP/1.1" 200 46535
180.162.102.27 - - [25/Mar/2020:10:51:05 +0800] "GET /xingrg/kc/buy/cgsh_order_operate.html?command=get_materiel&rest_code=00142&code=00101008354&supplier_code=00100161&order_time=2020-03-21 HTTP/1.1" 200 432
222.69.138.221 - - [25/Mar/2020:10:51:06 +0800] "GET /xingrg/kc/buy/cgsh_order_operate.html?command=get_materiel&rest_code=00149&code=00101004018&supplier_code=00100083&order_time=2020-03-25 HTTP/1.1" 200 416
116.235.222.53 - - [25/Mar/2020:10:51:09 +0800] "GET /xingrg/all/function/internal_message.html?_=1585104664608&CODE_STATE=getMsg HTTP/1.1" 200 27
180.157.252.250 - - [25/Mar/2020:10:51:10 +0800] "GET /xingrg/all/function/internal_message.html?_=1585104667964&CODE_STATE=getMsg HTTP/1.1" 200 27
180.157.252.250 - - [25/Mar/2020:10:51:10 +0800] "GET /xingrg/check_reg.html?_=1585104667967 HTTP/1.1" 200 22
180.156.150.85 - - [25/Mar/2020:10:51:12 +0800] "GET /xingrg/all/function/internal_message.html?_=1585104671567&CODE_STATE=getMsg HTTP/1.1" 200 27
180.162.102.27 - - [25/Mar/2020:10:51:12 +0800] "GET /xingrg/kc/buy/cgsh_order_operate.html?command=get_materiel&rest_code=00142&code=00101008323&supplier_code=00100161&order_time=2020-03-21 HTTP/1.1" 200 424
222.69.138.221 - - [25/Mar/2020:10:51:14 +0800] "POST /xingrg/kc/buy/cgsh_order_operate.html HTTP/1.1" 200 37
117.185.32.26 - - [25/Mar/2020:10:51:15 +0800] "GET /xingrg/kc/buy/cgsh_order_operate.html?command=get_materiel&rest_code=00106&code=00101016053&supplier_code=00100032&order_time=2020-03-25 HTTP/1.1" 200 408
222.69.138.221 - - [25/Mar/2020:10:51:16 +0800] "POST /xingrg/kc/buy/cgsh_order_operate.html HTTP/1.1" 200 12
114.93.75.19 - - [25/Mar/2020:10:51:17 +0800] "GET /xingrg/all/function/internal_message.html?_=1585104675213&CODE_STATE=getMsg HTTP/1.1" 200 27
222.69.138.221 - - [25/Mar/2020:10:51:17 +0800] "GET /xingrg/kc/buy/cgsh_order_info.html?code=212020032502581 HTTP/1.1" 200 52560
222.69.138.221 - - [25/Mar/2020:10:51:17 +0800] "GET /xingrg/javascript/easyui/themes/default/validatebox.css HTTP/1.1" 404 1104
222.69.138.221 - - [25/Mar/2020:10:51:17 +0800] "POST /xingrg/kc/buy/cgsh_order_operate.html HTTP/1.1" 200 2404
222.69.138.221 - - [25/Mar/2020:10:51:19 +0800] "GET /xingrg/kc/print/load_data.html?order_code=212020032502581&kc_code=cgsh&condition= HTTP/1.1" 200 1411
180.162.102.27 - - [25/Mar/2020:10:51:19 +0800] "GET /xingrg/kc/buy/cgsh_order_operate.html?command=get_materiel&rest_code=00142&code=00101008352&supplier_code=00100161&order_time=2020-03-21 HTTP/1.1" 200 427
116.238.181.252 - - [25/Mar/2020:10:51:20 +0800] "GET /xingrg/all/function/internal_message.html?_=1585104679286&CODE_STATE=getMsg HTTP/1.1" 200 27
116.238.181.252 - - [25/Mar/2020:10:51:21 +0800] "GET /xingrg/check_reg.html?_=1585104679865 HTTP/1.1" 200 22
117.185.32.26 - - [25/Mar/2020:10:51:22 +0800] "GET /xingrg/kc/buy/cgsh_order_operate.html?command=get_materiel&rest_code=00106&code=00101012030&supplier_code=00100032&order_time=2020-03-25 HTTP/1.1" 200 416
222.69.138.221 - - [25/Mar/2020:10:51:23 +0800] "GET /xingrg/kc/buy/cgsh_order_add.html HTTP/1.1" 200 57657
222.69.138.221 - - [25/Mar/2020:10:51:23 +0800] "POST /xingrg/kc/buy/cgsh_order_operate.html HTTP/1.1" 200 8245
222.69.138.221 - - [25/Mar/2020:10:51:23 +0800] "GET /xingrg/javascript/easyui/themes/default/validatebox.css HTTP/1.1" 404 1104
116.238.181.252 - - [25/Mar/2020:10:51:25 +0800] "POST /xingrg/kc/base/wldb_order_operate.html HTTP/1.1" 200 37
116.238.181.252 - - [25/Mar/2020:10:51:25 +0800] "POST /xingrg/kc/base/wldb_order_operate.html HTTP/1.1" 200 4530
58.40.7.146 - - [25/Mar/2020:10:51:27 +0800] "GET /xingrg/all/function/internal_message.html?_=1585104685523&CODE_STATE=getMsg HTTP/1.1" 200 27
116.238.181.252 - - [25/Mar/2020:10:51:27 +0800] "GET /xingrg/kc/base/wldb_order_info.html?code=422020032500762 HTTP/1.1" 200 30318
180.162.102.27 - - [25/Mar/2020:10:51:27 +0800] "GET /xingrg/kc/buy/cgsh_order_operate.html?command=get_materiel&rest_code=00142&code=00101008459&supplier_code=00100161&order_time=2020-03-21 HTTP/1.1" 200 395
116.238.181.252 - - [25/Mar/2020:10:51:28 +0800] "GET /xingrg/javascript/easyui/themes/default/validatebox.css HTTP/1.1" 404 1104
116.238.181.252 - - [25/Mar/2020:10:51:28 +0800] "POST /xingrg/kc/base/wldb_order_operate.html HTTP/1.1" 200 4530
117.131.5.26 - - [25/Mar/2020:10:51:29 +0800] "GET /xingrg/all/function/internal_message.html?_=1585104362920&CODE_STATE=getMsg HTTP/1.1" 200 27
117.184.7.26 - - [25/Mar/2020:10:51:30 +0800] "GET /xingrg/all/function/internal_message.html?_=1585104681510&CODE_STATE=getMsg HTTP/1.1" 302 -
117.184.7.26 - - [25/Mar/2020:10:51:30 +0800] "GET /xingrg/login.html HTTP/1.1" 200 7639
180.162.102.27 - - [25/Mar/2020:10:51:32 +0800] "GET /xingrg/all/function/internal_message.html?_=1585104185950&CODE_STATE=getMsg HTTP/1.1" 200 27
222.69.138.221 - - [25/Mar/2020:10:51:33 +0800] "GET /xingrg/kc/buy/cgsh_order_operate.html?command=get_materiel&rest_code=00149&code=00101007085&supplier_code=00100205&order_time=2020-03-25 HTTP/1.1" 200 434
180.162.102.27 - - [25/Mar/2020:10:51:35 +0800] "POST /xingrg/kc/buy/cgsh_order_operate.html HTTP/1.1" 200 37
117.185.32.26 - - [25/Mar/2020:10:51:35 +0800] "GET /xingrg/kc/buy/cgsh_order_operate.html?command=get_materiel&rest_code=00106&code=00101012029&supplier_code=00100032&order_time=2020-03-25 HTTP/1.1" 200 412
180.162.102.27 - - [25/Mar/2020:10:51:35 +0800] "POST /xingrg/kc/buy/cgsh_order_operate.html HTTP/1.1" 200 16199
120.204.17.71 - - [25/Mar/2020:10:51:38 +0800] "GET /xingrg/all/function/internal_message.html?_=1585104302901&CODE_STATE=getMsg HTTP/1.1" 302 -
117.185.32.26 - - [25/Mar/2020:10:51:41 +0800] "POST /xingrg/kc/buy/cgsh_order_operate.html HTTP/1.1" 200 37
116.224.247.222 - - [25/Mar/2020:10:51:42 +0800] "GET /xingrg/all/function/internal_message.html?_=1585104876235&CODE_STATE=getMsg HTTP/1.1" 200 27
222.69.138.221 - - [25/Mar/2020:10:51:42 +0800] "GET /xingrg/check_reg.html?_=1585104698267 HTTP/1.1" 200 22
222.69.138.221 - - [25/Mar/2020:10:51:42 +0800] "GET /xingrg/all/function/internal_message.html?_=1585104698298&CODE_STATE=getMsg HTTP/1.1" 200 27
117.185.32.26 - - [25/Mar/2020:10:51:42 +0800] "POST /xingrg/kc/buy/cgsh_order_operate.html HTTP/1.1" 200 12
117.185.32.26 - - [25/Mar/2020:10:51:43 +0800] "GET /xingrg/kc/buy/cgsh_order_info.html?code=212020032502583 HTTP/1.1" 200 52566
117.185.32.26 - - [25/Mar/2020:10:51:43 +0800] "GET /xingrg/javascript/easyui/themes/default/validatebox.css HTTP/1.1" 404 1104
117.185.32.26 - - [25/Mar/2020:10:51:44 +0800] "POST /xingrg/kc/buy/cgsh_order_operate.html HTTP/1.1" 200 2371
117.131.5.26 - - [25/Mar/2020:10:51:45 +0800] "GET /xingrg/check_reg.html?_=1585104719562 HTTP/1.1" 302 -
120.204.17.71 - - [25/Mar/2020:10:51:46 +0800] "GET /xingrg/login.html HTTP/1.1" 200 7639
117.185.32.26 - - [25/Mar/2020:10:51:46 +0800] "GET /xingrg/kc/print/load_data.html?order_code=212020032502583&kc_code=cgsh&condition= HTTP/1.1" 200 1387
120.204.17.68 - - [25/Mar/2020:10:51:48 +0800] "GET /xingrg/system/rest/query_items.html?_=1585104310612&table=menu&page=1&rows=20&categoryId=&key=SKY HTTP/1.1" 302 -
120.204.17.68 - - [25/Mar/2020:10:51:49 +0800] "GET /xingrg/login.html HTTP/1.1" 200 7639
222.69.138.221 - - [25/Mar/2020:10:51:51 +0800] "GET /xingrg/kc/buy/cgsh_order_operate.html?command=get_materiel&rest_code=00149&code=00101007077&supplier_code=00100205&order_time=2020-03-25 HTTP/1.1" 200 415
114.93.75.19 - - [25/Mar/2020:10:51:54 +0800] "GET /xingrg/all/function/internal_message.html?_=1585104725427&CODE_STATE=getMsg HTTP/1.1" 200 27
183.192.164.214 - - [25/Mar/2020:10:51:55 +0800] "GET /xingrg/system/rest/get_item.html?table=menu&id=1940&_=1585104311526 HTTP/1.1" 302 -
117.184.7.30 - - [25/Mar/2020:10:51:55 +0800] "GET /xingrg/all/function/internal_message.html?_=1585104707673&CODE_STATE=getMsg HTTP/1.1" 200 27
124.77.241.94 - - [25/Mar/2020:10:51:56 +0800] "GET /xingrg/all/function/internal_message.html?_=1585104753606&CODE_STATE=getMsg HTTP/1.1" 200 27
183.192.164.214 - - [25/Mar/2020:10:51:57 +0800] "GET /xingrg/login.html HTTP/1.1" 200 7639
114.93.75.19 - - [25/Mar/2020:10:51:57 +0800] "GET /xingrg/all/function/internal_message.html?_=1585104715115&CODE_STATE=getMsg HTTP/1.1" 200 27
117.185.32.26 - - [25/Mar/2020:10:51:57 +0800] "GET /xingrg/all/function/internal_message.html?_=1585104712768&CODE_STATE=getMsg HTTP/1.1" 200 27
180.162.102.27 - - [25/Mar/2020:10:51:59 +0800] "POST /xingrg/kc/buy/cgsh_order_operate.html HTTP/1.1" 200 37
124.77.241.94 - - [25/Mar/2020:10:51:59 +0800] "GET /xingrg/all/function/internal_message.html?_=1585104716027&CODE_STATE=getMsg HTTP/1.1" 200 27
222.69.138.221 - - [25/Mar/2020:10:52:00 +0800] "POST /xingrg/kc/buy/cgsh_order_operate.html HTTP/1.1" 200 37
180.162.102.27 - - [25/Mar/2020:10:52:00 +0800] "POST /xingrg/kc/buy/cgsh_order_operate.html HTTP/1.1" 200 12
117.185.32.26 - - [25/Mar/2020:10:52:01 +0800] "GET /xingrg/kc/buy/cgsh_order_add.html HTTP/1.1" 200 57657
222.69.138.221 - - [25/Mar/2020:10:52:01 +0800] "POST /xingrg/kc/buy/cgsh_order_operate.html HTTP/1.1" 200 12
180.162.102.27 - - [25/Mar/2020:10:52:01 +0800] "GET /xingrg/kc/buy/cgsh_order_info.html?code=212020032502582 HTTP/1.1" 200 51799
117.185.32.26 - - [25/Mar/2020:10:52:01 +0800] "GET /xingrg/javascript/easyui/themes/default/validatebox.css HTTP/1.1" 404 1104
117.185.32.26 - - [25/Mar/2020:10:52:01 +0800] "POST /xingrg/kc/buy/cgsh_order_operate.html HTTP/1.1" 200 8245
222.69.138.221 - - [25/Mar/2020:10:52:02 +0800] "GET /xingrg/kc/buy/cgsh_order_info.html?code=212020032502584 HTTP/1.1" 200 52560
180.162.102.27 - - [25/Mar/2020:10:52:02 +0800] "GET /xingrg/javascript/easyui/themes/default/validatebox.css HTTP/1.1" 404 1104
180.162.102.27 - - [25/Mar/2020:10:52:02 +0800] "POST /xingrg/kc/buy/cgsh_order_operate.html HTTP/1.1" 200 14144
222.69.138.221 - - [25/Mar/2020:10:52:02 +0800] "GET /xingrg/javascript/easyui/themes/default/validatebox.css HTTP/1.1" 404 1104
222.69.138.221 - - [25/Mar/2020:10:52:02 +0800] "POST /xingrg/kc/buy/cgsh_order_operate.html HTTP/1.1" 200 1201
114.88.170.9 - - [25/Mar/2020:10:52:03 +0800] "GET /xingrg/all/function/internal_message.html?_=1585104722796&CODE_STATE=getMsg HTTP/1.1" 200 27
222.69.138.221 - - [25/Mar/2020:10:52:03 +0800] "GET /xingrg/kc/print/load_data.html?order_code=212020032502584&kc_code=cgsh&condition= HTTP/1.1" 200 923
180.162.102.27 - - [25/Mar/2020:10:52:03 +0800] "GET /xingrg/kc/print/load_data.html?order_code=212020032502582&kc_code=cgsh&condition= HTTP/1.1" 200 5826
117.185.32.26 - - [25/Mar/2020:10:52:04 +0800] "GET /xingrg/javascript/easyui/themes/default/tree.css HTTP/1.1" 404 1090
117.185.32.26 - - [25/Mar/2020:10:52:04 +0800] "POST /xingrg/all/common/load_tree.html?tree=supplier_tree_json&isDelete=1 HTTP/1.1" 200 46535
116.238.181.252 - - [25/Mar/2020:10:52:04 +0800] "GET /xingrg/kc/base/wldb_order_operate.html?command=get_materiel&rest_code=00150&base_code=0010451&code=00101006152 HTTP/1.1" 200 430
117.131.5.26 - - [25/Mar/2020:10:52:05 +0800] "POST /xingrg/services/DataTransmitService HTTP/1.1" 200 524
117.131.5.26 - - [25/Mar/2020:10:52:05 +0800] "POST /xingrg/services/DataTransmitService HTTP/1.1" 200 2311
117.131.5.26 - - [25/Mar/2020:10:52:05 +0800] "POST /xingrg/services/DataTransmitService HTTP/1.1" 200 2299
117.131.5.26 - - [25/Mar/2020:10:52:05 +0800] "POST /xingrg/services/DataTransmitService HTTP/1.1" 200 1447
117.131.5.26 - - [25/Mar/2020:10:52:06 +0800] "POST /xingrg/services/DataTransmitService HTTP/1.1" 200 119016
180.162.102.27 - - [25/Mar/2020:10:52:09 +0800] "GET /xingrg/kc/buy/cgsh_order_add.html HTTP/1.1" 200 56890
116.235.222.53 - - [25/Mar/2020:10:52:09 +0800] "GET /xingrg/all/function/internal_message.html?_=1585104724611&CODE_STATE=getMsg HTTP/1.1" 200 27
180.162.102.27 - - [25/Mar/2020:10:52:10 +0800] "POST /xingrg/kc/buy/cgsh_order_operate.html HTTP/1.1" 200 8245
180.162.102.27 - - [25/Mar/2020:10:52:10 +0800] "GET /xingrg/javascript/easyui/themes/default/validatebox.css HTTP/1.1" 404 1104
180.157.252.250 - - [25/Mar/2020:10:52:10 +0800] "GET /xingrg/all/function/internal_message.html?_=1585104727963&CODE_STATE=getMsg HTTP/1.1" 200 27
180.156.150.85 - - [25/Mar/2020:10:52:12 +0800] "GET /xingrg/all/function/internal_message.html?_=1585104731556&CODE_STATE=getMsg HTTP/1.1" 200 27
117.185.32.26 - - [25/Mar/2020:10:52:12 +0800] "GET /xingrg/kc/buy/cgsh_order_operate.html?command=get_materiel&rest_code=00106&code=00101008337&supplier_code=00100007&order_time=2020-03-25 HTTP/1.1" 200 408
116.238.181.252 - - [25/Mar/2020:10:52:14 +0800] "GET /xingrg/kc/base/wldb_order_operate.html?command=get_materiel&rest_code=00150&base_code=0010451&code=00101008338 HTTP/1.1" 200 428
114.93.75.19 - - [25/Mar/2020:10:52:17 +0800] "GET /xingrg/all/function/internal_message.html?_=1585104735199&CODE_STATE=getMsg HTTP/1.1" 200 27
116.238.181.252 - - [25/Mar/2020:10:52:18 +0800] "GET /xingrg/kc/base/wldb_order_operate.html?command=get_materiel&rest_code=00150&base_code=0010451&code=00101008032 HTTP/1.1" 200 430
117.185.32.26 - - [25/Mar/2020:10:52:20 +0800] "GET /xingrg/kc/buy/cgsh_order_operate.html?command=get_materiel&rest_code=00106&code=00101008038&supplier_code=00100007&order_time=2020-03-25 HTTP/1.1" 200 432
116.238.181.252 - - [25/Mar/2020:10:52:20 +0800] "GET /xingrg/all/function/internal_message.html?_=1585104739269&CODE_STATE=getMsg HTTP/1.1" 200 27
117.185.32.26 - - [25/Mar/2020:10:52:26 +0800] "GET /xingrg/kc/buy/cgsh_order_operate.html?command=get_materiel&rest_code=00106&code=00101008264&supplier_code=00100007&order_time=2020-03-25 HTTP/1.1" 200 431
58.40.7.146 - - [25/Mar/2020:10:52:27 +0800] "GET /xingrg/all/function/internal_message.html?_=1585104745525&CODE_STATE=getMsg HTTP/1.1" 200 27
117.131.5.26 - - [25/Mar/2020:10:52:29 +0800] "GET /xingrg/all/function/internal_message.html?_=1585104422934&CODE_STATE=getMsg HTTP/1.1" 200 27
117.184.7.26 - - [25/Mar/2020:10:52:30 +0800] "GET /xingrg/all/function/internal_message.html?_=1585104741525&CODE_STATE=getMsg HTTP/1.1" 302 -
117.184.7.26 - - [25/Mar/2020:10:52:30 +0800] "GET /xingrg/login.html HTTP/1.1" 200 7639
180.162.102.27 - - [25/Mar/2020:10:52:32 +0800] "GET /xingrg/all/function/internal_message.html?_=1585104245970&CODE_STATE=getMsg HTTP/1.1" 200 27
117.185.32.26 - - [25/Mar/2020:10:52:34 +0800] "GET /xingrg/kc/buy/cgsh_order_operate.html?command=get_materiel&rest_code=00106&code=00101008024&supplier_code=00100007&order_time=2020-03-25 HTTP/1.1" 200 427
120.204.17.73 - - [25/Mar/2020:10:52:34 +0800] "GET /xingrg/all/function/internal_message.html?_=1585104362920&CODE_STATE=getMsg HTTP/1.1" 302 -
114.93.75.19 - - [25/Mar/2020:10:52:35 +0800] "GET /xingrg/login.html HTTP/1.1" 200 7639
114.93.75.19 - - [25/Mar/2020:10:52:35 +0800] "GET /xingrg/images/blue/jxLogo.png HTTP/1.1" 304 -
114.93.75.19 - - [25/Mar/2020:10:52:35 +0800] "GET /xingrg/images/blue/login_bg.png HTTP/1.1" 304 -
114.93.75.19 - - [25/Mar/2020:10:52:35 +0800] "GET /xingrg/images/blue/hj.png HTTP/1.1" 304 -
114.93.75.19 - - [25/Mar/2020:10:52:35 +0800] "GET /xingrg/images/blue/srbg.png HTTP/1.1" 304 -
114.93.75.19 - - [25/Mar/2020:10:52:35 +0800] "GET /favicon.ico HTTP/1.1" 404 -
120.204.17.73 - - [25/Mar/2020:10:52:37 +0800] "GET /xingrg/login.html HTTP/1.1" 200 7639
114.93.75.19 - - [25/Mar/2020:10:52:39 +0800] "POST /xingrg/login.do HTTP/1.1" 302 -
114.93.75.19 - - [25/Mar/2020:10:52:39 +0800] "GET /xingrg/javascript/jquery_easy_ui/themes/default/easyui.css HTTP/1.1" 304 -
114.93.75.19 - - [25/Mar/2020:10:52:39 +0800] "GET /xingrg/index.html?sysBaseUrl=http%3A%2F%2F117.131.15.22%3A18081%2Fxingrg%2F&costTime=34×tamp=1585104759556 HTTP/1.1" 200 17397
114.93.75.19 - - [25/Mar/2020:10:52:39 +0800] "GET /xingrg/css/form.css HTTP/1.1" 304 -
114.93.75.19 - - [25/Mar/2020:10:52:39 +0800] "GET /xingrg/javascript/jquery.timers.js HTTP/1.1" 304 -
114.93.75.19 - - [25/Mar/2020:10:52:39 +0800] "GET /xingrg/javascript/jquery.utils.js HTTP/1.1" 304 -
114.93.75.19 - - [25/Mar/2020:10:52:39 +0800] "GET /xingrg/javascript/jquery-1.4.2.min.js HTTP/1.1" 304 -
114.93.75.19 - - [25/Mar/2020:10:52:39 +0800] "GET /xingrg/javascript/jquery.form.js HTTP/1.1" 304 -
114.93.75.19 - - [25/Mar/2020:10:52:39 +0800] "GET /xingrg/javascript/jquery_easy_ui/easyui-lang-zh_CN.js HTTP/1.1" 304 -
114.93.75.19 - - [25/Mar/2020:10:52:39 +0800] "GET /xingrg/javascript/jquery_easy_ui/themes/icon.css HTTP/1.1" 304 -
114.93.75.19 - - [25/Mar/2020:10:52:39 +0800] "GET /xingrg/javascript/jquery_easy_ui/jquery.easyui.min.js HTTP/1.1" 304 -
114.93.75.19 - - [25/Mar/2020:10:52:39 +0800] "GET /xingrg/images/blue/navBackgound.jpg HTTP/1.1" 304 -
114.93.75.19 - - [25/Mar/2020:10:52:39 +0800] "GET /xingrg/javascript/jquery_easy_ui/themes/icons/settle_new.png HTTP/1.1" 304 -
114.93.75.19 - - [25/Mar/2020:10:52:39 +0800] "GET /favicon.ico HTTP/1.1" 404 -
114.93.75.19 - - [25/Mar/2020:10:52:39 +0800] "GET /xingrg/images/blue/pingpu.png HTTP/1.1" 304 -
114.93.75.19 - - [25/Mar/2020:10:52:39 +0800] "POST /xingrg/all/common/load_tree.html?tree=area_rest_tree_json&manage=1 HTTP/1.1" 200 351
114.93.75.19 - - [25/Mar/2020:10:52:39 +0800] "GET /xingrg/javascript/jquery_easy_ui/themes/default/images/tabs_leftarrow.png HTTP/1.1" 304 -
114.93.75.19 - - [25/Mar/2020:10:52:39 +0800] "GET /xingrg/javascript/jquery_easy_ui/themes/default/images/tabs_rightarrow.png HTTP/1.1" 304 -
114.93.75.19 - - [25/Mar/2020:10:52:39 +0800] "GET /xingrg/javascript/jquery_easy_ui/themes/default/images/panel_tool_collapse.gif HTTP/1.1" 304 -
114.93.75.19 - - [25/Mar/2020:10:52:39 +0800] "GET /xingrg/javascript/jquery_easy_ui/themes/default/images/panel_tool_expand.gif HTTP/1.1" 304 -
114.93.75.19 - - [25/Mar/2020:10:52:39 +0800] "GET /xingrg/all/function/internal_message.html?_=1585104765397&CODE_STATE=count HTTP/1.1" 200 11
114.93.75.19 - - [25/Mar/2020:10:52:39 +0800] "GET /xingrg/check_reg.html?_=1585104765398 HTTP/1.1" 200 22
114.93.75.19 - - [25/Mar/2020:10:52:39 +0800] "GET /xingrg/javascript/jquery_easy_ui/themes/default/images/tree_arrows.gif HTTP/1.1" 304 -
114.93.75.19 - - [25/Mar/2020:10:52:39 +0800] "POST /xingrg/load_menu.html HTTP/1.1" 200 9945
114.93.75.19 - - [25/Mar/2020:10:52:39 +0800] "GET /xingrg/javascript/jquery_easy_ui/themes/default/images/tree_folder_open.gif HTTP/1.1" 304 -
114.93.75.19 - - [25/Mar/2020:10:52:39 +0800] "GET /xingrg/javascript/jquery_easy_ui/themes/icons/search_new.png HTTP/1.1" 304 -
114.93.75.19 - - [25/Mar/2020:10:52:39 +0800] "GET /xingrg/javascript/jquery_easy_ui/themes/default/images/tree_folder.gif HTTP/1.1" 304 -
114.93.75.19 - - [25/Mar/2020:10:52:39 +0800] "GET /xingrg/javascript/jquery_easy_ui/themes/icons/storage_new.png HTTP/1.1" 304 -
114.93.75.19 - - [25/Mar/2020:10:52:39 +0800] "GET /xingrg/javascript/jquery_easy_ui/themes/icons/checkout_new.png HTTP/1.1" 304 -
114.93.75.19 - - [25/Mar/2020:10:52:39 +0800] "GET /xingrg/javascript/jquery_easy_ui/themes/icons/forms_new.png HTTP/1.1" 304 -
114.93.75.19 - - [25/Mar/2020:10:52:39 +0800] "GET /xingrg/javascript/jquery_easy_ui/themes/icons/setting_new.png HTTP/1.1" 304 -
114.93.75.19 - - [25/Mar/2020:10:52:39 +0800] "GET /xingrg/javascript/jquery_easy_ui/themes/icons/systemset_new.png HTTP/1.1" 304 -
114.93.75.19 - - [25/Mar/2020:10:52:39 +0800] "GET /xingrg/javascript/jquery_easy_ui/themes/default/images/tree_file.gif HTTP/1.1" 304 -
114.93.75.19 - - [25/Mar/2020:10:52:41 +0800] "POST /xingrg/load_menu.html HTTP/1.1" 200 10062
222.69.138.221 - - [25/Mar/2020:10:52:42 +0800] "GET /xingrg/all/function/internal_message.html?_=1585104758303&CODE_STATE=getMsg HTTP/1.1" 200 27
117.185.32.26 - - [25/Mar/2020:10:52:42 +0800] "GET /xingrg/kc/buy/cgsh_order_operate.html?command=get_materiel&rest_code=00106&code=00101008360&supplier_code=00100007&order_time=2020-03-25 HTTP/1.1" 200 413
116.224.247.222 - - [25/Mar/2020:10:52:42 +0800] "GET /xingrg/all/function/internal_message.html?_=1585104936567&CODE_STATE=getMsg HTTP/1.1" 200 27
180.162.102.27 - - [25/Mar/2020:10:52:43 +0800] "GET /xingrg/kc/buy/cgsh_order_operate.html?command=get_materiel&rest_code=00142&code=00101008126&supplier_code=00100161&order_time=2020-03-22 HTTP/1.1" 200 412
117.131.5.26 - - [25/Mar/2020:10:52:45 +0800] "POST /xingrg/services/DataTransmitService HTTP/1.1" 200 524
114.93.75.19 - - [25/Mar/2020:10:52:45 +0800] "GET /xingrg/javascript/jquery_easy_ui/themes/default/images/tabs_close.gif HTTP/1.1" 304 -
117.131.5.26 - - [25/Mar/2020:10:52:45 +0800] "POST /xingrg/services/DataTransmitService HTTP/1.1" 200 2311
114.93.75.19 - - [25/Mar/2020:10:52:45 +0800] "GET /xingrg/css/table.css HTTP/1.1" 304 -
114.93.75.19 - - [25/Mar/2020:10:52:45 +0800] "GET /xingrg/dwr/interface/AjaxGetFirstChart.js HTTP/1.1" 200 631
114.93.75.19 - - [25/Mar/2020:10:52:45 +0800] "GET /xingrg/dwr/util.js HTTP/1.1" 304 -
114.93.75.19 - - [25/Mar/2020:10:52:45 +0800] "GET /xingrg/javascript/Calendar.js HTTP/1.1" 304 -
114.93.75.19 - - [25/Mar/2020:10:52:45 +0800] "GET /xingrg/javascript/jquery.shich.js HTTP/1.1" 304 -
114.93.75.19 - - [25/Mar/2020:10:52:45 +0800] "GET /xingrg/javascript/convert.js HTTP/1.1" 304 -
114.93.75.19 - - [25/Mar/2020:10:52:45 +0800] "GET /xingrg/dwr/engine.js HTTP/1.1" 200 43631
114.93.75.19 - - [25/Mar/2020:10:52:45 +0800] "GET /xingrg/system/rest/list_page.html?p=menu HTTP/1.1" 200 110789
114.93.75.19 - - [25/Mar/2020:10:52:45 +0800] "GET /xingrg/ HTTP/1.1" 304 -
114.93.75.19 - - [25/Mar/2020:10:52:45 +0800] "GET /xingrg/javascript/jquery_easy_ui/themes/icons/search.png HTTP/1.1" 304 -
114.93.75.19 - - [25/Mar/2020:10:52:45 +0800] "GET /xingrg/javascript/jquery_easy_ui/themes/default/images/button_a_bg.gif HTTP/1.1" 304 -
114.93.75.19 - - [25/Mar/2020:10:52:45 +0800] "GET /xingrg/javascript/jquery_easy_ui/themes/icons/edit_add.png HTTP/1.1" 304 -
114.93.75.19 - - [25/Mar/2020:10:52:45 +0800] "GET /xingrg/javascript/jquery_easy_ui/themes/icons/pencil.png HTTP/1.1" 304 -
114.93.75.19 - - [25/Mar/2020:10:52:45 +0800] "GET /xingrg/javascript/jquery_easy_ui/themes/icons/edit_remove.png HTTP/1.1" 304 -
114.93.75.19 - - [25/Mar/2020:10:52:45 +0800] "GET /xingrg/javascript/jquery_easy_ui/themes/icons/check_new.png HTTP/1.1" 304 -
114.93.75.19 - - [25/Mar/2020:10:52:45 +0800] "GET /xingrg/javascript/jquery_easy_ui/themes/icons/uncheck_new.png HTTP/1.1" 304 -
114.93.75.19 - - [25/Mar/2020:10:52:45 +0800] "GET /xingrg/javascript/jquery_easy_ui/themes/default/images/button_a_bg.gif HTTP/1.1" 304 -
114.93.75.19 - - [25/Mar/2020:10:52:45 +0800] "GET /xingrg/javascript/jquery_easy_ui/themes/default/images/button_span_bg.gif HTTP/1.1" 304 -
114.93.75.19 - - [25/Mar/2020:10:52:45 +0800] "GET /xingrg/javascript/jquery_easy_ui/themes/icons/ok.png HTTP/1.1" 304 -
114.93.75.19 - - [25/Mar/2020:10:52:45 +0800] "GET /xingrg/images/control/ajaxLoader.gif HTTP/1.1" 304 -
114.93.75.19 - - [25/Mar/2020:10:52:45 +0800] "GET /xingrg/javascript/jquery_easy_ui/themes/default/images/datagrid_header_bg.gif HTTP/1.1" 304 -
114.93.75.19 - - [25/Mar/2020:10:52:45 +0800] "GET /xingrg/javascript/jquery_easy_ui/themes/default/images/pagination_first.gif HTTP/1.1" 304 -
114.93.75.19 - - [25/Mar/2020:10:52:45 +0800] "GET /xingrg/javascript/jquery_easy_ui/themes/default/images/pagination_prev.gif HTTP/1.1" 304 -
114.93.75.19 - - [25/Mar/2020:10:52:45 +0800] "GET /xingrg/javascript/jquery_easy_ui/themes/default/images/pagination_next.gif HTTP/1.1" 304 -
114.93.75.19 - - [25/Mar/2020:10:52:45 +0800] "GET /xingrg/javascript/jquery_easy_ui/themes/default/images/pagination_last.gif HTTP/1.1" 304 -
114.93.75.19 - - [25/Mar/2020:10:52:45 +0800] "GET /xingrg/javascript/jquery_easy_ui/themes/default/images/pagination_load.png HTTP/1.1" 304 -
114.93.75.19 - - [25/Mar/2020:10:52:45 +0800] "GET /xingrg/javascript/jquery_easy_ui/themes/default/images/pagination_loading.gif HTTP/1.1" 304 -
114.93.75.19 - - [25/Mar/2020:10:52:45 +0800] "GET /xingrg/javascript/jquery_easy_ui/themes/icons/rest.png HTTP/1.1" 304 -
114.93.75.19 - - [25/Mar/2020:10:52:45 +0800] "GET /xingrg/javascript/jquery_easy_ui/themes/icons/area.png HTTP/1.1" 304 -
114.93.75.19 - - [25/Mar/2020:10:52:45 +0800] "GET /xingrg/system/rest/query_items.html?_=1585104771397&table=menu&page=1&rows=20&categoryId=&key= HTTP/1.1" 200 4722
114.93.75.19 - - [25/Mar/2020:10:52:49 +0800] "GET /xingrg/system/rest/query_items.html?_=1585104774863&table=menu&page=1&rows=20&categoryId=&key=%25E7%25A7%258B%25E8%2591%25B5 HTTP/1.1" 200 4273
114.93.75.19 - - [25/Mar/2020:10:52:54 +0800] "GET /xingrg/all/function/internal_message.html?_=1585104785405&CODE_STATE=getMsg HTTP/1.1" 200 27
116.238.181.252 - - [25/Mar/2020:10:52:55 +0800] "POST /xingrg/kc/base/wldb_order_operate.html HTTP/1.1" 200 37
116.238.181.252 - - [25/Mar/2020:10:52:55 +0800] "POST /xingrg/kc/base/wldb_order_operate.html HTTP/1.1" 200 6429
180.162.102.27 - - [25/Mar/2020:10:52:55 +0800] "GET /xingrg/kc/buy/cgsh_order_operate.html?command=get_materiel&rest_code=00142&code=00101008005&supplier_code=00100161&order_time=2020-03-22 HTTP/1.1" 200 432
117.184.7.30 - - [25/Mar/2020:10:52:55 +0800] "GET /xingrg/all/function/internal_message.html?_=1585104767674&CODE_STATE=getMsg HTTP/1.1" 200 27
124.77.241.94 - - [25/Mar/2020:10:52:56 +0800] "GET /xingrg/all/function/internal_message.html?_=1585104813618&CODE_STATE=getMsg HTTP/1.1" 200 27
114.93.75.19 - - [25/Mar/2020:10:52:57 +0800] "GET /xingrg/system/rest/query_items.html?_=1585104783006&table=menu&page=1&rows=20&categoryId=&key=%25E7%25A7%258B%25E8%2591%25B5 HTTP/1.1" 200 4273
116.238.181.252 - - [25/Mar/2020:10:52:57 +0800] "GET /xingrg/kc/base/wldb_order_info.html?code=422020032500762 HTTP/1.1" 200 30318
114.93.75.19 - - [25/Mar/2020:10:52:57 +0800] "GET /xingrg/all/function/internal_message.html?_=1585104775121&CODE_STATE=getMsg HTTP/1.1" 200 27
117.185.32.26 - - [25/Mar/2020:10:52:57 +0800] "GET /xingrg/check_reg.html?_=1585104772761 HTTP/1.1" 200 22
117.185.32.26 - - [25/Mar/2020:10:52:57 +0800] "GET /xingrg/all/function/internal_message.html?_=1585104772765&CODE_STATE=getMsg HTTP/1.1" 200 27
116.238.181.252 - - [25/Mar/2020:10:52:58 +0800] "GET /xingrg/javascript/easyui/themes/default/validatebox.css HTTP/1.1" 404 1104
116.238.181.252 - - [25/Mar/2020:10:52:58 +0800] "POST /xingrg/kc/base/wldb_order_operate.html HTTP/1.1" 200 6429
124.77.241.94 - - [25/Mar/2020:10:52:59 +0800] "GET /xingrg/all/function/internal_message.html?_=1585104776028&CODE_STATE=getMsg HTTP/1.1" 200 27
117.185.32.26 - - [25/Mar/2020:10:53:02 +0800] "GET /xingrg/kc/buy/cgsh_order_operate.html?command=get_materiel&rest_code=00106&code=00101008077&supplier_code=00100007&order_time=2020-03-25 HTTP/1.1" 200 416
114.88.170.9 - - [25/Mar/2020:10:53:03 +0800] "GET /xingrg/all/function/internal_message.html?_=1585104782833&CODE_STATE=getMsg HTTP/1.1" 200 27
180.162.102.27 - - [25/Mar/2020:10:53:04 +0800] "GET /xingrg/kc/buy/cgsh_order_operate.html?command=get_materiel&rest_code=00142&code=00101008268&supplier_code=00100161&order_time=2020-03-22 HTTP/1.1" 200 408
114.93.75.19 - - [25/Mar/2020:10:53:08 +0800] "GET /xingrg/system/rest/query_items.html?_=1585104794547&table=menu&page=1&rows=20&categoryId=&key=%25E7%25A7%258B%25E8%2591%25B5 HTTP/1.1" 200 4273
116.235.222.53 - - [25/Mar/2020:10:53:09 +0800] "GET /xingrg/all/function/internal_message.html?_=1585104784629&CODE_STATE=getMsg HTTP/1.1" 200 27
180.157.252.250 - - [25/Mar/2020:10:53:10 +0800] "GET /xingrg/all/function/internal_message.html?_=1585104787963&CODE_STATE=getMsg HTTP/1.1" 200 27
180.156.150.85 - - [25/Mar/2020:10:53:12 +0800] "GET /xingrg/all/function/internal_message.html?_=1585104791557&CODE_STATE=getMsg HTTP/1.1" 200 27
180.156.150.85 - - [25/Mar/2020:10:53:12 +0800] "GET /xingrg/check_reg.html?_=1585104791560 HTTP/1.1" 200 22
180.162.102.27 - - [25/Mar/2020:10:53:12 +0800] "GET /xingrg/kc/buy/cgsh_order_operate.html?command=get_materiel&rest_code=00142&code=00101008361&supplier_code=00100161&order_time=2020-03-22 HTTP/1.1" 200 424
117.185.32.26 - - [25/Mar/2020:10:53:15 +0800] "GET /xingrg/kc/buy/cgsh_order_operate.html?command=get_materiel&rest_code=00106&code=00101008036&supplier_code=00100007&order_time=2020-03-25 HTTP/1.1" 200 423
