180.157.252.250 - - [24/Mar/2020:10:34:25 +0800] "GET /xingrg/system/rest/query_items.html?_=1585017263710&table=menu&page=1&rows=20&categoryId=&key=%25E6%25AF%258D%25E5%258D%25B7 HTTP/1.1" 200 2236
180.157.252.250 - - [24/Mar/2020:10:34:26 +0800] "GET /xingrg/system/rest/get_item.html?table=menu&id=2084&_=1585017264144 HTTP/1.1" 200 971
180.157.252.250 - - [24/Mar/2020:10:34:26 +0800] "GET /xingrg/system/rest/get_item.html?table=menu&target=menu_rest&id=2084&_=1585017264161 HTTP/1.1" 200 1236
180.157.252.250 - - [24/Mar/2020:10:34:26 +0800] "GET /xingrg/system/rest/get_item.html?table=menu&target=cook_mode&id=2084&_=1585017264160 HTTP/1.1" 200 9370
180.157.252.250 - - [24/Mar/2020:10:34:26 +0800] "GET /xingrg/system/rest/get_infos.html?command=menu_img_show&id=2084 HTTP/1.1" 200 5
180.157.252.250 - - [24/Mar/2020:10:34:29 +0800] "GET /xingrg/system/rest/get_item.html?table=menu&target=menu_rest_detail&id=2084&sid=14&_=1585017267156 HTTP/1.1" 200 426
180.157.252.250 - - [24/Mar/2020:10:34:32 +0800] "GET /xingrg/all/function/internal_message.html?_=1585017270763&CODE_STATE=getMsg HTTP/1.1" 200 27
180.157.252.250 - - [24/Mar/2020:10:34:34 +0800] "POST /xingrg/system/rest/edit_item.html HTTP/1.1" 200 4
180.157.252.250 - - [24/Mar/2020:10:34:34 +0800] "GET /xingrg/system/rest/get_item.html?table=menu&target=menu_rest&id=2084&_=1585017272788 HTTP/1.1" 200 1236
101.81.124.227 - - [24/Mar/2020:10:34:35 +0800] "GET /xingrg/check_reg.html?_=1585017271447 HTTP/1.1" 200 22
101.81.124.227 - - [24/Mar/2020:10:34:35 +0800] "GET /xingrg/all/function/internal_message.html?_=1585017271497&CODE_STATE=getMsg HTTP/1.1" 200 27
180.157.252.250 - - [24/Mar/2020:10:34:45 +0800] "GET /xingrg/system/rest/query_items.html?_=1585017283353&table=menu&page=1&rows=20&categoryId=&key=%25E5%25B0%258F%25E7%2599%25BD HTTP/1.1" 200 1206
180.157.252.250 - - [24/Mar/2020:10:34:46 +0800] "GET /xingrg/system/rest/query_items.html?_=1585017284684&table=menu&page=1&rows=20&categoryId=&key=%25E5%25B0%258F%25E7%2599%25BD HTTP/1.1" 200 1206
58.221.95.50 - - [24/Mar/2020:10:34:46 +0800] "GET /xingrg/all/function/internal_message.html?_=1585017637751&CODE_STATE=getMsg HTTP/1.1" 200 27
180.157.252.250 - - [24/Mar/2020:10:34:47 +0800] "GET /xingrg/system/rest/get_item.html?table=menu&id=1931&_=1585017285150 HTTP/1.1" 200 939
180.157.252.250 - - [24/Mar/2020:10:34:47 +0800] "GET /xingrg/system/rest/get_item.html?table=menu&target=menu_rest&id=1931&_=1585017285169 HTTP/1.1" 200 853
180.157.252.250 - - [24/Mar/2020:10:34:47 +0800] "GET /xingrg/system/rest/get_item.html?table=menu&target=cook_mode&id=1931&_=1585017285168 HTTP/1.1" 200 17346
180.157.252.250 - - [24/Mar/2020:10:34:47 +0800] "GET /xingrg/system/rest/get_infos.html?command=menu_img_show&id=1931 HTTP/1.1" 200 5
180.157.252.250 - - [24/Mar/2020:10:34:51 +0800] "GET /xingrg/system/rest/get_item.html?table=menu&target=menu_rest_detail&id=1931&sid=14&_=1585017289048 HTTP/1.1" 200 436
120.253.135.82 - - [24/Mar/2020:10:34:56 +0800] "GET /xingrg/all/function/internal_message.html?_=1585017041517&CODE_STATE=getMsg HTTP/1.1" 200 27
180.157.252.250 - - [24/Mar/2020:10:34:56 +0800] "POST /xingrg/system/rest/edit_item.html HTTP/1.1" 200 4
180.157.252.250 - - [24/Mar/2020:10:34:56 +0800] "GET /xingrg/system/rest/get_item.html?table=menu&target=menu_rest&id=1931&_=1585017294763 HTTP/1.1" 200 853
180.157.252.250 - - [24/Mar/2020:10:35:03 +0800] "GET /xingrg/system/rest/query_items.html?_=1585017301725&table=menu&page=1&rows=20&categoryId=&key=%25E5%25B8%25A6%25E9%25B1%25BC HTTP/1.1" 200 2604
180.157.252.250 - - [24/Mar/2020:10:35:06 +0800] "GET /xingrg/system/rest/query_items.html?_=1585017304517&table=menu&page=1&rows=20&categoryId=&key=%25E5%25B8%25A6%25E9%25B1%25BC HTTP/1.1" 200 2604
180.157.252.250 - - [24/Mar/2020:10:35:07 +0800] "GET /xingrg/system/rest/get_item.html?table=menu&id=1932&_=1585017305047 HTTP/1.1" 200 937
180.157.252.250 - - [24/Mar/2020:10:35:07 +0800] "GET /xingrg/system/rest/get_item.html?table=menu&target=menu_rest&id=1932&_=1585017305067 HTTP/1.1" 200 647
180.157.252.250 - - [24/Mar/2020:10:35:07 +0800] "GET /xingrg/system/rest/get_item.html?table=menu&target=cook_mode&id=1932&_=1585017305064 HTTP/1.1" 200 14725
180.157.252.250 - - [24/Mar/2020:10:35:07 +0800] "GET /xingrg/system/rest/get_infos.html?command=menu_img_show&id=1932 HTTP/1.1" 200 5
116.238.181.252 - - [24/Mar/2020:10:35:10 +0800] "GET /xingrg/all/function/internal_message.html?_=1585017309919&CODE_STATE=getMsg HTTP/1.1" 200 27
180.157.252.250 - - [24/Mar/2020:10:35:11 +0800] "GET /xingrg/system/rest/get_item.html?table=menu&target=menu_rest_detail&id=1932&sid=14&_=1585017308868 HTTP/1.1" 200 426
124.77.241.94 - - [24/Mar/2020:10:35:13 +0800] "GET /xingrg/all/function/internal_message.html?_=1585017346728&CODE_STATE=getMsg HTTP/1.1" 200 27
117.185.32.26 - - [24/Mar/2020:10:35:13 +0800] "GET /xingrg/all/function/internal_message.html?_=1585017309581&CODE_STATE=getMsg HTTP/1.1" 200 27
180.157.252.250 - - [24/Mar/2020:10:35:16 +0800] "POST /xingrg/system/rest/edit_item.html HTTP/1.1" 200 4
180.157.252.250 - - [24/Mar/2020:10:35:16 +0800] "GET /xingrg/system/rest/get_item.html?table=menu&target=menu_rest&id=1932&_=1585017314547 HTTP/1.1" 200 647
180.156.150.85 - - [24/Mar/2020:10:35:24 +0800] "GET /xingrg/all/function/internal_message.html?_=1585017324308&CODE_STATE=getMsg HTTP/1.1" 200 27
180.157.252.250 - - [24/Mar/2020:10:35:30 +0800] "POST /xingrg/services/DataTransmitService HTTP/1.1" 200 524
180.157.252.250 - - [24/Mar/2020:10:35:30 +0800] "POST /xingrg/services/DataTransmitService HTTP/1.1" 200 2063
180.157.252.250 - - [24/Mar/2020:10:35:30 +0800] "POST /xingrg/services/DataTransmitService HTTP/1.1" 200 2299
180.157.252.250 - - [24/Mar/2020:10:35:30 +0800] "POST /xingrg/services/DataTransmitService HTTP/1.1" 200 1447
180.157.252.250 - - [24/Mar/2020:10:35:30 +0800] "POST /xingrg/services/DataTransmitService HTTP/1.1" 200 137140
180.157.252.250 - - [24/Mar/2020:10:35:32 +0800] "GET /xingrg/check_reg.html?_=1585017330763 HTTP/1.1" 200 22
180.157.252.250 - - [24/Mar/2020:10:35:32 +0800] "GET /xingrg/all/function/internal_message.html?_=1585017330767&CODE_STATE=getMsg HTTP/1.1" 200 27
101.81.124.227 - - [24/Mar/2020:10:35:35 +0800] "GET /xingrg/all/function/internal_message.html?_=1585017331480&CODE_STATE=getMsg HTTP/1.1" 200 27
58.221.95.50 - - [24/Mar/2020:10:35:46 +0800] "GET /xingrg/all/function/internal_message.html?_=1585017697751&CODE_STATE=getMsg HTTP/1.1" 200 27
117.185.32.26 - - [24/Mar/2020:10:35:49 +0800] "GET /xingrg/check_reg.html?_=1585017345998 HTTP/1.1" 200 22
120.253.135.82 - - [24/Mar/2020:10:35:56 +0800] "GET /xingrg/all/function/internal_message.html?_=1585017101536&CODE_STATE=getMsg HTTP/1.1" 200 27
116.238.181.252 - - [24/Mar/2020:10:36:10 +0800] "GET /xingrg/all/function/internal_message.html?_=1585017369921&CODE_STATE=getMsg HTTP/1.1" 200 27
124.77.241.94 - - [24/Mar/2020:10:36:13 +0800] "GET /xingrg/all/function/internal_message.html?_=1585017406962&CODE_STATE=getMsg HTTP/1.1" 200 27
117.185.32.26 - - [24/Mar/2020:10:36:13 +0800] "GET /xingrg/all/function/internal_message.html?_=1585017369582&CODE_STATE=getMsg HTTP/1.1" 200 27
117.185.32.26 - - [24/Mar/2020:10:36:13 +0800] "GET /xingrg/check_reg.html?_=1585017369586 HTTP/1.1" 200 22
180.156.150.85 - - [24/Mar/2020:10:36:24 +0800] "GET /xingrg/all/function/internal_message.html?_=1585017384309&CODE_STATE=getMsg HTTP/1.1" 200 27
180.157.252.250 - - [24/Mar/2020:10:36:32 +0800] "GET /xingrg/all/function/internal_message.html?_=1585017390768&CODE_STATE=getMsg HTTP/1.1" 200 27
101.81.124.227 - - [24/Mar/2020:10:36:35 +0800] "GET /xingrg/all/function/internal_message.html?_=1585017391473&CODE_STATE=getMsg HTTP/1.1" 200 27
58.221.95.50 - - [24/Mar/2020:10:36:46 +0800] "GET /xingrg/check_reg.html?_=1585017757753 HTTP/1.1" 200 22
58.221.95.50 - - [24/Mar/2020:10:36:46 +0800] "GET /xingrg/all/function/internal_message.html?_=1585017757754&CODE_STATE=getMsg HTTP/1.1" 200 27
117.131.5.26 - - [24/Mar/2020:10:36:47 +0800] "GET /xingrg/check_reg.html?_=1585017419515 HTTP/1.1" 200 22
120.253.135.82 - - [24/Mar/2020:10:36:56 +0800] "GET /xingrg/all/function/internal_message.html?_=1585017161545&CODE_STATE=getMsg HTTP/1.1" 200 27
116.238.181.252 - - [24/Mar/2020:10:37:10 +0800] "GET /xingrg/all/function/internal_message.html?_=1585017429928&CODE_STATE=getMsg HTTP/1.1" 200 27
124.77.241.94 - - [24/Mar/2020:10:37:13 +0800] "GET /xingrg/all/function/internal_message.html?_=1585017466974&CODE_STATE=getMsg HTTP/1.1" 200 27
117.185.32.26 - - [24/Mar/2020:10:37:13 +0800] "GET /xingrg/all/function/internal_message.html?_=1585017429593&CODE_STATE=getMsg HTTP/1.1" 200 27
180.156.150.85 - - [24/Mar/2020:10:37:24 +0800] "GET /xingrg/all/function/internal_message.html?_=1585017444294&CODE_STATE=getMsg HTTP/1.1" 200 27
180.157.252.250 - - [24/Mar/2020:10:37:32 +0800] "GET /xingrg/all/function/internal_message.html?_=1585017450775&CODE_STATE=getMsg HTTP/1.1" 200 27
101.81.124.227 - - [24/Mar/2020:10:37:35 +0800] "GET /xingrg/all/function/internal_message.html?_=1585017451452&CODE_STATE=getMsg HTTP/1.1" 200 27
58.221.95.50 - - [24/Mar/2020:10:37:46 +0800] "GET /xingrg/all/function/internal_message.html?_=1585017817752&CODE_STATE=getMsg HTTP/1.1" 200 27
120.253.135.82 - - [24/Mar/2020:10:37:56 +0800] "GET /xingrg/check_reg.html?_=1585017221174 HTTP/1.1" 200 22
120.253.135.82 - - [24/Mar/2020:10:37:56 +0800] "GET /xingrg/all/function/internal_message.html?_=1585017221558&CODE_STATE=getMsg HTTP/1.1" 200 27
116.238.181.252 - - [24/Mar/2020:10:38:10 +0800] "GET /xingrg/check_reg.html?_=1585017489928 HTTP/1.1" 200 22
116.238.181.252 - - [24/Mar/2020:10:38:10 +0800] "GET /xingrg/all/function/internal_message.html?_=1585017489932&CODE_STATE=getMsg HTTP/1.1" 200 27
124.77.241.94 - - [24/Mar/2020:10:38:12 +0800] "GET /xingrg/check_reg.html?_=1585017526055 HTTP/1.1" 200 22
124.77.241.94 - - [24/Mar/2020:10:38:13 +0800] "GET /xingrg/all/function/internal_message.html?_=1585017526987&CODE_STATE=getMsg HTTP/1.1" 200 27
117.185.32.26 - - [24/Mar/2020:10:38:13 +0800] "GET /xingrg/all/function/internal_message.html?_=1585017489579&CODE_STATE=getMsg HTTP/1.1" 200 27
180.156.150.85 - - [24/Mar/2020:10:38:24 +0800] "GET /xingrg/all/function/internal_message.html?_=1585017504295&CODE_STATE=getMsg HTTP/1.1" 200 27
180.157.252.250 - - [24/Mar/2020:10:38:32 +0800] "GET /xingrg/all/function/internal_message.html?_=1585017510766&CODE_STATE=getMsg HTTP/1.1" 200 27
101.81.124.227 - - [24/Mar/2020:10:38:35 +0800] "GET /xingrg/all/function/internal_message.html?_=1585017511447&CODE_STATE=getMsg HTTP/1.1" 200 27
58.221.95.50 - - [24/Mar/2020:10:38:46 +0800] "GET /xingrg/all/function/internal_message.html?_=1585017877754&CODE_STATE=getMsg HTTP/1.1" 200 27
120.253.135.82 - - [24/Mar/2020:10:38:56 +0800] "GET /xingrg/all/function/internal_message.html?_=1585017281572&CODE_STATE=getMsg HTTP/1.1" 200 27
114.93.75.19 - - [24/Mar/2020:10:39:07 +0800] "GET /xingrg/check_reg.html?_=1585017545795 HTTP/1.1" 200 22
116.238.181.252 - - [24/Mar/2020:10:39:10 +0800] "GET /xingrg/all/function/internal_message.html?_=1585017549931&CODE_STATE=getMsg HTTP/1.1" 200 27
124.77.241.94 - - [24/Mar/2020:10:39:13 +0800] "GET /xingrg/all/function/internal_message.html?_=1585017587000&CODE_STATE=getMsg HTTP/1.1" 200 27
117.185.32.26 - - [24/Mar/2020:10:39:13 +0800] "GET /xingrg/all/function/internal_message.html?_=1585017549581&CODE_STATE=getMsg HTTP/1.1" 200 27
114.88.170.9 - - [24/Mar/2020:10:39:24 +0800] "POST /xingrg/services/DataTransmitService HTTP/1.1" 200 524
114.88.170.9 - - [24/Mar/2020:10:39:24 +0800] "POST /xingrg/services/DataTransmitService HTTP/1.1" 200 501
114.88.170.9 - - [24/Mar/2020:10:39:24 +0800] "POST /xingrg/services/DataTransmitService HTTP/1.1" 200 501
180.156.150.85 - - [24/Mar/2020:10:39:24 +0800] "GET /xingrg/all/function/internal_message.html?_=1585017564296&CODE_STATE=getMsg HTTP/1.1" 200 27
180.156.150.85 - - [24/Mar/2020:10:39:24 +0800] "GET /xingrg/check_reg.html?_=1585017564302 HTTP/1.1" 200 22
114.88.170.9 - - [24/Mar/2020:10:39:24 +0800] "POST /xingrg/services/DataTransmitService HTTP/1.1" 200 501
114.88.170.9 - - [24/Mar/2020:10:39:25 +0800] "POST /xingrg/services/DataTransmitService HTTP/1.1" 200 501
114.88.170.9 - - [24/Mar/2020:10:39:25 +0800] "POST /xingrg/services/DataTransmitService HTTP/1.1" 200 412
180.157.252.250 - - [24/Mar/2020:10:39:32 +0800] "GET /xingrg/all/function/internal_message.html?_=1585017570769&CODE_STATE=getMsg HTTP/1.1" 200 27
101.81.124.227 - - [24/Mar/2020:10:39:35 +0800] "GET /xingrg/all/function/internal_message.html?_=1585017571438&CODE_STATE=getMsg HTTP/1.1" 200 27
101.81.124.227 - - [24/Mar/2020:10:39:35 +0800] "GET /xingrg/check_reg.html?_=1585017571439 HTTP/1.1" 200 22
58.221.95.50 - - [24/Mar/2020:10:39:46 +0800] "GET /xingrg/all/function/internal_message.html?_=1585017937754&CODE_STATE=getMsg HTTP/1.1" 200 27
222.69.138.73 - - [24/Mar/2020:10:39:54 +0800] "GET /xingrg/login.html HTTP/1.1" 200 7639
222.69.138.73 - - [24/Mar/2020:10:39:54 +0800] "GET /favicon.ico HTTP/1.1" 404 -
120.253.135.82 - - [24/Mar/2020:10:39:56 +0800] "GET /xingrg/all/function/internal_message.html?_=1585017341586&CODE_STATE=getMsg HTTP/1.1" 200 27
222.69.138.73 - - [24/Mar/2020:10:39:59 +0800] "POST /xingrg/login.do HTTP/1.1" 302 -
222.69.138.73 - - [24/Mar/2020:10:39:59 +0800] "GET /favicon.ico HTTP/1.1" 404 -
222.69.138.73 - - [24/Mar/2020:10:39:59 +0800] "GET /xingrg/index.html?sysBaseUrl=http%3A%2F%2F117.131.15.22%3A18081%2Fxingrg%2F&costTime=47×tamp=1585017599528 HTTP/1.1" 200 17157
222.69.138.73 - - [24/Mar/2020:10:40:00 +0800] "POST /xingrg/all/common/load_tree.html?tree=area_rest_tree_json&manage=1 HTTP/1.1" 200 351
222.69.138.73 - - [24/Mar/2020:10:40:00 +0800] "GET /xingrg/all/function/internal_message.html?_=1585017597818&CODE_STATE=count HTTP/1.1" 200 11
222.69.138.73 - - [24/Mar/2020:10:40:00 +0800] "GET /xingrg/check_reg.html?_=1585017597818 HTTP/1.1" 200 22
222.69.138.73 - - [24/Mar/2020:10:40:00 +0800] "POST /xingrg/load_menu.html HTTP/1.1" 200 5124
116.238.181.252 - - [24/Mar/2020:10:40:10 +0800] "GET /xingrg/all/function/internal_message.html?_=1585017609933&CODE_STATE=getMsg HTTP/1.1" 200 27
124.77.241.94 - - [24/Mar/2020:10:40:13 +0800] "GET /xingrg/all/function/internal_message.html?_=1585017647014&CODE_STATE=getMsg HTTP/1.1" 200 27
117.185.32.26 - - [24/Mar/2020:10:40:13 +0800] "GET /xingrg/all/function/internal_message.html?_=1585017609624&CODE_STATE=getMsg HTTP/1.1" 200 27
124.77.241.94 - - [24/Mar/2020:10:40:13 +0800] "POST /xingrg/services/DataTransmitService HTTP/1.1" 200 524
124.77.241.94 - - [24/Mar/2020:10:40:13 +0800] "POST /xingrg/services/DataTransmitService HTTP/1.1" 200 501
222.69.138.73 - - [24/Mar/2020:10:40:22 +0800] "GET /xingrg/kc/buy/cgsh_order_list.html HTTP/1.1" 200 42049
222.69.138.73 - - [24/Mar/2020:10:40:24 +0800] "POST /xingrg/kc/buy/cgsh_list_operate.html HTTP/1.1" 200 1673
180.156.150.85 - - [24/Mar/2020:10:40:24 +0800] "GET /xingrg/all/function/internal_message.html?_=1585017624302&CODE_STATE=getMsg HTTP/1.1" 200 27
180.157.252.250 - - [24/Mar/2020:10:40:32 +0800] "GET /xingrg/check_reg.html?_=1585017630773 HTTP/1.1" 200 22
180.157.252.250 - - [24/Mar/2020:10:40:32 +0800] "GET /xingrg/all/function/internal_message.html?_=1585017630774&CODE_STATE=getMsg HTTP/1.1" 200 27
101.81.124.227 - - [24/Mar/2020:10:40:35 +0800] "GET /xingrg/all/function/internal_message.html?_=1585017631411&CODE_STATE=getMsg HTTP/1.1" 200 27
58.221.95.50 - - [24/Mar/2020:10:40:46 +0800] "GET /xingrg/all/function/internal_message.html?_=1585017997758&CODE_STATE=getMsg HTTP/1.1" 200 27
117.185.32.26 - - [24/Mar/2020:10:40:49 +0800] "GET /xingrg/check_reg.html?_=1585017645971 HTTP/1.1" 200 22
114.88.170.9 - - [24/Mar/2020:10:40:54 +0800] "GET /xingrg/all/function/internal_message.html?_=1585017939732&CODE_STATE=getMsg HTTP/1.1" 200 27
114.88.170.9 - - [24/Mar/2020:10:40:54 +0800] "GET /xingrg/check_reg.html?_=1585017939734 HTTP/1.1" 200 22
120.253.135.82 - - [24/Mar/2020:10:40:56 +0800] "GET /xingrg/all/function/internal_message.html?_=1585017401604&CODE_STATE=getMsg HTTP/1.1" 200 27
222.69.138.73 - - [24/Mar/2020:10:40:59 +0800] "POST /xingrg/kc/buy/cgsh_list_operate.html HTTP/1.1" 200 570
222.69.138.73 - - [24/Mar/2020:10:41:00 +0800] "GET /xingrg/all/function/internal_message.html?_=1585017657822&CODE_STATE=getMsg HTTP/1.1" 200 27
222.69.138.73 - - [24/Mar/2020:10:41:00 +0800] "GET /xingrg/kc/buy/cgsh_order_info.html?code=212020032402402 HTTP/1.1" 200 57656
222.69.138.73 - - [24/Mar/2020:10:41:01 +0800] "GET /xingrg/all/common/auto_word.html?type=employee&rest_code=00149 HTTP/1.1" 200 197
222.69.138.73 - - [24/Mar/2020:10:41:01 +0800] "GET /xingrg/javascript/easyui/themes/default/validatebox.css HTTP/1.1" 404 1104
222.69.138.73 - - [24/Mar/2020:10:41:01 +0800] "GET /xingrg/all/common/auto_word.html?type=employee&rest_code=00149 HTTP/1.1" 200 197
222.69.138.73 - - [24/Mar/2020:10:41:01 +0800] "POST /xingrg/kc/buy/cgsh_order_operate.html HTTP/1.1" 200 18641
116.238.181.252 - - [24/Mar/2020:10:41:10 +0800] "GET /xingrg/all/function/internal_message.html?_=1585017669935&CODE_STATE=getMsg HTTP/1.1" 200 27
117.185.32.26 - - [24/Mar/2020:10:41:13 +0800] "GET /xingrg/all/function/internal_message.html?_=1585017669608&CODE_STATE=getMsg HTTP/1.1" 200 27
117.185.32.26 - - [24/Mar/2020:10:41:13 +0800] "GET /xingrg/check_reg.html?_=1585017669611 HTTP/1.1" 200 22
124.77.241.94 - - [24/Mar/2020:10:41:13 +0800] "GET /xingrg/all/function/internal_message.html?_=1585017707255&CODE_STATE=getMsg HTTP/1.1" 200 27
180.156.150.85 - - [24/Mar/2020:10:41:24 +0800] "GET /xingrg/all/function/internal_message.html?_=1585017684302&CODE_STATE=getMsg HTTP/1.1" 200 27
180.157.252.250 - - [24/Mar/2020:10:41:32 +0800] "GET /xingrg/all/function/internal_message.html?_=1585017690760&CODE_STATE=getMsg HTTP/1.1" 200 27
101.81.124.227 - - [24/Mar/2020:10:41:34 +0800] "GET /xingrg/all/function/internal_message.html?_=1585017691400&CODE_STATE=getMsg HTTP/1.1" 200 27
114.88.170.9 - - [24/Mar/2020:10:41:41 +0800] "GET /xingrg/all/function/internal_message.html?_=1585017999715&CODE_STATE=getMsg HTTP/1.1" 200 27
58.221.95.50 - - [24/Mar/2020:10:41:46 +0800] "GET /xingrg/all/function/internal_message.html?_=1585018057756&CODE_STATE=getMsg HTTP/1.1" 200 27
58.221.95.50 - - [24/Mar/2020:10:41:46 +0800] "GET /xingrg/check_reg.html?_=1585018057759 HTTP/1.1" 200 22
117.131.5.26 - - [24/Mar/2020:10:41:47 +0800] "GET /xingrg/check_reg.html?_=1585017719515 HTTP/1.1" 200 22
222.69.138.73 - - [24/Mar/2020:10:41:48 +0800] "GET /xingrg/javascript/auto/indicator.gif HTTP/1.1" 404 1066
222.69.138.73 - - [24/Mar/2020:10:41:51 +0800] "GET /xingrg/kc/buy/cgsh_order_operate.html?command=get_materiel&rest_code=00149&code=00101008251&supplier_code=00100151&order_time=2020-03-24 HTTP/1.1" 200 425
120.253.135.82 - - [24/Mar/2020:10:41:56 +0800] "GET /xingrg/all/function/internal_message.html?_=1585017461612&CODE_STATE=getMsg HTTP/1.1" 200 27
222.69.138.73 - - [24/Mar/2020:10:42:00 +0800] "GET /xingrg/all/function/internal_message.html?_=1585017717830&CODE_STATE=getMsg HTTP/1.1" 200 27
116.238.181.252 - - [24/Mar/2020:10:42:10 +0800] "GET /xingrg/all/function/internal_message.html?_=1585017729936&CODE_STATE=getMsg HTTP/1.1" 200 27
117.185.32.26 - - [24/Mar/2020:10:42:13 +0800] "GET /xingrg/all/function/internal_message.html?_=1585017729612&CODE_STATE=getMsg HTTP/1.1" 200 27
124.77.241.94 - - [24/Mar/2020:10:42:13 +0800] "GET /xingrg/all/function/internal_message.html?_=1585017767261&CODE_STATE=getMsg HTTP/1.1" 200 27
180.156.150.85 - - [24/Mar/2020:10:42:24 +0800] "GET /xingrg/all/function/internal_message.html?_=1585017744306&CODE_STATE=getMsg HTTP/1.1" 200 27
180.157.252.250 - - [24/Mar/2020:10:42:32 +0800] "GET /xingrg/all/function/internal_message.html?_=1585017750760&CODE_STATE=getMsg HTTP/1.1" 200 27
101.81.124.227 - - [24/Mar/2020:10:42:34 +0800] "GET /xingrg/all/function/internal_message.html?_=1585017751385&CODE_STATE=getMsg HTTP/1.1" 200 27
114.88.170.9 - - [24/Mar/2020:10:42:40 +0800] "GET /xingrg/all/function/internal_message.html?_=1585018059683&CODE_STATE=getMsg HTTP/1.1" 200 27
58.221.95.50 - - [24/Mar/2020:10:42:46 +0800] "GET /xingrg/all/function/internal_message.html?_=1585018117757&CODE_STATE=getMsg HTTP/1.1" 200 27
120.253.135.82 - - [24/Mar/2020:10:42:56 +0800] "GET /xingrg/check_reg.html?_=1585017521185 HTTP/1.1" 200 22
120.253.135.82 - - [24/Mar/2020:10:42:56 +0800] "GET /xingrg/all/function/internal_message.html?_=1585017521626&CODE_STATE=getMsg HTTP/1.1" 200 27
180.156.150.85 - - [24/Mar/2020:10:42:58 +0800] "GET /xingrg/kc/base/wldb_order_add.html HTTP/1.1" 200 30299
180.156.150.85 - - [24/Mar/2020:10:42:59 +0800] "POST /xingrg/kc/base/wldb_order_operate.html HTTP/1.1" 200 6806
180.156.150.85 - - [24/Mar/2020:10:42:59 +0800] "GET /xingrg/javascript/easyui/themes/default/validatebox.css HTTP/1.1" 404 1104
180.156.150.85 - - [24/Mar/2020:10:43:00 +0800] "POST /xingrg/all/common/load_combo.html?type=base HTTP/1.1" 200 2878
222.69.138.73 - - [24/Mar/2020:10:43:00 +0800] "GET /xingrg/all/function/internal_message.html?_=1585017777829&CODE_STATE=getMsg HTTP/1.1" 200 27
180.156.150.85 - - [24/Mar/2020:10:43:07 +0800] "GET /xingrg/kc/base/wldb_order_operate.html?command=get_materiel&rest_code=00105&base_code=0010508&code=00102002511 HTTP/1.1" 200 434
116.238.181.252 - - [24/Mar/2020:10:43:10 +0800] "GET /xingrg/check_reg.html?_=1585017789935 HTTP/1.1" 200 22
116.238.181.252 - - [24/Mar/2020:10:43:10 +0800] "GET /xingrg/all/function/internal_message.html?_=1585017789941&CODE_STATE=getMsg HTTP/1.1" 200 27
124.77.241.94 - - [24/Mar/2020:10:43:12 +0800] "GET /xingrg/check_reg.html?_=1585017826294 HTTP/1.1" 200 22
180.156.150.85 - - [24/Mar/2020:10:43:12 +0800] "POST /xingrg/kc/base/wldb_order_operate.html HTTP/1.1" 200 37
180.156.150.85 - - [24/Mar/2020:10:43:12 +0800] "POST /xingrg/kc/base/wldb_order_operate.html HTTP/1.1" 200 2183
180.156.150.85 - - [24/Mar/2020:10:43:13 +0800] "GET /xingrg/kc/base/wldb_order_info.html?code=422020032400719 HTTP/1.1" 200 30315
117.185.32.26 - - [24/Mar/2020:10:43:13 +0800] "GET /xingrg/all/function/internal_message.html?_=1585017789613&CODE_STATE=getMsg HTTP/1.1" 200 27
124.77.241.94 - - [24/Mar/2020:10:43:13 +0800] "GET /xingrg/all/function/internal_message.html?_=1585017827273&CODE_STATE=getMsg HTTP/1.1" 200 27
180.156.150.85 - - [24/Mar/2020:10:43:13 +0800] "GET /xingrg/javascript/easyui/themes/default/validatebox.css HTTP/1.1" 404 1104
180.156.150.85 - - [24/Mar/2020:10:43:14 +0800] "POST /xingrg/kc/base/wldb_order_operate.html HTTP/1.1" 200 2183
180.156.150.85 - - [24/Mar/2020:10:43:24 +0800] "GET /xingrg/all/function/internal_message.html?_=1585017804323&CODE_STATE=getMsg HTTP/1.1" 200 27
180.157.252.250 - - [24/Mar/2020:10:43:32 +0800] "GET /xingrg/all/function/internal_message.html?_=1585017810759&CODE_STATE=getMsg HTTP/1.1" 200 27
101.81.124.227 - - [24/Mar/2020:10:43:34 +0800] "GET /xingrg/all/function/internal_message.html?_=1585017811379&CODE_STATE=getMsg HTTP/1.1" 200 27
114.88.170.9 - - [24/Mar/2020:10:43:35 +0800] "GET /xingrg/kc/buy/cgsh_order_add.html HTTP/1.1" 200 57645
114.88.170.9 - - [24/Mar/2020:10:43:36 +0800] "GET /xingrg/javascript/easyui/themes/default/validatebox.css HTTP/1.1" 404 1104
114.88.170.9 - - [24/Mar/2020:10:43:36 +0800] "POST /xingrg/kc/buy/cgsh_order_operate.html HTTP/1.1" 200 8245
114.88.170.9 - - [24/Mar/2020:10:43:41 +0800] "GET /xingrg/all/function/internal_message.html?_=1585018119780&CODE_STATE=getMsg HTTP/1.1" 200 27
117.184.7.30 - - [24/Mar/2020:10:43:44 +0800] "POST /xingrg/services/DataTransmitService HTTP/1.1" 200 524
58.221.95.50 - - [24/Mar/2020:10:43:46 +0800] "GET /xingrg/all/function/internal_message.html?_=1585018177758&CODE_STATE=getMsg HTTP/1.1" 200 27
117.184.7.30 - - [24/Mar/2020:10:43:47 +0800] "POST /xingrg/services/DataTransmitService HTTP/1.1" 200 501
117.184.7.26 - - [24/Mar/2020:10:43:53 +0800] "GET /xingrg/login.html HTTP/1.1" 200 7639
117.184.7.26 - - [24/Mar/2020:10:43:54 +0800] "GET /xingrg/images/blue/jxLogo.png HTTP/1.1" 304 -
117.184.7.26 - - [24/Mar/2020:10:43:54 +0800] "GET /xingrg/images/blue/login_bg.png HTTP/1.1" 304 -
117.184.7.26 - - [24/Mar/2020:10:43:54 +0800] "GET /xingrg/images/blue/srbg.png HTTP/1.1" 304 -
117.184.7.26 - - [24/Mar/2020:10:43:54 +0800] "GET /xingrg/images/blue/hj.png HTTP/1.1" 304 -
120.253.135.82 - - [24/Mar/2020:10:43:56 +0800] "GET /xingrg/all/function/internal_message.html?_=1585017581641&CODE_STATE=getMsg HTTP/1.1" 200 27
222.69.138.73 - - [24/Mar/2020:10:44:00 +0800] "GET /xingrg/all/function/internal_message.html?_=1585017837841&CODE_STATE=getMsg HTTP/1.1" 200 27
117.184.7.26 - - [24/Mar/2020:10:44:06 +0800] "POST /xingrg/login.do HTTP/1.1" 302 -
117.184.7.26 - - [24/Mar/2020:10:44:07 +0800] "GET /favicon.ico HTTP/1.1" 404 -
117.184.7.26 - - [24/Mar/2020:10:44:07 +0800] "GET /xingrg/index.html?sysBaseUrl=http%3A%2F%2F117.131.15.22%3A18081%2Fxingrg%2F&costTime=40×tamp=1585017846842 HTTP/1.1" 200 17397
114.93.75.19 - - [24/Mar/2020:10:44:07 +0800] "GET /xingrg/check_reg.html?_=1585017845773 HTTP/1.1" 200 22
117.184.7.26 - - [24/Mar/2020:10:44:07 +0800] "POST /xingrg/login.do HTTP/1.1" 302 -
117.184.7.26 - - [24/Mar/2020:10:44:07 +0800] "GET /xingrg/index.html?sysBaseUrl=http%3A%2F%2F117.131.15.22%3A18081%2Fxingrg%2F&costTime=38×tamp=1585017847238 HTTP/1.1" 200 17397
117.184.7.26 - - [24/Mar/2020:10:44:07 +0800] "GET /xingrg/javascript/jquery_easy_ui/themes/default/easyui.css HTTP/1.1" 304 -
117.184.7.26 - - [24/Mar/2020:10:44:07 +0800] "GET /xingrg/javascript/jquery_easy_ui/themes/icon.css HTTP/1.1" 304 -
117.184.7.26 - - [24/Mar/2020:10:44:07 +0800] "GET /xingrg/javascript/jquery-1.4.2.min.js HTTP/1.1" 304 -
117.184.7.26 - - [24/Mar/2020:10:44:07 +0800] "GET /xingrg/css/form.css HTTP/1.1" 304 -
117.184.7.26 - - [24/Mar/2020:10:44:07 +0800] "GET /xingrg/javascript/jquery_easy_ui/jquery.easyui.min.js HTTP/1.1" 304 -
117.184.7.26 - - [24/Mar/2020:10:44:07 +0800] "GET /xingrg/javascript/jquery_easy_ui/easyui-lang-zh_CN.js HTTP/1.1" 304 -
117.184.7.26 - - [24/Mar/2020:10:44:07 +0800] "GET /xingrg/javascript/jquery.form.js HTTP/1.1" 304 -
117.184.7.26 - - [24/Mar/2020:10:44:07 +0800] "GET /xingrg/javascript/jquery.utils.js HTTP/1.1" 304 -
117.184.7.26 - - [24/Mar/2020:10:44:07 +0800] "GET /xingrg/javascript/jquery.timers.js HTTP/1.1" 304 -
117.184.7.26 - - [24/Mar/2020:10:44:08 +0800] "GET /xingrg/login.html HTTP/1.1" 200 7639
117.184.7.26 - - [24/Mar/2020:10:44:08 +0800] "POST /xingrg/all/common/load_tree.html?tree=area_rest_tree_json&manage=1 HTTP/1.1" 200 470
117.184.7.26 - - [24/Mar/2020:10:44:09 +0800] "GET /xingrg/images/blue/navBackgound.jpg HTTP/1.1" 304 -
117.184.7.26 - - [24/Mar/2020:10:44:09 +0800] "GET /xingrg/javascript/jquery_easy_ui/themes/icons/settle_new.png HTTP/1.1" 304 -
117.184.7.26 - - [24/Mar/2020:10:44:09 +0800] "GET /xingrg/images/blue/pingpu.png HTTP/1.1" 304 -
117.184.7.26 - - [24/Mar/2020:10:44:09 +0800] "GET /xingrg/javascript/jquery_easy_ui/themes/default/images/tabs_leftarrow.png HTTP/1.1" 304 -
117.184.7.26 - - [24/Mar/2020:10:44:09 +0800] "GET /xingrg/javascript/jquery_easy_ui/themes/default/images/tabs_rightarrow.png HTTP/1.1" 304 -
117.184.7.26 - - [24/Mar/2020:10:44:09 +0800] "GET /xingrg/javascript/jquery_easy_ui/themes/default/images/panel_tool_collapse.gif HTTP/1.1" 304 -
117.184.7.26 - - [24/Mar/2020:10:44:09 +0800] "GET /xingrg/javascript/jquery_easy_ui/themes/default/images/panel_tool_expand.gif HTTP/1.1" 304 -
117.184.7.26 - - [24/Mar/2020:10:44:09 +0800] "POST /xingrg/load_menu.html HTTP/1.1" 200 9945
117.184.7.26 - - [24/Mar/2020:10:44:09 +0800] "GET /xingrg/all/function/internal_message.html?_=1585017841860&CODE_STATE=count HTTP/1.1" 200 11
117.184.7.26 - - [24/Mar/2020:10:44:09 +0800] "GET /xingrg/check_reg.html?_=1585017841863 HTTP/1.1" 200 22
117.184.7.26 - - [24/Mar/2020:10:44:09 +0800] "GET /xingrg/javascript/jquery_easy_ui/themes/default/images/tree_arrows.gif HTTP/1.1" 304 -
117.184.7.26 - - [24/Mar/2020:10:44:10 +0800] "GET /xingrg/javascript/jquery_easy_ui/themes/default/images/tree_folder_open.gif HTTP/1.1" 304 -
117.184.7.26 - - [24/Mar/2020:10:44:10 +0800] "GET /xingrg/javascript/jquery_easy_ui/themes/default/images/tree_folder.gif HTTP/1.1" 304 -
117.184.7.26 - - [24/Mar/2020:10:44:10 +0800] "GET /xingrg/javascript/jquery_easy_ui/themes/icons/search_new.png HTTP/1.1" 304 -
117.184.7.26 - - [24/Mar/2020:10:44:10 +0800] "GET /xingrg/javascript/jquery_easy_ui/themes/icons/storage_new.png HTTP/1.1" 304 -
117.184.7.26 - - [24/Mar/2020:10:44:10 +0800] "GET /xingrg/javascript/jquery_easy_ui/themes/icons/checkout_new.png HTTP/1.1" 304 -
117.184.7.26 - - [24/Mar/2020:10:44:10 +0800] "GET /xingrg/javascript/jquery_easy_ui/themes/icons/forms_new.png HTTP/1.1" 304 -
117.184.7.26 - - [24/Mar/2020:10:44:10 +0800] "GET /xingrg/javascript/jquery_easy_ui/themes/icons/setting_new.png HTTP/1.1" 304 -
117.184.7.26 - - [24/Mar/2020:10:44:10 +0800] "GET /xingrg/javascript/jquery_easy_ui/themes/icons/systemset_new.png HTTP/1.1" 304 -
116.238.181.252 - - [24/Mar/2020:10:44:10 +0800] "GET /xingrg/all/function/internal_message.html?_=1585017849928&CODE_STATE=getMsg HTTP/1.1" 200 27
117.184.7.26 - - [24/Mar/2020:10:44:13 +0800] "GET /xingrg/javascript/jquery_easy_ui/themes/default/images/tree_file.gif HTTP/1.1" 304 -
117.184.7.26 - - [24/Mar/2020:10:44:13 +0800] "GET /xingrg/javascript/jquery_easy_ui/themes/icons/area.png HTTP/1.1" 304 -
117.184.7.26 - - [24/Mar/2020:10:44:13 +0800] "GET /xingrg/javascript/jquery_easy_ui/themes/icons/rest.png HTTP/1.1" 304 -
117.185.32.26 - - [24/Mar/2020:10:44:13 +0800] "GET /xingrg/all/function/internal_message.html?_=1585017849614&CODE_STATE=getMsg HTTP/1.1" 200 27
124.77.241.94 - - [24/Mar/2020:10:44:13 +0800] "GET /xingrg/all/function/internal_message.html?_=1585017887288&CODE_STATE=getMsg HTTP/1.1" 200 27
117.184.7.26 - - [24/Mar/2020:10:44:14 +0800] "POST /xingrg/load_menu.html HTTP/1.1" 200 10062
117.184.7.26 - - [24/Mar/2020:10:44:16 +0800] "GET /xingrg/javascript/jquery_easy_ui/themes/default/images/tabs_close.gif HTTP/1.1" 304 -
117.184.7.26 - - [24/Mar/2020:10:44:16 +0800] "GET /xingrg/all/report/report_query.html?fileName=dma/new_5.0/yingye/order_list.xml HTTP/1.1" 200 55251
117.184.7.26 - - [24/Mar/2020:10:44:16 +0800] "GET /xingrg/css/blue.css HTTP/1.1" 304 -
117.184.7.26 - - [24/Mar/2020:10:44:16 +0800] "GET /xingrg/javascript/multi_select/jqueryMultiSelect.css HTTP/1.1" 304 -
117.184.7.26 - - [24/Mar/2020:10:44:16 +0800] "GET /xingrg/javascript/calendar/timePicker.css HTTP/1.1" 304 -
117.184.7.26 - - [24/Mar/2020:10:44:16 +0800] "GET /xingrg/javascript/bigrid/fix.css HTTP/1.1" 304 -
117.184.7.26 - - [24/Mar/2020:10:44:16 +0800] "GET /xingrg/javascript/pic_change.js HTTP/1.1" 304 -
117.184.7.26 - - [24/Mar/2020:10:44:16 +0800] "GET /xingrg/javascript/myfunction.js HTTP/1.1" 304 -
117.184.7.26 - - [24/Mar/2020:10:44:16 +0800] "GET /xingrg/javascript/jqueryMultiSelect.js HTTP/1.1" 304 -
117.184.7.26 - - [24/Mar/2020:10:44:16 +0800] "GET /xingrg/javascript/Calendar.js HTTP/1.1" 304 -
117.184.7.26 - - [24/Mar/2020:10:44:16 +0800] "GET /xingrg/dwr/interface/AjaxReportQueryService.js HTTP/1.1" 200 13203
117.184.7.26 - - [24/Mar/2020:10:44:16 +0800] "GET /xingrg/dwr/util.js HTTP/1.1" 200 35990
117.184.7.26 - - [24/Mar/2020:10:44:16 +0800] "GET /xingrg/javascript/calendar/jquery.timePicker.min.js HTTP/1.1" 304 -
117.184.7.26 - - [24/Mar/2020:10:44:16 +0800] "GET /xingrg/dwr/engine.js HTTP/1.1" 200 43631
117.184.7.26 - - [24/Mar/2020:10:44:16 +0800] "GET /xingrg/javascript/bigrid/fix.js HTTP/1.1" 304 -
117.184.7.26 - - [24/Mar/2020:10:44:16 +0800] "GET /xingrg/images/control/loading.gif HTTP/1.1" 304 -
117.184.7.26 - - [24/Mar/2020:10:44:16 +0800] "GET /xingrg/images/blue/button/advanceover.gif HTTP/1.1" 304 -
117.184.7.26 - - [24/Mar/2020:10:44:16 +0800] "GET /xingrg/images/blue/button/advance2over.gif HTTP/1.1" 304 -
117.184.7.26 - - [24/Mar/2020:10:44:16 +0800] "GET /xingrg/images/blue/button/back2over.gif HTTP/1.1" 304 -
117.184.7.26 - - [24/Mar/2020:10:44:16 +0800] "GET /xingrg/images/blue/button/backover.gif HTTP/1.1" 304 -
117.184.7.26 - - [24/Mar/2020:10:44:16 +0800] "GET /xingrg/javascript/jquery_easy_ui/themes/icons/help.png HTTP/1.1" 304 -
117.184.7.26 - - [24/Mar/2020:10:44:16 +0800] "GET /xingrg/javascript/jquery_easy_ui/themes/icons/print.png HTTP/1.1" 304 -
117.184.7.26 - - [24/Mar/2020:10:44:16 +0800] "GET /xingrg/javascript/jquery_easy_ui/themes/default/images/menu.gif HTTP/1.1" 304 -
117.184.7.26 - - [24/Mar/2020:10:44:16 +0800] "GET /xingrg/javascript/jquery_easy_ui/themes/icons/pencil.png HTTP/1.1" 304 -
117.184.7.26 - - [24/Mar/2020:10:44:16 +0800] "GET /xingrg/javascript/jquery_easy_ui/themes/default/images/menu_downarrow.png HTTP/1.1" 304 -
117.184.7.26 - - [24/Mar/2020:10:44:16 +0800] "GET /xingrg/javascript/jquery_easy_ui/themes/default/images/menu_rightarrow.png HTTP/1.1" 304 -
117.184.7.26 - - [24/Mar/2020:10:44:16 +0800] "POST /xingrg/dwr/call/plaincall/AjaxReportQueryService.getFixDate.dwr HTTP/1.1" 200 111
117.184.7.26 - - [24/Mar/2020:10:44:16 +0800] "GET /xingrg/javascript/jquery_easy_ui/themes/default/images/combo_arrow_dot.gif HTTP/1.1" 304 -
117.184.7.26 - - [24/Mar/2020:10:44:16 +0800] "POST /xingrg/all/common/load_tree.html?tree=area_station_tree_json&manage=1 HTTP/1.1" 200 460
117.184.7.26 - - [24/Mar/2020:10:44:16 +0800] "GET /xingrg/javascript/jquery_easy_ui/themes/default/images/tree_checkbox_0.gif HTTP/1.1" 304 -
117.184.7.26 - - [24/Mar/2020:10:44:17 +0800] "POST /xingrg/dwr/call/plaincall/AjaxReportQueryService.getInitString.dwr HTTP/1.1" 200 76
117.184.7.26 - - [24/Mar/2020:10:44:17 +0800] "GET /xingrg/javascript/multi_select/dropdown.gif HTTP/1.1" 304 -
117.184.7.26 - - [24/Mar/2020:10:44:19 +0800] "POST /xingrg/dwr/call/plaincall/AjaxReportQueryService.getFixDate.dwr HTTP/1.1" 200 111
117.184.7.26 - - [24/Mar/2020:10:44:21 +0800] "GET /xingrg/javascript/jquery_easy_ui/themes/default/images/tree_checkbox_1.gif HTTP/1.1" 304 -
117.184.7.26 - - [24/Mar/2020:10:44:21 +0800] "GET /xingrg/javascript/jquery_easy_ui/themes/default/images/tree_checkbox_2.gif HTTP/1.1" 304 -
117.184.7.26 - - [24/Mar/2020:10:44:21 +0800] "POST /xingrg/dwr/call/plaincall/AjaxReportQueryService.queryInitializeString.dwr HTTP/1.1" 200 76
117.184.7.26 - - [24/Mar/2020:10:44:22 +0800] "POST /xingrg/dwr/call/plaincall/AjaxReportQueryService.refreshCache.dwr HTTP/1.1" 200 78
117.184.7.26 - - [24/Mar/2020:10:44:22 +0800] "POST /xingrg/all/report/load_report_page.html HTTP/1.1" 200 89
117.184.7.26 - - [24/Mar/2020:10:44:22 +0800] "POST /xingrg/dwr/call/plaincall/AjaxReportQueryService.refreshCache.dwr HTTP/1.1" 200 78
117.184.7.26 - - [24/Mar/2020:10:44:23 +0800] "POST /xingrg/all/report/load_report_page.html HTTP/1.1" 200 89
180.156.150.85 - - [24/Mar/2020:10:44:24 +0800] "GET /xingrg/check_reg.html?_=1585017864312 HTTP/1.1" 200 22
180.156.150.85 - - [24/Mar/2020:10:44:24 +0800] "GET /xingrg/all/function/internal_message.html?_=1585017864313&CODE_STATE=getMsg HTTP/1.1" 200 27
117.184.7.26 - - [24/Mar/2020:10:44:29 +0800] "GET /xingrg/javascript/jquery_easy_ui/themes/default/images/button_plain_hover.png HTTP/1.1" 304 -
180.157.252.250 - - [24/Mar/2020:10:44:32 +0800] "GET /xingrg/all/function/internal_message.html?_=1585017870759&CODE_STATE=getMsg HTTP/1.1" 200 27
101.81.124.227 - - [24/Mar/2020:10:44:34 +0800] "GET /xingrg/all/function/internal_message.html?_=1585017871363&CODE_STATE=getMsg HTTP/1.1" 200 27
101.81.124.227 - - [24/Mar/2020:10:44:35 +0800] "GET /xingrg/check_reg.html?_=1585017871463 HTTP/1.1" 200 22
114.88.170.9 - - [24/Mar/2020:10:44:40 +0800] "GET /xingrg/all/function/internal_message.html?_=1585018179645&CODE_STATE=getMsg HTTP/1.1" 200 27
117.184.7.26 - - [24/Mar/2020:10:44:46 +0800] "POST /xingrg/services/DataTransmitService HTTP/1.1" 401 565
117.184.7.26 - - [24/Mar/2020:10:44:46 +0800] "POST /xingrg/services/DataTransmitService HTTP/1.1" 200 478
117.184.7.26 - - [24/Mar/2020:10:44:46 +0800] "POST /xingrg/services/DataTransmitService HTTP/1.1" 200 1320
117.184.7.26 - - [24/Mar/2020:10:44:46 +0800] "POST /xingrg/services/DataTransmitService HTTP/1.1" 200 478
117.184.7.26 - - [24/Mar/2020:10:44:46 +0800] "POST /xingrg/services/DataTransmitService HTTP/1.1" 200 1320
117.184.7.26 - - [24/Mar/2020:10:44:46 +0800] "POST /xingrg/services/DataTransmitService HTTP/1.1" 200 524
117.184.7.26 - - [24/Mar/2020:10:44:46 +0800] "POST /xingrg/services/DataTransmitService HTTP/1.1" 200 2403
117.184.7.26 - - [24/Mar/2020:10:44:46 +0800] "POST /xingrg/services/DataTransmitService HTTP/1.1" 200 2355
58.221.95.50 - - [24/Mar/2020:10:44:46 +0800] "GET /xingrg/all/function/internal_message.html?_=1585018237768&CODE_STATE=getMsg HTTP/1.1" 200 27
117.184.7.26 - - [24/Mar/2020:10:44:47 +0800] "POST /xingrg/services/DataTransmitService HTTP/1.1" 200 1515
117.184.7.26 - - [24/Mar/2020:10:44:47 +0800] "POST /xingrg/services/DataTransmitService HTTP/1.1" 200 160212
120.253.135.82 - - [24/Mar/2020:10:44:56 +0800] "GET /xingrg/all/function/internal_message.html?_=1585017641654&CODE_STATE=getMsg HTTP/1.1" 200 27
222.69.138.73 - - [24/Mar/2020:10:45:00 +0800] "GET /xingrg/check_reg.html?_=1585017897832 HTTP/1.1" 200 22
222.69.138.73 - - [24/Mar/2020:10:45:00 +0800] "GET /xingrg/all/function/internal_message.html?_=1585017897836&CODE_STATE=getMsg HTTP/1.1" 200 27
117.184.7.26 - - [24/Mar/2020:10:45:09 +0800] "GET /xingrg/all/function/internal_message.html?_=1585017901868&CODE_STATE=getMsg HTTP/1.1" 200 27
116.238.181.252 - - [24/Mar/2020:10:45:10 +0800] "GET /xingrg/all/function/internal_message.html?_=1585017909927&CODE_STATE=getMsg HTTP/1.1" 200 27
117.184.7.26 - - [24/Mar/2020:10:45:12 +0800] "POST /xingrg/services/DataTransmitService HTTP/1.1" 200 39563
117.184.7.26 - - [24/Mar/2020:10:45:12 +0800] "POST /xingrg/services/DataTransmitService HTTP/1.1" 200 18477
117.185.32.26 - - [24/Mar/2020:10:45:13 +0800] "GET /xingrg/all/function/internal_message.html?_=1585017909615&CODE_STATE=getMsg HTTP/1.1" 200 27
124.77.241.94 - - [24/Mar/2020:10:45:13 +0800] "GET /xingrg/all/function/internal_message.html?_=1585017947301&CODE_STATE=getMsg HTTP/1.1" 200 27
117.184.7.26 - - [24/Mar/2020:10:45:15 +0800] "POST /xingrg/services/DataTransmitService HTTP/1.1" 200 524
117.184.7.26 - - [24/Mar/2020:10:45:15 +0800] "POST /xingrg/services/DataTransmitService HTTP/1.1" 200 501
117.184.7.26 - - [24/Mar/2020:10:45:15 +0800] "POST /xingrg/services/DataTransmitService HTTP/1.1" 200 524
117.131.5.26 - - [24/Mar/2020:10:45:17 +0800] "GET /xingrg/javascript/jquery_easy_ui/themes/default/images/panel_tool_collapse.gif HTTP/1.1" 304 -
117.131.5.26 - - [24/Mar/2020:10:45:17 +0800] "POST /xingrg/load_menu.html HTTP/1.1" 200 10679
117.184.7.26 - - [24/Mar/2020:10:45:19 +0800] "POST /xingrg/services/DataTransmitService HTTP/1.1" 200 501
117.184.7.26 - - [24/Mar/2020:10:45:21 +0800] "POST /xingrg/services/DataTransmitService HTTP/1.1" 200 524
117.184.7.26 - - [24/Mar/2020:10:45:22 +0800] "POST /xingrg/services/DataTransmitService HTTP/1.1" 200 501
117.184.7.26 - - [24/Mar/2020:10:45:22 +0800] "POST /xingrg/services/DataTransmitService HTTP/1.1" 200 501
117.184.7.26 - - [24/Mar/2020:10:45:22 +0800] "POST /xingrg/services/DataTransmitService HTTP/1.1" 200 501
117.184.7.26 - - [24/Mar/2020:10:45:22 +0800] "POST /xingrg/services/DataTransmitService HTTP/1.1" 200 501
117.184.7.26 - - [24/Mar/2020:10:45:23 +0800] "POST /xingrg/services/DataTransmitService HTTP/1.1" 200 501
117.184.7.26 - - [24/Mar/2020:10:45:23 +0800] "POST /xingrg/services/DataTransmitService HTTP/1.1" 200 501
117.184.7.26 - - [24/Mar/2020:10:45:23 +0800] "POST /xingrg/services/DataTransmitService HTTP/1.1" 200 501
117.184.7.26 - - [24/Mar/2020:10:45:23 +0800] "POST /xingrg/services/DataTransmitService HTTP/1.1" 200 412
117.184.7.26 - - [24/Mar/2020:10:45:23 +0800] "POST /xingrg/services/DataTransmitService HTTP/1.1" 200 524
117.184.7.26 - - [24/Mar/2020:10:45:24 +0800] "POST /xingrg/services/DataTransmitService HTTP/1.1" 200 501
117.184.7.26 - - [24/Mar/2020:10:45:24 +0800] "POST /xingrg/services/DataTransmitService HTTP/1.1" 200 524
117.184.7.26 - - [24/Mar/2020:10:45:24 +0800] "POST /xingrg/services/DataTransmitService HTTP/1.1" 200 524
117.184.7.26 - - [24/Mar/2020:10:45:24 +0800] "POST /xingrg/services/DataTransmitService HTTP/1.1" 200 524
117.184.7.26 - - [24/Mar/2020:10:45:24 +0800] "POST /xingrg/services/DataTransmitService HTTP/1.1" 200 524
180.156.150.85 - - [24/Mar/2020:10:45:24 +0800] "GET /xingrg/all/function/internal_message.html?_=1585017924310&CODE_STATE=getMsg HTTP/1.1" 200 27
117.184.7.26 - - [24/Mar/2020:10:45:31 +0800] "POST /xingrg/dwr/call/plaincall/AjaxReportQueryService.refreshCache.dwr HTTP/1.1" 200 78
117.184.7.26 - - [24/Mar/2020:10:45:31 +0800] "POST /xingrg/all/report/load_report_page.html HTTP/1.1" 200 72848
117.184.7.26 - - [24/Mar/2020:10:45:31 +0800] "GET /xingrg/servlets/image?cache=0.8817164038868457&image=px HTTP/1.1" 200 807
180.157.252.250 - - [24/Mar/2020:10:45:32 +0800] "GET /xingrg/all/function/internal_message.html?_=1585017930758&CODE_STATE=getMsg HTTP/1.1" 200 27
180.157.252.250 - - [24/Mar/2020:10:45:32 +0800] "GET /xingrg/check_reg.html?_=1585017930759 HTTP/1.1" 200 22
101.81.124.227 - - [24/Mar/2020:10:45:34 +0800] "GET /xingrg/all/function/internal_message.html?_=1585017931358&CODE_STATE=getMsg HTTP/1.1" 200 27
114.88.170.9 - - [24/Mar/2020:10:45:40 +0800] "GET /xingrg/all/function/internal_message.html?_=1585018239616&CODE_STATE=getMsg HTTP/1.1" 200 27
114.88.170.9 - - [24/Mar/2020:10:45:41 +0800] "GET /xingrg/check_reg.html?_=1585018239721 HTTP/1.1" 200 22
117.131.5.26 - - [24/Mar/2020:10:45:42 +0800] "GET /xingrg/all/report/report_query.html?fileName=crm/card/card_total_rest.xml&rw=1400&rh=99999 HTTP/1.1" 200 57531
117.131.5.26 - - [24/Mar/2020:10:45:42 +0800] "GET /xingrg/dwr/interface/AjaxReportQueryService.js HTTP/1.1" 200 13203
117.131.5.26 - - [24/Mar/2020:10:45:42 +0800] "GET /xingrg/dwr/engine.js HTTP/1.1" 200 43631
117.131.5.26 - - [24/Mar/2020:10:45:42 +0800] "POST /xingrg/dwr/call/plaincall/AjaxReportQueryService.getFixDate.dwr HTTP/1.1" 200 111
117.131.5.26 - - [24/Mar/2020:10:45:42 +0800] "POST /xingrg/all/common/load_tree.html?tree=area_station_tree_json&manage=1 HTTP/1.1" 200 345
117.131.5.26 - - [24/Mar/2020:10:45:42 +0800] "POST /xingrg/all/common/load_tree.html?tree=area_station_tree_json&manage=1 HTTP/1.1" 200 345
117.131.5.26 - - [24/Mar/2020:10:45:42 +0800] "POST /xingrg/dwr/call/plaincall/AjaxReportQueryService.getInitString.dwr HTTP/1.1" 200 272
117.131.5.26 - - [24/Mar/2020:10:45:42 +0800] "GET /xingrg/javascript/multi_select/dropdown.gif HTTP/1.1" 200 61
58.221.95.50 - - [24/Mar/2020:10:45:46 +0800] "GET /xingrg/all/function/internal_message.html?_=1585018297768&CODE_STATE=getMsg HTTP/1.1" 200 27
117.131.5.26 - - [24/Mar/2020:10:45:48 +0800] "POST /xingrg/dwr/call/plaincall/AjaxReportQueryService.getFixDate.dwr HTTP/1.1" 200 111
117.185.32.26 - - [24/Mar/2020:10:45:49 +0800] "GET /xingrg/check_reg.html?_=1585017945953 HTTP/1.1" 200 22
117.131.5.26 - - [24/Mar/2020:10:45:54 +0800] "POST /xingrg/dwr/call/plaincall/AjaxReportQueryService.refreshCache.dwr HTTP/1.1" 200 78
117.131.5.26 - - [24/Mar/2020:10:45:54 +0800] "POST /xingrg/all/report/load_report_page.html HTTP/1.1" 200 89
120.253.135.82 - - [24/Mar/2020:10:45:56 +0800] "GET /xingrg/all/function/internal_message.html?_=1585017701677&CODE_STATE=getMsg HTTP/1.1" 200 27
117.131.5.26 - - [24/Mar/2020:10:45:59 +0800] "POST /xingrg/dwr/call/plaincall/AjaxReportQueryService.refreshCache.dwr HTTP/1.1" 200 78
117.131.5.26 - - [24/Mar/2020:10:46:00 +0800] "POST /xingrg/all/report/load_report_page.html HTTP/1.1" 200 89
222.69.138.73 - - [24/Mar/2020:10:46:00 +0800] "GET /xingrg/all/function/internal_message.html?_=1585017957830&CODE_STATE=getMsg HTTP/1.1" 200 27
117.131.5.26 - - [24/Mar/2020:10:46:04 +0800] "POST /xingrg/dwr/call/plaincall/AjaxReportQueryService.refreshCache.dwr HTTP/1.1" 200 78
117.131.5.26 - - [24/Mar/2020:10:46:04 +0800] "POST /xingrg/all/report/load_report_page.html HTTP/1.1" 200 89
117.184.7.26 - - [24/Mar/2020:10:46:09 +0800] "GET /xingrg/all/function/internal_message.html?_=1585017961881&CODE_STATE=getMsg HTTP/1.1" 200 27
116.238.181.252 - - [24/Mar/2020:10:46:10 +0800] "GET /xingrg/all/function/internal_message.html?_=1585017969931&CODE_STATE=getMsg HTTP/1.1" 200 27
114.88.170.9 - - [24/Mar/2020:10:46:11 +0800] "GET /xingrg/kc/buy/cgsh_order_operate.html?command=get_materiel&rest_code=00111&code=00101002006&supplier_code=00100199&order_time=2020-03-24 HTTP/1.1" 200 429
117.131.5.26 - - [24/Mar/2020:10:46:12 +0800] "GET /xingrg/all/report/report_query.html?fileName=crm/card/card_log.xml&rw=1200 HTTP/1.1" 200 51981
117.131.5.26 - - [24/Mar/2020:10:46:12 +0800] "GET /xingrg/dwr/interface/AjaxReportQueryService.js HTTP/1.1" 200 13203
117.131.5.26 - - [24/Mar/2020:10:46:12 +0800] "GET /xingrg/dwr/engine.js HTTP/1.1" 200 43631
117.131.5.26 - - [24/Mar/2020:10:46:12 +0800] "POST /xingrg/dwr/call/plaincall/AjaxReportQueryService.getFixDate.dwr HTTP/1.1" 200 111
117.131.5.26 - - [24/Mar/2020:10:46:12 +0800] "POST /xingrg/all/common/load_tree.html?tree=area_station_tree_json&manage=1 HTTP/1.1" 200 345
117.131.5.26 - - [24/Mar/2020:10:46:13 +0800] "POST /xingrg/dwr/call/plaincall/AjaxReportQueryService.getInitString.dwr HTTP/1.1" 200 272
117.131.5.26 - - [24/Mar/2020:10:46:13 +0800] "POST /xingrg/all/common/load_tree.html?tree=area_station_tree_json&manage=1 HTTP/1.1" 200 345
117.185.32.26 - - [24/Mar/2020:10:46:13 +0800] "GET /xingrg/check_reg.html?_=1585017969614 HTTP/1.1" 200 22
117.185.32.26 - - [24/Mar/2020:10:46:13 +0800] "GET /xingrg/all/function/internal_message.html?_=1585017969615&CODE_STATE=getMsg HTTP/1.1" 200 27
124.77.241.94 - - [24/Mar/2020:10:46:14 +0800] "GET /xingrg/all/function/internal_message.html?_=1585018007545&CODE_STATE=getMsg HTTP/1.1" 200 27
117.131.5.26 - - [24/Mar/2020:10:46:17 +0800] "POST /xingrg/dwr/call/plaincall/AjaxReportQueryService.getFixDate.dwr HTTP/1.1" 200 111
114.88.170.9 - - [24/Mar/2020:10:46:18 +0800] "GET /xingrg/kc/buy/cgsh_order_operate.html?command=get_materiel&rest_code=00111&code=00101002027&supplier_code=00100199&order_time=2020-03-24 HTTP/1.1" 200 434
117.131.5.26 - - [24/Mar/2020:10:46:20 +0800] "GET /xingrg/javascript/multi_select/dropdown_hover.gif HTTP/1.1" 200 61
117.131.5.26 - - [24/Mar/2020:10:46:20 +0800] "GET /xingrg/javascript/multi_select/dropdown_active.gif HTTP/1.1" 200 61
114.88.170.9 - - [24/Mar/2020:10:46:24 +0800] "POST /xingrg/kc/buy/cgsh_order_operate.html HTTP/1.1" 200 37
180.156.150.85 - - [24/Mar/2020:10:46:24 +0800] "GET /xingrg/all/function/internal_message.html?_=1585017984309&CODE_STATE=getMsg HTTP/1.1" 200 27
114.88.170.9 - - [24/Mar/2020:10:46:25 +0800] "POST /xingrg/kc/buy/cgsh_order_operate.html HTTP/1.1" 200 3256
117.131.5.26 - - [24/Mar/2020:10:46:26 +0800] "POST /xingrg/dwr/call/plaincall/AjaxReportQueryService.refreshCache.dwr HTTP/1.1" 200 78
117.131.5.26 - - [24/Mar/2020:10:46:26 +0800] "POST /xingrg/all/report/load_report_page.html HTTP/1.1" 200 89
114.88.170.9 - - [24/Mar/2020:10:46:26 +0800] "GET /xingrg/kc/print/load_data.html?order_code=212020032402423&kc_code=cgsh&condition= HTTP/1.1" 200 896
117.131.5.26 - - [24/Mar/2020:10:46:30 +0800] "POST /xingrg/dwr/call/plaincall/AjaxReportQueryService.refreshCache.dwr HTTP/1.1" 200 78
117.131.5.26 - - [24/Mar/2020:10:46:31 +0800] "POST /xingrg/all/report/load_report_page.html HTTP/1.1" 200 89
180.157.252.250 - - [24/Mar/2020:10:46:32 +0800] "GET /xingrg/all/function/internal_message.html?_=1585017990775&CODE_STATE=getMsg HTTP/1.1" 200 27
101.81.124.227 - - [24/Mar/2020:10:46:34 +0800] "GET /xingrg/all/function/internal_message.html?_=1585017991350&CODE_STATE=getMsg HTTP/1.1" 200 27
114.88.170.9 - - [24/Mar/2020:10:46:40 +0800] "GET /xingrg/all/function/internal_message.html?_=1585018299594&CODE_STATE=getMsg HTTP/1.1" 200 27
58.221.95.50 - - [24/Mar/2020:10:46:46 +0800] "GET /xingrg/check_reg.html?_=1585018357768 HTTP/1.1" 200 22
58.221.95.50 - - [24/Mar/2020:10:46:46 +0800] "GET /xingrg/all/function/internal_message.html?_=1585018357771&CODE_STATE=getMsg HTTP/1.1" 200 27
117.131.5.26 - - [24/Mar/2020:10:46:47 +0800] "GET /xingrg/check_reg.html?_=1585018019515 HTTP/1.1" 200 22
117.131.5.26 - - [24/Mar/2020:10:46:50 +0800] "GET /xingrg/all/report/report_query.html?fileName=crm/card/card_info.xml&rw=1600 HTTP/1.1" 200 54184
117.131.5.26 - - [24/Mar/2020:10:46:50 +0800] "GET /xingrg/dwr/interface/AjaxReportQueryService.js HTTP/1.1" 200 13203
117.131.5.26 - - [24/Mar/2020:10:46:50 +0800] "GET /xingrg/dwr/engine.js HTTP/1.1" 200 43631
117.131.5.26 - - [24/Mar/2020:10:46:50 +0800] "POST /xingrg/dwr/call/plaincall/AjaxReportQueryService.getFixDate.dwr HTTP/1.1" 200 111
117.131.5.26 - - [24/Mar/2020:10:46:50 +0800] "POST /xingrg/all/common/load_tree.html?tree=area_station_tree_json&manage=1 HTTP/1.1" 200 345
117.131.5.26 - - [24/Mar/2020:10:46:51 +0800] "POST /xingrg/dwr/call/plaincall/AjaxReportQueryService.getInitString.dwr HTTP/1.1" 200 272
117.131.5.26 - - [24/Mar/2020:10:46:51 +0800] "POST /xingrg/dwr/call/plaincall/AjaxReportQueryService.getInitString.dwr HTTP/1.1" 200 76
117.131.5.26 - - [24/Mar/2020:10:46:56 +0800] "POST /xingrg/dwr/call/plaincall/AjaxReportQueryService.getFixDate.dwr HTTP/1.1" 200 111
120.253.135.82 - - [24/Mar/2020:10:46:56 +0800] "GET /xingrg/all/function/internal_message.html?_=1585017761681&CODE_STATE=getMsg HTTP/1.1" 200 27
222.69.138.73 - - [24/Mar/2020:10:47:00 +0800] "GET /xingrg/all/function/internal_message.html?_=1585018017839&CODE_STATE=getMsg HTTP/1.1" 200 27
117.131.5.26 - - [24/Mar/2020:10:47:02 +0800] "POST /xingrg/dwr/call/plaincall/AjaxReportQueryService.refreshCache.dwr HTTP/1.1" 200 78
117.131.5.26 - - [24/Mar/2020:10:47:02 +0800] "POST /xingrg/all/report/load_report_page.html HTTP/1.1" 200 89
