124.77.241.94 - - [24/Mar/2020:09:35:12 +0800] "GET /xingrg/system/rest/query_items.html?_=1585013711875&table=menu&page=1&rows=20&categoryId=&key= HTTP/1.1" 200 4723
117.185.32.26 - - [24/Mar/2020:09:35:13 +0800] "GET /xingrg/all/function/internal_message.html?_=1585013709508&CODE_STATE=getMsg HTTP/1.1" 200 27
124.77.241.94 - - [24/Mar/2020:09:35:18 +0800] "GET /xingrg/system/rest/query_items.html?_=1585013717462&table=menu&page=1&rows=20&categoryId=&key=1996 HTTP/1.1" 200 269
124.77.241.94 - - [24/Mar/2020:09:35:20 +0800] "GET /xingrg/system/rest/query_items.html?_=1585013719159&table=menu&page=1&rows=20&categoryId=&key=1996 HTTP/1.1" 200 269
124.77.241.94 - - [24/Mar/2020:09:35:20 +0800] "GET /xingrg/system/rest/get_item.html?table=menu&id=1996&_=1585013719653 HTTP/1.1" 200 956
124.77.241.94 - - [24/Mar/2020:09:35:20 +0800] "GET /xingrg/system/rest/get_item.html?table=menu&target=menu_rest&id=1996&_=1585013719660 HTTP/1.1" 200 866
124.77.241.94 - - [24/Mar/2020:09:35:20 +0800] "GET /xingrg/system/rest/get_item.html?table=menu&target=cook_mode&id=1996&_=1585013719659 HTTP/1.1" 200 14339
124.77.241.94 - - [24/Mar/2020:09:35:20 +0800] "GET /xingrg/system/rest/get_infos.html?command=menu_img_show&id=1996 HTTP/1.1" 200 5
116.238.181.252 - - [24/Mar/2020:09:35:20 +0800] "GET /xingrg/kc/base/wldb_order_operate.html?command=get_materiel&rest_code=00150&base_code=0010451&code=00101008147 HTTP/1.1" 200 437
124.77.241.94 - - [24/Mar/2020:09:35:24 +0800] "GET /xingrg/system/rest/get_item.html?table=menu&target=menu_rest_detail&id=1996&sid=12&_=1585013723227 HTTP/1.1" 200 430
222.69.138.73 - - [24/Mar/2020:09:35:24 +0800] "POST /xingrg/kc/buy/cgsh_order_operate.html HTTP/1.1" 200 37
180.156.150.85 - - [24/Mar/2020:09:35:24 +0800] "GET /xingrg/all/function/internal_message.html?_=1585013724232&CODE_STATE=getMsg HTTP/1.1" 200 27
180.156.150.85 - - [24/Mar/2020:09:35:24 +0800] "GET /xingrg/kc/buy/cgsh_order_list.html HTTP/1.1" 200 42043
116.238.181.252 - - [24/Mar/2020:09:35:24 +0800] "GET /xingrg/kc/base/wldb_order_operate.html?command=get_materiel&rest_code=00150&base_code=0010451&code=00101008079 HTTP/1.1" 200 437
222.69.138.73 - - [24/Mar/2020:09:35:25 +0800] "POST /xingrg/kc/buy/cgsh_order_operate.html HTTP/1.1" 200 18641
180.156.150.85 - - [24/Mar/2020:09:35:25 +0800] "POST /xingrg/kc/buy/cgsh_list_operate.html HTTP/1.1" 200 2045
116.238.181.252 - - [24/Mar/2020:09:35:28 +0800] "GET /xingrg/all/function/internal_message.html?_=1585013727466&CODE_STATE=getMsg HTTP/1.1" 200 27
180.156.150.85 - - [24/Mar/2020:09:35:34 +0800] "GET /xingrg/kc/buy/cgsh_order_add.html HTTP/1.1" 200 57651
180.156.150.85 - - [24/Mar/2020:09:35:34 +0800] "POST /xingrg/kc/buy/cgsh_order_operate.html HTTP/1.1" 200 8245
180.156.150.85 - - [24/Mar/2020:09:35:34 +0800] "GET /xingrg/javascript/easyui/themes/default/validatebox.css HTTP/1.1" 404 1104
117.131.5.26 - - [24/Mar/2020:09:35:35 +0800] "GET /xingrg/all/function/internal_message.html?_=1585013980014&CODE_STATE=getMsg HTTP/1.1" 200 27
124.77.241.94 - - [24/Mar/2020:09:35:42 +0800] "POST /xingrg/system/rest/edit_item.html HTTP/1.1" 200 4
124.77.241.94 - - [24/Mar/2020:09:35:42 +0800] "GET /xingrg/system/rest/get_item.html?table=menu&target=menu_rest&id=1996&_=1585013741783 HTTP/1.1" 200 866
58.221.95.50 - - [24/Mar/2020:09:35:46 +0800] "GET /xingrg/all/function/internal_message.html?_=1585014097694&CODE_STATE=getMsg HTTP/1.1" 200 27
222.69.138.73 - - [24/Mar/2020:09:35:48 +0800] "GET /xingrg/all/function/internal_message.html?_=1585013745668&CODE_STATE=getMsg HTTP/1.1" 200 27
117.185.32.26 - - [24/Mar/2020:09:35:50 +0800] "GET /xingrg/check_reg.html?_=1585013746209 HTTP/1.1" 200 22
124.77.241.94 - - [24/Mar/2020:09:35:50 +0800] "GET /xingrg/check_reg.html?_=1585013749217 HTTP/1.1" 200 22
124.77.241.94 - - [24/Mar/2020:09:35:50 +0800] "GET /xingrg/all/function/internal_message.html?_=1585013749221&CODE_STATE=getMsg HTTP/1.1" 200 27
116.238.181.252 - - [24/Mar/2020:09:36:04 +0800] "GET /xingrg/kc/base/wldb_order_operate.html?command=get_materiel&rest_code=00150&base_code=0010451&code=00101008336 HTTP/1.1" 200 431
114.86.226.127 - - [24/Mar/2020:09:36:04 +0800] "GET /xingrg/all/function/internal_message.html?_=1585013816937&CODE_STATE=getMsg HTTP/1.1" 200 27
124.77.241.94 - - [24/Mar/2020:09:36:10 +0800] "GET /xingrg/all/function/internal_message.html?_=1585013803389&CODE_STATE=getMsg HTTP/1.1" 200 27
116.238.181.252 - - [24/Mar/2020:09:36:10 +0800] "GET /xingrg/kc/base/wldb_order_operate.html?command=get_materiel&rest_code=00150&base_code=0010451&code=00101008264 HTTP/1.1" 200 433
117.185.32.26 - - [24/Mar/2020:09:36:13 +0800] "GET /xingrg/all/function/internal_message.html?_=1585013769508&CODE_STATE=getMsg HTTP/1.1" 200 27
117.185.32.26 - - [24/Mar/2020:09:36:13 +0800] "GET /xingrg/check_reg.html?_=1585013769511 HTTP/1.1" 200 22
180.156.150.85 - - [24/Mar/2020:09:36:24 +0800] "GET /xingrg/all/function/internal_message.html?_=1585013784243&CODE_STATE=getMsg HTTP/1.1" 200 27
116.238.181.252 - - [24/Mar/2020:09:36:25 +0800] "GET /xingrg/kc/base/wldb_order_operate.html?command=get_materiel&rest_code=00150&base_code=0010451&code=00101008286 HTTP/1.1" 200 428
116.238.181.252 - - [24/Mar/2020:09:36:28 +0800] "GET /xingrg/check_reg.html?_=1585013787485 HTTP/1.1" 200 22
116.238.181.252 - - [24/Mar/2020:09:36:28 +0800] "GET /xingrg/all/function/internal_message.html?_=1585013787487&CODE_STATE=getMsg HTTP/1.1" 200 27
116.238.181.252 - - [24/Mar/2020:09:36:30 +0800] "GET /xingrg/kc/base/wldb_order_operate.html?command=get_materiel&rest_code=00150&base_code=0010451&code=00101008005 HTTP/1.1" 200 434
117.131.5.26 - - [24/Mar/2020:09:36:35 +0800] "GET /xingrg/all/function/internal_message.html?_=1585014040027&CODE_STATE=getMsg HTTP/1.1" 200 27
116.238.181.252 - - [24/Mar/2020:09:36:36 +0800] "GET /xingrg/kc/base/wldb_order_operate.html?command=get_materiel&rest_code=00150&base_code=0010451&code=00101007085 HTTP/1.1" 200 434
116.238.181.252 - - [24/Mar/2020:09:36:41 +0800] "GET /xingrg/kc/base/wldb_order_operate.html?command=get_materiel&rest_code=00150&base_code=0010451&code=00101008271 HTTP/1.1" 200 428
124.77.241.94 - - [24/Mar/2020:09:36:45 +0800] "GET /xingrg/system/rest/query_items.html?_=1585013804841&table=menu&page=1&rows=20&categoryId=&key= HTTP/1.1" 200 4723
58.221.95.50 - - [24/Mar/2020:09:36:46 +0800] "GET /xingrg/all/function/internal_message.html?_=1585014157696&CODE_STATE=getMsg HTTP/1.1" 200 27
58.221.95.50 - - [24/Mar/2020:09:36:46 +0800] "GET /xingrg/check_reg.html?_=1585014157698 HTTP/1.1" 200 22
116.238.181.252 - - [24/Mar/2020:09:36:47 +0800] "GET /xingrg/kc/base/wldb_order_operate.html?command=get_materiel&rest_code=00150&base_code=0010451&code=00101008353 HTTP/1.1" 200 428
117.131.5.26 - - [24/Mar/2020:09:36:47 +0800] "GET /xingrg/check_reg.html?_=1585013819500 HTTP/1.1" 200 22
222.69.138.73 - - [24/Mar/2020:09:36:48 +0800] "GET /xingrg/all/function/internal_message.html?_=1585013805679&CODE_STATE=getMsg HTTP/1.1" 200 27
124.77.241.94 - - [24/Mar/2020:09:36:50 +0800] "GET /xingrg/all/function/internal_message.html?_=1585013809205&CODE_STATE=getMsg HTTP/1.1" 200 27
124.77.241.94 - - [24/Mar/2020:09:36:54 +0800] "GET /xingrg/system/rest/query_items.html?_=1585013813451&table=menu&page=1&rows=20&categoryId=&key=2000 HTTP/1.1" 200 704
116.238.181.252 - - [24/Mar/2020:09:36:55 +0800] "GET /xingrg/kc/base/wldb_order_operate.html?command=get_materiel&rest_code=00150&base_code=0010451&code=00101008131 HTTP/1.1" 200 430
114.86.226.127 - - [24/Mar/2020:09:37:02 +0800] "GET /xingrg/all/function/internal_message.html?_=1585013876953&CODE_STATE=getMsg HTTP/1.1" 200 27
124.77.241.94 - - [24/Mar/2020:09:37:05 +0800] "GET /xingrg/system/rest/query_items.html?_=1585013824404&table=menu&page=1&rows=20&categoryId=&key=ygxg HTTP/1.1" 200 257
124.77.241.94 - - [24/Mar/2020:09:37:09 +0800] "GET /xingrg/system/rest/query_items.html?_=1585013828920&table=menu&page=1&rows=20&categoryId=&key=ygxg HTTP/1.1" 200 257
124.77.241.94 - - [24/Mar/2020:09:37:10 +0800] "GET /xingrg/all/function/internal_message.html?_=1585013863398&CODE_STATE=getMsg HTTP/1.1" 200 27
124.77.241.94 - - [24/Mar/2020:09:37:10 +0800] "GET /xingrg/system/rest/get_item.html?table=menu&id=1999&_=1585013829378 HTTP/1.1" 200 942
124.77.241.94 - - [24/Mar/2020:09:37:10 +0800] "GET /xingrg/system/rest/get_item.html?table=menu&target=cook_mode&id=1999&_=1585013829384 HTTP/1.1" 200 7864
124.77.241.94 - - [24/Mar/2020:09:37:10 +0800] "GET /xingrg/system/rest/get_item.html?table=menu&target=menu_rest&id=1999&_=1585013829385 HTTP/1.1" 200 458
124.77.241.94 - - [24/Mar/2020:09:37:10 +0800] "GET /xingrg/system/rest/get_infos.html?command=menu_img_show&id=1999 HTTP/1.1" 200 5
124.77.241.94 - - [24/Mar/2020:09:37:13 +0800] "GET /xingrg/system/rest/get_item.html?table=menu&target=menu_rest_detail&id=1999&sid=12&_=1585013832199 HTTP/1.1" 200 426
117.185.32.26 - - [24/Mar/2020:09:37:13 +0800] "GET /xingrg/all/function/internal_message.html?_=1585013829511&CODE_STATE=getMsg HTTP/1.1" 200 27
124.77.241.94 - - [24/Mar/2020:09:37:15 +0800] "POST /xingrg/system/rest/edit_item.html HTTP/1.1" 200 4
124.77.241.94 - - [24/Mar/2020:09:37:15 +0800] "GET /xingrg/system/rest/get_item.html?table=menu&target=menu_rest&id=1999&_=1585013835000 HTTP/1.1" 200 458
124.77.241.94 - - [24/Mar/2020:09:37:22 +0800] "GET /xingrg/system/rest/query_items.html?_=1585013841108&table=menu&page=1&rows=20&categoryId=&key= HTTP/1.1" 200 4723
180.156.150.85 - - [24/Mar/2020:09:37:24 +0800] "GET /xingrg/all/function/internal_message.html?_=1585013844236&CODE_STATE=getMsg HTTP/1.1" 200 27
124.77.241.94 - - [24/Mar/2020:09:37:27 +0800] "GET /xingrg/system/rest/query_items.html?_=1585013846553&table=menu&page=1&rows=20&categoryId=&key=2058 HTTP/1.1" 200 260
116.238.181.252 - - [24/Mar/2020:09:37:28 +0800] "GET /xingrg/all/function/internal_message.html?_=1585013847472&CODE_STATE=getMsg HTTP/1.1" 200 27
124.77.241.94 - - [24/Mar/2020:09:37:29 +0800] "GET /xingrg/system/rest/query_items.html?_=1585013847994&table=menu&page=1&rows=20&categoryId=&key=2058 HTTP/1.1" 200 260
124.77.241.94 - - [24/Mar/2020:09:37:29 +0800] "GET /xingrg/system/rest/get_item.html?table=menu&id=2058&_=1585013848434 HTTP/1.1" 200 947
124.77.241.94 - - [24/Mar/2020:09:37:29 +0800] "GET /xingrg/system/rest/get_item.html?table=menu&target=menu_rest&id=2058&_=1585013848442 HTTP/1.1" 200 960
124.77.241.94 - - [24/Mar/2020:09:37:29 +0800] "GET /xingrg/system/rest/get_infos.html?command=menu_img_show&id=2058 HTTP/1.1" 200 5
124.77.241.94 - - [24/Mar/2020:09:37:29 +0800] "GET /xingrg/system/rest/get_item.html?table=menu&target=cook_mode&id=2058&_=1585013848441 HTTP/1.1" 200 10463
117.131.5.26 - - [24/Mar/2020:09:37:35 +0800] "GET /xingrg/check_reg.html?_=1585014099809 HTTP/1.1" 200 22
117.131.5.26 - - [24/Mar/2020:09:37:35 +0800] "GET /xingrg/all/function/internal_message.html?_=1585014100056&CODE_STATE=getMsg HTTP/1.1" 200 27
124.77.241.94 - - [24/Mar/2020:09:37:36 +0800] "GET /xingrg/system/rest/get_item.html?table=menu&target=menu_rest_detail&id=2058&sid=12&_=1585013855358 HTTP/1.1" 200 438
58.221.95.50 - - [24/Mar/2020:09:37:46 +0800] "GET /xingrg/all/function/internal_message.html?_=1585014217698&CODE_STATE=getMsg HTTP/1.1" 200 27
222.69.138.73 - - [24/Mar/2020:09:37:48 +0800] "GET /xingrg/all/function/internal_message.html?_=1585013865671&CODE_STATE=getMsg HTTP/1.1" 200 27
124.77.241.94 - - [24/Mar/2020:09:37:50 +0800] "GET /xingrg/all/function/internal_message.html?_=1585013869228&CODE_STATE=getMsg HTTP/1.1" 200 27
114.86.226.127 - - [24/Mar/2020:09:38:00 +0800] "GET /xingrg/all/function/internal_message.html?_=1585013936953&CODE_STATE=getMsg HTTP/1.1" 200 27
114.86.226.127 - - [24/Mar/2020:09:38:06 +0800] "GET /xingrg/javascript/jquery_easy_ui/themes/default/images/tabs_close.gif HTTP/1.1" 304 -
114.86.226.127 - - [24/Mar/2020:09:38:06 +0800] "GET /xingrg/kc/base/base_main.html HTTP/1.1" 200 12138
114.86.226.127 - - [24/Mar/2020:09:38:06 +0800] "GET /xingrg/css/blue.css HTTP/1.1" 304 -
114.86.226.127 - - [24/Mar/2020:09:38:06 +0800] "GET /xingrg/javascript/pic_change.js HTTP/1.1" 304 -
114.86.226.127 - - [24/Mar/2020:09:38:06 +0800] "GET /xingrg/javascript/myfunction.js HTTP/1.1" 304 -
114.86.226.127 - - [24/Mar/2020:09:38:06 +0800] "GET /xingrg/images/blue/button/wlsy.gif HTTP/1.1" 304 -
114.86.226.127 - - [24/Mar/2020:09:38:06 +0800] "GET /xingrg/images/blue/button/ckpd.gif HTTP/1.1" 304 -
114.86.226.127 - - [24/Mar/2020:09:38:06 +0800] "GET /xingrg/images/blue/button/kc.gif HTTP/1.1" 304 -
114.86.226.127 - - [24/Mar/2020:09:38:06 +0800] "GET /xingrg/images/blue/button/ckdb.gif HTTP/1.1" 304 -
114.86.226.127 - - [24/Mar/2020:09:38:06 +0800] "GET /xingrg/images/blue/button/yddb.gif HTTP/1.1" 304 -
114.86.226.127 - - [24/Mar/2020:09:38:06 +0800] "GET /xingrg/images/blue/pic_form2.gif HTTP/1.1" 304 -
114.86.226.127 - - [24/Mar/2020:09:38:06 +0800] "GET /xingrg/images/blue/bg_dotted.jpg HTTP/1.1" 304 -
114.86.226.127 - - [24/Mar/2020:09:38:06 +0800] "GET /xingrg/images/blue/button/top_left.jpg HTTP/1.1" 304 -
114.86.226.127 - - [24/Mar/2020:09:38:06 +0800] "GET /xingrg/images/blue/button/top_right.jpg HTTP/1.1" 304 -
114.86.226.127 - - [24/Mar/2020:09:38:06 +0800] "GET /xingrg/images/blue/button/down.jpg HTTP/1.1" 304 -
114.86.226.127 - - [24/Mar/2020:09:38:06 +0800] "GET /xingrg/images/blue/button/right_ah.jpg HTTP/1.1" 304 -
114.86.226.127 - - [24/Mar/2020:09:38:06 +0800] "GET /xingrg/images/blue/button/left_ah.jpg HTTP/1.1" 304 -
114.86.226.127 - - [24/Mar/2020:09:38:06 +0800] "GET /xingrg/images/blue/button/bottom_left.jpg HTTP/1.1" 304 -
114.86.226.127 - - [24/Mar/2020:09:38:06 +0800] "GET /xingrg/images/blue/button/bottom_right.jpg HTTP/1.1" 304 -
124.77.241.94 - - [24/Mar/2020:09:38:07 +0800] "POST /xingrg/system/rest/edit_item.html HTTP/1.1" 200 4
124.77.241.94 - - [24/Mar/2020:09:38:07 +0800] "GET /xingrg/system/rest/get_item.html?table=menu&target=menu_rest&id=2058&_=1585013886446 HTTP/1.1" 200 961
114.86.226.127 - - [24/Mar/2020:09:38:08 +0800] "GET /xingrg/css/base.css HTTP/1.1" 304 -
114.86.226.127 - - [24/Mar/2020:09:38:08 +0800] "GET /xingrg/css/site.css HTTP/1.1" 304 -
114.86.226.127 - - [24/Mar/2020:09:38:08 +0800] "GET /xingrg/javascript/jquery_tools/datebox.css HTTP/1.1" 304 -
114.86.226.127 - - [24/Mar/2020:09:38:08 +0800] "GET /xingrg/javascript/easyui/themes/default/easyui.css HTTP/1.1" 304 -
114.86.226.127 - - [24/Mar/2020:09:38:08 +0800] "GET /xingrg/javascript/easyui/themes/icon.css HTTP/1.1" 304 -
114.86.226.127 - - [24/Mar/2020:09:38:08 +0800] "GET /xingrg/kc/base/yddb_order_list.html HTTP/1.1" 200 16850
114.86.226.127 - - [24/Mar/2020:09:38:08 +0800] "GET /xingrg/javascript/jquery_tools/jquery.tools.extend.js HTTP/1.1" 304 -
114.86.226.127 - - [24/Mar/2020:09:38:08 +0800] "GET /xingrg/javascript/jquery_tools/fix.css HTTP/1.1" 304 -
114.86.226.127 - - [24/Mar/2020:09:38:08 +0800] "GET /xingrg/javascript/jquery_tools/table.css HTTP/1.1" 304 -
114.86.226.127 - - [24/Mar/2020:09:38:08 +0800] "GET /xingrg/javascript/jquery_tools/jquery.tools.min.js HTTP/1.1" 304 -
114.86.226.127 - - [24/Mar/2020:09:38:08 +0800] "GET /xingrg/javascript/auto/jquery.autocomplete.css HTTP/1.1" 304 -
114.86.226.127 - - [24/Mar/2020:09:38:08 +0800] "GET /xingrg/javascript/jquery_tools/jquery.tools.hotkey.js HTTP/1.1" 304 -
114.86.226.127 - - [24/Mar/2020:09:38:08 +0800] "GET /xingrg/javascript/jquery_tools/jquery.tools.table.js HTTP/1.1" 304 -
114.86.226.127 - - [24/Mar/2020:09:38:08 +0800] "GET /xingrg/javascript/auto/jquery.autocomplete.js HTTP/1.1" 304 -
114.86.226.127 - - [24/Mar/2020:09:38:08 +0800] "GET /xingrg/javascript/easyui/easyloader.js HTTP/1.1" 304 -
114.86.226.127 - - [24/Mar/2020:09:38:08 +0800] "GET /xingrg/javascript/jquery_tools/list_manager.js HTTP/1.1" 304 -
114.86.226.127 - - [24/Mar/2020:09:38:08 +0800] "GET /xingrg/javascript/jquery.cookie.js HTTP/1.1" 304 -
114.86.226.127 - - [24/Mar/2020:09:38:08 +0800] "GET /xingrg/javascript/print/LodopFuncs.js HTTP/1.1" 304 -
124.77.241.94 - - [24/Mar/2020:09:38:09 +0800] "GET /xingrg/check_reg.html?_=1585013923209 HTTP/1.1" 200 22
124.77.241.94 - - [24/Mar/2020:09:38:10 +0800] "GET /xingrg/all/function/internal_message.html?_=1585013923411&CODE_STATE=getMsg HTTP/1.1" 200 27
114.86.226.127 - - [24/Mar/2020:09:38:10 +0800] "GET /xingrg/javascript/easyui/themes/icons/edit_add_new.png HTTP/1.1" 304 -
114.86.226.127 - - [24/Mar/2020:09:38:10 +0800] "GET /xingrg/javascript/easyui/themes/icons/field_new.png HTTP/1.1" 304 -
114.86.226.127 - - [24/Mar/2020:09:38:10 +0800] "GET /xingrg/javascript/easyui/themes/icons/import_new.png HTTP/1.1" 304 -
114.86.226.127 - - [24/Mar/2020:09:38:10 +0800] "GET /xingrg/javascript/easyui/plugins/jquery.parser.js HTTP/1.1" 304 -
114.86.226.127 - - [24/Mar/2020:09:38:10 +0800] "GET /xingrg/images/control/ajaxLoader.gif HTTP/1.1" 304 -
114.86.226.127 - - [24/Mar/2020:09:38:10 +0800] "POST /xingrg/kc/base/yddb_list_operate.html HTTP/1.1" 200 1217
180.156.150.85 - - [24/Mar/2020:09:38:12 +0800] "GET /xingrg/kc/buy/cgsh_order_operate.html?command=get_materiel&rest_code=00105&code=00101008256&supplier_code=00100203&order_time=2020-03-24 HTTP/1.1" 200 428
114.86.226.127 - - [24/Mar/2020:09:38:13 +0800] "POST /xingrg/kc/base/yddb_list_operate.html HTTP/1.1" 200 7585
117.185.32.26 - - [24/Mar/2020:09:38:13 +0800] "GET /xingrg/all/function/internal_message.html?_=1585013889514&CODE_STATE=getMsg HTTP/1.1" 200 27
114.86.226.127 - - [24/Mar/2020:09:38:17 +0800] "GET /xingrg/javascript/jquery_easy_ui/themes/icons/rest.png HTTP/1.1" 304 -
114.86.226.127 - - [24/Mar/2020:09:38:17 +0800] "GET /xingrg/javascript/jquery_easy_ui/themes/icons/area.png HTTP/1.1" 304 -
114.86.226.127 - - [24/Mar/2020:09:38:17 +0800] "GET /xingrg/javascript/easyui/themes/default/images/button_plain_hover.png HTTP/1.1" 304 -
124.77.241.94 - - [24/Mar/2020:09:38:24 +0800] "GET /xingrg/system/rest/query_items.html?_=1585013903264&table=menu&page=1&rows=20&categoryId=&key=2059 HTTP/1.1" 200 264
180.156.150.85 - - [24/Mar/2020:09:38:24 +0800] "GET /xingrg/all/function/internal_message.html?_=1585013904232&CODE_STATE=getMsg HTTP/1.1" 200 27
180.156.150.85 - - [24/Mar/2020:09:38:25 +0800] "GET /xingrg/kc/buy/cgsh_order_operate.html?command=get_materiel&rest_code=00105&code=00101008211&supplier_code=00100203&order_time=2020-03-24 HTTP/1.1" 200 412
124.77.241.94 - - [24/Mar/2020:09:38:27 +0800] "GET /xingrg/system/rest/query_items.html?_=1585013906205&table=menu&page=1&rows=20&categoryId=&key=2059 HTTP/1.1" 200 264
124.77.241.94 - - [24/Mar/2020:09:38:27 +0800] "GET /xingrg/system/rest/get_item.html?table=menu&id=2059&_=1585013906684 HTTP/1.1" 200 952
124.77.241.94 - - [24/Mar/2020:09:38:27 +0800] "GET /xingrg/system/rest/get_item.html?table=menu&target=menu_rest&id=2059&_=1585013906691 HTTP/1.1" 200 762
124.77.241.94 - - [24/Mar/2020:09:38:27 +0800] "GET /xingrg/system/rest/get_item.html?table=menu&target=cook_mode&id=2059&_=1585013906690 HTTP/1.1" 200 11447
116.238.181.252 - - [24/Mar/2020:09:38:28 +0800] "GET /xingrg/all/function/internal_message.html?_=1585013907474&CODE_STATE=getMsg HTTP/1.1" 200 27
124.77.241.94 - - [24/Mar/2020:09:38:28 +0800] "GET /xingrg/system/rest/get_infos.html?command=menu_img_show&id=2059 HTTP/1.1" 200 5
116.238.181.252 - - [24/Mar/2020:09:38:30 +0800] "GET /xingrg/kc/base/wldb_order_operate.html?command=get_materiel&rest_code=00150&base_code=0010451&code=00101001084 HTTP/1.1" 200 433
180.156.150.85 - - [24/Mar/2020:09:38:33 +0800] "GET /xingrg/kc/buy/cgsh_order_operate.html?command=get_materiel&rest_code=00105&code=00101008264&supplier_code=00100203&order_time=2020-03-24 HTTP/1.1" 200 431
124.77.241.94 - - [24/Mar/2020:09:38:33 +0800] "GET /xingrg/system/rest/get_item.html?table=menu&target=menu_rest_detail&id=2059&sid=12&_=1585013912845 HTTP/1.1" 200 426
117.131.5.26 - - [24/Mar/2020:09:38:35 +0800] "GET /xingrg/all/function/internal_message.html?_=1585014160085&CODE_STATE=getMsg HTTP/1.1" 200 27
180.156.150.85 - - [24/Mar/2020:09:38:38 +0800] "GET /xingrg/kc/buy/cgsh_order_operate.html?command=get_materiel&rest_code=00105&code=00101008356&supplier_code=00100203&order_time=2020-03-24 HTTP/1.1" 200 424
124.77.241.94 - - [24/Mar/2020:09:38:39 +0800] "POST /xingrg/system/rest/edit_item.html HTTP/1.1" 200 4
124.77.241.94 - - [24/Mar/2020:09:38:39 +0800] "GET /xingrg/system/rest/get_item.html?table=menu&target=menu_rest&id=2059&_=1585013918796 HTTP/1.1" 200 762
180.156.150.85 - - [24/Mar/2020:09:38:46 +0800] "GET /xingrg/kc/buy/cgsh_order_operate.html?command=get_materiel&rest_code=00105&code=00101008006&supplier_code=00100203&order_time=2020-03-24 HTTP/1.1" 200 432
58.221.95.50 - - [24/Mar/2020:09:38:46 +0800] "GET /xingrg/all/function/internal_message.html?_=1585014277698&CODE_STATE=getMsg HTTP/1.1" 200 27
222.69.138.73 - - [24/Mar/2020:09:38:48 +0800] "GET /xingrg/all/function/internal_message.html?_=1585013925675&CODE_STATE=getMsg HTTP/1.1" 200 27
222.69.138.73 - - [24/Mar/2020:09:38:48 +0800] "GET /xingrg/check_reg.html?_=1585013925680 HTTP/1.1" 200 22
124.77.241.94 - - [24/Mar/2020:09:38:50 +0800] "GET /xingrg/all/function/internal_message.html?_=1585013929213&CODE_STATE=getMsg HTTP/1.1" 200 27
180.156.150.85 - - [24/Mar/2020:09:38:51 +0800] "GET /xingrg/kc/buy/cgsh_order_operate.html?command=get_materiel&rest_code=00105&code=00101008131&supplier_code=00100203&order_time=2020-03-24 HTTP/1.1" 200 428
124.77.241.94 - - [24/Mar/2020:09:38:52 +0800] "GET /xingrg/system/rest/query_items.html?_=1585013931009&table=menu&page=1&rows=20&categoryId=&key= HTTP/1.1" 200 4723
114.86.226.127 - - [24/Mar/2020:09:38:58 +0800] "GET /xingrg/check_reg.html?_=1585013996875 HTTP/1.1" 200 22
180.156.150.85 - - [24/Mar/2020:09:38:58 +0800] "GET /xingrg/kc/buy/cgsh_order_operate.html?command=get_materiel&rest_code=00105&code=00101008352&supplier_code=00100203&order_time=2020-03-24 HTTP/1.1" 200 427
114.86.226.127 - - [24/Mar/2020:09:38:58 +0800] "GET /xingrg/all/function/internal_message.html?_=1585013996968&CODE_STATE=getMsg HTTP/1.1" 200 27
124.77.241.94 - - [24/Mar/2020:09:38:59 +0800] "GET /xingrg/system/rest/query_items.html?_=1585013938625&table=menu&page=1&rows=20&categoryId=&key=1940 HTTP/1.1" 200 281
124.77.241.94 - - [24/Mar/2020:09:39:01 +0800] "GET /xingrg/system/rest/query_items.html?_=1585013940222&table=menu&page=1&rows=20&categoryId=&key=1940 HTTP/1.1" 200 281
124.77.241.94 - - [24/Mar/2020:09:39:01 +0800] "GET /xingrg/system/rest/get_item.html?table=menu&id=1940&_=1585013940624 HTTP/1.1" 200 966
124.77.241.94 - - [24/Mar/2020:09:39:01 +0800] "GET /xingrg/system/rest/get_item.html?table=menu&target=menu_rest&id=1940&_=1585013940633 HTTP/1.1" 200 869
124.77.241.94 - - [24/Mar/2020:09:39:01 +0800] "GET /xingrg/system/rest/get_item.html?table=menu&target=cook_mode&id=1940&_=1585013940631 HTTP/1.1" 200 10495
124.77.241.94 - - [24/Mar/2020:09:39:01 +0800] "GET /xingrg/system/rest/get_infos.html?command=menu_img_show&id=1940 HTTP/1.1" 200 5
124.77.241.94 - - [24/Mar/2020:09:39:04 +0800] "GET /xingrg/system/rest/get_item.html?table=menu&target=menu_rest_detail&id=1940&sid=12&_=1585013943853 HTTP/1.1" 200 426
180.156.150.85 - - [24/Mar/2020:09:39:05 +0800] "GET /xingrg/kc/buy/cgsh_order_operate.html?command=get_materiel&rest_code=00105&code=00101008005&supplier_code=00100203&order_time=2020-03-24 HTTP/1.1" 200 432
124.77.241.94 - - [24/Mar/2020:09:39:07 +0800] "POST /xingrg/system/rest/edit_item.html HTTP/1.1" 200 4
124.77.241.94 - - [24/Mar/2020:09:39:07 +0800] "GET /xingrg/system/rest/get_item.html?table=menu&target=menu_rest&id=1940&_=1585013946189 HTTP/1.1" 200 869
114.93.75.19 - - [24/Mar/2020:09:39:07 +0800] "GET /xingrg/check_reg.html?_=1585013946080 HTTP/1.1" 200 22
124.77.241.94 - - [24/Mar/2020:09:39:10 +0800] "GET /xingrg/all/function/internal_message.html?_=1585013983425&CODE_STATE=getMsg HTTP/1.1" 200 27
117.185.32.26 - - [24/Mar/2020:09:39:13 +0800] "GET /xingrg/all/function/internal_message.html?_=1585013949501&CODE_STATE=getMsg HTTP/1.1" 200 27
180.156.150.85 - - [24/Mar/2020:09:39:13 +0800] "GET /xingrg/kc/buy/cgsh_order_operate.html?command=get_materiel&rest_code=00105&code=00101008353&supplier_code=00100203&order_time=2020-03-24 HTTP/1.1" 200 428
124.77.241.94 - - [24/Mar/2020:09:39:14 +0800] "GET /xingrg/system/rest/query_items.html?_=1585013952923&table=menu&page=1&rows=20&categoryId=&key= HTTP/1.1" 200 4723
124.77.241.94 - - [24/Mar/2020:09:39:20 +0800] "GET /xingrg/system/rest/query_items.html?_=1585013959521&table=menu&page=1&rows=20&categoryId=&key=2097 HTTP/1.1" 200 257
124.77.241.94 - - [24/Mar/2020:09:39:22 +0800] "GET /xingrg/system/rest/query_items.html?_=1585013961167&table=menu&page=1&rows=20&categoryId=&key=2097 HTTP/1.1" 200 257
180.156.150.85 - - [24/Mar/2020:09:39:22 +0800] "GET /xingrg/kc/buy/cgsh_order_operate.html?command=get_materiel&rest_code=00105&code=00101008261&supplier_code=00100203&order_time=2020-03-24 HTTP/1.1" 200 408
124.77.241.94 - - [24/Mar/2020:09:39:22 +0800] "GET /xingrg/system/rest/get_item.html?table=menu&id=2097&_=1585013961653 HTTP/1.1" 200 954
124.77.241.94 - - [24/Mar/2020:09:39:22 +0800] "GET /xingrg/system/rest/get_item.html?table=menu&target=menu_rest&id=2097&_=1585013961661 HTTP/1.1" 200 650
124.77.241.94 - - [24/Mar/2020:09:39:22 +0800] "GET /xingrg/system/rest/get_item.html?table=menu&target=cook_mode&id=2097&_=1585013961660 HTTP/1.1" 200 15165
124.77.241.94 - - [24/Mar/2020:09:39:22 +0800] "GET /xingrg/system/rest/get_infos.html?command=menu_img_show&id=2097 HTTP/1.1" 200 5
180.156.150.85 - - [24/Mar/2020:09:39:24 +0800] "GET /xingrg/all/function/internal_message.html?_=1585013964266&CODE_STATE=getMsg HTTP/1.1" 200 27
180.156.150.85 - - [24/Mar/2020:09:39:24 +0800] "GET /xingrg/check_reg.html?_=1585013964267 HTTP/1.1" 200 22
124.77.241.94 - - [24/Mar/2020:09:39:25 +0800] "GET /xingrg/system/rest/get_item.html?table=menu&target=menu_rest_detail&id=2097&sid=12&_=1585013964941 HTTP/1.1" 200 426
116.238.181.252 - - [24/Mar/2020:09:39:28 +0800] "GET /xingrg/all/function/internal_message.html?_=1585013967464&CODE_STATE=getMsg HTTP/1.1" 200 27
124.77.241.94 - - [24/Mar/2020:09:39:28 +0800] "POST /xingrg/system/rest/edit_item.html HTTP/1.1" 200 4
124.77.241.94 - - [24/Mar/2020:09:39:28 +0800] "GET /xingrg/system/rest/get_item.html?table=menu&target=menu_rest&id=2097&_=1585013967798 HTTP/1.1" 200 650
114.86.226.127 - - [24/Mar/2020:09:39:29 +0800] "POST /xingrg/kc/base/yddb_list_operate.html HTTP/1.1" 200 205
124.77.241.94 - - [24/Mar/2020:09:39:35 +0800] "GET /xingrg/system/rest/query_items.html?_=1585013974511&table=menu&page=1&rows=20&categoryId=&key= HTTP/1.1" 200 4723
117.131.5.26 - - [24/Mar/2020:09:39:35 +0800] "GET /xingrg/all/function/internal_message.html?_=1585014220099&CODE_STATE=getMsg HTTP/1.1" 200 27
124.77.241.94 - - [24/Mar/2020:09:39:40 +0800] "GET /xingrg/system/rest/query_items.html?_=1585013979457&table=menu&page=1&rows=20&categoryId=&key=7029 HTTP/1.1" 200 244
124.77.241.94 - - [24/Mar/2020:09:39:44 +0800] "GET /xingrg/system/rest/query_items.html?_=1585013983166&table=menu&page=1&rows=20&categoryId=&key=7029 HTTP/1.1" 200 244
58.221.95.50 - - [24/Mar/2020:09:39:46 +0800] "GET /xingrg/all/function/internal_message.html?_=1585014337700&CODE_STATE=getMsg HTTP/1.1" 200 27
222.69.138.73 - - [24/Mar/2020:09:39:48 +0800] "GET /xingrg/all/function/internal_message.html?_=1585013985679&CODE_STATE=getMsg HTTP/1.1" 200 27
124.77.241.94 - - [24/Mar/2020:09:39:48 +0800] "GET /xingrg/system/rest/get_item.html?table=menu&id=7029&_=1585013987412 HTTP/1.1" 200 946
124.77.241.94 - - [24/Mar/2020:09:39:48 +0800] "GET /xingrg/system/rest/get_item.html?table=menu&target=cook_mode&id=7029&_=1585013987420 HTTP/1.1" 200 1962
124.77.241.94 - - [24/Mar/2020:09:39:48 +0800] "GET /xingrg/system/rest/get_item.html?table=menu&target=menu_rest&id=7029&_=1585013987421 HTTP/1.1" 200 58
124.77.241.94 - - [24/Mar/2020:09:39:48 +0800] "GET /xingrg/system/rest/get_infos.html?command=menu_img_show&id=7029 HTTP/1.1" 200 5
124.77.241.94 - - [24/Mar/2020:09:39:50 +0800] "GET /xingrg/all/function/internal_message.html?_=1585013989267&CODE_STATE=getMsg HTTP/1.1" 200 27
114.86.226.127 - - [24/Mar/2020:09:39:56 +0800] "GET /xingrg/all/function/internal_message.html?_=1585014056984&CODE_STATE=getMsg HTTP/1.1" 200 27
124.77.241.94 - - [24/Mar/2020:09:40:00 +0800] "POST /xingrg/system/rest/edit_item.html HTTP/1.1" 200 4
124.77.241.94 - - [24/Mar/2020:09:40:00 +0800] "GET /xingrg/system/rest/get_item.html?table=menu&id=7029&_=1585013999608 HTTP/1.1" 200 946
124.77.241.94 - - [24/Mar/2020:09:40:02 +0800] "GET /xingrg/system/rest/query_items.html?_=1585014001131&table=menu&page=1&rows=20&categoryId=&key=7029 HTTP/1.1" 200 244
180.156.150.85 - - [24/Mar/2020:09:40:04 +0800] "GET /xingrg/kc/buy/cgsh_order_operate.html?command=get_materiel&rest_code=00105&code=00101008246&supplier_code=00100203&order_time=2020-03-24 HTTP/1.1" 200 408
180.156.150.85 - - [24/Mar/2020:09:40:09 +0800] "GET /xingrg/kc/buy/cgsh_order_operate.html?command=get_materiel&rest_code=00105&code=00101008126&supplier_code=00100203&order_time=2020-03-24 HTTP/1.1" 200 412
124.77.241.94 - - [24/Mar/2020:09:40:09 +0800] "GET /xingrg/system/rest/query_items.html?_=1585014008647&table=menu&page=1&rows=20&categoryId=&key=gl HTTP/1.1" 200 4916
124.77.241.94 - - [24/Mar/2020:09:40:10 +0800] "GET /xingrg/all/function/internal_message.html?_=1585014043438&CODE_STATE=getMsg HTTP/1.1" 200 27
124.77.241.94 - - [24/Mar/2020:09:40:12 +0800] "GET /xingrg/system/rest/query_items.html?_=1585014011305&table=menu&page=1&rows=20&categoryId=&key=gl HTTP/1.1" 200 4916
124.77.241.94 - - [24/Mar/2020:09:40:12 +0800] "GET /xingrg/system/rest/get_item.html?table=menu&id=2057&_=1585014011728 HTTP/1.1" 200 935
124.77.241.94 - - [24/Mar/2020:09:40:12 +0800] "GET /xingrg/system/rest/get_item.html?table=menu&target=menu_rest&id=2057&_=1585014011737 HTTP/1.1" 200 639
124.77.241.94 - - [24/Mar/2020:09:40:12 +0800] "GET /xingrg/system/rest/get_infos.html?command=menu_img_show&id=2057 HTTP/1.1" 200 5
124.77.241.94 - - [24/Mar/2020:09:40:13 +0800] "GET /xingrg/system/rest/get_item.html?table=menu&target=cook_mode&id=2057&_=1585014011736 HTTP/1.1" 200 9016
117.185.32.26 - - [24/Mar/2020:09:40:13 +0800] "GET /xingrg/all/function/internal_message.html?_=1585014009502&CODE_STATE=getMsg HTTP/1.1" 200 27
124.77.241.94 - - [24/Mar/2020:09:40:16 +0800] "GET /xingrg/system/rest/get_item.html?table=menu&target=menu_rest_detail&id=2057&sid=12&_=1585014015708 HTTP/1.1" 200 424
180.156.150.85 - - [24/Mar/2020:09:40:18 +0800] "GET /xingrg/kc/buy/cgsh_order_operate.html?command=get_materiel&rest_code=00105&code=00101008321&supplier_code=00100203&order_time=2020-03-24 HTTP/1.1" 200 412
124.77.241.94 - - [24/Mar/2020:09:40:18 +0800] "POST /xingrg/system/rest/edit_item.html HTTP/1.1" 200 4
124.77.241.94 - - [24/Mar/2020:09:40:18 +0800] "GET /xingrg/system/rest/get_item.html?table=menu&target=menu_rest&id=2057&_=1585014017358 HTTP/1.1" 200 639
180.156.150.85 - - [24/Mar/2020:09:40:24 +0800] "GET /xingrg/all/function/internal_message.html?_=1585014024240&CODE_STATE=getMsg HTTP/1.1" 200 27
180.156.150.85 - - [24/Mar/2020:09:40:25 +0800] "GET /xingrg/kc/buy/cgsh_order_operate.html?command=get_materiel&rest_code=00105&code=00101008137&supplier_code=00100203&order_time=2020-03-24 HTTP/1.1" 200 423
124.77.241.94 - - [24/Mar/2020:09:40:26 +0800] "GET /xingrg/system/rest/query_items.html?_=1585014025879&table=menu&page=1&rows=20&categoryId=&key=hj HTTP/1.1" 200 4726
116.238.181.252 - - [24/Mar/2020:09:40:28 +0800] "GET /xingrg/all/function/internal_message.html?_=1585014027469&CODE_STATE=getMsg HTTP/1.1" 200 27
124.77.241.94 - - [24/Mar/2020:09:40:31 +0800] "GET /xingrg/system/rest/query_items.html?_=1585014030743&table=menu&page=1&rows=20&categoryId=&key=hj HTTP/1.1" 200 4726
124.77.241.94 - - [24/Mar/2020:09:40:32 +0800] "GET /xingrg/system/rest/get_item.html?table=menu&id=2068&_=1585014031223 HTTP/1.1" 200 933
124.77.241.94 - - [24/Mar/2020:09:40:32 +0800] "GET /xingrg/system/rest/get_item.html?table=menu&target=cook_mode&id=2068&_=1585014031230 HTTP/1.1" 200 6888
124.77.241.94 - - [24/Mar/2020:09:40:32 +0800] "GET /xingrg/system/rest/get_item.html?table=menu&target=menu_rest&id=2068&_=1585014031231 HTTP/1.1" 200 637
124.77.241.94 - - [24/Mar/2020:09:40:32 +0800] "GET /xingrg/system/rest/get_infos.html?command=menu_img_show&id=2068 HTTP/1.1" 200 5
117.131.5.26 - - [24/Mar/2020:09:40:35 +0800] "GET /xingrg/all/function/internal_message.html?_=1585014280125&CODE_STATE=getMsg HTTP/1.1" 200 27
124.77.241.94 - - [24/Mar/2020:09:40:37 +0800] "GET /xingrg/system/rest/get_item.html?table=menu&target=menu_rest_detail&id=2068&sid=12&_=1585014036875 HTTP/1.1" 200 424
180.156.150.85 - - [24/Mar/2020:09:40:38 +0800] "GET /xingrg/kc/buy/cgsh_order_operate.html?command=get_materiel&rest_code=00105&code=00101008059&supplier_code=00100203&order_time=2020-03-24 HTTP/1.1" 200 408
124.77.241.94 - - [24/Mar/2020:09:40:40 +0800] "POST /xingrg/system/rest/edit_item.html HTTP/1.1" 200 4
124.77.241.94 - - [24/Mar/2020:09:40:40 +0800] "GET /xingrg/system/rest/get_item.html?table=menu&target=menu_rest&id=2068&_=1585014039898 HTTP/1.1" 200 637
58.221.95.50 - - [24/Mar/2020:09:40:46 +0800] "GET /xingrg/all/function/internal_message.html?_=1585014397700&CODE_STATE=getMsg HTTP/1.1" 200 27
124.77.241.94 - - [24/Mar/2020:09:40:47 +0800] "GET /xingrg/system/rest/query_items.html?_=1585014046205&table=menu&page=1&rows=20&categoryId=&key= HTTP/1.1" 200 4723
222.69.138.73 - - [24/Mar/2020:09:40:48 +0800] "GET /xingrg/all/function/internal_message.html?_=1585014045680&CODE_STATE=getMsg HTTP/1.1" 200 27
180.156.150.85 - - [24/Mar/2020:09:40:48 +0800] "GET /xingrg/kc/buy/cgsh_order_operate.html?command=get_materiel&rest_code=00105&code=00101002005&supplier_code=00100203&order_time=2020-03-24 HTTP/1.1" 200 412
117.185.32.26 - - [24/Mar/2020:09:40:50 +0800] "GET /xingrg/check_reg.html?_=1585014046182 HTTP/1.1" 200 22
124.77.241.94 - - [24/Mar/2020:09:40:50 +0800] "GET /xingrg/check_reg.html?_=1585014049222 HTTP/1.1" 200 22
124.77.241.94 - - [24/Mar/2020:09:40:50 +0800] "GET /xingrg/all/function/internal_message.html?_=1585014049239&CODE_STATE=getMsg HTTP/1.1" 200 27
124.77.241.94 - - [24/Mar/2020:09:40:53 +0800] "GET /xingrg/system/rest/query_items.html?_=1585014052765&table=menu&page=1&rows=20&categoryId=&key=1965 HTTP/1.1" 200 284
124.77.241.94 - - [24/Mar/2020:09:40:55 +0800] "GET /xingrg/system/rest/query_items.html?_=1585014054448&table=menu&page=1&rows=20&categoryId=&key=1965 HTTP/1.1" 200 284
114.86.226.127 - - [24/Mar/2020:09:40:55 +0800] "GET /xingrg/all/function/internal_message.html?_=1585014116984&CODE_STATE=getMsg HTTP/1.1" 200 27
124.77.241.94 - - [24/Mar/2020:09:40:55 +0800] "GET /xingrg/system/rest/get_item.html?table=menu&id=1965&_=1585014054891 HTTP/1.1" 200 969
124.77.241.94 - - [24/Mar/2020:09:40:55 +0800] "GET /xingrg/system/rest/get_item.html?table=menu&target=menu_rest&id=1965&_=1585014054899 HTTP/1.1" 200 762
124.77.241.94 - - [24/Mar/2020:09:40:55 +0800] "GET /xingrg/system/rest/get_item.html?table=menu&target=cook_mode&id=1965&_=1585014054898 HTTP/1.1" 200 6235
124.77.241.94 - - [24/Mar/2020:09:40:56 +0800] "GET /xingrg/system/rest/get_infos.html?command=menu_img_show&id=1965 HTTP/1.1" 200 5
124.77.241.94 - - [24/Mar/2020:09:41:02 +0800] "GET /xingrg/system/rest/get_item.html?table=menu&target=menu_rest_detail&id=1965&sid=12&_=1585014061290 HTTP/1.1" 200 426
124.77.241.94 - - [24/Mar/2020:09:41:10 +0800] "GET /xingrg/all/function/internal_message.html?_=1585014103688&CODE_STATE=getMsg HTTP/1.1" 200 27
124.77.241.94 - - [24/Mar/2020:09:41:10 +0800] "POST /xingrg/system/rest/edit_item.html HTTP/1.1" 200 4
124.77.241.94 - - [24/Mar/2020:09:41:10 +0800] "GET /xingrg/system/rest/get_item.html?table=menu&target=menu_rest&id=1965&_=1585014069784 HTTP/1.1" 200 762
117.185.32.26 - - [24/Mar/2020:09:41:13 +0800] "GET /xingrg/all/function/internal_message.html?_=1585014069504&CODE_STATE=getMsg HTTP/1.1" 200 27
117.185.32.26 - - [24/Mar/2020:09:41:13 +0800] "GET /xingrg/check_reg.html?_=1585014069507 HTTP/1.1" 200 22
124.77.241.94 - - [24/Mar/2020:09:41:17 +0800] "GET /xingrg/system/rest/query_items.html?_=1585014076909&table=menu&page=1&rows=20&categoryId=&key= HTTP/1.1" 200 4723
124.77.241.94 - - [24/Mar/2020:09:41:22 +0800] "GET /xingrg/system/rest/query_items.html?_=1585014081637&table=menu&page=1&rows=20&categoryId=&key=2054 HTTP/1.1" 200 298
124.77.241.94 - - [24/Mar/2020:09:41:24 +0800] "GET /xingrg/system/rest/query_items.html?_=1585014083149&table=menu&page=1&rows=20&categoryId=&key=2054 HTTP/1.1" 200 298
124.77.241.94 - - [24/Mar/2020:09:41:24 +0800] "GET /xingrg/system/rest/get_item.html?table=menu&id=2054&_=1585014083685 HTTP/1.1" 200 1006
124.77.241.94 - - [24/Mar/2020:09:41:24 +0800] "GET /xingrg/system/rest/get_item.html?table=menu&target=menu_rest&id=2054&_=1585014083693 HTTP/1.1" 200 868
124.77.241.94 - - [24/Mar/2020:09:41:24 +0800] "GET /xingrg/system/rest/get_item.html?table=menu&target=cook_mode&id=2054&_=1585014083692 HTTP/1.1" 200 10645
180.156.150.85 - - [24/Mar/2020:09:41:24 +0800] "GET /xingrg/all/function/internal_message.html?_=1585014084239&CODE_STATE=getMsg HTTP/1.1" 200 27
124.77.241.94 - - [24/Mar/2020:09:41:24 +0800] "GET /xingrg/system/rest/get_infos.html?command=menu_img_show&id=2054 HTTP/1.1" 200 5
116.238.181.252 - - [24/Mar/2020:09:41:28 +0800] "GET /xingrg/all/function/internal_message.html?_=1585014087478&CODE_STATE=getMsg HTTP/1.1" 200 27
116.238.181.252 - - [24/Mar/2020:09:41:28 +0800] "GET /xingrg/check_reg.html?_=1585014087479 HTTP/1.1" 200 22
124.77.241.94 - - [24/Mar/2020:09:41:28 +0800] "GET /xingrg/system/rest/get_item.html?table=menu&target=menu_rest_detail&id=2054&sid=12&_=1585014087217 HTTP/1.1" 200 427
117.131.5.26 - - [24/Mar/2020:09:41:35 +0800] "GET /xingrg/all/function/internal_message.html?_=1585014340126&CODE_STATE=getMsg HTTP/1.1" 200 27
124.77.241.94 - - [24/Mar/2020:09:41:36 +0800] "POST /xingrg/system/rest/edit_item.html HTTP/1.1" 200 4
124.77.241.94 - - [24/Mar/2020:09:41:36 +0800] "GET /xingrg/system/rest/get_item.html?table=menu&target=menu_rest&id=2054&_=1585014095503 HTTP/1.1" 200 868
58.221.95.50 - - [24/Mar/2020:09:41:46 +0800] "GET /xingrg/check_reg.html?_=1585014457699 HTTP/1.1" 200 22
58.221.95.50 - - [24/Mar/2020:09:41:46 +0800] "GET /xingrg/all/function/internal_message.html?_=1585014457704&CODE_STATE=getMsg HTTP/1.1" 200 27
117.131.5.26 - - [24/Mar/2020:09:41:47 +0800] "GET /xingrg/check_reg.html?_=1585014119500 HTTP/1.1" 200 22
222.69.138.73 - - [24/Mar/2020:09:41:48 +0800] "GET /xingrg/all/function/internal_message.html?_=1585014105684&CODE_STATE=getMsg HTTP/1.1" 200 27
124.77.241.94 - - [24/Mar/2020:09:41:48 +0800] "GET /xingrg/system/rest/query_items.html?_=1585014107239&table=menu&page=1&rows=20&categoryId=&key=fzmj HTTP/1.1" 200 764
116.238.181.252 - - [24/Mar/2020:09:41:48 +0800] "POST /xingrg/kc/base/wldb_order_operate.html HTTP/1.1" 200 37
116.238.181.252 - - [24/Mar/2020:09:41:48 +0800] "POST /xingrg/kc/base/wldb_order_operate.html HTTP/1.1" 200 5922
116.238.181.252 - - [24/Mar/2020:09:41:49 +0800] "GET /xingrg/kc/base/wldb_order_info.html?code=422020032400715 HTTP/1.1" 200 30318
116.238.181.252 - - [24/Mar/2020:09:41:50 +0800] "GET /xingrg/javascript/easyui/themes/default/validatebox.css HTTP/1.1" 404 1104
116.238.181.252 - - [24/Mar/2020:09:41:50 +0800] "POST /xingrg/kc/base/wldb_order_operate.html HTTP/1.1" 200 5922
124.77.241.94 - - [24/Mar/2020:09:41:50 +0800] "GET /xingrg/all/function/internal_message.html?_=1585014109208&CODE_STATE=getMsg HTTP/1.1" 200 27
124.77.241.94 - - [24/Mar/2020:09:41:50 +0800] "GET /xingrg/system/rest/query_items.html?_=1585014109583&table=menu&page=1&rows=20&categoryId=&key=fzmj HTTP/1.1" 200 764
124.77.241.94 - - [24/Mar/2020:09:41:51 +0800] "GET /xingrg/system/rest/get_item.html?table=menu&id=2084&_=1585014110020 HTTP/1.1" 200 971
124.77.241.94 - - [24/Mar/2020:09:41:51 +0800] "GET /xingrg/system/rest/get_item.html?table=menu&target=menu_rest&id=2084&_=1585014110028 HTTP/1.1" 200 1236
124.77.241.94 - - [24/Mar/2020:09:41:51 +0800] "GET /xingrg/system/rest/get_item.html?table=menu&target=cook_mode&id=2084&_=1585014110027 HTTP/1.1" 200 9370
124.77.241.94 - - [24/Mar/2020:09:41:51 +0800] "GET /xingrg/system/rest/get_infos.html?command=menu_img_show&id=2084 HTTP/1.1" 200 5
114.86.226.127 - - [24/Mar/2020:09:41:54 +0800] "GET /xingrg/all/function/internal_message.html?_=1585014177015&CODE_STATE=getMsg HTTP/1.1" 200 27
124.77.241.94 - - [24/Mar/2020:09:41:57 +0800] "GET /xingrg/system/rest/get_item.html?table=menu&target=menu_rest_detail&id=2084&sid=12&_=1585014116005 HTTP/1.1" 200 426
114.86.226.127 - - [24/Mar/2020:09:42:00 +0800] "POST /xingrg/kc/base/yddb_list_operate.html HTTP/1.1" 200 202
114.86.226.127 - - [24/Mar/2020:09:42:04 +0800] "POST /xingrg/kc/base/yddb_list_operate.html HTTP/1.1" 200 211
116.238.181.252 - - [24/Mar/2020:09:42:05 +0800] "POST /xingrg/kc/base/wldb_order_operate.html HTTP/1.1" 200 37
116.238.181.252 - - [24/Mar/2020:09:42:05 +0800] "POST /xingrg/kc/base/wldb_order_operate.html HTTP/1.1" 200 6392
116.238.181.252 - - [24/Mar/2020:09:42:05 +0800] "GET /xingrg/kc/base/wldb_order_info.html?code=422020032400715 HTTP/1.1" 200 30318
116.238.181.252 - - [24/Mar/2020:09:42:06 +0800] "GET /xingrg/javascript/easyui/themes/default/validatebox.css HTTP/1.1" 404 1104
116.238.181.252 - - [24/Mar/2020:09:42:06 +0800] "POST /xingrg/kc/base/wldb_order_operate.html HTTP/1.1" 200 6392
124.77.241.94 - - [24/Mar/2020:09:42:07 +0800] "POST /xingrg/system/rest/edit_item.html HTTP/1.1" 200 4
124.77.241.94 - - [24/Mar/2020:09:42:07 +0800] "GET /xingrg/system/rest/get_item.html?table=menu&target=menu_rest&id=2084&_=1585014126668 HTTP/1.1" 200 1236
124.77.241.94 - - [24/Mar/2020:09:42:10 +0800] "GET /xingrg/all/function/internal_message.html?_=1585014163700&CODE_STATE=getMsg HTTP/1.1" 200 27
116.238.181.252 - - [24/Mar/2020:09:42:10 +0800] "POST /xingrg/kc/base/wldb_order_operate.html HTTP/1.1" 200 37
116.238.181.252 - - [24/Mar/2020:09:42:11 +0800] "POST /xingrg/kc/base/wldb_order_operate.html HTTP/1.1" 200 6396
116.238.181.252 - - [24/Mar/2020:09:42:11 +0800] "GET /xingrg/kc/base/wldb_order_info.html?code=422020032400715 HTTP/1.1" 200 30318
116.238.181.252 - - [24/Mar/2020:09:42:12 +0800] "GET /xingrg/javascript/easyui/themes/default/validatebox.css HTTP/1.1" 404 1104
116.238.181.252 - - [24/Mar/2020:09:42:12 +0800] "POST /xingrg/kc/base/wldb_order_operate.html HTTP/1.1" 200 6396
117.185.32.26 - - [24/Mar/2020:09:42:13 +0800] "GET /xingrg/all/function/internal_message.html?_=1585014129507&CODE_STATE=getMsg HTTP/1.1" 200 27
124.77.241.94 - - [24/Mar/2020:09:42:15 +0800] "GET /xingrg/system/rest/query_items.html?_=1585014134331&table=menu&page=1&rows=20&categoryId=&key= HTTP/1.1" 200 4723
124.77.241.94 - - [24/Mar/2020:09:42:20 +0800] "GET /xingrg/system/rest/query_items.html?_=1585014139179&table=menu&page=1&rows=20&categoryId=&key=1931 HTTP/1.1" 200 255
124.77.241.94 - - [24/Mar/2020:09:42:22 +0800] "GET /xingrg/system/rest/query_items.html?_=1585014141044&table=menu&page=1&rows=20&categoryId=&key=1931 HTTP/1.1" 200 255
124.77.241.94 - - [24/Mar/2020:09:42:22 +0800] "GET /xingrg/system/rest/get_item.html?table=menu&id=1931&_=1585014141514 HTTP/1.1" 200 939
124.77.241.94 - - [24/Mar/2020:09:42:22 +0800] "GET /xingrg/system/rest/get_item.html?table=menu&target=menu_rest&id=1931&_=1585014141524 HTTP/1.1" 200 853
124.77.241.94 - - [24/Mar/2020:09:42:22 +0800] "GET /xingrg/system/rest/get_item.html?table=menu&target=cook_mode&id=1931&_=1585014141522 HTTP/1.1" 200 17346
124.77.241.94 - - [24/Mar/2020:09:42:22 +0800] "GET /xingrg/system/rest/get_infos.html?command=menu_img_show&id=1931 HTTP/1.1" 200 5
180.156.150.85 - - [24/Mar/2020:09:42:24 +0800] "GET /xingrg/all/function/internal_message.html?_=1585014144238&CODE_STATE=getMsg HTTP/1.1" 200 27
116.238.181.252 - - [24/Mar/2020:09:42:28 +0800] "GET /xingrg/all/function/internal_message.html?_=1585014147478&CODE_STATE=getMsg HTTP/1.1" 200 27
124.77.241.94 - - [24/Mar/2020:09:42:28 +0800] "GET /xingrg/system/rest/get_item.html?table=menu&target=menu_rest_detail&id=1931&sid=12&_=1585014147416 HTTP/1.1" 200 436
117.131.5.26 - - [24/Mar/2020:09:42:35 +0800] "GET /xingrg/check_reg.html?_=1585014399837 HTTP/1.1" 200 22
117.131.5.26 - - [24/Mar/2020:09:42:35 +0800] "GET /xingrg/all/function/internal_message.html?_=1585014400140&CODE_STATE=getMsg HTTP/1.1" 200 27
124.77.241.94 - - [24/Mar/2020:09:42:39 +0800] "POST /xingrg/system/rest/edit_item.html HTTP/1.1" 200 4
124.77.241.94 - - [24/Mar/2020:09:42:39 +0800] "GET /xingrg/system/rest/get_item.html?table=menu&target=menu_rest&id=1931&_=1585014158085 HTTP/1.1" 200 853
58.221.95.50 - - [24/Mar/2020:09:42:46 +0800] "GET /xingrg/all/function/internal_message.html?_=1585014517703&CODE_STATE=getMsg HTTP/1.1" 200 27
222.69.138.73 - - [24/Mar/2020:09:42:48 +0800] "GET /xingrg/all/function/internal_message.html?_=1585014165675&CODE_STATE=getMsg HTTP/1.1" 200 27
124.77.241.94 - - [24/Mar/2020:09:42:50 +0800] "GET /xingrg/all/function/internal_message.html?_=1585014169210&CODE_STATE=getMsg HTTP/1.1" 200 27
124.77.241.94 - - [24/Mar/2020:09:42:50 +0800] "GET /xingrg/system/rest/query_items.html?_=1585014169412&table=menu&page=1&rows=20&categoryId=&key= HTTP/1.1" 200 4723
114.86.226.127 - - [24/Mar/2020:09:42:52 +0800] "GET /xingrg/all/function/internal_message.html?_=1585014237015&CODE_STATE=getMsg HTTP/1.1" 200 27
124.77.241.94 - - [24/Mar/2020:09:42:58 +0800] "GET /xingrg/system/rest/query_items.html?_=1585014177771&table=menu&page=1&rows=20&categoryId=&key=1932 HTTP/1.1" 200 253
124.77.241.94 - - [24/Mar/2020:09:43:00 +0800] "GET /xingrg/system/rest/query_items.html?_=1585014179526&table=menu&page=1&rows=20&categoryId=&key=1932 HTTP/1.1" 200 253
180.156.150.85 - - [24/Mar/2020:09:43:00 +0800] "POST /xingrg/kc/buy/cgsh_order_operate.html HTTP/1.1" 200 37
124.77.241.94 - - [24/Mar/2020:09:43:01 +0800] "GET /xingrg/system/rest/get_item.html?table=menu&id=1932&_=1585014180010 HTTP/1.1" 200 937
124.77.241.94 - - [24/Mar/2020:09:43:01 +0800] "GET /xingrg/system/rest/get_item.html?table=menu&target=menu_rest&id=1932&_=1585014180018 HTTP/1.1" 200 647
124.77.241.94 - - [24/Mar/2020:09:43:01 +0800] "GET /xingrg/system/rest/get_item.html?table=menu&target=cook_mode&id=1932&_=1585014180017 HTTP/1.1" 200 14725
124.77.241.94 - - [24/Mar/2020:09:43:01 +0800] "GET /xingrg/system/rest/get_infos.html?command=menu_img_show&id=1932 HTTP/1.1" 200 5
180.156.150.85 - - [24/Mar/2020:09:43:01 +0800] "POST /xingrg/kc/buy/cgsh_order_operate.html HTTP/1.1" 200 12117
180.156.150.85 - - [24/Mar/2020:09:43:02 +0800] "GET /xingrg/kc/print/load_data.html?order_code=212020032402403&kc_code=cgsh&condition= HTTP/1.1" 200 4211
124.77.241.94 - - [24/Mar/2020:09:43:06 +0800] "GET /xingrg/system/rest/get_item.html?table=menu&target=menu_rest_detail&id=1932&sid=12&_=1585014185094 HTTP/1.1" 200 426
124.77.241.94 - - [24/Mar/2020:09:43:10 +0800] "GET /xingrg/check_reg.html?_=1585014223477 HTTP/1.1" 200 22
124.77.241.94 - - [24/Mar/2020:09:43:10 +0800] "GET /xingrg/all/function/internal_message.html?_=1585014223713&CODE_STATE=getMsg HTTP/1.1" 200 27
117.185.32.26 - - [24/Mar/2020:09:43:13 +0800] "GET /xingrg/all/function/internal_message.html?_=1585014189509&CODE_STATE=getMsg HTTP/1.1" 200 27
124.77.241.94 - - [24/Mar/2020:09:43:14 +0800] "POST /xingrg/system/rest/edit_item.html HTTP/1.1" 200 4
124.77.241.94 - - [24/Mar/2020:09:43:14 +0800] "GET /xingrg/system/rest/get_item.html?table=menu&target=menu_rest&id=1932&_=1585014193167 HTTP/1.1" 200 647
180.156.150.85 - - [24/Mar/2020:09:43:24 +0800] "GET /xingrg/all/function/internal_message.html?_=1585014204249&CODE_STATE=getMsg HTTP/1.1" 200 27
116.238.181.252 - - [24/Mar/2020:09:43:28 +0800] "GET /xingrg/all/function/internal_message.html?_=1585014207466&CODE_STATE=getMsg HTTP/1.1" 200 27
116.238.181.252 - - [24/Mar/2020:09:43:33 +0800] "GET /xingrg/kc/buy/cgsh_order_list.html HTTP/1.1" 200 42049
116.238.181.252 - - [24/Mar/2020:09:43:34 +0800] "POST /xingrg/kc/buy/cgsh_list_operate.html HTTP/1.1" 200 1689
117.131.5.26 - - [24/Mar/2020:09:43:35 +0800] "GET /xingrg/all/function/internal_message.html?_=1585014460153&CODE_STATE=getMsg HTTP/1.1" 200 27
58.221.95.50 - - [24/Mar/2020:09:43:46 +0800] "GET /xingrg/all/function/internal_message.html?_=1585014577705&CODE_STATE=getMsg HTTP/1.1" 200 27
222.69.138.73 - - [24/Mar/2020:09:43:48 +0800] "GET /xingrg/all/function/internal_message.html?_=1585014225680&CODE_STATE=getMsg HTTP/1.1" 200 27
222.69.138.73 - - [24/Mar/2020:09:43:48 +0800] "GET /xingrg/check_reg.html?_=1585014225684 HTTP/1.1" 200 22
114.86.226.127 - - [24/Mar/2020:09:43:49 +0800] "GET /xingrg/check_reg.html?_=1585014296890 HTTP/1.1" 200 22
114.86.226.127 - - [24/Mar/2020:09:43:49 +0800] "GET /xingrg/all/function/internal_message.html?_=1585014297015&CODE_STATE=getMsg HTTP/1.1" 200 27
124.77.241.94 - - [24/Mar/2020:09:43:50 +0800] "GET /xingrg/all/function/internal_message.html?_=1585014229206&CODE_STATE=getMsg HTTP/1.1" 200 27
114.93.75.19 - - [24/Mar/2020:09:44:07 +0800] "GET /xingrg/check_reg.html?_=1585014246057 HTTP/1.1" 200 22
124.77.241.94 - - [24/Mar/2020:09:44:10 +0800] "GET /xingrg/all/function/internal_message.html?_=1585014283726&CODE_STATE=getMsg HTTP/1.1" 200 27
117.185.32.26 - - [24/Mar/2020:09:44:13 +0800] "GET /xingrg/all/function/internal_message.html?_=1585014249510&CODE_STATE=getMsg HTTP/1.1" 200 27
101.81.124.227 - - [24/Mar/2020:09:44:21 +0800] "GET /xingrg/index.html?sysBaseUrl=http%3A%2F%2F117.131.15.22%3A18081%2Fxingrg%2F&costTime=33×tamp=1579924058753 HTTP/1.1" 302 -
101.81.124.227 - - [24/Mar/2020:09:44:21 +0800] "GET /xingrg/login.html HTTP/1.1" 200 7639
114.86.226.127 - - [24/Mar/2020:09:44:21 +0800] "GET /xingrg/javascript/jquery_easy_ui/themes/default/images/tabs_active.png HTTP/1.1" 304 -
180.156.150.85 - - [24/Mar/2020:09:44:24 +0800] "GET /xingrg/all/function/internal_message.html?_=1585014264251&CODE_STATE=getMsg HTTP/1.1" 200 27
