180.156.150.85 - - [24/Mar/2020:09:44:24 +0800] "GET /xingrg/check_reg.html?_=1585014264257 HTTP/1.1" 200 22
116.238.181.252 - - [24/Mar/2020:09:44:28 +0800] "GET /xingrg/all/function/internal_message.html?_=1585014267469&CODE_STATE=getMsg HTTP/1.1" 200 27
101.81.124.227 - - [24/Mar/2020:09:44:34 +0800] "POST /xingrg/login.do HTTP/1.1" 302 -
101.81.124.227 - - [24/Mar/2020:09:44:34 +0800] "GET /xingrg/index.html?sysBaseUrl=http%3A%2F%2F117.131.15.22%3A18081%2Fxingrg%2F&costTime=34×tamp=1585014274517 HTTP/1.1" 200 17157
101.81.124.227 - - [24/Mar/2020:09:44:35 +0800] "POST /xingrg/all/common/load_tree.html?tree=area_rest_tree_json&manage=1 HTTP/1.1" 200 476
101.81.124.227 - - [24/Mar/2020:09:44:35 +0800] "GET /xingrg/all/function/internal_message.html?_=1585014271376&CODE_STATE=count HTTP/1.1" 200 11
101.81.124.227 - - [24/Mar/2020:09:44:35 +0800] "GET /xingrg/check_reg.html?_=1585014271386 HTTP/1.1" 200 22
101.81.124.227 - - [24/Mar/2020:09:44:35 +0800] "POST /xingrg/load_menu.html HTTP/1.1" 200 5124
117.131.5.26 - - [24/Mar/2020:09:44:35 +0800] "GET /xingrg/all/function/internal_message.html?_=1585014520168&CODE_STATE=getMsg HTTP/1.1" 200 27
101.81.124.227 - - [24/Mar/2020:09:44:36 +0800] "GET /xingrg/kc/buy/buy_main.html HTTP/1.1" 200 12398
101.81.124.227 - - [24/Mar/2020:09:44:36 +0800] "GET /xingrg/css/new_ie.css HTTP/1.1" 404 1036
101.81.124.227 - - [24/Mar/2020:09:44:40 +0800] "GET /xingrg/images/yd/bt.gif HTTP/1.1" 404 1040
101.81.124.227 - - [24/Mar/2020:09:44:41 +0800] "GET /xingrg/kc/buy/cgsh_order_list.html HTTP/1.1" 200 42043
101.81.124.227 - - [24/Mar/2020:09:44:42 +0800] "GET /xingrg/javascript/jquery_tools/images/next.gif HTTP/1.1" 404 1086
101.81.124.227 - - [24/Mar/2020:09:44:42 +0800] "GET /xingrg/javascript/jquery_tools/images/prev.gif HTTP/1.1" 404 1086
101.81.124.227 - - [24/Mar/2020:09:44:43 +0800] "POST /xingrg/kc/buy/cgsh_list_operate.html HTTP/1.1" 200 876
101.81.124.227 - - [24/Mar/2020:09:44:45 +0800] "GET /xingrg/kc/buy/cgsh_order_add.html HTTP/1.1" 200 58103
101.81.124.227 - - [24/Mar/2020:09:44:45 +0800] "GET /xingrg/words/20200323113824_words.js HTTP/1.1" 304 -
101.81.124.227 - - [24/Mar/2020:09:44:46 +0800] "POST /xingrg/kc/buy/cgsh_order_operate.html HTTP/1.1" 200 8245
101.81.124.227 - - [24/Mar/2020:09:44:46 +0800] "GET /xingrg/javascript/easyui/themes/default/validatebox.css HTTP/1.1" 404 1104
101.81.124.227 - - [24/Mar/2020:09:44:46 +0800] "GET /xingrg/all/common/auto_word.html?type=employee&rest_code=00107 HTTP/1.1" 200 197
101.81.124.227 - - [24/Mar/2020:09:44:46 +0800] "GET /xingrg/all/common/auto_word.html?type=employee&rest_code=00107 HTTP/1.1" 200 197
58.221.95.50 - - [24/Mar/2020:09:44:46 +0800] "GET /xingrg/all/function/internal_message.html?_=1585014637694&CODE_STATE=getMsg HTTP/1.1" 200 27
222.69.138.73 - - [24/Mar/2020:09:44:48 +0800] "GET /xingrg/all/function/internal_message.html?_=1585014285686&CODE_STATE=getMsg HTTP/1.1" 200 27
114.86.226.127 - - [24/Mar/2020:09:44:48 +0800] "GET /xingrg/all/function/internal_message.html?_=1585014357015&CODE_STATE=getMsg HTTP/1.1" 200 27
101.81.124.227 - - [24/Mar/2020:09:44:50 +0800] "GET /xingrg/javascript/easyui/themes/default/tree.css HTTP/1.1" 404 1090
101.81.124.227 - - [24/Mar/2020:09:44:50 +0800] "POST /xingrg/all/common/load_tree.html?tree=supplier_tree_json&isDelete=1 HTTP/1.1" 200 46535
124.77.241.94 - - [24/Mar/2020:09:44:50 +0800] "GET /xingrg/all/function/internal_message.html?_=1585014289217&CODE_STATE=getMsg HTTP/1.1" 200 27
116.238.181.252 - - [24/Mar/2020:09:44:55 +0800] "POST /xingrg/kc/buy/cgsh_list_operate.html HTTP/1.1" 200 570
116.238.181.252 - - [24/Mar/2020:09:44:57 +0800] "GET /xingrg/kc/buy/cgsh_order_info.html?code=212020032402401 HTTP/1.1" 200 58247
116.238.181.252 - - [24/Mar/2020:09:44:57 +0800] "GET /xingrg/javascript/easyui/themes/default/validatebox.css HTTP/1.1" 404 1104
116.238.181.252 - - [24/Mar/2020:09:44:57 +0800] "POST /xingrg/kc/buy/cgsh_order_operate.html HTTP/1.1" 200 9768
101.81.124.227 - - [24/Mar/2020:09:45:04 +0800] "GET /xingrg/javascript/auto/indicator.gif HTTP/1.1" 404 1066
101.81.124.227 - - [24/Mar/2020:09:45:06 +0800] "GET /xingrg/kc/buy/cgsh_order_operate.html?command=get_materiel&rest_code=00107&code=00101008261&supplier_code=00100006&order_time=2020-03-24 HTTP/1.1" 200 408
124.77.241.94 - - [24/Mar/2020:09:45:10 +0800] "GET /xingrg/all/function/internal_message.html?_=1585014343745&CODE_STATE=getMsg HTTP/1.1" 200 27
117.185.32.26 - - [24/Mar/2020:09:45:13 +0800] "GET /xingrg/all/function/internal_message.html?_=1585014309510&CODE_STATE=getMsg HTTP/1.1" 200 27
124.77.241.94 - - [24/Mar/2020:09:45:22 +0800] "POST /xingrg/services/DataTransmitService HTTP/1.1" 200 524
124.77.241.94 - - [24/Mar/2020:09:45:22 +0800] "POST /xingrg/services/DataTransmitService HTTP/1.1" 200 2063
124.77.241.94 - - [24/Mar/2020:09:45:22 +0800] "POST /xingrg/services/DataTransmitService HTTP/1.1" 200 2323
124.77.241.94 - - [24/Mar/2020:09:45:23 +0800] "POST /xingrg/services/DataTransmitService HTTP/1.1" 200 1467
124.77.241.94 - - [24/Mar/2020:09:45:23 +0800] "POST /xingrg/services/DataTransmitService HTTP/1.1" 200 140503
180.156.150.85 - - [24/Mar/2020:09:45:24 +0800] "GET /xingrg/all/function/internal_message.html?_=1585014324394&CODE_STATE=getMsg HTTP/1.1" 200 27
116.238.181.252 - - [24/Mar/2020:09:45:28 +0800] "GET /xingrg/all/function/internal_message.html?_=1585014327478&CODE_STATE=getMsg HTTP/1.1" 200 27
101.81.124.227 - - [24/Mar/2020:09:45:35 +0800] "GET /xingrg/all/function/internal_message.html?_=1585014331406&CODE_STATE=getMsg HTTP/1.1" 200 27
117.131.5.26 - - [24/Mar/2020:09:45:35 +0800] "GET /xingrg/all/function/internal_message.html?_=1585014580227&CODE_STATE=getMsg HTTP/1.1" 200 27
58.221.95.50 - - [24/Mar/2020:09:45:46 +0800] "GET /xingrg/all/function/internal_message.html?_=1585014697697&CODE_STATE=getMsg HTTP/1.1" 200 27
116.238.181.252 - - [24/Mar/2020:09:45:47 +0800] "POST /xingrg/kc/buy/cgsh_order_operate.html HTTP/1.1" 200 37
222.69.138.73 - - [24/Mar/2020:09:45:48 +0800] "GET /xingrg/all/function/internal_message.html?_=1585014345683&CODE_STATE=getMsg HTTP/1.1" 200 27
114.86.226.127 - - [24/Mar/2020:09:45:48 +0800] "GET /xingrg/all/function/internal_message.html?_=1585014417015&CODE_STATE=getMsg HTTP/1.1" 200 27
116.238.181.252 - - [24/Mar/2020:09:45:49 +0800] "POST /xingrg/kc/buy/cgsh_order_operate.html HTTP/1.1" 200 12
101.81.124.227 - - [24/Mar/2020:09:45:49 +0800] "GET /xingrg/kc/buy/cgsh_order_operate.html?command=get_materiel&rest_code=00107&code=00101008155&supplier_code=00100006&order_time=2020-03-24 HTTP/1.1" 200 424
116.238.181.252 - - [24/Mar/2020:09:45:49 +0800] "GET /xingrg/kc/buy/cgsh_order_info.html?code=212020032402401 HTTP/1.1" 200 53142
117.185.32.26 - - [24/Mar/2020:09:45:50 +0800] "GET /xingrg/check_reg.html?_=1585014346160 HTTP/1.1" 200 22
124.77.241.94 - - [24/Mar/2020:09:45:50 +0800] "GET /xingrg/all/function/internal_message.html?_=1585014349212&CODE_STATE=getMsg HTTP/1.1" 200 27
124.77.241.94 - - [24/Mar/2020:09:45:50 +0800] "GET /xingrg/check_reg.html?_=1585014349215 HTTP/1.1" 200 22
116.238.181.252 - - [24/Mar/2020:09:45:50 +0800] "GET /xingrg/javascript/easyui/themes/default/validatebox.css HTTP/1.1" 404 1104
116.238.181.252 - - [24/Mar/2020:09:45:50 +0800] "POST /xingrg/kc/buy/cgsh_order_operate.html HTTP/1.1" 200 7694
116.238.181.252 - - [24/Mar/2020:09:45:51 +0800] "GET /xingrg/kc/print/load_data.html?order_code=212020032402401&kc_code=cgsh&condition= HTTP/1.1" 200 3453
124.77.241.94 - - [24/Mar/2020:09:45:55 +0800] "POST /xingrg/services/DataTransmitService HTTP/1.1" 200 524
124.77.241.94 - - [24/Mar/2020:09:45:55 +0800] "POST /xingrg/services/DataTransmitService HTTP/1.1" 200 2063
124.77.241.94 - - [24/Mar/2020:09:45:55 +0800] "POST /xingrg/services/DataTransmitService HTTP/1.1" 200 524
124.77.241.94 - - [24/Mar/2020:09:45:55 +0800] "POST /xingrg/services/DataTransmitService HTTP/1.1" 200 2063
124.77.241.94 - - [24/Mar/2020:09:45:56 +0800] "POST /xingrg/services/DataTransmitService HTTP/1.1" 200 524
124.77.241.94 - - [24/Mar/2020:09:45:56 +0800] "POST /xingrg/services/DataTransmitService HTTP/1.1" 200 2063
124.77.241.94 - - [24/Mar/2020:09:45:56 +0800] "POST /xingrg/services/DataTransmitService HTTP/1.1" 200 524
124.77.241.94 - - [24/Mar/2020:09:45:56 +0800] "POST /xingrg/services/DataTransmitService HTTP/1.1" 200 2063
124.77.241.94 - - [24/Mar/2020:09:45:56 +0800] "POST /xingrg/services/DataTransmitService HTTP/1.1" 200 524
124.77.241.94 - - [24/Mar/2020:09:45:56 +0800] "POST /xingrg/services/DataTransmitService HTTP/1.1" 200 2063
124.77.241.94 - - [24/Mar/2020:09:45:57 +0800] "POST /xingrg/services/DataTransmitService HTTP/1.1" 200 524
124.77.241.94 - - [24/Mar/2020:09:45:57 +0800] "POST /xingrg/services/DataTransmitService HTTP/1.1" 200 2063
124.77.241.94 - - [24/Mar/2020:09:45:57 +0800] "POST /xingrg/services/DataTransmitService HTTP/1.1" 200 524
124.77.241.94 - - [24/Mar/2020:09:45:57 +0800] "POST /xingrg/services/DataTransmitService HTTP/1.1" 200 2063
124.77.241.94 - - [24/Mar/2020:09:45:58 +0800] "POST /xingrg/services/DataTransmitService HTTP/1.1" 200 524
124.77.241.94 - - [24/Mar/2020:09:45:58 +0800] "POST /xingrg/services/DataTransmitService HTTP/1.1" 200 2063
124.77.241.94 - - [24/Mar/2020:09:45:58 +0800] "POST /xingrg/services/DataTransmitService HTTP/1.1" 200 524
124.77.241.94 - - [24/Mar/2020:09:45:58 +0800] "POST /xingrg/services/DataTransmitService HTTP/1.1" 200 2063
124.77.241.94 - - [24/Mar/2020:09:45:58 +0800] "POST /xingrg/services/DataTransmitService HTTP/1.1" 200 524
124.77.241.94 - - [24/Mar/2020:09:45:58 +0800] "POST /xingrg/services/DataTransmitService HTTP/1.1" 200 2063
124.77.241.94 - - [24/Mar/2020:09:45:58 +0800] "POST /xingrg/services/DataTransmitService HTTP/1.1" 200 524
124.77.241.94 - - [24/Mar/2020:09:45:58 +0800] "POST /xingrg/services/DataTransmitService HTTP/1.1" 200 2063
124.77.241.94 - - [24/Mar/2020:09:45:59 +0800] "POST /xingrg/services/DataTransmitService HTTP/1.1" 200 524
124.77.241.94 - - [24/Mar/2020:09:45:59 +0800] "POST /xingrg/services/DataTransmitService HTTP/1.1" 200 2063
124.77.241.94 - - [24/Mar/2020:09:45:59 +0800] "POST /xingrg/services/DataTransmitService HTTP/1.1" 200 524
124.77.241.94 - - [24/Mar/2020:09:45:59 +0800] "POST /xingrg/services/DataTransmitService HTTP/1.1" 200 2063
124.77.241.94 - - [24/Mar/2020:09:45:59 +0800] "POST /xingrg/services/DataTransmitService HTTP/1.1" 200 524
124.77.241.94 - - [24/Mar/2020:09:45:59 +0800] "POST /xingrg/services/DataTransmitService HTTP/1.1" 200 2063
124.77.241.94 - - [24/Mar/2020:09:45:59 +0800] "POST /xingrg/services/DataTransmitService HTTP/1.1" 200 524
124.77.241.94 - - [24/Mar/2020:09:45:59 +0800] "POST /xingrg/services/DataTransmitService HTTP/1.1" 200 2063
116.238.181.252 - - [24/Mar/2020:09:46:00 +0800] "POST /xingrg/all/user/operate.html HTTP/1.1" 200 36
124.77.241.94 - - [24/Mar/2020:09:46:00 +0800] "POST /xingrg/services/DataTransmitService HTTP/1.1" 200 524
124.77.241.94 - - [24/Mar/2020:09:46:00 +0800] "POST /xingrg/services/DataTransmitService HTTP/1.1" 200 2063
116.238.181.252 - - [24/Mar/2020:09:46:00 +0800] "GET /xingrg/index.html?sysBaseUrl=http%3A%2F%2F117.131.15.22%3A18081%2Fxingrg%2F&costTime=34×tamp=1584839530336 HTTP/1.1" 200 17155
116.238.181.252 - - [24/Mar/2020:09:46:00 +0800] "GET /xingrg/javascript/jquery_easy_ui/themes/default/easyui.css HTTP/1.1" 304 -
116.238.181.252 - - [24/Mar/2020:09:46:00 +0800] "GET /xingrg/javascript/jquery_easy_ui/themes/icon.css HTTP/1.1" 304 -
116.238.181.252 - - [24/Mar/2020:09:46:00 +0800] "GET /xingrg/css/form.css HTTP/1.1" 304 -
116.238.181.252 - - [24/Mar/2020:09:46:00 +0800] "GET /xingrg/javascript/jquery-1.4.2.min.js HTTP/1.1" 304 -
116.238.181.252 - - [24/Mar/2020:09:46:00 +0800] "GET /xingrg/javascript/jquery_easy_ui/jquery.easyui.min.js HTTP/1.1" 304 -
124.77.241.94 - - [24/Mar/2020:09:46:00 +0800] "POST /xingrg/services/DataTransmitService HTTP/1.1" 200 524
116.238.181.252 - - [24/Mar/2020:09:46:00 +0800] "GET /xingrg/javascript/jquery_easy_ui/easyui-lang-zh_CN.js HTTP/1.1" 304 -
124.77.241.94 - - [24/Mar/2020:09:46:00 +0800] "POST /xingrg/services/DataTransmitService HTTP/1.1" 200 2063
116.238.181.252 - - [24/Mar/2020:09:46:00 +0800] "GET /xingrg/javascript/jquery.form.js HTTP/1.1" 304 -
116.238.181.252 - - [24/Mar/2020:09:46:00 +0800] "GET /xingrg/javascript/jquery.utils.js HTTP/1.1" 304 -
116.238.181.252 - - [24/Mar/2020:09:46:00 +0800] "GET /xingrg/javascript/jquery.timers.js HTTP/1.1" 304 -
116.238.181.252 - - [24/Mar/2020:09:46:00 +0800] "GET /xingrg/images/blue/jxLogo.png HTTP/1.1" 304 -
116.238.181.252 - - [24/Mar/2020:09:46:00 +0800] "GET /xingrg/javascript/jquery_easy_ui/themes/icons/settle_new.png HTTP/1.1" 304 -
116.238.181.252 - - [24/Mar/2020:09:46:00 +0800] "GET /xingrg/images/blue/navBackgound.jpg HTTP/1.1" 304 -
116.238.181.252 - - [24/Mar/2020:09:46:00 +0800] "POST /xingrg/all/common/load_tree.html?tree=area_rest_tree_json&manage=1 HTTP/1.1" 200 476
116.238.181.252 - - [24/Mar/2020:09:46:00 +0800] "GET /xingrg/all/function/internal_message.html?_=1585014360130&CODE_STATE=count HTTP/1.1" 200 11
116.238.181.252 - - [24/Mar/2020:09:46:00 +0800] "GET /xingrg/javascript/jquery_easy_ui/themes/default/images/tabs_leftarrow.png HTTP/1.1" 304 -
116.238.181.252 - - [24/Mar/2020:09:46:00 +0800] "GET /xingrg/check_reg.html?_=1585014360131 HTTP/1.1" 200 22
116.238.181.252 - - [24/Mar/2020:09:46:00 +0800] "GET /xingrg/javascript/jquery_easy_ui/themes/default/images/tabs_rightarrow.png HTTP/1.1" 304 -
116.238.181.252 - - [24/Mar/2020:09:46:00 +0800] "GET /xingrg/javascript/jquery_easy_ui/themes/default/images/panel_tool_collapse.gif HTTP/1.1" 304 -
116.238.181.252 - - [24/Mar/2020:09:46:00 +0800] "GET /xingrg/images/blue/pingpu.png HTTP/1.1" 304 -
116.238.181.252 - - [24/Mar/2020:09:46:00 +0800] "POST /xingrg/load_menu.html HTTP/1.1" 200 5124
124.77.241.94 - - [24/Mar/2020:09:46:00 +0800] "POST /xingrg/services/DataTransmitService HTTP/1.1" 200 524
124.77.241.94 - - [24/Mar/2020:09:46:00 +0800] "POST /xingrg/services/DataTransmitService HTTP/1.1" 200 2063
124.77.241.94 - - [24/Mar/2020:09:46:01 +0800] "POST /xingrg/services/DataTransmitService HTTP/1.1" 200 524
124.77.241.94 - - [24/Mar/2020:09:46:01 +0800] "POST /xingrg/services/DataTransmitService HTTP/1.1" 200 2063
124.77.241.94 - - [24/Mar/2020:09:46:01 +0800] "POST /xingrg/services/DataTransmitService HTTP/1.1" 200 524
124.77.241.94 - - [24/Mar/2020:09:46:01 +0800] "POST /xingrg/services/DataTransmitService HTTP/1.1" 200 2063
124.77.241.94 - - [24/Mar/2020:09:46:01 +0800] "POST /xingrg/services/DataTransmitService HTTP/1.1" 200 524
124.77.241.94 - - [24/Mar/2020:09:46:01 +0800] "POST /xingrg/services/DataTransmitService HTTP/1.1" 200 2063
124.77.241.94 - - [24/Mar/2020:09:46:02 +0800] "POST /xingrg/services/DataTransmitService HTTP/1.1" 200 524
124.77.241.94 - - [24/Mar/2020:09:46:02 +0800] "POST /xingrg/services/DataTransmitService HTTP/1.1" 200 2063
124.77.241.94 - - [24/Mar/2020:09:46:02 +0800] "POST /xingrg/services/DataTransmitService HTTP/1.1" 200 524
124.77.241.94 - - [24/Mar/2020:09:46:02 +0800] "POST /xingrg/services/DataTransmitService HTTP/1.1" 200 2063
124.77.241.94 - - [24/Mar/2020:09:46:02 +0800] "POST /xingrg/services/DataTransmitService HTTP/1.1" 200 524
116.238.181.252 - - [24/Mar/2020:09:46:02 +0800] "GET /xingrg/kc/buy/cgsh_order_list.html HTTP/1.1" 200 42047
124.77.241.94 - - [24/Mar/2020:09:46:03 +0800] "POST /xingrg/services/DataTransmitService HTTP/1.1" 200 2063
116.238.181.252 - - [24/Mar/2020:09:46:03 +0800] "POST /xingrg/kc/buy/cgsh_list_operate.html HTTP/1.1" 200 1688
101.81.124.227 - - [24/Mar/2020:09:46:04 +0800] "GET /xingrg/kc/buy/cgsh_order_operate.html?command=get_materiel&rest_code=00107&code=00101008096&supplier_code=00100006&order_time=2020-03-24 HTTP/1.1" 200 428
116.238.181.252 - - [24/Mar/2020:09:46:05 +0800] "POST /xingrg/kc/buy/cgsh_list_operate.html HTTP/1.1" 200 562
116.238.181.252 - - [24/Mar/2020:09:46:06 +0800] "GET /xingrg/kc/buy/cgsh_order_info.html?code=212020032402399 HTTP/1.1" 200 57384
116.238.181.252 - - [24/Mar/2020:09:46:06 +0800] "GET /xingrg/javascript/easyui/themes/default/validatebox.css HTTP/1.1" 404 1104
116.238.181.252 - - [24/Mar/2020:09:46:06 +0800] "POST /xingrg/kc/buy/cgsh_order_operate.html HTTP/1.1" 200 6819
124.77.241.94 - - [24/Mar/2020:09:46:10 +0800] "GET /xingrg/all/function/internal_message.html?_=1585014403984&CODE_STATE=getMsg HTTP/1.1" 200 27
117.185.32.26 - - [24/Mar/2020:09:46:13 +0800] "GET /xingrg/check_reg.html?_=1585014369538 HTTP/1.1" 200 22
117.185.32.26 - - [24/Mar/2020:09:46:13 +0800] "GET /xingrg/all/function/internal_message.html?_=1585014369541&CODE_STATE=getMsg HTTP/1.1" 200 27
101.81.124.227 - - [24/Mar/2020:09:46:20 +0800] "GET /xingrg/kc/buy/cgsh_order_operate.html?command=get_materiel&rest_code=00107&code=00101008038&supplier_code=00100006&order_time=2020-03-24 HTTP/1.1" 200 412
116.238.181.252 - - [24/Mar/2020:09:46:21 +0800] "GET /xingrg/javascript/auto/indicator.gif HTTP/1.1" 404 1066
180.156.150.85 - - [24/Mar/2020:09:46:24 +0800] "GET /xingrg/all/function/internal_message.html?_=1585014384253&CODE_STATE=getMsg HTTP/1.1" 200 27
116.238.181.252 - - [24/Mar/2020:09:46:32 +0800] "GET /xingrg/kc/buy/cgsh_order_operate.html?command=get_materiel&rest_code=00151&code=00101008247&supplier_code=00100007&order_time=2020-03-24 HTTP/1.1" 200 412
101.81.124.227 - - [24/Mar/2020:09:46:35 +0800] "GET /xingrg/all/function/internal_message.html?_=1585014391399&CODE_STATE=getMsg HTTP/1.1" 200 27
117.131.5.26 - - [24/Mar/2020:09:46:35 +0800] "GET /xingrg/all/function/internal_message.html?_=1585014640240&CODE_STATE=getMsg HTTP/1.1" 200 27
101.81.124.227 - - [24/Mar/2020:09:46:36 +0800] "GET /xingrg/kc/buy/cgsh_order_operate.html?command=get_materiel&rest_code=00107&code=00101008358&supplier_code=00100006&order_time=2020-03-24 HTTP/1.1" 200 428
101.81.124.227 - - [24/Mar/2020:09:46:46 +0800] "GET /xingrg/kc/buy/cgsh_order_operate.html?command=get_materiel&rest_code=00107&code=00101008088&supplier_code=00100006&order_time=2020-03-24 HTTP/1.1" 200 423
116.238.181.252 - - [24/Mar/2020:09:46:46 +0800] "GET /xingrg/kc/buy/cgsh_order_operate.html?command=get_materiel&rest_code=00151&code=00101008248&supplier_code=00100007&order_time=2020-03-24 HTTP/1.1" 200 412
58.221.95.50 - - [24/Mar/2020:09:46:46 +0800] "GET /xingrg/all/function/internal_message.html?_=1585014757700&CODE_STATE=getMsg HTTP/1.1" 200 27
58.221.95.50 - - [24/Mar/2020:09:46:46 +0800] "GET /xingrg/check_reg.html?_=1585014757702 HTTP/1.1" 200 22
117.131.5.26 - - [24/Mar/2020:09:46:47 +0800] "GET /xingrg/check_reg.html?_=1585014419500 HTTP/1.1" 200 22
222.69.138.73 - - [24/Mar/2020:09:46:48 +0800] "GET /xingrg/all/function/internal_message.html?_=1585014405686&CODE_STATE=getMsg HTTP/1.1" 200 27
114.86.226.127 - - [24/Mar/2020:09:46:48 +0800] "GET /xingrg/all/function/internal_message.html?_=1585014477015&CODE_STATE=getMsg HTTP/1.1" 200 27
124.77.241.94 - - [24/Mar/2020:09:46:50 +0800] "GET /xingrg/all/function/internal_message.html?_=1585014409207&CODE_STATE=getMsg HTTP/1.1" 200 27
116.238.181.252 - - [24/Mar/2020:09:47:00 +0800] "GET /xingrg/all/function/internal_message.html?_=1585014420150&CODE_STATE=getMsg HTTP/1.1" 200 27
101.81.124.227 - - [24/Mar/2020:09:47:04 +0800] "GET /xingrg/kc/buy/cgsh_order_operate.html?command=get_materiel&rest_code=00107&code=00101008003&supplier_code=00100006&order_time=2020-03-24 HTTP/1.1" 200 432
124.77.241.94 - - [24/Mar/2020:09:47:10 +0800] "GET /xingrg/all/function/internal_message.html?_=1585014463986&CODE_STATE=getMsg HTTP/1.1" 200 27
117.185.32.26 - - [24/Mar/2020:09:47:13 +0800] "GET /xingrg/all/function/internal_message.html?_=1585014429526&CODE_STATE=getMsg HTTP/1.1" 200 27
101.81.124.227 - - [24/Mar/2020:09:47:15 +0800] "GET /xingrg/kc/buy/cgsh_order_operate.html?command=get_materiel&rest_code=00107&code=00101008141&supplier_code=00100006&order_time=2020-03-24 HTTP/1.1" 200 414
180.156.150.85 - - [24/Mar/2020:09:47:24 +0800] "GET /xingrg/all/function/internal_message.html?_=1585014444241&CODE_STATE=getMsg HTTP/1.1" 200 27
101.81.124.227 - - [24/Mar/2020:09:47:30 +0800] "GET /xingrg/kc/buy/cgsh_order_operate.html?command=get_materiel&rest_code=00107&code=00101008067&supplier_code=00100006&order_time=2020-03-24 HTTP/1.1" 200 416
116.238.181.252 - - [24/Mar/2020:09:47:33 +0800] "GET /xingrg/javascript/jquery_tools/images/prev.gif HTTP/1.1" 404 1086
116.238.181.252 - - [24/Mar/2020:09:47:33 +0800] "GET /xingrg/javascript/jquery_tools/images/next.gif HTTP/1.1" 404 1086
101.81.124.227 - - [24/Mar/2020:09:47:35 +0800] "GET /xingrg/all/function/internal_message.html?_=1585014451442&CODE_STATE=getMsg HTTP/1.1" 200 27
117.131.5.26 - - [24/Mar/2020:09:47:35 +0800] "GET /xingrg/check_reg.html?_=1585014699892 HTTP/1.1" 200 22
117.131.5.26 - - [24/Mar/2020:09:47:35 +0800] "GET /xingrg/all/function/internal_message.html?_=1585014700290&CODE_STATE=getMsg HTTP/1.1" 200 27
116.238.181.252 - - [24/Mar/2020:09:47:45 +0800] "POST /xingrg/kc/buy/cgsh_order_operate.html HTTP/1.1" 200 37
116.238.181.252 - - [24/Mar/2020:09:47:46 +0800] "POST /xingrg/kc/buy/cgsh_order_operate.html HTTP/1.1" 200 6819
58.221.95.50 - - [24/Mar/2020:09:47:46 +0800] "GET /xingrg/all/function/internal_message.html?_=1585014817703&CODE_STATE=getMsg HTTP/1.1" 200 27
222.69.138.73 - - [24/Mar/2020:09:47:48 +0800] "GET /xingrg/all/function/internal_message.html?_=1585014465692&CODE_STATE=getMsg HTTP/1.1" 200 27
114.86.226.127 - - [24/Mar/2020:09:47:48 +0800] "GET /xingrg/all/function/internal_message.html?_=1585014537015&CODE_STATE=getMsg HTTP/1.1" 200 27
101.81.124.227 - - [24/Mar/2020:09:48:00 +0800] "GET /xingrg/kc/buy/cgsh_order_operate.html?command=get_materiel&rest_code=00107&code=00101008300&supplier_code=00100006&order_time=2020-03-24 HTTP/1.1" 200 412
116.238.181.252 - - [24/Mar/2020:09:48:00 +0800] "GET /xingrg/all/function/internal_message.html?_=1585014480139&CODE_STATE=getMsg HTTP/1.1" 200 27
124.77.241.94 - - [24/Mar/2020:09:48:10 +0800] "GET /xingrg/check_reg.html?_=1585014523706 HTTP/1.1" 200 22
124.77.241.94 - - [24/Mar/2020:09:48:10 +0800] "GET /xingrg/all/function/internal_message.html?_=1585014524000&CODE_STATE=getMsg HTTP/1.1" 200 27
117.185.32.26 - - [24/Mar/2020:09:48:13 +0800] "GET /xingrg/all/function/internal_message.html?_=1585014489527&CODE_STATE=getMsg HTTP/1.1" 200 27
116.238.181.252 - - [24/Mar/2020:09:48:14 +0800] "POST /xingrg/kc/buy/cgsh_order_operate.html HTTP/1.1" 200 37
101.81.124.227 - - [24/Mar/2020:09:48:14 +0800] "GET /xingrg/kc/buy/cgsh_order_operate.html?command=get_materiel&rest_code=00107&code=00101008172&supplier_code=00100006&order_time=2020-03-24 HTTP/1.1" 200 412
116.238.181.252 - - [24/Mar/2020:09:48:16 +0800] "POST /xingrg/kc/buy/cgsh_order_operate.html HTTP/1.1" 200 12
116.238.181.252 - - [24/Mar/2020:09:48:18 +0800] "GET /xingrg/kc/buy/cgsh_order_info.html?code=212020032402399 HTTP/1.1" 200 52286
116.238.181.252 - - [24/Mar/2020:09:48:18 +0800] "GET /xingrg/javascript/easyui/themes/default/validatebox.css HTTP/1.1" 404 1104
116.238.181.252 - - [24/Mar/2020:09:48:18 +0800] "POST /xingrg/kc/buy/cgsh_order_operate.html HTTP/1.1" 200 4765
116.238.181.252 - - [24/Mar/2020:09:48:19 +0800] "GET /xingrg/kc/print/load_data.html?order_code=212020032402399&kc_code=cgsh&condition= HTTP/1.1" 200 2361
101.81.124.227 - - [24/Mar/2020:09:48:24 +0800] "GET /xingrg/kc/buy/cgsh_order_operate.html?command=get_materiel&rest_code=00107&code=00101008357&supplier_code=00100006&order_time=2020-03-24 HTTP/1.1" 200 426
180.156.150.85 - - [24/Mar/2020:09:48:24 +0800] "GET /xingrg/all/function/internal_message.html?_=1585014504242&CODE_STATE=getMsg HTTP/1.1" 200 27
101.81.124.227 - - [24/Mar/2020:09:48:35 +0800] "GET /xingrg/all/function/internal_message.html?_=1585014511421&CODE_STATE=getMsg HTTP/1.1" 200 27
101.81.124.227 - - [24/Mar/2020:09:48:35 +0800] "GET /xingrg/kc/buy/cgsh_order_operate.html?command=get_materiel&rest_code=00107&code=00101008169&supplier_code=00100006&order_time=2020-03-24 HTTP/1.1" 200 412
117.131.5.26 - - [24/Mar/2020:09:48:35 +0800] "GET /xingrg/all/function/internal_message.html?_=1585014760298&CODE_STATE=getMsg HTTP/1.1" 200 27
101.81.124.227 - - [24/Mar/2020:09:48:46 +0800] "GET /xingrg/kc/buy/cgsh_order_operate.html?command=get_materiel&rest_code=00107&code=00101008005&supplier_code=00100006&order_time=2020-03-24 HTTP/1.1" 200 432
58.221.95.50 - - [24/Mar/2020:09:48:46 +0800] "GET /xingrg/all/function/internal_message.html?_=1585014877707&CODE_STATE=getMsg HTTP/1.1" 200 27
222.69.138.73 - - [24/Mar/2020:09:48:48 +0800] "GET /xingrg/check_reg.html?_=1585014525691 HTTP/1.1" 200 22
222.69.138.73 - - [24/Mar/2020:09:48:48 +0800] "GET /xingrg/all/function/internal_message.html?_=1585014525701&CODE_STATE=getMsg HTTP/1.1" 200 27
114.86.226.127 - - [24/Mar/2020:09:48:48 +0800] "GET /xingrg/check_reg.html?_=1585014596890 HTTP/1.1" 200 22
114.86.226.127 - - [24/Mar/2020:09:48:48 +0800] "GET /xingrg/all/function/internal_message.html?_=1585014597015&CODE_STATE=getMsg HTTP/1.1" 200 27
101.81.124.227 - - [24/Mar/2020:09:48:56 +0800] "GET /xingrg/kc/buy/cgsh_order_operate.html?command=get_materiel&rest_code=00107&code=00101008353&supplier_code=00100006&order_time=2020-03-24 HTTP/1.1" 200 428
116.238.181.252 - - [24/Mar/2020:09:49:00 +0800] "GET /xingrg/all/function/internal_message.html?_=1585014540139&CODE_STATE=getMsg HTTP/1.1" 200 27
114.93.75.19 - - [24/Mar/2020:09:49:07 +0800] "GET /xingrg/check_reg.html?_=1585014546036 HTTP/1.1" 200 22
101.81.124.227 - - [24/Mar/2020:09:49:07 +0800] "GET /xingrg/kc/buy/cgsh_order_operate.html?command=get_materiel&rest_code=00107&code=00101008010&supplier_code=00100006&order_time=2020-03-24 HTTP/1.1" 200 412
124.77.241.94 - - [24/Mar/2020:09:49:10 +0800] "GET /xingrg/all/function/internal_message.html?_=1585014584015&CODE_STATE=getMsg HTTP/1.1" 200 27
117.185.32.26 - - [24/Mar/2020:09:49:13 +0800] "GET /xingrg/all/function/internal_message.html?_=1585014549529&CODE_STATE=getMsg HTTP/1.1" 200 27
101.81.124.227 - - [24/Mar/2020:09:49:19 +0800] "GET /xingrg/kc/buy/cgsh_order_operate.html?command=get_materiel&rest_code=00107&code=00101008306&supplier_code=00100006&order_time=2020-03-24 HTTP/1.1" 200 412
180.156.150.85 - - [24/Mar/2020:09:49:24 +0800] "GET /xingrg/check_reg.html?_=1585014564243 HTTP/1.1" 200 22
180.156.150.85 - - [24/Mar/2020:09:49:24 +0800] "GET /xingrg/all/function/internal_message.html?_=1585014564242&CODE_STATE=getMsg HTTP/1.1" 200 27
101.81.124.227 - - [24/Mar/2020:09:49:35 +0800] "GET /xingrg/check_reg.html?_=1585014571400 HTTP/1.1" 200 22
101.81.124.227 - - [24/Mar/2020:09:49:35 +0800] "GET /xingrg/all/function/internal_message.html?_=1585014571404&CODE_STATE=getMsg HTTP/1.1" 200 27
58.221.95.50 - - [24/Mar/2020:09:49:46 +0800] "GET /xingrg/all/function/internal_message.html?_=1585014937730&CODE_STATE=getMsg HTTP/1.1" 200 27
101.81.124.227 - - [24/Mar/2020:09:49:47 +0800] "GET /xingrg/kc/buy/cgsh_order_operate.html?command=get_materiel&rest_code=00107&code=00101008118&supplier_code=00100006&order_time=2020-03-24 HTTP/1.1" 200 418
222.69.138.73 - - [24/Mar/2020:09:49:48 +0800] "GET /xingrg/all/function/internal_message.html?_=1585014585694&CODE_STATE=getMsg HTTP/1.1" 200 27
114.86.226.127 - - [24/Mar/2020:09:49:48 +0800] "GET /xingrg/all/function/internal_message.html?_=1585014657093&CODE_STATE=getMsg HTTP/1.1" 200 27
101.81.124.227 - - [24/Mar/2020:09:49:59 +0800] "POST /xingrg/kc/buy/cgsh_order_operate.html HTTP/1.1" 200 37
116.238.181.252 - - [24/Mar/2020:09:50:00 +0800] "GET /xingrg/all/function/internal_message.html?_=1585014600152&CODE_STATE=getMsg HTTP/1.1" 200 27
101.81.124.227 - - [24/Mar/2020:09:50:01 +0800] "POST /xingrg/kc/buy/cgsh_order_operate.html HTTP/1.1" 200 12
101.81.124.227 - - [24/Mar/2020:09:50:03 +0800] "GET /xingrg/kc/buy/cgsh_order_info.html?code=212020032402404 HTTP/1.1" 200 53005
101.81.124.227 - - [24/Mar/2020:09:50:03 +0800] "GET /xingrg/javascript/easyui/themes/default/validatebox.css HTTP/1.1" 404 1104
101.81.124.227 - - [24/Mar/2020:09:50:03 +0800] "POST /xingrg/kc/buy/cgsh_order_operate.html HTTP/1.1" 200 10656
101.81.124.227 - - [24/Mar/2020:09:50:05 +0800] "GET /xingrg/kc/print/load_config.html?kc_code=cgsh HTTP/1.1" 200 1841
101.81.124.227 - - [24/Mar/2020:09:50:05 +0800] "GET /xingrg/kc/print/load_data.html?order_code=212020032402404&kc_code=cgsh&condition= HTTP/1.1" 200 4508
124.77.241.94 - - [24/Mar/2020:09:50:10 +0800] "GET /xingrg/all/function/internal_message.html?_=1585014644027&CODE_STATE=getMsg HTTP/1.1" 200 27
117.185.32.26 - - [24/Mar/2020:09:50:13 +0800] "GET /xingrg/all/function/internal_message.html?_=1585014609532&CODE_STATE=getMsg HTTP/1.1" 200 27
180.156.150.85 - - [24/Mar/2020:09:50:24 +0800] "GET /xingrg/all/function/internal_message.html?_=1585014624242&CODE_STATE=getMsg HTTP/1.1" 200 27
114.88.170.9 - - [24/Mar/2020:09:50:33 +0800] "GET /xingrg/check_reg.html?_=1585014902831 HTTP/1.1" 200 22
114.88.170.9 - - [24/Mar/2020:09:50:33 +0800] "GET /xingrg/all/function/internal_message.html?_=1585014902830&CODE_STATE=getMsg HTTP/1.1" 200 27
101.81.124.227 - - [24/Mar/2020:09:50:35 +0800] "GET /xingrg/all/function/internal_message.html?_=1585014631407&CODE_STATE=getMsg HTTP/1.1" 200 27
101.81.124.227 - - [24/Mar/2020:09:50:42 +0800] "GET /xingrg/kc/buy/cgsh_order_add.html HTTP/1.1" 200 58103
101.81.124.227 - - [24/Mar/2020:09:50:43 +0800] "POST /xingrg/kc/buy/cgsh_order_operate.html HTTP/1.1" 200 8245
101.81.124.227 - - [24/Mar/2020:09:50:43 +0800] "GET /xingrg/javascript/easyui/themes/default/validatebox.css HTTP/1.1" 404 1104
101.81.124.227 - - [24/Mar/2020:09:50:46 +0800] "GET /xingrg/javascript/easyui/themes/default/tree.css HTTP/1.1" 404 1090
101.81.124.227 - - [24/Mar/2020:09:50:46 +0800] "POST /xingrg/all/common/load_tree.html?tree=supplier_tree_json&isDelete=1 HTTP/1.1" 200 46535
58.221.95.50 - - [24/Mar/2020:09:50:46 +0800] "GET /xingrg/all/function/internal_message.html?_=1585014997701&CODE_STATE=getMsg HTTP/1.1" 200 27
222.69.138.73 - - [24/Mar/2020:09:50:48 +0800] "GET /xingrg/all/function/internal_message.html?_=1585014645691&CODE_STATE=getMsg HTTP/1.1" 200 27
114.86.226.127 - - [24/Mar/2020:09:50:48 +0800] "GET /xingrg/all/function/internal_message.html?_=1585014717093&CODE_STATE=getMsg HTTP/1.1" 200 27
114.88.170.9 - - [24/Mar/2020:09:50:49 +0800] "GET /xingrg/kc/buy/cgsh_order_add.html HTTP/1.1" 200 57645
114.88.170.9 - - [24/Mar/2020:09:50:49 +0800] "GET /xingrg/javascript/easyui/themes/default/validatebox.css HTTP/1.1" 404 1104
114.88.170.9 - - [24/Mar/2020:09:50:49 +0800] "POST /xingrg/kc/buy/cgsh_order_operate.html HTTP/1.1" 200 8245
117.185.32.26 - - [24/Mar/2020:09:50:50 +0800] "GET /xingrg/check_reg.html?_=1585014646136 HTTP/1.1" 200 22
116.232.32.71 - - [24/Mar/2020:09:50:52 +0800] "POST /xingrg/services/DataTransmitService HTTP/1.1" 200 524
116.238.181.252 - - [24/Mar/2020:09:51:00 +0800] "GET /xingrg/check_reg.html?_=1585014660140 HTTP/1.1" 200 22
116.238.181.252 - - [24/Mar/2020:09:51:00 +0800] "GET /xingrg/all/function/internal_message.html?_=1585014660144&CODE_STATE=getMsg HTTP/1.1" 200 27
114.88.170.9 - - [24/Mar/2020:09:51:04 +0800] "GET /xingrg/kc/buy/cgsh_order_operate.html?command=get_materiel&rest_code=00111&code=00101004030&supplier_code=00100312&order_time=2020-03-24 HTTP/1.1" 200 426
114.88.170.9 - - [24/Mar/2020:09:51:04 +0800] "GET /xingrg/all/function/internal_message.html?_=1585014962801&CODE_STATE=getMsg HTTP/1.1" 200 27
101.81.124.227 - - [24/Mar/2020:09:51:09 +0800] "GET /xingrg/kc/buy/cgsh_order_operate.html?command=get_materiel&rest_code=00107&code=00101001140&supplier_code=00100090&order_time=2020-03-24 HTTP/1.1" 200 430
124.77.241.94 - - [24/Mar/2020:09:51:10 +0800] "GET /xingrg/all/function/internal_message.html?_=1585014704283&CODE_STATE=getMsg HTTP/1.1" 200 27
117.185.32.26 - - [24/Mar/2020:09:51:13 +0800] "GET /xingrg/all/function/internal_message.html?_=1585014669532&CODE_STATE=getMsg HTTP/1.1" 200 27
117.185.32.26 - - [24/Mar/2020:09:51:13 +0800] "GET /xingrg/check_reg.html?_=1585014669534 HTTP/1.1" 200 22
114.88.170.9 - - [24/Mar/2020:09:51:14 +0800] "GET /xingrg/kc/buy/cgsh_order_operate.html?command=get_materiel&rest_code=00111&code=00101001016&supplier_code=00100312&order_time=2020-03-24 HTTP/1.1" 200 431
114.88.170.9 - - [24/Mar/2020:09:51:21 +0800] "GET /xingrg/kc/buy/cgsh_order_operate.html?command=get_materiel&rest_code=00111&code=00101001096&supplier_code=00100312&order_time=2020-03-24 HTTP/1.1" 200 433
101.81.124.227 - - [24/Mar/2020:09:51:24 +0800] "POST /xingrg/kc/buy/cgsh_order_operate.html HTTP/1.1" 200 37
180.156.150.85 - - [24/Mar/2020:09:51:24 +0800] "GET /xingrg/all/function/internal_message.html?_=1585014684253&CODE_STATE=getMsg HTTP/1.1" 200 27
101.81.124.227 - - [24/Mar/2020:09:51:26 +0800] "POST /xingrg/kc/buy/cgsh_order_operate.html HTTP/1.1" 200 12
114.88.170.9 - - [24/Mar/2020:09:51:26 +0800] "GET /xingrg/kc/buy/cgsh_order_operate.html?command=get_materiel&rest_code=00111&code=00101001138&supplier_code=00100312&order_time=2020-03-24 HTTP/1.1" 200 432
101.81.124.227 - - [24/Mar/2020:09:51:30 +0800] "GET /xingrg/kc/print/load_data.html?order_code=212020032402405&kc_code=cgsh&condition= HTTP/1.1" 200 768
114.88.170.9 - - [24/Mar/2020:09:51:31 +0800] "GET /xingrg/kc/buy/cgsh_order_operate.html?command=get_materiel&rest_code=00111&code=00101005022&supplier_code=00100312&order_time=2020-03-24 HTTP/1.1" 200 432
101.81.124.227 - - [24/Mar/2020:09:51:32 +0800] "GET /xingrg/kc/buy/cgsh_order_info.html?code=212020032402405 HTTP/1.1" 200 53009
101.81.124.227 - - [24/Mar/2020:09:51:35 +0800] "GET /xingrg/all/function/internal_message.html?_=1585014691728&CODE_STATE=getMsg HTTP/1.1" 200 27
101.81.124.227 - - [24/Mar/2020:09:51:35 +0800] "GET /xingrg/javascript/easyui/themes/default/validatebox.css HTTP/1.1" 404 1104
101.81.124.227 - - [24/Mar/2020:09:51:36 +0800] "POST /xingrg/kc/buy/cgsh_order_operate.html HTTP/1.1" 200 612
101.81.124.227 - - [24/Mar/2020:09:51:37 +0800] "GET /xingrg/kc/buy/cgsh_order_add.html HTTP/1.1" 200 58103
114.88.170.9 - - [24/Mar/2020:09:51:37 +0800] "POST /xingrg/kc/buy/cgsh_order_operate.html HTTP/1.1" 200 37
101.81.124.227 - - [24/Mar/2020:09:51:37 +0800] "POST /xingrg/kc/buy/cgsh_order_operate.html HTTP/1.1" 200 8245
101.81.124.227 - - [24/Mar/2020:09:51:38 +0800] "GET /xingrg/javascript/easyui/themes/default/validatebox.css HTTP/1.1" 404 1104
114.88.170.9 - - [24/Mar/2020:09:51:38 +0800] "POST /xingrg/kc/buy/cgsh_order_operate.html HTTP/1.1" 200 5040
114.88.170.9 - - [24/Mar/2020:09:51:38 +0800] "GET /xingrg/kc/print/load_data.html?order_code=212020032402406&kc_code=cgsh&condition= HTTP/1.1" 200 1588
101.81.124.227 - - [24/Mar/2020:09:51:42 +0800] "GET /xingrg/javascript/easyui/themes/default/tree.css HTTP/1.1" 404 1090
101.81.124.227 - - [24/Mar/2020:09:51:42 +0800] "POST /xingrg/all/common/load_tree.html?tree=supplier_tree_json&isDelete=1 HTTP/1.1" 200 46535
114.88.170.9 - - [24/Mar/2020:09:51:46 +0800] "GET /xingrg/kc/buy/cgsh_order_add.html HTTP/1.1" 200 57645
114.88.170.9 - - [24/Mar/2020:09:51:46 +0800] "POST /xingrg/kc/buy/cgsh_order_operate.html HTTP/1.1" 200 8245
114.88.170.9 - - [24/Mar/2020:09:51:46 +0800] "GET /xingrg/javascript/easyui/themes/default/validatebox.css HTTP/1.1" 404 1104
58.221.95.50 - - [24/Mar/2020:09:51:46 +0800] "GET /xingrg/all/function/internal_message.html?_=1585015057703&CODE_STATE=getMsg HTTP/1.1" 200 27
58.221.95.50 - - [24/Mar/2020:09:51:46 +0800] "GET /xingrg/check_reg.html?_=1585015057706 HTTP/1.1" 200 22
117.131.5.26 - - [24/Mar/2020:09:51:47 +0800] "GET /xingrg/check_reg.html?_=1585014719500 HTTP/1.1" 200 22
222.69.138.73 - - [24/Mar/2020:09:51:48 +0800] "GET /xingrg/all/function/internal_message.html?_=1585014705692&CODE_STATE=getMsg HTTP/1.1" 200 27
114.86.226.127 - - [24/Mar/2020:09:51:48 +0800] "GET /xingrg/all/function/internal_message.html?_=1585014777093&CODE_STATE=getMsg HTTP/1.1" 200 27
114.88.170.9 - - [24/Mar/2020:09:51:52 +0800] "GET /xingrg/kc/buy/cgsh_order_operate.html?command=get_materiel&rest_code=00111&code=00101001167&supplier_code=00100314&order_time=2020-03-24 HTTP/1.1" 200 434
116.238.181.252 - - [24/Mar/2020:09:52:00 +0800] "GET /xingrg/all/function/internal_message.html?_=1585014720144&CODE_STATE=getMsg HTTP/1.1" 200 27
114.88.170.9 - - [24/Mar/2020:09:52:03 +0800] "POST /xingrg/kc/buy/cgsh_order_operate.html HTTP/1.1" 200 37
101.81.124.227 - - [24/Mar/2020:09:52:04 +0800] "GET /xingrg/kc/buy/cgsh_order_operate.html?command=get_materiel&rest_code=00107&code=00101001125&supplier_code=00100319&order_time=2020-03-24 HTTP/1.1" 200 430
114.88.170.9 - - [24/Mar/2020:09:52:04 +0800] "GET /xingrg/all/function/internal_message.html?_=1585015022934&CODE_STATE=getMsg HTTP/1.1" 200 27
114.88.170.9 - - [24/Mar/2020:09:52:04 +0800] "POST /xingrg/kc/buy/cgsh_order_operate.html HTTP/1.1" 200 2666
114.88.170.9 - - [24/Mar/2020:09:52:05 +0800] "GET /xingrg/kc/print/load_data.html?order_code=212020032402407&kc_code=cgsh&condition= HTTP/1.1" 200 677
114.88.170.9 - - [24/Mar/2020:09:52:10 +0800] "GET /xingrg/kc/buy/cgsh_order_add.html HTTP/1.1" 200 57645
124.77.241.94 - - [24/Mar/2020:09:52:10 +0800] "GET /xingrg/all/function/internal_message.html?_=1585014764288&CODE_STATE=getMsg HTTP/1.1" 200 27
114.88.170.9 - - [24/Mar/2020:09:52:11 +0800] "GET /xingrg/javascript/easyui/themes/default/validatebox.css HTTP/1.1" 404 1104
114.88.170.9 - - [24/Mar/2020:09:52:11 +0800] "POST /xingrg/kc/buy/cgsh_order_operate.html HTTP/1.1" 200 8245
117.185.32.26 - - [24/Mar/2020:09:52:13 +0800] "GET /xingrg/all/function/internal_message.html?_=1585014729534&CODE_STATE=getMsg HTTP/1.1" 200 27
114.88.170.9 - - [24/Mar/2020:09:52:16 +0800] "GET /xingrg/kc/buy/cgsh_order_operate.html?command=get_materiel&rest_code=00111&code=00101001140&supplier_code=00100090&order_time=2020-03-24 HTTP/1.1" 200 432
114.88.170.9 - - [24/Mar/2020:09:52:23 +0800] "POST /xingrg/kc/buy/cgsh_order_operate.html HTTP/1.1" 200 37
101.81.124.227 - - [24/Mar/2020:09:52:24 +0800] "POST /xingrg/kc/buy/cgsh_order_operate.html HTTP/1.1" 200 37
114.88.170.9 - - [24/Mar/2020:09:52:24 +0800] "POST /xingrg/kc/buy/cgsh_order_operate.html HTTP/1.1" 200 2660
180.156.150.85 - - [24/Mar/2020:09:52:24 +0800] "GET /xingrg/all/function/internal_message.html?_=1585014744239&CODE_STATE=getMsg HTTP/1.1" 200 27
114.88.170.9 - - [24/Mar/2020:09:52:26 +0800] "GET /xingrg/kc/print/load_data.html?order_code=212020032402408&kc_code=cgsh&condition= HTTP/1.1" 200 739
101.81.124.227 - - [24/Mar/2020:09:52:27 +0800] "POST /xingrg/kc/buy/cgsh_order_operate.html HTTP/1.1" 200 12
101.81.124.227 - - [24/Mar/2020:09:52:30 +0800] "GET /xingrg/kc/buy/cgsh_order_info.html?code=212020032402409 HTTP/1.1" 200 53009
101.81.124.227 - - [24/Mar/2020:09:52:30 +0800] "GET /xingrg/javascript/easyui/themes/default/validatebox.css HTTP/1.1" 404 1104
101.81.124.227 - - [24/Mar/2020:09:52:31 +0800] "POST /xingrg/kc/buy/cgsh_order_operate.html HTTP/1.1" 200 612
114.88.170.9 - - [24/Mar/2020:09:52:32 +0800] "GET /xingrg/kc/buy/cgsh_order_add.html HTTP/1.1" 200 57645
101.81.124.227 - - [24/Mar/2020:09:52:32 +0800] "GET /xingrg/kc/print/load_data.html?order_code=212020032402409&kc_code=cgsh&condition= HTTP/1.1" 200 705
114.88.170.9 - - [24/Mar/2020:09:52:32 +0800] "GET /xingrg/javascript/easyui/themes/default/validatebox.css HTTP/1.1" 404 1104
114.88.170.9 - - [24/Mar/2020:09:52:32 +0800] "POST /xingrg/kc/buy/cgsh_order_operate.html HTTP/1.1" 200 8245
101.81.124.227 - - [24/Mar/2020:09:52:35 +0800] "GET /xingrg/all/function/internal_message.html?_=1585014752074&CODE_STATE=getMsg HTTP/1.1" 200 27
101.81.124.227 - - [24/Mar/2020:09:52:37 +0800] "GET /xingrg/kc/buy/cgsh_order_add.html HTTP/1.1" 200 58103
101.81.124.227 - - [24/Mar/2020:09:52:37 +0800] "POST /xingrg/kc/buy/cgsh_order_operate.html HTTP/1.1" 200 8245
101.81.124.227 - - [24/Mar/2020:09:52:37 +0800] "GET /xingrg/javascript/easyui/themes/default/validatebox.css HTTP/1.1" 404 1104
114.88.170.9 - - [24/Mar/2020:09:52:38 +0800] "GET /xingrg/kc/buy/cgsh_order_operate.html?command=get_materiel&rest_code=00111&code=00101002038&supplier_code=00100087&order_time=2020-03-24 HTTP/1.1" 200 416
101.81.124.227 - - [24/Mar/2020:09:52:39 +0800] "GET /xingrg/javascript/easyui/themes/default/tree.css HTTP/1.1" 404 1090
101.81.124.227 - - [24/Mar/2020:09:52:39 +0800] "POST /xingrg/all/common/load_tree.html?tree=supplier_tree_json&isDelete=1 HTTP/1.1" 200 46535
58.221.95.50 - - [24/Mar/2020:09:52:46 +0800] "GET /xingrg/all/function/internal_message.html?_=1585015117708&CODE_STATE=getMsg HTTP/1.1" 200 27
114.88.170.9 - - [24/Mar/2020:09:52:47 +0800] "POST /xingrg/kc/buy/cgsh_order_operate.html HTTP/1.1" 200 37
222.69.138.73 - - [24/Mar/2020:09:52:48 +0800] "GET /xingrg/all/function/internal_message.html?_=1585014765704&CODE_STATE=getMsg HTTP/1.1" 200 27
114.86.226.127 - - [24/Mar/2020:09:52:48 +0800] "GET /xingrg/all/function/internal_message.html?_=1585014837093&CODE_STATE=getMsg HTTP/1.1" 200 27
114.88.170.9 - - [24/Mar/2020:09:52:48 +0800] "POST /xingrg/kc/buy/cgsh_order_operate.html HTTP/1.1" 200 2661
114.88.170.9 - - [24/Mar/2020:09:52:49 +0800] "GET /xingrg/kc/print/load_data.html?order_code=212020032402410&kc_code=cgsh&condition= HTTP/1.1" 200 719
114.88.170.9 - - [24/Mar/2020:09:52:56 +0800] "GET /xingrg/kc/buy/cgsh_order_add.html HTTP/1.1" 200 57645
114.88.170.9 - - [24/Mar/2020:09:52:56 +0800] "GET /xingrg/javascript/easyui/themes/default/validatebox.css HTTP/1.1" 404 1104
114.88.170.9 - - [24/Mar/2020:09:52:56 +0800] "POST /xingrg/kc/buy/cgsh_order_operate.html HTTP/1.1" 200 8245
116.238.181.252 - - [24/Mar/2020:09:53:00 +0800] "GET /xingrg/all/function/internal_message.html?_=1585014780149&CODE_STATE=getMsg HTTP/1.1" 200 27
114.88.170.9 - - [24/Mar/2020:09:53:04 +0800] "GET /xingrg/kc/buy/cgsh_order_operate.html?command=get_materiel&rest_code=00111&code=00101002009&supplier_code=00100088&order_time=2020-03-24 HTTP/1.1" 200 416
114.88.170.9 - - [24/Mar/2020:09:53:04 +0800] "GET /xingrg/all/function/internal_message.html?_=1585015082909&CODE_STATE=getMsg HTTP/1.1" 200 27
101.81.124.227 - - [24/Mar/2020:09:53:05 +0800] "GET /xingrg/kc/buy/cgsh_order_operate.html?command=get_materiel&rest_code=00107&code=00101002034&supplier_code=00100091&order_time=2020-03-24 HTTP/1.1" 200 428
124.77.241.94 - - [24/Mar/2020:09:53:10 +0800] "GET /xingrg/check_reg.html?_=1585014823947 HTTP/1.1" 200 22
124.77.241.94 - - [24/Mar/2020:09:53:10 +0800] "GET /xingrg/all/function/internal_message.html?_=1585014824302&CODE_STATE=getMsg HTTP/1.1" 200 27
117.185.32.26 - - [24/Mar/2020:09:53:13 +0800] "GET /xingrg/all/function/internal_message.html?_=1585014789536&CODE_STATE=getMsg HTTP/1.1" 200 27
114.88.170.9 - - [24/Mar/2020:09:53:14 +0800] "POST /xingrg/kc/buy/cgsh_order_operate.html HTTP/1.1" 200 37
114.88.170.9 - - [24/Mar/2020:09:53:15 +0800] "POST /xingrg/kc/buy/cgsh_order_operate.html HTTP/1.1" 200 2662
114.88.170.9 - - [24/Mar/2020:09:53:16 +0800] "GET /xingrg/kc/print/load_data.html?order_code=212020032402411&kc_code=cgsh&condition= HTTP/1.1" 200 741
114.88.170.9 - - [24/Mar/2020:09:53:23 +0800] "GET /xingrg/kc/buy/cgsh_order_add.html HTTP/1.1" 200 57645
114.88.170.9 - - [24/Mar/2020:09:53:23 +0800] "GET /xingrg/javascript/easyui/themes/default/validatebox.css HTTP/1.1" 404 1104
114.88.170.9 - - [24/Mar/2020:09:53:23 +0800] "POST /xingrg/kc/buy/cgsh_order_operate.html HTTP/1.1" 200 8245
180.156.150.85 - - [24/Mar/2020:09:53:24 +0800] "GET /xingrg/all/function/internal_message.html?_=1585014804240&CODE_STATE=getMsg HTTP/1.1" 200 27
114.88.170.9 - - [24/Mar/2020:09:53:30 +0800] "GET /xingrg/kc/buy/cgsh_order_operate.html?command=get_materiel&rest_code=00111&code=00101010534&supplier_code=00100323&order_time=2020-03-24 HTTP/1.1" 200 445
101.81.124.227 - - [24/Mar/2020:09:53:35 +0800] "GET /xingrg/all/function/internal_message.html?_=1585014812060&CODE_STATE=getMsg HTTP/1.1" 200 27
114.88.170.9 - - [24/Mar/2020:09:53:40 +0800] "POST /xingrg/kc/buy/cgsh_order_operate.html HTTP/1.1" 200 37
114.88.170.9 - - [24/Mar/2020:09:53:41 +0800] "POST /xingrg/kc/buy/cgsh_order_operate.html HTTP/1.1" 200 2679
114.88.170.9 - - [24/Mar/2020:09:53:42 +0800] "GET /xingrg/kc/print/load_data.html?order_code=212020032402412&kc_code=cgsh&condition= HTTP/1.1" 200 696
58.221.95.50 - - [24/Mar/2020:09:53:46 +0800] "GET /xingrg/all/function/internal_message.html?_=1585015177710&CODE_STATE=getMsg HTTP/1.1" 200 27
114.88.170.9 - - [24/Mar/2020:09:53:47 +0800] "GET /xingrg/kc/buy/cgsh_order_add.html HTTP/1.1" 200 57645
222.69.138.73 - - [24/Mar/2020:09:53:48 +0800] "GET /xingrg/check_reg.html?_=1585014825703 HTTP/1.1" 200 22
222.69.138.73 - - [24/Mar/2020:09:53:48 +0800] "GET /xingrg/all/function/internal_message.html?_=1585014825705&CODE_STATE=getMsg HTTP/1.1" 200 27
114.86.226.127 - - [24/Mar/2020:09:53:48 +0800] "GET /xingrg/check_reg.html?_=1585014896890 HTTP/1.1" 200 22
114.88.170.9 - - [24/Mar/2020:09:53:48 +0800] "GET /xingrg/javascript/easyui/themes/default/validatebox.css HTTP/1.1" 404 1104
114.88.170.9 - - [24/Mar/2020:09:53:48 +0800] "POST /xingrg/kc/buy/cgsh_order_operate.html HTTP/1.1" 200 8245
114.86.226.127 - - [24/Mar/2020:09:53:48 +0800] "GET /xingrg/all/function/internal_message.html?_=1585014897093&CODE_STATE=getMsg HTTP/1.1" 200 27
114.88.170.9 - - [24/Mar/2020:09:53:54 +0800] "GET /xingrg/kc/buy/cgsh_order_operate.html?command=get_materiel&rest_code=00111&code=00102002167&supplier_code=00100347&order_time=2020-03-24 HTTP/1.1" 200 409
116.238.181.252 - - [24/Mar/2020:09:54:00 +0800] "GET /xingrg/all/function/internal_message.html?_=1585014840148&CODE_STATE=getMsg HTTP/1.1" 200 27
114.88.170.9 - - [24/Mar/2020:09:54:05 +0800] "POST /xingrg/kc/buy/cgsh_order_operate.html HTTP/1.1" 200 37
114.88.170.9 - - [24/Mar/2020:09:54:06 +0800] "POST /xingrg/kc/buy/cgsh_order_operate.html HTTP/1.1" 200 2652
114.88.170.9 - - [24/Mar/2020:09:54:07 +0800] "GET /xingrg/kc/print/load_data.html?order_code=212020032402413&kc_code=cgsh&condition= HTTP/1.1" 200 646
114.93.75.19 - - [24/Mar/2020:09:54:07 +0800] "GET /xingrg/check_reg.html?_=1585014846012 HTTP/1.1" 200 22
124.77.241.94 - - [24/Mar/2020:09:54:10 +0800] "GET /xingrg/all/function/internal_message.html?_=1585014884314&CODE_STATE=getMsg HTTP/1.1" 200 27
117.185.32.26 - - [24/Mar/2020:09:54:13 +0800] "GET /xingrg/all/function/internal_message.html?_=1585014849537&CODE_STATE=getMsg HTTP/1.1" 200 27
116.232.32.71 - - [24/Mar/2020:09:54:15 +0800] "POST /xingrg/services/DataTransmitService HTTP/1.1" 200 524
180.156.150.85 - - [24/Mar/2020:09:54:24 +0800] "GET /xingrg/all/function/internal_message.html?_=1585014864244&CODE_STATE=getMsg HTTP/1.1" 200 27
180.156.150.85 - - [24/Mar/2020:09:54:24 +0800] "GET /xingrg/check_reg.html?_=1585014864247 HTTP/1.1" 200 22
101.81.124.227 - - [24/Mar/2020:09:54:35 +0800] "GET /xingrg/check_reg.html?_=1585014871408 HTTP/1.1" 200 22
101.81.124.227 - - [24/Mar/2020:09:54:35 +0800] "GET /xingrg/all/function/internal_message.html?_=1585014872043&CODE_STATE=getMsg HTTP/1.1" 200 27
58.221.95.50 - - [24/Mar/2020:09:54:46 +0800] "GET /xingrg/all/function/internal_message.html?_=1585015237713&CODE_STATE=getMsg HTTP/1.1" 200 27
222.69.138.73 - - [24/Mar/2020:09:54:48 +0800] "GET /xingrg/all/function/internal_message.html?_=1585014885704&CODE_STATE=getMsg HTTP/1.1" 200 27
114.86.226.127 - - [24/Mar/2020:09:54:48 +0800] "GET /xingrg/all/function/internal_message.html?_=1585014957093&CODE_STATE=getMsg HTTP/1.1" 200 27
116.238.181.252 - - [24/Mar/2020:09:55:00 +0800] "GET /xingrg/all/function/internal_message.html?_=1585014900150&CODE_STATE=getMsg HTTP/1.1" 200 27
114.88.170.9 - - [24/Mar/2020:09:55:04 +0800] "GET /xingrg/check_reg.html?_=1585015202817 HTTP/1.1" 200 22
114.88.170.9 - - [24/Mar/2020:09:55:04 +0800] "GET /xingrg/all/function/internal_message.html?_=1585015202983&CODE_STATE=getMsg HTTP/1.1" 200 27
124.77.241.94 - - [24/Mar/2020:09:55:10 +0800] "GET /xingrg/all/function/internal_message.html?_=1585014944329&CODE_STATE=getMsg HTTP/1.1" 200 27
117.185.32.26 - - [24/Mar/2020:09:55:13 +0800] "GET /xingrg/all/function/internal_message.html?_=1585014909537&CODE_STATE=getMsg HTTP/1.1" 200 27
180.156.150.85 - - [24/Mar/2020:09:55:24 +0800] "GET /xingrg/all/function/internal_message.html?_=1585014924248&CODE_STATE=getMsg HTTP/1.1" 200 27
101.81.124.227 - - [24/Mar/2020:09:55:36 +0800] "POST /xingrg/kc/buy/cgsh_order_operate.html HTTP/1.1" 200 37
101.81.124.227 - - [24/Mar/2020:09:55:37 +0800] "POST /xingrg/kc/buy/cgsh_order_operate.html HTTP/1.1" 200 2655
101.81.124.227 - - [24/Mar/2020:09:55:42 +0800] "GET /xingrg/kc/print/load_data.html?order_code=212020032402414&kc_code=cgsh&condition= HTTP/1.1" 200 727
58.221.95.50 - - [24/Mar/2020:09:55:46 +0800] "GET /xingrg/all/function/internal_message.html?_=1585015297712&CODE_STATE=getMsg HTTP/1.1" 200 27
101.81.124.227 - - [24/Mar/2020:09:55:47 +0800] "GET /xingrg/kc/buy/cgsh_order_add.html HTTP/1.1" 200 58103
222.69.138.73 - - [24/Mar/2020:09:55:48 +0800] "GET /xingrg/all/function/internal_message.html?_=1585014945696&CODE_STATE=getMsg HTTP/1.1" 200 27
101.81.124.227 - - [24/Mar/2020:09:55:48 +0800] "POST /xingrg/kc/buy/cgsh_order_operate.html HTTP/1.1" 200 8245
101.81.124.227 - - [24/Mar/2020:09:55:48 +0800] "GET /xingrg/javascript/easyui/themes/default/validatebox.css HTTP/1.1" 404 1104
114.86.226.127 - - [24/Mar/2020:09:55:48 +0800] "GET /xingrg/all/function/internal_message.html?_=1585015017093&CODE_STATE=getMsg HTTP/1.1" 200 27
101.81.124.227 - - [24/Mar/2020:09:55:49 +0800] "GET /xingrg/javascript/easyui/themes/default/tree.css HTTP/1.1" 404 1090
101.81.124.227 - - [24/Mar/2020:09:55:49 +0800] "POST /xingrg/all/common/load_tree.html?tree=supplier_tree_json&isDelete=1 HTTP/1.1" 200 46535
117.185.32.26 - - [24/Mar/2020:09:55:50 +0800] "GET /xingrg/check_reg.html?_=1585014946140 HTTP/1.1" 200 22
116.238.181.252 - - [24/Mar/2020:09:56:00 +0800] "GET /xingrg/check_reg.html?_=1585014960151 HTTP/1.1" 200 22
