58.221.95.50 - - [24/Mar/2020:10:11:46 +0800] "GET /xingrg/check_reg.html?_=1585016257728 HTTP/1.1" 200 22
58.221.95.50 - - [24/Mar/2020:10:11:46 +0800] "GET /xingrg/all/function/internal_message.html?_=1585016257738&CODE_STATE=getMsg HTTP/1.1" 200 27
117.131.5.26 - - [24/Mar/2020:10:11:47 +0800] "GET /xingrg/check_reg.html?_=1585015919500 HTTP/1.1" 200 22
222.69.138.73 - - [24/Mar/2020:10:11:48 +0800] "GET /xingrg/all/function/internal_message.html?_=1585015905727&CODE_STATE=getMsg HTTP/1.1" 200 27
117.131.5.26 - - [24/Mar/2020:10:11:52 +0800] "GET /xingrg/system/rest/get_item.html?table=menu&target=menu_rest_detail&id=2054&sid=5&_=1585015924406 HTTP/1.1" 200 426
120.253.135.82 - - [24/Mar/2020:10:11:56 +0800] "GET /xingrg/all/function/internal_message.html?_=1585015661216&CODE_STATE=getMsg HTTP/1.1" 200 27
114.88.170.9 - - [24/Mar/2020:10:12:04 +0800] "GET /xingrg/all/function/internal_message.html?_=1585016222571&CODE_STATE=getMsg HTTP/1.1" 200 27
117.131.5.26 - - [24/Mar/2020:10:12:05 +0800] "POST /xingrg/system/rest/edit_item.html HTTP/1.1" 200 4
117.131.5.26 - - [24/Mar/2020:10:12:05 +0800] "GET /xingrg/system/rest/get_item.html?table=menu&target=menu_rest&id=2054&_=1585015938062 HTTP/1.1" 200 868
116.238.181.252 - - [24/Mar/2020:10:12:06 +0800] "POST /xingrg/all/user/operate.html HTTP/1.1" 200 36
116.238.181.252 - - [24/Mar/2020:10:12:07 +0800] "GET /xingrg/index.html?sysBaseUrl=http%3A%2F%2F117.131.15.22%3A18081%2Fxingrg%2F&costTime=34×tamp=1584839530336 HTTP/1.1" 200 17155
116.238.181.252 - - [24/Mar/2020:10:12:07 +0800] "GET /xingrg/javascript/jquery_easy_ui/themes/default/easyui.css HTTP/1.1" 304 -
116.238.181.252 - - [24/Mar/2020:10:12:07 +0800] "GET /xingrg/javascript/jquery_easy_ui/themes/icon.css HTTP/1.1" 304 -
116.238.181.252 - - [24/Mar/2020:10:12:07 +0800] "GET /xingrg/css/form.css HTTP/1.1" 304 -
116.238.181.252 - - [24/Mar/2020:10:12:07 +0800] "GET /xingrg/javascript/jquery-1.4.2.min.js HTTP/1.1" 304 -
116.238.181.252 - - [24/Mar/2020:10:12:07 +0800] "GET /xingrg/javascript/jquery_easy_ui/jquery.easyui.min.js HTTP/1.1" 304 -
116.238.181.252 - - [24/Mar/2020:10:12:07 +0800] "GET /xingrg/javascript/jquery_easy_ui/easyui-lang-zh_CN.js HTTP/1.1" 304 -
116.238.181.252 - - [24/Mar/2020:10:12:07 +0800] "GET /xingrg/javascript/jquery.form.js HTTP/1.1" 304 -
116.238.181.252 - - [24/Mar/2020:10:12:07 +0800] "GET /xingrg/javascript/jquery.utils.js HTTP/1.1" 304 -
116.238.181.252 - - [24/Mar/2020:10:12:07 +0800] "GET /xingrg/javascript/jquery.timers.js HTTP/1.1" 304 -
116.238.181.252 - - [24/Mar/2020:10:12:07 +0800] "GET /xingrg/images/blue/jxLogo.png HTTP/1.1" 304 -
116.238.181.252 - - [24/Mar/2020:10:12:07 +0800] "GET /xingrg/javascript/jquery_easy_ui/themes/icons/settle_new.png HTTP/1.1" 304 -
116.238.181.252 - - [24/Mar/2020:10:12:07 +0800] "GET /xingrg/images/blue/navBackgound.jpg HTTP/1.1" 304 -
116.238.181.252 - - [24/Mar/2020:10:12:07 +0800] "POST /xingrg/all/common/load_tree.html?tree=area_rest_tree_json&manage=1 HTTP/1.1" 200 476
116.238.181.252 - - [24/Mar/2020:10:12:07 +0800] "GET /xingrg/check_reg.html?_=1585015926669 HTTP/1.1" 200 22
116.238.181.252 - - [24/Mar/2020:10:12:07 +0800] "GET /xingrg/all/function/internal_message.html?_=1585015926667&CODE_STATE=count HTTP/1.1" 200 11
116.238.181.252 - - [24/Mar/2020:10:12:07 +0800] "GET /xingrg/javascript/jquery_easy_ui/themes/default/images/tabs_leftarrow.png HTTP/1.1" 304 -
116.238.181.252 - - [24/Mar/2020:10:12:07 +0800] "GET /xingrg/images/blue/pingpu.png HTTP/1.1" 304 -
116.238.181.252 - - [24/Mar/2020:10:12:07 +0800] "GET /xingrg/javascript/jquery_easy_ui/themes/default/images/tabs_rightarrow.png HTTP/1.1" 304 -
116.238.181.252 - - [24/Mar/2020:10:12:07 +0800] "GET /xingrg/javascript/jquery_easy_ui/themes/default/images/panel_tool_collapse.gif HTTP/1.1" 304 -
116.238.181.252 - - [24/Mar/2020:10:12:07 +0800] "POST /xingrg/load_menu.html HTTP/1.1" 200 5124
116.238.181.252 - - [24/Mar/2020:10:12:10 +0800] "GET /xingrg/kc/buy/cgsh_order_list.html HTTP/1.1" 200 42047
116.238.181.252 - - [24/Mar/2020:10:12:10 +0800] "POST /xingrg/kc/buy/cgsh_list_operate.html HTTP/1.1" 200 876
116.238.181.252 - - [24/Mar/2020:10:12:11 +0800] "GET /xingrg/kc/buy/cgsh_order_add.html HTTP/1.1" 200 57375
116.238.181.252 - - [24/Mar/2020:10:12:11 +0800] "POST /xingrg/kc/buy/cgsh_order_operate.html HTTP/1.1" 200 8245
116.238.181.252 - - [24/Mar/2020:10:12:11 +0800] "GET /xingrg/javascript/easyui/themes/default/validatebox.css HTTP/1.1" 404 1104
124.77.241.94 - - [24/Mar/2020:10:12:12 +0800] "GET /xingrg/all/function/internal_message.html?_=1585015965510&CODE_STATE=getMsg HTTP/1.1" 200 27
117.185.32.26 - - [24/Mar/2020:10:12:13 +0800] "GET /xingrg/all/function/internal_message.html?_=1585015929552&CODE_STATE=getMsg HTTP/1.1" 200 27
117.131.5.26 - - [24/Mar/2020:10:12:14 +0800] "GET /xingrg/system/rest/query_items.html?_=1585015946859&table=menu&page=1&rows=20&categoryId=&key=fzmj HTTP/1.1" 200 764
117.131.5.26 - - [24/Mar/2020:10:12:17 +0800] "GET /xingrg/system/rest/get_item.html?table=menu&id=2084&_=1585015949343 HTTP/1.1" 200 971
117.131.5.26 - - [24/Mar/2020:10:12:17 +0800] "GET /xingrg/system/rest/get_item.html?table=menu&target=menu_rest&id=2084&_=1585015949359 HTTP/1.1" 200 1236
117.131.5.26 - - [24/Mar/2020:10:12:17 +0800] "GET /xingrg/system/rest/get_item.html?table=menu&target=cook_mode&id=2084&_=1585015949359 HTTP/1.1" 200 9370
180.156.150.85 - - [24/Mar/2020:10:12:24 +0800] "GET /xingrg/all/function/internal_message.html?_=1585015944267&CODE_STATE=getMsg HTTP/1.1" 200 27
116.238.181.252 - - [24/Mar/2020:10:12:25 +0800] "GET /xingrg/javascript/auto/indicator.gif HTTP/1.1" 404 1066
117.131.5.26 - - [24/Mar/2020:10:12:25 +0800] "GET /xingrg/system/rest/get_infos.html?command=menu_img_show&id=2084 HTTP/1.1" 200 5
117.131.5.26 - - [24/Mar/2020:10:12:31 +0800] "GET /xingrg/system/rest/get_item.html?table=menu&target=menu_rest_detail&id=2084&sid=5&_=1585015963843 HTTP/1.1" 200 425
116.238.181.252 - - [24/Mar/2020:10:12:33 +0800] "GET /xingrg/javascript/jquery_tools/images/prev.gif HTTP/1.1" 404 1086
116.238.181.252 - - [24/Mar/2020:10:12:33 +0800] "GET /xingrg/javascript/jquery_tools/images/next.gif HTTP/1.1" 404 1086
116.238.181.252 - - [24/Mar/2020:10:12:35 +0800] "GET /xingrg/kc/buy/cgsh_order_operate.html?command=get_materiel&rest_code=00151&code=00101029038&supplier_code=00100097&order_time=2020-03-24 HTTP/1.1" 200 427
101.81.124.227 - - [24/Mar/2020:10:12:35 +0800] "GET /xingrg/all/function/internal_message.html?_=1585015951848&CODE_STATE=getMsg HTTP/1.1" 200 27
117.131.5.26 - - [24/Mar/2020:10:12:38 +0800] "POST /xingrg/system/rest/edit_item.html HTTP/1.1" 200 4
117.131.5.26 - - [24/Mar/2020:10:12:38 +0800] "GET /xingrg/system/rest/get_item.html?table=menu&target=menu_rest&id=2084&_=1585015970921 HTTP/1.1" 200 1236
58.221.95.50 - - [24/Mar/2020:10:12:46 +0800] "GET /xingrg/all/function/internal_message.html?_=1585016317725&CODE_STATE=getMsg HTTP/1.1" 200 27
222.69.138.73 - - [24/Mar/2020:10:12:48 +0800] "GET /xingrg/all/function/internal_message.html?_=1585015965726&CODE_STATE=getMsg HTTP/1.1" 200 27
117.131.5.26 - - [24/Mar/2020:10:12:49 +0800] "GET /xingrg/system/rest/query_items.html?_=1585015981937&table=menu&page=1&rows=20&categoryId=&key=xbc HTTP/1.1" 200 4573
117.131.5.26 - - [24/Mar/2020:10:12:52 +0800] "GET /xingrg/system/rest/get_item.html?table=menu&id=1931&_=1585015984687 HTTP/1.1" 200 939
117.131.5.26 - - [24/Mar/2020:10:12:52 +0800] "GET /xingrg/system/rest/get_item.html?table=menu&target=menu_rest&id=1931&_=1585015984703 HTTP/1.1" 200 853
117.131.5.26 - - [24/Mar/2020:10:12:52 +0800] "GET /xingrg/system/rest/get_item.html?table=menu&target=cook_mode&id=1931&_=1585015984703 HTTP/1.1" 200 17346
120.253.135.82 - - [24/Mar/2020:10:12:56 +0800] "GET /xingrg/check_reg.html?_=1585015721150 HTTP/1.1" 200 22
120.253.135.82 - - [24/Mar/2020:10:12:56 +0800] "GET /xingrg/all/function/internal_message.html?_=1585015721219&CODE_STATE=getMsg HTTP/1.1" 200 27
117.131.5.26 - - [24/Mar/2020:10:12:59 +0800] "GET /xingrg/system/rest/get_infos.html?command=menu_img_show&id=1931 HTTP/1.1" 200 5
117.131.5.26 - - [24/Mar/2020:10:13:01 +0800] "GET /xingrg/system/rest/get_item.html?table=menu&target=menu_rest_detail&id=1931&sid=5&_=1585015994312 HTTP/1.1" 200 437
114.88.170.9 - - [24/Mar/2020:10:13:04 +0800] "GET /xingrg/all/function/internal_message.html?_=1585016282546&CODE_STATE=getMsg HTTP/1.1" 200 27
116.238.181.252 - - [24/Mar/2020:10:13:08 +0800] "POST /xingrg/kc/buy/cgsh_order_operate.html HTTP/1.1" 200 37
116.238.181.252 - - [24/Mar/2020:10:13:09 +0800] "POST /xingrg/kc/buy/cgsh_order_operate.html HTTP/1.1" 200 12
117.131.5.26 - - [24/Mar/2020:10:13:10 +0800] "POST /xingrg/system/rest/edit_item.html HTTP/1.1" 200 4
117.131.5.26 - - [24/Mar/2020:10:13:10 +0800] "GET /xingrg/system/rest/get_item.html?table=menu&target=menu_rest&id=1931&_=1585016002734 HTTP/1.1" 200 853
116.238.181.252 - - [24/Mar/2020:10:13:10 +0800] "GET /xingrg/kc/buy/cgsh_order_info.html?code=212020032402418 HTTP/1.1" 200 52278
116.238.181.252 - - [24/Mar/2020:10:13:11 +0800] "GET /xingrg/javascript/easyui/themes/default/validatebox.css HTTP/1.1" 404 1104
124.77.241.94 - - [24/Mar/2020:10:13:11 +0800] "GET /xingrg/check_reg.html?_=1585016024881 HTTP/1.1" 200 22
116.238.181.252 - - [24/Mar/2020:10:13:11 +0800] "POST /xingrg/kc/buy/cgsh_order_operate.html HTTP/1.1" 200 631
124.77.241.94 - - [24/Mar/2020:10:13:12 +0800] "GET /xingrg/all/function/internal_message.html?_=1585016025524&CODE_STATE=getMsg HTTP/1.1" 200 27
116.238.181.252 - - [24/Mar/2020:10:13:13 +0800] "GET /xingrg/kc/print/load_data.html?order_code=212020032402418&kc_code=cgsh&condition= HTTP/1.1" 200 710
117.185.32.26 - - [24/Mar/2020:10:13:13 +0800] "GET /xingrg/all/function/internal_message.html?_=1585015989552&CODE_STATE=getMsg HTTP/1.1" 200 27
117.131.5.26 - - [24/Mar/2020:10:13:21 +0800] "GET /xingrg/system/rest/query_items.html?_=1585016014281&table=menu&page=1&rows=20&categoryId=&key=dy HTTP/1.1" 200 4795
180.156.150.85 - - [24/Mar/2020:10:13:24 +0800] "GET /xingrg/all/function/internal_message.html?_=1585016004268&CODE_STATE=getMsg HTTP/1.1" 200 27
117.131.5.26 - - [24/Mar/2020:10:13:27 +0800] "GET /xingrg/system/rest/get_item.html?table=menu&id=1932&_=1585016019625 HTTP/1.1" 200 937
117.131.5.26 - - [24/Mar/2020:10:13:27 +0800] "GET /xingrg/system/rest/get_item.html?table=menu&target=menu_rest&id=1932&_=1585016019671 HTTP/1.1" 200 647
117.131.5.26 - - [24/Mar/2020:10:13:27 +0800] "GET /xingrg/system/rest/get_item.html?table=menu&target=cook_mode&id=1932&_=1585016019671 HTTP/1.1" 200 14725
117.131.5.26 - - [24/Mar/2020:10:13:35 +0800] "GET /xingrg/system/rest/get_infos.html?command=menu_img_show&id=1932 HTTP/1.1" 200 5
101.81.124.227 - - [24/Mar/2020:10:13:35 +0800] "GET /xingrg/all/function/internal_message.html?_=1585016011830&CODE_STATE=getMsg HTTP/1.1" 200 27
117.131.5.26 - - [24/Mar/2020:10:13:37 +0800] "GET /xingrg/system/rest/get_item.html?table=menu&target=menu_rest_detail&id=1932&sid=5&_=1585016030328 HTTP/1.1" 200 425
58.221.95.50 - - [24/Mar/2020:10:13:46 +0800] "GET /xingrg/all/function/internal_message.html?_=1585016377732&CODE_STATE=getMsg HTTP/1.1" 200 27
222.69.138.73 - - [24/Mar/2020:10:13:48 +0800] "GET /xingrg/all/function/internal_message.html?_=1585016025731&CODE_STATE=getMsg HTTP/1.1" 200 27
222.69.138.73 - - [24/Mar/2020:10:13:48 +0800] "GET /xingrg/check_reg.html?_=1585016025734 HTTP/1.1" 200 22
117.131.5.26 - - [24/Mar/2020:10:13:50 +0800] "POST /xingrg/system/rest/edit_item.html HTTP/1.1" 200 4
117.131.5.26 - - [24/Mar/2020:10:13:50 +0800] "GET /xingrg/system/rest/get_item.html?table=menu&target=menu_rest&id=1932&_=1585016042671 HTTP/1.1" 200 647
120.253.135.82 - - [24/Mar/2020:10:13:56 +0800] "GET /xingrg/all/function/internal_message.html?_=1585015781242&CODE_STATE=getMsg HTTP/1.1" 200 27
117.131.5.26 - - [24/Mar/2020:10:13:57 +0800] "GET /xingrg/system/rest/query_items.html?_=1585016049375&table=menu&page=1&rows=20&categoryId=&key=ddc HTTP/1.1" 200 1230
117.131.5.26 - - [24/Mar/2020:10:13:59 +0800] "GET /xingrg/system/rest/get_item.html?table=menu&id=1928&_=1585016051625 HTTP/1.1" 200 969
117.131.5.26 - - [24/Mar/2020:10:13:59 +0800] "GET /xingrg/system/rest/get_item.html?table=menu&target=cook_mode&id=1928&_=1585016051640 HTTP/1.1" 200 7888
117.131.5.26 - - [24/Mar/2020:10:13:59 +0800] "GET /xingrg/system/rest/get_item.html?table=menu&target=menu_rest&id=1928&_=1585016051640 HTTP/1.1" 200 679
114.88.170.9 - - [24/Mar/2020:10:14:04 +0800] "GET /xingrg/all/function/internal_message.html?_=1585016342525&CODE_STATE=getMsg HTTP/1.1" 200 27
114.93.75.19 - - [24/Mar/2020:10:14:07 +0800] "GET /xingrg/check_reg.html?_=1585016045913 HTTP/1.1" 200 22
116.238.181.252 - - [24/Mar/2020:10:14:07 +0800] "GET /xingrg/all/function/internal_message.html?_=1585016046680&CODE_STATE=getMsg HTTP/1.1" 200 27
117.131.5.26 - - [24/Mar/2020:10:14:08 +0800] "GET /xingrg/system/rest/get_infos.html?command=menu_img_show&id=1928 HTTP/1.1" 200 5
124.77.241.94 - - [24/Mar/2020:10:14:12 +0800] "GET /xingrg/all/function/internal_message.html?_=1585016085538&CODE_STATE=getMsg HTTP/1.1" 200 27
117.185.32.26 - - [24/Mar/2020:10:14:13 +0800] "GET /xingrg/all/function/internal_message.html?_=1585016049553&CODE_STATE=getMsg HTTP/1.1" 200 27
117.131.5.26 - - [24/Mar/2020:10:14:14 +0800] "GET /xingrg/system/rest/get_item.html?table=menu&target=menu_rest_detail&id=1928&sid=5&_=1585016066921 HTTP/1.1" 200 427
117.131.5.26 - - [24/Mar/2020:10:14:23 +0800] "GET /xingrg/system/rest/query_items.html?_=1585016075875&table=menu&page=1&rows=20&categoryId=&key=qx HTTP/1.1" 200 4864
180.156.150.85 - - [24/Mar/2020:10:14:24 +0800] "GET /xingrg/check_reg.html?_=1585016064271 HTTP/1.1" 200 22
180.156.150.85 - - [24/Mar/2020:10:14:24 +0800] "GET /xingrg/all/function/internal_message.html?_=1585016064274&CODE_STATE=getMsg HTTP/1.1" 200 27
117.131.5.26 - - [24/Mar/2020:10:14:28 +0800] "GET /xingrg/system/rest/get_item.html?table=menu&id=2014&_=1585016080781 HTTP/1.1" 200 970
117.131.5.26 - - [24/Mar/2020:10:14:28 +0800] "GET /xingrg/system/rest/get_item.html?table=menu&target=menu_rest&id=2014&_=1585016080796 HTTP/1.1" 200 874
117.131.5.26 - - [24/Mar/2020:10:14:28 +0800] "GET /xingrg/system/rest/get_item.html?table=menu&target=cook_mode&id=2014&_=1585016080796 HTTP/1.1" 200 14780
101.81.124.227 - - [24/Mar/2020:10:14:35 +0800] "GET /xingrg/check_reg.html?_=1585016071433 HTTP/1.1" 200 22
101.81.124.227 - - [24/Mar/2020:10:14:35 +0800] "GET /xingrg/all/function/internal_message.html?_=1585016071814&CODE_STATE=getMsg HTTP/1.1" 200 27
117.131.5.26 - - [24/Mar/2020:10:14:36 +0800] "GET /xingrg/system/rest/get_infos.html?command=menu_img_show&id=2014 HTTP/1.1" 200 5
117.131.5.26 - - [24/Mar/2020:10:14:40 +0800] "GET /xingrg/system/rest/get_item.html?table=menu&target=menu_rest_detail&id=2014&sid=5&_=1585016092375 HTTP/1.1" 200 428
58.221.95.50 - - [24/Mar/2020:10:14:46 +0800] "GET /xingrg/all/function/internal_message.html?_=1585016437735&CODE_STATE=getMsg HTTP/1.1" 200 27
117.131.5.26 - - [24/Mar/2020:10:14:48 +0800] "POST /xingrg/system/rest/edit_item.html HTTP/1.1" 200 4
117.131.5.26 - - [24/Mar/2020:10:14:48 +0800] "GET /xingrg/system/rest/get_item.html?table=menu&target=menu_rest&id=2014&_=1585016100718 HTTP/1.1" 200 873
120.253.135.82 - - [24/Mar/2020:10:14:56 +0800] "GET /xingrg/all/function/internal_message.html?_=1585015841246&CODE_STATE=getMsg HTTP/1.1" 200 27
114.88.170.9 - - [24/Mar/2020:10:15:04 +0800] "GET /xingrg/all/function/internal_message.html?_=1585016402493&CODE_STATE=getMsg HTTP/1.1" 200 27
114.88.170.9 - - [24/Mar/2020:10:15:04 +0800] "GET /xingrg/check_reg.html?_=1585016402748 HTTP/1.1" 200 22
116.238.181.252 - - [24/Mar/2020:10:15:07 +0800] "GET /xingrg/all/function/internal_message.html?_=1585016106652&CODE_STATE=getMsg HTTP/1.1" 200 27
116.224.247.222 - - [24/Mar/2020:10:15:08 +0800] "POST /xingrg/services/DataTransmitService HTTP/1.1" 200 524
117.131.5.26 - - [24/Mar/2020:10:15:08 +0800] "GET /xingrg/system/rest/query_items.html?_=1585016121218&table=menu&page=1&rows=20&categoryId=&key=dwx HTTP/1.1" 200 4148
116.224.247.222 - - [24/Mar/2020:10:15:08 +0800] "POST /xingrg/services/DataTransmitService HTTP/1.1" 200 501
117.131.5.26 - - [24/Mar/2020:10:15:11 +0800] "GET /xingrg/system/rest/get_item.html?table=menu&id=2023&_=1585016124203 HTTP/1.1" 200 953
117.131.5.26 - - [24/Mar/2020:10:15:11 +0800] "GET /xingrg/system/rest/get_item.html?table=menu&target=menu_rest&id=2023&_=1585016124234 HTTP/1.1" 200 1044
117.131.5.26 - - [24/Mar/2020:10:15:11 +0800] "GET /xingrg/system/rest/get_item.html?table=menu&target=cook_mode&id=2023&_=1585016124234 HTTP/1.1" 200 27807
124.77.241.94 - - [24/Mar/2020:10:15:12 +0800] "GET /xingrg/all/function/internal_message.html?_=1585016145551&CODE_STATE=getMsg HTTP/1.1" 200 27
117.185.32.26 - - [24/Mar/2020:10:15:13 +0800] "GET /xingrg/all/function/internal_message.html?_=1585016109554&CODE_STATE=getMsg HTTP/1.1" 200 27
117.131.5.26 - - [24/Mar/2020:10:15:22 +0800] "GET /xingrg/system/rest/get_infos.html?command=menu_img_show&id=2023 HTTP/1.1" 200 5
180.156.150.85 - - [24/Mar/2020:10:15:24 +0800] "GET /xingrg/all/function/internal_message.html?_=1585016124272&CODE_STATE=getMsg HTTP/1.1" 200 27
117.131.5.26 - - [24/Mar/2020:10:15:26 +0800] "GET /xingrg/system/rest/get_item.html?table=menu&target=menu_rest_detail&id=2023&sid=5&_=1585016138953 HTTP/1.1" 200 427
101.81.124.227 - - [24/Mar/2020:10:15:35 +0800] "GET /xingrg/all/function/internal_message.html?_=1585016131787&CODE_STATE=getMsg HTTP/1.1" 200 27
117.131.5.26 - - [24/Mar/2020:10:15:42 +0800] "GET /xingrg/system/rest/query_items.html?_=1585016155125&table=menu&page=1&rows=20&categoryId=&key=xql HTTP/1.1" 200 2466
117.131.5.26 - - [24/Mar/2020:10:15:45 +0800] "GET /xingrg/system/rest/get_item.html?table=menu&id=1991&_=1585016157500 HTTP/1.1" 200 950
117.131.5.26 - - [24/Mar/2020:10:15:45 +0800] "GET /xingrg/system/rest/get_item.html?table=menu&target=cook_mode&id=1991&_=1585016157515 HTTP/1.1" 200 6372
117.131.5.26 - - [24/Mar/2020:10:15:45 +0800] "GET /xingrg/system/rest/get_item.html?table=menu&target=menu_rest&id=1991&_=1585016157515 HTTP/1.1" 200 1006
58.221.95.50 - - [24/Mar/2020:10:15:46 +0800] "GET /xingrg/all/function/internal_message.html?_=1585016497739&CODE_STATE=getMsg HTTP/1.1" 200 27
117.185.32.26 - - [24/Mar/2020:10:15:50 +0800] "GET /xingrg/check_reg.html?_=1585016146072 HTTP/1.1" 200 22
117.131.5.26 - - [24/Mar/2020:10:15:52 +0800] "GET /xingrg/system/rest/get_infos.html?command=menu_img_show&id=1991 HTTP/1.1" 200 5
120.253.135.82 - - [24/Mar/2020:10:15:56 +0800] "GET /xingrg/all/function/internal_message.html?_=1585015901268&CODE_STATE=getMsg HTTP/1.1" 200 27
117.131.5.26 - - [24/Mar/2020:10:15:57 +0800] "GET /xingrg/system/rest/get_item.html?table=menu&target=menu_rest_detail&id=1991&sid=5&_=1585016169875 HTTP/1.1" 200 443
58.40.7.146 - - [24/Mar/2020:10:15:59 +0800] "GET /favicon.ico HTTP/1.1" 404 -
114.88.170.9 - - [24/Mar/2020:10:16:04 +0800] "GET /xingrg/all/function/internal_message.html?_=1585016462467&CODE_STATE=getMsg HTTP/1.1" 200 27
117.131.5.26 - - [24/Mar/2020:10:16:06 +0800] "GET /xingrg/system/rest/query_items.html?_=1585016179156&table=menu&page=1&rows=20&categoryId=&key=xbb HTTP/1.1" 200 3185
116.238.181.252 - - [24/Mar/2020:10:16:07 +0800] "GET /xingrg/all/function/internal_message.html?_=1585016166624&CODE_STATE=getMsg HTTP/1.1" 200 27
117.131.5.26 - - [24/Mar/2020:10:16:08 +0800] "GET /xingrg/system/rest/get_item.html?table=menu&id=2061&_=1585016181203 HTTP/1.1" 200 954
117.131.5.26 - - [24/Mar/2020:10:16:08 +0800] "GET /xingrg/system/rest/get_item.html?table=menu&target=menu_rest&id=2061&_=1585016181218 HTTP/1.1" 200 747
117.131.5.26 - - [24/Mar/2020:10:16:08 +0800] "GET /xingrg/system/rest/get_item.html?table=menu&target=cook_mode&id=2061&_=1585016181218 HTTP/1.1" 200 18248
124.77.241.94 - - [24/Mar/2020:10:16:12 +0800] "GET /xingrg/all/function/internal_message.html?_=1585016205794&CODE_STATE=getMsg HTTP/1.1" 200 27
117.185.32.26 - - [24/Mar/2020:10:16:13 +0800] "GET /xingrg/all/function/internal_message.html?_=1585016169555&CODE_STATE=getMsg HTTP/1.1" 200 27
117.185.32.26 - - [24/Mar/2020:10:16:13 +0800] "GET /xingrg/check_reg.html?_=1585016169559 HTTP/1.1" 200 22
117.131.5.26 - - [24/Mar/2020:10:16:17 +0800] "GET /xingrg/system/rest/get_infos.html?command=menu_img_show&id=2061 HTTP/1.1" 200 5
117.131.5.26 - - [24/Mar/2020:10:16:21 +0800] "GET /xingrg/system/rest/get_item.html?table=menu&target=menu_rest_detail&id=2061&sid=5&_=1585016194312 HTTP/1.1" 200 427
180.156.150.85 - - [24/Mar/2020:10:16:24 +0800] "GET /xingrg/all/function/internal_message.html?_=1585016184272&CODE_STATE=getMsg HTTP/1.1" 200 27
117.131.5.26 - - [24/Mar/2020:10:16:28 +0800] "GET /xingrg/system/rest/query_items.html?_=1585016201296&table=menu&page=1&rows=20&categoryId=&key=dxb HTTP/1.1" 200 4991
117.131.5.26 - - [24/Mar/2020:10:16:31 +0800] "GET /xingrg/system/rest/get_item.html?table=menu&id=1903&_=1585016203703 HTTP/1.1" 200 997
117.131.5.26 - - [24/Mar/2020:10:16:31 +0800] "GET /xingrg/system/rest/get_item.html?table=menu&target=menu_rest&id=1903&_=1585016203734 HTTP/1.1" 200 1168
117.131.5.26 - - [24/Mar/2020:10:16:31 +0800] "GET /xingrg/system/rest/get_item.html?table=menu&target=cook_mode&id=1903&_=1585016203718 HTTP/1.1" 200 12632
101.81.124.227 - - [24/Mar/2020:10:16:35 +0800] "GET /xingrg/all/function/internal_message.html?_=1585016191762&CODE_STATE=getMsg HTTP/1.1" 200 27
117.131.5.26 - - [24/Mar/2020:10:16:41 +0800] "GET /xingrg/system/rest/get_infos.html?command=menu_img_show&id=1903 HTTP/1.1" 200 5
117.131.5.26 - - [24/Mar/2020:10:16:45 +0800] "GET /xingrg/system/rest/get_item.html?table=menu&target=menu_rest_detail&id=1903&sid=5&_=1585016217484 HTTP/1.1" 200 427
58.221.95.50 - - [24/Mar/2020:10:16:46 +0800] "GET /xingrg/check_reg.html?_=1585016557739 HTTP/1.1" 200 22
58.221.95.50 - - [24/Mar/2020:10:16:46 +0800] "GET /xingrg/all/function/internal_message.html?_=1585016557744&CODE_STATE=getMsg HTTP/1.1" 200 27
117.131.5.26 - - [24/Mar/2020:10:16:47 +0800] "GET /xingrg/check_reg.html?_=1585016219515 HTTP/1.1" 200 22
120.253.135.82 - - [24/Mar/2020:10:16:56 +0800] "GET /xingrg/all/function/internal_message.html?_=1585015961275&CODE_STATE=getMsg HTTP/1.1" 200 27
114.88.170.9 - - [24/Mar/2020:10:17:04 +0800] "GET /xingrg/all/function/internal_message.html?_=1585016522448&CODE_STATE=getMsg HTTP/1.1" 200 27
117.131.5.26 - - [24/Mar/2020:10:17:05 +0800] "GET /xingrg/system/rest/query_items.html?_=1585016237765&table=menu&page=1&rows=20&categoryId=&key=bl HTTP/1.1" 200 4872
116.238.181.252 - - [24/Mar/2020:10:17:07 +0800] "GET /xingrg/all/function/internal_message.html?_=1585016226609&CODE_STATE=getMsg HTTP/1.1" 200 27
116.238.181.252 - - [24/Mar/2020:10:17:07 +0800] "GET /xingrg/check_reg.html?_=1585016226679 HTTP/1.1" 200 22
117.131.5.26 - - [24/Mar/2020:10:17:08 +0800] "GET /xingrg/system/rest/get_item.html?table=menu&id=1983&_=1585016241328 HTTP/1.1" 200 979
117.131.5.26 - - [24/Mar/2020:10:17:08 +0800] "GET /xingrg/system/rest/get_item.html?table=menu&target=menu_rest&id=1983&_=1585016241343 HTTP/1.1" 200 1061
117.131.5.26 - - [24/Mar/2020:10:17:09 +0800] "GET /xingrg/system/rest/get_item.html?table=menu&target=cook_mode&id=1983&_=1585016241343 HTTP/1.1" 200 16440
124.77.241.94 - - [24/Mar/2020:10:17:12 +0800] "GET /xingrg/all/function/internal_message.html?_=1585016265799&CODE_STATE=getMsg HTTP/1.1" 200 27
117.185.32.26 - - [24/Mar/2020:10:17:13 +0800] "GET /xingrg/all/function/internal_message.html?_=1585016229559&CODE_STATE=getMsg HTTP/1.1" 200 27
117.131.5.26 - - [24/Mar/2020:10:17:17 +0800] "GET /xingrg/system/rest/get_infos.html?command=menu_img_show&id=1983 HTTP/1.1" 200 5
117.131.5.26 - - [24/Mar/2020:10:17:21 +0800] "GET /xingrg/system/rest/get_item.html?table=menu&target=menu_rest_detail&id=1983&sid=5&_=1585016253781 HTTP/1.1" 200 427
180.156.150.85 - - [24/Mar/2020:10:17:24 +0800] "GET /xingrg/all/function/internal_message.html?_=1585016244273&CODE_STATE=getMsg HTTP/1.1" 200 27
117.131.5.26 - - [24/Mar/2020:10:17:34 +0800] "POST /xingrg/system/rest/edit_item.html HTTP/1.1" 200 4
117.131.5.26 - - [24/Mar/2020:10:17:34 +0800] "GET /xingrg/system/rest/get_item.html?table=menu&target=menu_rest&id=1983&_=1585016266703 HTTP/1.1" 200 1060
101.81.124.227 - - [24/Mar/2020:10:17:35 +0800] "GET /xingrg/all/function/internal_message.html?_=1585016251734&CODE_STATE=getMsg HTTP/1.1" 200 27
117.131.5.26 - - [24/Mar/2020:10:17:40 +0800] "GET /xingrg/system/rest/query_items.html?_=1585016273234&table=menu&page=1&rows=20&categoryId=&key=al HTTP/1.1" 200 1250
117.131.5.26 - - [24/Mar/2020:10:17:42 +0800] "GET /xingrg/system/rest/get_item.html?table=menu&id=1981&_=1585016275250 HTTP/1.1" 200 965
117.131.5.26 - - [24/Mar/2020:10:17:42 +0800] "GET /xingrg/system/rest/get_item.html?table=menu&target=menu_rest&id=1981&_=1585016275265 HTTP/1.1" 200 871
117.131.5.26 - - [24/Mar/2020:10:17:42 +0800] "GET /xingrg/system/rest/get_item.html?table=menu&target=cook_mode&id=1981&_=1585016275265 HTTP/1.1" 200 23096
58.221.95.50 - - [24/Mar/2020:10:17:46 +0800] "GET /xingrg/all/function/internal_message.html?_=1585016617730&CODE_STATE=getMsg HTTP/1.1" 200 27
117.131.5.26 - - [24/Mar/2020:10:17:50 +0800] "GET /xingrg/system/rest/get_infos.html?command=menu_img_show&id=1981 HTTP/1.1" 200 5
120.253.135.82 - - [24/Mar/2020:10:17:56 +0800] "GET /xingrg/check_reg.html?_=1585016021156 HTTP/1.1" 200 22
120.253.135.82 - - [24/Mar/2020:10:17:56 +0800] "GET /xingrg/all/function/internal_message.html?_=1585016021286&CODE_STATE=getMsg HTTP/1.1" 200 27
117.131.5.26 - - [24/Mar/2020:10:17:56 +0800] "GET /xingrg/system/rest/get_item.html?table=menu&target=menu_rest_detail&id=1981&sid=5&_=1585016288890 HTTP/1.1" 200 427
114.88.170.9 - - [24/Mar/2020:10:18:04 +0800] "GET /xingrg/all/function/internal_message.html?_=1585016582420&CODE_STATE=getMsg HTTP/1.1" 200 27
117.131.5.26 - - [24/Mar/2020:10:18:06 +0800] "GET /xingrg/system/rest/query_items.html?_=1585016298703&table=menu&page=1&rows=20&categoryId=&key=zbx HTTP/1.1" 200 1236
116.238.181.252 - - [24/Mar/2020:10:18:07 +0800] "GET /xingrg/all/function/internal_message.html?_=1585016286586&CODE_STATE=getMsg HTTP/1.1" 200 27
117.131.5.26 - - [24/Mar/2020:10:18:09 +0800] "GET /xingrg/system/rest/get_item.html?table=menu&id=2018&_=1585016301343 HTTP/1.1" 200 986
117.131.5.26 - - [24/Mar/2020:10:18:09 +0800] "GET /xingrg/system/rest/get_item.html?table=menu&target=menu_rest&id=2018&_=1585016301375 HTTP/1.1" 200 968
117.131.5.26 - - [24/Mar/2020:10:18:09 +0800] "GET /xingrg/system/rest/get_item.html?table=menu&target=cook_mode&id=2018&_=1585016301375 HTTP/1.1" 200 12648
124.77.241.94 - - [24/Mar/2020:10:18:11 +0800] "GET /xingrg/check_reg.html?_=1585016325103 HTTP/1.1" 200 22
124.77.241.94 - - [24/Mar/2020:10:18:12 +0800] "GET /xingrg/all/function/internal_message.html?_=1585016325811&CODE_STATE=getMsg HTTP/1.1" 200 27
117.185.32.26 - - [24/Mar/2020:10:18:13 +0800] "GET /xingrg/all/function/internal_message.html?_=1585016289560&CODE_STATE=getMsg HTTP/1.1" 200 27
117.131.5.26 - - [24/Mar/2020:10:18:17 +0800] "GET /xingrg/system/rest/get_infos.html?command=menu_img_show&id=2018 HTTP/1.1" 200 5
180.156.150.85 - - [24/Mar/2020:10:18:19 +0800] "GET /xingrg/kc/buy/cgsh_order_list.html HTTP/1.1" 200 42043
180.156.150.85 - - [24/Mar/2020:10:18:20 +0800] "POST /xingrg/kc/buy/cgsh_list_operate.html HTTP/1.1" 200 2397
117.131.5.26 - - [24/Mar/2020:10:18:20 +0800] "GET /xingrg/system/rest/get_item.html?table=menu&target=menu_rest_detail&id=2018&sid=5&_=1585016313328 HTTP/1.1" 200 428
180.156.150.85 - - [24/Mar/2020:10:18:24 +0800] "GET /xingrg/all/function/internal_message.html?_=1585016304305&CODE_STATE=getMsg HTTP/1.1" 200 27
117.131.5.26 - - [24/Mar/2020:10:18:32 +0800] "POST /xingrg/system/rest/edit_item.html HTTP/1.1" 200 4
117.131.5.26 - - [24/Mar/2020:10:18:32 +0800] "GET /xingrg/system/rest/get_item.html?table=menu&target=menu_rest&id=2018&_=1585016324781 HTTP/1.1" 200 967
101.81.124.227 - - [24/Mar/2020:10:18:35 +0800] "GET /xingrg/all/function/internal_message.html?_=1585016311714&CODE_STATE=getMsg HTTP/1.1" 200 27
117.131.5.26 - - [24/Mar/2020:10:18:41 +0800] "GET /xingrg/system/rest/query_items.html?_=1585016333375&table=menu&page=1&rows=20&categoryId=&key=bjx HTTP/1.1" 200 2381
117.131.5.26 - - [24/Mar/2020:10:18:43 +0800] "GET /xingrg/system/rest/get_item.html?table=menu&id=1996&_=1585016336015 HTTP/1.1" 200 956
117.131.5.26 - - [24/Mar/2020:10:18:43 +0800] "GET /xingrg/system/rest/get_item.html?table=menu&target=menu_rest&id=1996&_=1585016336031 HTTP/1.1" 200 866
117.131.5.26 - - [24/Mar/2020:10:18:43 +0800] "GET /xingrg/system/rest/get_item.html?table=menu&target=cook_mode&id=1996&_=1585016336031 HTTP/1.1" 200 14339
180.156.150.85 - - [24/Mar/2020:10:18:44 +0800] "POST /xingrg/kc/buy/cgsh_list_operate.html HTTP/1.1" 200 212
180.156.150.85 - - [24/Mar/2020:10:18:45 +0800] "GET /xingrg/kc/buy/cgsh_order_info.html?code=212020032402398 HTTP/1.1" 200 57654
180.156.150.85 - - [24/Mar/2020:10:18:45 +0800] "GET /xingrg/javascript/easyui/themes/default/validatebox.css HTTP/1.1" 404 1104
180.156.150.85 - - [24/Mar/2020:10:18:45 +0800] "POST /xingrg/kc/buy/cgsh_order_operate.html HTTP/1.1" 200 2675
58.221.95.50 - - [24/Mar/2020:10:18:46 +0800] "GET /xingrg/all/function/internal_message.html?_=1585016677733&CODE_STATE=getMsg HTTP/1.1" 200 27
180.156.150.85 - - [24/Mar/2020:10:18:47 +0800] "GET /xingrg/javascript/auto/indicator.gif HTTP/1.1" 404 1066
116.238.181.252 - - [24/Mar/2020:10:18:50 +0800] "POST /xingrg/all/user/operate.html HTTP/1.1" 200 36
116.238.181.252 - - [24/Mar/2020:10:18:50 +0800] "GET /xingrg/index.html?sysBaseUrl=http%3A%2F%2F117.131.15.22%3A18081%2Fxingrg%2F&costTime=34×tamp=1584839530336 HTTP/1.1" 200 17157
116.238.181.252 - - [24/Mar/2020:10:18:50 +0800] "GET /xingrg/javascript/jquery_easy_ui/themes/default/easyui.css HTTP/1.1" 304 -
116.238.181.252 - - [24/Mar/2020:10:18:50 +0800] "GET /xingrg/javascript/jquery_easy_ui/themes/icon.css HTTP/1.1" 304 -
116.238.181.252 - - [24/Mar/2020:10:18:50 +0800] "GET /xingrg/css/form.css HTTP/1.1" 304 -
116.238.181.252 - - [24/Mar/2020:10:18:50 +0800] "GET /xingrg/javascript/jquery-1.4.2.min.js HTTP/1.1" 304 -
116.238.181.252 - - [24/Mar/2020:10:18:50 +0800] "GET /xingrg/javascript/jquery_easy_ui/jquery.easyui.min.js HTTP/1.1" 304 -
116.238.181.252 - - [24/Mar/2020:10:18:50 +0800] "GET /xingrg/javascript/jquery_easy_ui/easyui-lang-zh_CN.js HTTP/1.1" 304 -
116.238.181.252 - - [24/Mar/2020:10:18:50 +0800] "GET /xingrg/javascript/jquery.form.js HTTP/1.1" 304 -
116.238.181.252 - - [24/Mar/2020:10:18:50 +0800] "GET /xingrg/javascript/jquery.utils.js HTTP/1.1" 304 -
116.238.181.252 - - [24/Mar/2020:10:18:50 +0800] "GET /xingrg/javascript/jquery.timers.js HTTP/1.1" 304 -
116.238.181.252 - - [24/Mar/2020:10:18:50 +0800] "GET /xingrg/images/blue/jxLogo.png HTTP/1.1" 304 -
116.238.181.252 - - [24/Mar/2020:10:18:50 +0800] "GET /xingrg/images/blue/navBackgound.jpg HTTP/1.1" 304 -
116.238.181.252 - - [24/Mar/2020:10:18:50 +0800] "GET /xingrg/javascript/jquery_easy_ui/themes/icons/settle_new.png HTTP/1.1" 304 -
116.238.181.252 - - [24/Mar/2020:10:18:50 +0800] "POST /xingrg/all/common/load_tree.html?tree=area_rest_tree_json&manage=1 HTTP/1.1" 200 476
116.238.181.252 - - [24/Mar/2020:10:18:50 +0800] "GET /xingrg/all/function/internal_message.html?_=1585016329900&CODE_STATE=count HTTP/1.1" 200 11
116.238.181.252 - - [24/Mar/2020:10:18:50 +0800] "GET /xingrg/javascript/jquery_easy_ui/themes/default/images/tabs_rightarrow.png HTTP/1.1" 304 -
116.238.181.252 - - [24/Mar/2020:10:18:50 +0800] "GET /xingrg/check_reg.html?_=1585016329901 HTTP/1.1" 200 22
116.238.181.252 - - [24/Mar/2020:10:18:50 +0800] "GET /xingrg/javascript/jquery_easy_ui/themes/default/images/tabs_leftarrow.png HTTP/1.1" 304 -
116.238.181.252 - - [24/Mar/2020:10:18:50 +0800] "GET /xingrg/images/blue/pingpu.png HTTP/1.1" 304 -
116.238.181.252 - - [24/Mar/2020:10:18:50 +0800] "GET /xingrg/javascript/jquery_easy_ui/themes/default/images/panel_tool_collapse.gif HTTP/1.1" 304 -
116.238.181.252 - - [24/Mar/2020:10:18:50 +0800] "POST /xingrg/load_menu.html HTTP/1.1" 200 5124
117.131.5.26 - - [24/Mar/2020:10:18:51 +0800] "GET /xingrg/system/rest/get_infos.html?command=menu_img_show&id=1996 HTTP/1.1" 200 5
180.156.150.85 - - [24/Mar/2020:10:18:52 +0800] "POST /xingrg/kc/buy/cgsh_order_operate.html HTTP/1.1" 200 37
116.238.181.252 - - [24/Mar/2020:10:18:52 +0800] "GET /xingrg/kc/base/wldb_order_list.html HTTP/1.1" 200 19250
116.238.181.252 - - [24/Mar/2020:10:18:53 +0800] "POST /xingrg/kc/base/wldb_list_operate.html HTTP/1.1" 200 1779
180.156.150.85 - - [24/Mar/2020:10:18:53 +0800] "POST /xingrg/kc/buy/cgsh_order_operate.html HTTP/1.1" 200 2675
117.131.5.26 - - [24/Mar/2020:10:18:53 +0800] "GET /xingrg/javascript/jquery_easy_ui/themes/default/images/button_plain_hover.png HTTP/1.1" 304 -
180.156.150.85 - - [24/Mar/2020:10:18:54 +0800] "GET /xingrg/kc/buy/cgsh_order_list.html HTTP/1.1" 200 42043
180.156.150.85 - - [24/Mar/2020:10:18:55 +0800] "POST /xingrg/kc/buy/cgsh_list_operate.html HTTP/1.1" 200 2412
116.238.181.252 - - [24/Mar/2020:10:18:55 +0800] "GET /xingrg/kc/base/wldb_order_add.html HTTP/1.1" 200 30305
116.238.181.252 - - [24/Mar/2020:10:18:56 +0800] "GET /xingrg/javascript/easyui/themes/default/validatebox.css HTTP/1.1" 404 1104
116.238.181.252 - - [24/Mar/2020:10:18:56 +0800] "POST /xingrg/kc/base/wldb_order_operate.html HTTP/1.1" 200 6806
120.253.135.82 - - [24/Mar/2020:10:18:56 +0800] "GET /xingrg/all/function/internal_message.html?_=1585016081301&CODE_STATE=getMsg HTTP/1.1" 200 27
116.238.181.252 - - [24/Mar/2020:10:18:59 +0800] "GET /xingrg/javascript/auto/indicator.gif HTTP/1.1" 404 1066
117.131.5.26 - - [24/Mar/2020:10:19:01 +0800] "GET /xingrg/system/rest/get_item.html?table=menu&target=menu_rest_detail&id=1996&sid=5&_=1585016353765 HTTP/1.1" 200 429
114.88.170.9 - - [24/Mar/2020:10:19:04 +0800] "GET /xingrg/all/function/internal_message.html?_=1585016642402&CODE_STATE=getMsg HTTP/1.1" 200 27
116.238.181.252 - - [24/Mar/2020:10:19:06 +0800] "GET /xingrg/kc/base/wldb_order_operate.html?command=get_materiel&rest_code=00150&base_code=0010445&code=00101013076 HTTP/1.1" 200 442
114.93.75.19 - - [24/Mar/2020:10:19:07 +0800] "GET /xingrg/check_reg.html?_=1585016345885 HTTP/1.1" 200 22
116.238.181.252 - - [24/Mar/2020:10:19:11 +0800] "GET /xingrg/kc/base/wldb_order_operate.html?command=get_materiel&rest_code=00150&base_code=0010445&code=00101013003 HTTP/1.1" 200 430
124.77.241.94 - - [24/Mar/2020:10:19:12 +0800] "GET /xingrg/all/function/internal_message.html?_=1585016385825&CODE_STATE=getMsg HTTP/1.1" 200 27
117.131.5.26 - - [24/Mar/2020:10:19:12 +0800] "GET /xingrg/system/rest/query_items.html?_=1585016364984&table=menu&page=1&rows=20&categoryId=&key=dzc HTTP/1.1" 200 1213
117.185.32.26 - - [24/Mar/2020:10:19:13 +0800] "GET /xingrg/all/function/internal_message.html?_=1585016349560&CODE_STATE=getMsg HTTP/1.1" 200 27
117.131.5.26 - - [24/Mar/2020:10:19:19 +0800] "GET /xingrg/system/rest/query_items.html?_=1585016371718&table=menu&page=1&rows=20&categoryId=&key=zc HTTP/1.1" 200 4833
116.238.181.252 - - [24/Mar/2020:10:19:20 +0800] "GET /xingrg/kc/base/wldb_order_operate.html?command=get_materiel&rest_code=00150&base_code=0010445&code=00101020144 HTTP/1.1" 200 449
117.131.5.26 - - [24/Mar/2020:10:19:23 +0800] "GET /xingrg/system/rest/get_item.html?table=menu&id=2059&_=1585016375906 HTTP/1.1" 200 952
117.131.5.26 - - [24/Mar/2020:10:19:23 +0800] "GET /xingrg/system/rest/get_item.html?table=menu&target=menu_rest&id=2059&_=1585016375937 HTTP/1.1" 200 762
117.131.5.26 - - [24/Mar/2020:10:19:23 +0800] "GET /xingrg/system/rest/get_item.html?table=menu&target=cook_mode&id=2059&_=1585016375921 HTTP/1.1" 200 11447
180.156.150.85 - - [24/Mar/2020:10:19:24 +0800] "GET /xingrg/check_reg.html?_=1585016364292 HTTP/1.1" 200 22
180.156.150.85 - - [24/Mar/2020:10:19:24 +0800] "GET /xingrg/all/function/internal_message.html?_=1585016364295&CODE_STATE=getMsg HTTP/1.1" 200 27
116.238.181.252 - - [24/Mar/2020:10:19:29 +0800] "GET /xingrg/kc/base/wldb_order_operate.html?command=get_materiel&rest_code=00150&base_code=0010445&code=00101019380 HTTP/1.1" 200 478
116.238.181.252 - - [24/Mar/2020:10:19:32 +0800] "GET /xingrg/javascript/jquery_tools/images/next.gif HTTP/1.1" 404 1086
116.238.181.252 - - [24/Mar/2020:10:19:32 +0800] "GET /xingrg/javascript/jquery_tools/images/prev.gif HTTP/1.1" 404 1086
117.131.5.26 - - [24/Mar/2020:10:19:32 +0800] "GET /xingrg/system/rest/get_infos.html?command=menu_img_show&id=2059 HTTP/1.1" 200 5
117.131.5.26 - - [24/Mar/2020:10:19:34 +0800] "GET /xingrg/system/rest/get_item.html?table=menu&target=menu_rest_detail&id=2059&sid=5&_=1585016387203 HTTP/1.1" 200 425
101.81.124.227 - - [24/Mar/2020:10:19:35 +0800] "GET /xingrg/check_reg.html?_=1585016371423 HTTP/1.1" 200 22
101.81.124.227 - - [24/Mar/2020:10:19:35 +0800] "GET /xingrg/all/function/internal_message.html?_=1585016371690&CODE_STATE=getMsg HTTP/1.1" 200 27
117.131.5.26 - - [24/Mar/2020:10:19:45 +0800] "GET /xingrg/system/rest/query_items.html?_=1585016397953&table=menu&page=1&rows=20&categoryId=&key=sky HTTP/1.1" 200 3431
58.221.95.50 - - [24/Mar/2020:10:19:46 +0800] "GET /xingrg/all/function/internal_message.html?_=1585016737737&CODE_STATE=getMsg HTTP/1.1" 200 27
117.131.5.26 - - [24/Mar/2020:10:19:47 +0800] "GET /xingrg/system/rest/get_item.html?table=menu&id=1940&_=1585016400093 HTTP/1.1" 200 966
117.131.5.26 - - [24/Mar/2020:10:19:47 +0800] "GET /xingrg/system/rest/get_item.html?table=menu&target=menu_rest&id=1940&_=1585016400109 HTTP/1.1" 200 869
117.131.5.26 - - [24/Mar/2020:10:19:47 +0800] "GET /xingrg/system/rest/get_item.html?table=menu&target=cook_mode&id=1940&_=1585016400109 HTTP/1.1" 200 10495
116.238.181.252 - - [24/Mar/2020:10:19:51 +0800] "POST /xingrg/kc/base/wldb_order_operate.html HTTP/1.1" 200 37
116.238.181.252 - - [24/Mar/2020:10:19:51 +0800] "POST /xingrg/kc/base/wldb_order_operate.html HTTP/1.1" 200 3160
116.238.181.252 - - [24/Mar/2020:10:19:52 +0800] "POST /xingrg/kc/base/wldb_order_operate.html HTTP/1.1" 200 12
116.238.181.252 - - [24/Mar/2020:10:19:53 +0800] "GET /xingrg/kc/base/wldb_order_info.html?code=422020032400716 HTTP/1.1" 200 26186
116.238.181.252 - - [24/Mar/2020:10:19:53 +0800] "POST /xingrg/kc/base/wldb_order_operate.html HTTP/1.1" 200 1434
116.238.181.252 - - [24/Mar/2020:10:19:53 +0800] "GET /xingrg/javascript/easyui/themes/default/validatebox.css HTTP/1.1" 404 1104
116.238.181.252 - - [24/Mar/2020:10:19:55 +0800] "GET /xingrg/kc/base/wldb_order_add.html HTTP/1.1" 200 30305
116.238.181.252 - - [24/Mar/2020:10:19:56 +0800] "GET /xingrg/javascript/easyui/themes/default/validatebox.css HTTP/1.1" 404 1104
116.238.181.252 - - [24/Mar/2020:10:19:56 +0800] "POST /xingrg/kc/base/wldb_order_operate.html HTTP/1.1" 200 6806
120.253.135.82 - - [24/Mar/2020:10:19:56 +0800] "GET /xingrg/all/function/internal_message.html?_=1585016141315&CODE_STATE=getMsg HTTP/1.1" 200 27
117.131.5.26 - - [24/Mar/2020:10:19:56 +0800] "GET /xingrg/system/rest/get_infos.html?command=menu_img_show&id=1940 HTTP/1.1" 200 5
180.156.150.85 - - [24/Mar/2020:10:19:59 +0800] "POST /xingrg/kc/buy/cgsh_list_operate.html HTTP/1.1" 200 4
117.131.5.26 - - [24/Mar/2020:10:20:00 +0800] "GET /xingrg/system/rest/get_item.html?table=menu&target=menu_rest_detail&id=1940&sid=5&_=1585016412921 HTTP/1.1" 200 425
180.156.150.85 - - [24/Mar/2020:10:20:01 +0800] "POST /xingrg/kc/buy/cgsh_list_operate.html HTTP/1.1" 200 876
114.88.170.9 - - [24/Mar/2020:10:20:03 +0800] "GET /xingrg/all/function/internal_message.html?_=1585016702370&CODE_STATE=getMsg HTTP/1.1" 200 27
114.88.170.9 - - [24/Mar/2020:10:20:04 +0800] "GET /xingrg/check_reg.html?_=1585016702729 HTTP/1.1" 200 22
116.238.181.252 - - [24/Mar/2020:10:20:05 +0800] "GET /xingrg/kc/base/wldb_order_operate.html?command=get_materiel&rest_code=00150&base_code=0010446&code=00102002022 HTTP/1.1" 200 459
116.238.181.252 - - [24/Mar/2020:10:20:11 +0800] "GET /xingrg/kc/base/wldb_order_operate.html?command=get_materiel&rest_code=00150&base_code=0010446&code=00102004006 HTTP/1.1" 200 442
124.77.241.94 - - [24/Mar/2020:10:20:12 +0800] "GET /xingrg/all/function/internal_message.html?_=1585016445837&CODE_STATE=getMsg HTTP/1.1" 200 27
117.131.5.26 - - [24/Mar/2020:10:20:13 +0800] "GET /xingrg/system/rest/query_items.html?_=1585016425828&table=menu&page=1&rows=20&categoryId=&key=xg HTTP/1.1" 200 4785
117.185.32.26 - - [24/Mar/2020:10:20:13 +0800] "GET /xingrg/all/function/internal_message.html?_=1585016409560&CODE_STATE=getMsg HTTP/1.1" 200 27
117.131.5.26 - - [24/Mar/2020:10:20:17 +0800] "GET /xingrg/system/rest/get_item.html?table=menu&id=2001&_=1585016430109 HTTP/1.1" 200 934
117.131.5.26 - - [24/Mar/2020:10:20:17 +0800] "GET /xingrg/system/rest/get_item.html?table=menu&target=menu_rest&id=2001&_=1585016430125 HTTP/1.1" 200 746
117.131.5.26 - - [24/Mar/2020:10:20:17 +0800] "GET /xingrg/system/rest/get_item.html?table=menu&target=cook_mode&id=2001&_=1585016430125 HTTP/1.1" 200 8443
116.238.181.252 - - [24/Mar/2020:10:20:18 +0800] "GET /xingrg/kc/base/wldb_order_operate.html?command=get_materiel&rest_code=00150&base_code=0010446&code=00102002497 HTTP/1.1" 200 439
180.156.150.85 - - [24/Mar/2020:10:20:24 +0800] "GET /xingrg/all/function/internal_message.html?_=1585016424295&CODE_STATE=getMsg HTTP/1.1" 200 27
117.131.5.26 - - [24/Mar/2020:10:20:26 +0800] "GET /xingrg/system/rest/get_infos.html?command=menu_img_show&id=2001 HTTP/1.1" 200 5
117.131.5.26 - - [24/Mar/2020:10:20:30 +0800] "GET /xingrg/system/rest/get_item.html?table=menu&target=menu_rest_detail&id=2001&sid=5&_=1585016443187 HTTP/1.1" 200 426
101.81.124.227 - - [24/Mar/2020:10:20:35 +0800] "GET /xingrg/all/function/internal_message.html?_=1585016431682&CODE_STATE=getMsg HTTP/1.1" 200 27
58.221.95.50 - - [24/Mar/2020:10:20:46 +0800] "GET /xingrg/all/function/internal_message.html?_=1585016797737&CODE_STATE=getMsg HTTP/1.1" 200 27
117.185.32.26 - - [24/Mar/2020:10:20:50 +0800] "GET /xingrg/check_reg.html?_=1585016446049 HTTP/1.1" 200 22
116.238.181.252 - - [24/Mar/2020:10:20:50 +0800] "GET /xingrg/all/function/internal_message.html?_=1585016449931&CODE_STATE=getMsg HTTP/1.1" 200 27
116.238.181.252 - - [24/Mar/2020:10:20:56 +0800] "POST /xingrg/kc/base/wldb_order_operate.html HTTP/1.1" 200 37
120.253.135.82 - - [24/Mar/2020:10:20:56 +0800] "GET /xingrg/all/function/internal_message.html?_=1585016201331&CODE_STATE=getMsg HTTP/1.1" 200 27
116.238.181.252 - - [24/Mar/2020:10:20:57 +0800] "POST /xingrg/kc/base/wldb_order_operate.html HTTP/1.1" 200 12
116.238.181.252 - - [24/Mar/2020:10:20:57 +0800] "POST /xingrg/kc/base/wldb_order_operate.html HTTP/1.1" 200 3172
116.238.181.252 - - [24/Mar/2020:10:20:58 +0800] "GET /xingrg/kc/base/wldb_order_info.html?code=422020032400717 HTTP/1.1" 200 26185
116.238.181.252 - - [24/Mar/2020:10:20:58 +0800] "POST /xingrg/kc/base/wldb_order_operate.html HTTP/1.1" 200 1445
116.238.181.252 - - [24/Mar/2020:10:20:58 +0800] "GET /xingrg/javascript/easyui/themes/default/validatebox.css HTTP/1.1" 404 1104
114.88.170.9 - - [24/Mar/2020:10:21:03 +0800] "GET /xingrg/all/function/internal_message.html?_=1585016762351&CODE_STATE=getMsg HTTP/1.1" 200 27
117.131.5.26 - - [24/Mar/2020:10:21:08 +0800] "GET /xingrg/system/rest/query_items.html?_=1585016480437&table=menu&page=1&rows=20&categoryId=&key=bzy HTTP/1.1" 200 2424
117.131.5.26 - - [24/Mar/2020:10:21:10 +0800] "GET /xingrg/system/rest/get_item.html?table=menu&id=2097&_=1585016482578 HTTP/1.1" 200 954
117.131.5.26 - - [24/Mar/2020:10:21:10 +0800] "GET /xingrg/system/rest/get_item.html?table=menu&target=menu_rest&id=2097&_=1585016482593 HTTP/1.1" 200 650
117.131.5.26 - - [24/Mar/2020:10:21:10 +0800] "GET /xingrg/system/rest/get_item.html?table=menu&target=cook_mode&id=2097&_=1585016482593 HTTP/1.1" 200 15165
124.77.241.94 - - [24/Mar/2020:10:21:12 +0800] "GET /xingrg/all/function/internal_message.html?_=1585016506093&CODE_STATE=getMsg HTTP/1.1" 200 27
117.185.32.26 - - [24/Mar/2020:10:21:13 +0800] "GET /xingrg/check_reg.html?_=1585016469564 HTTP/1.1" 200 22
117.185.32.26 - - [24/Mar/2020:10:21:13 +0800] "GET /xingrg/all/function/internal_message.html?_=1585016469567&CODE_STATE=getMsg HTTP/1.1" 200 27
117.131.5.26 - - [24/Mar/2020:10:21:19 +0800] "GET /xingrg/system/rest/get_infos.html?command=menu_img_show&id=2097 HTTP/1.1" 200 5
180.156.150.85 - - [24/Mar/2020:10:21:24 +0800] "GET /xingrg/all/function/internal_message.html?_=1585016484282&CODE_STATE=getMsg HTTP/1.1" 200 27
101.81.124.227 - - [24/Mar/2020:10:21:35 +0800] "GET /xingrg/all/function/internal_message.html?_=1585016491675&CODE_STATE=getMsg HTTP/1.1" 200 27
117.131.5.26 - - [24/Mar/2020:10:21:38 +0800] "GET /xingrg/system/rest/get_item.html?table=menu&target=menu_rest_detail&id=2097&sid=5&_=1585016510468 HTTP/1.1" 200 425
117.131.5.26 - - [24/Mar/2020:10:21:46 +0800] "GET /xingrg/system/rest/query_items.html?_=1585016518765&table=menu&page=1&rows=20&categoryId=&key=xby HTTP/1.1" 200 4863
58.221.95.50 - - [24/Mar/2020:10:21:46 +0800] "GET /xingrg/all/function/internal_message.html?_=1585016857736&CODE_STATE=getMsg HTTP/1.1" 200 27
58.221.95.50 - - [24/Mar/2020:10:21:46 +0800] "GET /xingrg/check_reg.html?_=1585016857741 HTTP/1.1" 200 22
117.131.5.26 - - [24/Mar/2020:10:21:47 +0800] "GET /xingrg/check_reg.html?_=1585016519515 HTTP/1.1" 200 22
116.238.181.252 - - [24/Mar/2020:10:21:50 +0800] "GET /xingrg/all/function/internal_message.html?_=1585016509908&CODE_STATE=getMsg HTTP/1.1" 200 27
117.131.5.26 - - [24/Mar/2020:10:21:51 +0800] "GET /xingrg/system/rest/get_item.html?table=menu&id=6437&_=1585016523500 HTTP/1.1" 200 934
117.131.5.26 - - [24/Mar/2020:10:21:51 +0800] "GET /xingrg/system/rest/get_item.html?table=menu&target=cook_mode&id=6437&_=1585016523515 HTTP/1.1" 200 1382
117.131.5.26 - - [24/Mar/2020:10:21:51 +0800] "GET /xingrg/system/rest/get_item.html?table=menu&target=menu_rest&id=6437&_=1585016523531 HTTP/1.1" 200 58
120.253.135.82 - - [24/Mar/2020:10:21:56 +0800] "GET /xingrg/all/function/internal_message.html?_=1585016261354&CODE_STATE=getMsg HTTP/1.1" 200 27
117.131.5.26 - - [24/Mar/2020:10:21:59 +0800] "GET /xingrg/system/rest/get_infos.html?command=menu_img_show&id=6437 HTTP/1.1" 200 5
114.88.170.9 - - [24/Mar/2020:10:22:03 +0800] "GET /xingrg/all/function/internal_message.html?_=1585016822328&CODE_STATE=getMsg HTTP/1.1" 200 27
117.131.5.26 - - [24/Mar/2020:10:22:10 +0800] "GET /xingrg/system/rest/query_items.html?_=1585016542437&table=menu&page=1&rows=20&categoryId=&key=rh HTTP/1.1" 200 4301
124.77.241.94 - - [24/Mar/2020:10:22:12 +0800] "GET /xingrg/all/function/internal_message.html?_=1585016566099&CODE_STATE=getMsg HTTP/1.1" 200 27
117.185.32.26 - - [24/Mar/2020:10:22:13 +0800] "GET /xingrg/all/function/internal_message.html?_=1585016529578&CODE_STATE=getMsg HTTP/1.1" 200 27
180.156.150.85 - - [24/Mar/2020:10:22:24 +0800] "GET /xingrg/all/function/internal_message.html?_=1585016544282&CODE_STATE=getMsg HTTP/1.1" 200 27
117.131.5.26 - - [24/Mar/2020:10:22:26 +0800] "GET /xingrg/system/rest/query_items.html?_=1585016558750&table=menu&page=1&rows=20&categoryId=&key=gl HTTP/1.1" 200 4916
117.131.5.26 - - [24/Mar/2020:10:22:29 +0800] "GET /xingrg/system/rest/get_item.html?table=menu&id=2057&_=1585016562093 HTTP/1.1" 200 935
117.131.5.26 - - [24/Mar/2020:10:22:29 +0800] "GET /xingrg/system/rest/get_item.html?table=menu&target=menu_rest&id=2057&_=1585016562109 HTTP/1.1" 200 639
117.131.5.26 - - [24/Mar/2020:10:22:29 +0800] "GET /xingrg/system/rest/get_item.html?table=menu&target=cook_mode&id=2057&_=1585016562093 HTTP/1.1" 200 9016
101.81.124.227 - - [24/Mar/2020:10:22:35 +0800] "GET /xingrg/all/function/internal_message.html?_=1585016551661&CODE_STATE=getMsg HTTP/1.1" 200 27
117.131.5.26 - - [24/Mar/2020:10:22:39 +0800] "GET /xingrg/system/rest/get_infos.html?command=menu_img_show&id=2057 HTTP/1.1" 200 5
117.131.5.26 - - [24/Mar/2020:10:22:41 +0800] "GET /xingrg/system/rest/get_item.html?table=menu&target=menu_rest_detail&id=2057&sid=5&_=1585016574000 HTTP/1.1" 200 423
58.221.95.50 - - [24/Mar/2020:10:22:46 +0800] "GET /xingrg/all/function/internal_message.html?_=1585016917743&CODE_STATE=getMsg HTTP/1.1" 200 27
117.131.5.26 - - [24/Mar/2020:10:22:47 +0800] "GET /xingrg/system/rest/query_items.html?_=1585016579328&table=menu&page=1&rows=20&categoryId=&key=hj HTTP/1.1" 200 4726
180.162.232.172 - - [24/Mar/2020:10:22:48 +0800] "POST /xingrg/services/DataTransmitService HTTP/1.1" 200 524
116.238.181.252 - - [24/Mar/2020:10:22:50 +0800] "GET /xingrg/all/function/internal_message.html?_=1585016569893&CODE_STATE=getMsg HTTP/1.1" 200 27
117.131.5.26 - - [24/Mar/2020:10:22:51 +0800] "GET /xingrg/system/rest/get_item.html?table=menu&id=2068&_=1585016584250 HTTP/1.1" 200 933
117.131.5.26 - - [24/Mar/2020:10:22:51 +0800] "GET /xingrg/system/rest/get_item.html?table=menu&target=cook_mode&id=2068&_=1585016584265 HTTP/1.1" 200 6888
117.131.5.26 - - [24/Mar/2020:10:22:51 +0800] "GET /xingrg/system/rest/get_item.html?table=menu&target=menu_rest&id=2068&_=1585016584265 HTTP/1.1" 200 637
120.253.135.82 - - [24/Mar/2020:10:22:56 +0800] "GET /xingrg/check_reg.html?_=1585016321157 HTTP/1.1" 200 22
120.253.135.82 - - [24/Mar/2020:10:22:56 +0800] "GET /xingrg/all/function/internal_message.html?_=1585016321355&CODE_STATE=getMsg HTTP/1.1" 200 27
117.131.5.26 - - [24/Mar/2020:10:23:03 +0800] "GET /xingrg/system/rest/get_infos.html?command=menu_img_show&id=2068 HTTP/1.1" 200 5
114.88.170.9 - - [24/Mar/2020:10:23:03 +0800] "GET /xingrg/all/function/internal_message.html?_=1585016882299&CODE_STATE=getMsg HTTP/1.1" 200 27
124.77.241.94 - - [24/Mar/2020:10:23:11 +0800] "GET /xingrg/check_reg.html?_=1585016625355 HTTP/1.1" 200 22
124.77.241.94 - - [24/Mar/2020:10:23:12 +0800] "GET /xingrg/all/function/internal_message.html?_=1585016626113&CODE_STATE=getMsg HTTP/1.1" 200 27
117.131.5.26 - - [24/Mar/2020:10:23:12 +0800] "POST /xingrg/services/DataTransmitService HTTP/1.1" 200 524
