101.85.195.69 - - [23/Mar/2020:11:16:11 +0800] "GET /xingrg/javascript/jquery_tools/jquery.tools.table.js HTTP/1.1" 304 -
101.85.195.69 - - [23/Mar/2020:11:16:11 +0800] "GET /xingrg/javascript/jquery_tools/table.css HTTP/1.1" 304 -
101.85.195.69 - - [23/Mar/2020:11:16:11 +0800] "GET /xingrg/javascript/jquery_tools/jquery.tools.hotkey.js HTTP/1.1" 304 -
101.85.195.69 - - [23/Mar/2020:11:16:11 +0800] "GET /xingrg/kc/buy/cgsh_order_list.html HTTP/1.1" 200 42034
101.85.195.69 - - [23/Mar/2020:11:16:12 +0800] "GET /xingrg/javascript/easyui/easyloader.js HTTP/1.1" 304 -
101.85.195.69 - - [23/Mar/2020:11:16:12 +0800] "GET /xingrg/javascript/jquery_tools/list_manager.js HTTP/1.1" 304 -
101.85.195.69 - - [23/Mar/2020:11:16:12 +0800] "GET /xingrg/javascript/auto/jquery.autocomplete.js HTTP/1.1" 304 -
101.85.195.69 - - [23/Mar/2020:11:16:12 +0800] "GET /xingrg/javascript/jquery.cookie.js HTTP/1.1" 304 -
101.85.195.69 - - [23/Mar/2020:11:16:12 +0800] "GET /xingrg/javascript/print/LodopFuncs.js HTTP/1.1" 304 -
101.85.195.69 - - [23/Mar/2020:11:16:12 +0800] "GET /xingrg/javascript/easyui/plugins/jquery.parser.js HTTP/1.1" 304 -
101.85.195.69 - - [23/Mar/2020:11:16:12 +0800] "POST /xingrg/kc/buy/cgsh_list_operate.html HTTP/1.1" 200 876
101.85.195.69 - - [23/Mar/2020:11:16:13 +0800] "GET /xingrg/kc/buy/cgsh_order_add.html HTTP/1.1" 200 57560
101.85.195.69 - - [23/Mar/2020:11:16:13 +0800] "GET /xingrg/javascript/pic_change.js HTTP/1.1" 304 -
101.85.195.69 - - [23/Mar/2020:11:16:13 +0800] "GET /xingrg/javascript/jquery_tools/order_manager.js HTTP/1.1" 304 -
101.85.195.69 - - [23/Mar/2020:11:16:13 +0800] "GET /xingrg/javascript/json2.js HTTP/1.1" 304 -
101.85.195.69 - - [23/Mar/2020:11:16:13 +0800] "GET /xingrg/javascript/convert.js HTTP/1.1" 304 -
101.85.195.69 - - [23/Mar/2020:11:16:13 +0800] "GET /xingrg/javascript/print/kc_print.js HTTP/1.1" 304 -
101.85.195.69 - - [23/Mar/2020:11:16:13 +0800] "GET /xingrg/words/20200322123712_words.js HTTP/1.1" 304 -
101.85.52.41 - - [23/Mar/2020:11:16:13 +0800] "GET /xingrg/all/function/internal_message.html?_=1584933013717&CODE_STATE=getMsg HTTP/1.1" 200 27
101.85.52.41 - - [23/Mar/2020:11:16:13 +0800] "GET /xingrg/check_reg.html?_=1584933013720 HTTP/1.1" 200 22
101.85.195.69 - - [23/Mar/2020:11:16:13 +0800] "GET /xingrg/all/common/auto_word.html?type=employee&rest_code=00102 HTTP/1.1" 200 189
101.85.195.69 - - [23/Mar/2020:11:16:13 +0800] "GET /xingrg/all/common/auto_word.html?type=employee&rest_code=00102 HTTP/1.1" 200 189
101.85.195.69 - - [23/Mar/2020:11:16:13 +0800] "GET /xingrg/javascript/easyui/themes/default/validatebox.css HTTP/1.1" 404 1104
101.85.195.69 - - [23/Mar/2020:11:16:13 +0800] "GET /xingrg/javascript/easyui/plugins/jquery.validatebox.js HTTP/1.1" 304 -
101.85.195.69 - - [23/Mar/2020:11:16:13 +0800] "GET /xingrg/javascript/easyui/plugins/jquery.numberbox.js HTTP/1.1" 304 -
101.85.195.69 - - [23/Mar/2020:11:16:14 +0800] "POST /xingrg/kc/buy/cgsh_order_operate.html HTTP/1.1" 200 8245
101.85.195.69 - - [23/Mar/2020:11:16:16 +0800] "GET /xingrg/javascript/auto/indicator.gif HTTP/1.1" 404 1066
101.85.195.69 - - [23/Mar/2020:11:16:16 +0800] "GET /xingrg/javascript/jquery_tools/images/prev.gif HTTP/1.1" 404 1086
101.85.195.69 - - [23/Mar/2020:11:16:16 +0800] "GET /xingrg/javascript/jquery_tools/images/next.gif HTTP/1.1" 404 1086
124.77.241.94 - - [23/Mar/2020:11:16:23 +0800] "GET /xingrg/all/function/internal_message.html?_=1584933414106&CODE_STATE=getMsg HTTP/1.1" 200 27
101.85.195.69 - - [23/Mar/2020:11:16:27 +0800] "GET /xingrg/kc/buy/cgsh_order_operate.html?command=get_materiel&rest_code=00102&code=00101005022&supplier_code=00100312&order_time=2020-03-21 HTTP/1.1" 200 432
117.184.7.30 - - [23/Mar/2020:11:16:32 +0800] "GET /xingrg/check_reg.html?_=1584933389530 HTTP/1.1" 200 22
117.184.7.30 - - [23/Mar/2020:11:16:32 +0800] "GET /xingrg/all/function/internal_message.html?_=1584933389534&CODE_STATE=getMsg HTTP/1.1" 200 27
114.93.75.19 - - [23/Mar/2020:11:16:41 +0800] "GET /xingrg/all/function/internal_message.html?_=1584933401263&CODE_STATE=getMsg HTTP/1.1" 200 27
114.88.159.93 - - [23/Mar/2020:11:16:43 +0800] "GET /xingrg/all/function/internal_message.html?_=1584933124455&CODE_STATE=getMsg HTTP/1.1" 200 27
114.88.170.9 - - [23/Mar/2020:11:16:47 +0800] "GET /xingrg/all/function/internal_message.html?_=1584933706167&CODE_STATE=getMsg HTTP/1.1" 200 27
117.131.5.26 - - [23/Mar/2020:11:16:49 +0800] "GET /xingrg/check_reg.html?_=1584933419421 HTTP/1.1" 200 22
116.232.53.242 - - [23/Mar/2020:11:16:52 +0800] "GET /xingrg/all/function/internal_message.html?_=1584933412666&CODE_STATE=getMsg HTTP/1.1" 200 27
116.238.181.252 - - [23/Mar/2020:11:16:57 +0800] "GET /xingrg/all/function/internal_message.html?_=1584933417706&CODE_STATE=getMsg HTTP/1.1" 200 27
114.93.75.19 - - [23/Mar/2020:11:16:59 +0800] "GET /xingrg/all/function/internal_message.html?_=1584933419144&CODE_STATE=getMsg HTTP/1.1" 200 27
180.156.150.85 - - [23/Mar/2020:11:17:04 +0800] "GET /xingrg/all/function/internal_message.html?_=1584933424899&CODE_STATE=getMsg HTTP/1.1" 200 27
101.85.195.69 - - [23/Mar/2020:11:17:04 +0800] "POST /xingrg/kc/buy/cgsh_order_operate.html HTTP/1.1" 200 37
101.85.195.69 - - [23/Mar/2020:11:17:06 +0800] "POST /xingrg/kc/buy/cgsh_order_operate.html HTTP/1.1" 200 12
101.85.195.69 - - [23/Mar/2020:11:17:06 +0800] "GET /xingrg/kc/buy/cgsh_order_info.html?code=212020032302302 HTTP/1.1" 200 52469
101.85.195.69 - - [23/Mar/2020:11:17:07 +0800] "GET /xingrg/javascript/easyui/themes/default/validatebox.css HTTP/1.1" 404 1104
101.85.195.69 - - [23/Mar/2020:11:17:07 +0800] "POST /xingrg/kc/buy/cgsh_order_operate.html HTTP/1.1" 200 616
101.85.195.69 - - [23/Mar/2020:11:17:08 +0800] "GET /xingrg/kc/print/load_config.html?kc_code=cgsh HTTP/1.1" 200 1841
101.85.195.69 - - [23/Mar/2020:11:17:08 +0800] "GET /xingrg/kc/print/load_data.html?order_code=212020032302302&kc_code=cgsh&condition= HTTP/1.1" 200 712
101.85.195.69 - - [23/Mar/2020:11:17:09 +0800] "GET /xingrg/all/function/internal_message.html?_=1584933429211&CODE_STATE=getMsg HTTP/1.1" 200 27
101.81.124.227 - - [23/Mar/2020:11:17:10 +0800] "GET /xingrg/all/function/internal_message.html?_=1584933429131&CODE_STATE=getMsg HTTP/1.1" 200 27
101.81.124.227 - - [23/Mar/2020:11:17:11 +0800] "GET /xingrg/check_reg.html?_=1584933430168 HTTP/1.1" 200 22
101.85.52.41 - - [23/Mar/2020:11:17:13 +0800] "GET /xingrg/all/function/internal_message.html?_=1584933073719&CODE_STATE=getMsg HTTP/1.1" 200 27
101.85.195.69 - - [23/Mar/2020:11:17:17 +0800] "GET /xingrg/kc/buy/cgsh_order_list.html HTTP/1.1" 200 42034
101.85.195.69 - - [23/Mar/2020:11:17:17 +0800] "POST /xingrg/kc/buy/cgsh_list_operate.html HTTP/1.1" 200 876
124.77.241.94 - - [23/Mar/2020:11:17:23 +0800] "GET /xingrg/all/function/internal_message.html?_=1584933474116&CODE_STATE=getMsg HTTP/1.1" 200 27
117.184.7.30 - - [23/Mar/2020:11:17:32 +0800] "GET /xingrg/all/function/internal_message.html?_=1584933449518&CODE_STATE=getMsg HTTP/1.1" 200 27
114.93.75.19 - - [23/Mar/2020:11:17:41 +0800] "GET /xingrg/all/function/internal_message.html?_=1584933461252&CODE_STATE=getMsg HTTP/1.1" 200 27
114.88.159.93 - - [23/Mar/2020:11:17:42 +0800] "GET /xingrg/all/function/internal_message.html?_=1584933184431&CODE_STATE=getMsg HTTP/1.1" 200 27
114.88.159.93 - - [23/Mar/2020:11:17:42 +0800] "GET /xingrg/check_reg.html?_=1584933184432 HTTP/1.1" 200 22
114.88.170.9 - - [23/Mar/2020:11:17:47 +0800] "GET /xingrg/all/function/internal_message.html?_=1584933766143&CODE_STATE=getMsg HTTP/1.1" 200 27
114.88.159.93 - - [23/Mar/2020:11:17:47 +0800] "GET /xingrg/javascript/jquery_easy_ui/themes/default/images/tabs_active.png HTTP/1.1" 304 -
114.88.159.93 - - [23/Mar/2020:11:17:51 +0800] "POST /xingrg/kc/mdqp/pssh_list_operate.html HTTP/1.1" 200 347
116.232.53.242 - - [23/Mar/2020:11:17:52 +0800] "GET /xingrg/all/function/internal_message.html?_=1584933472653&CODE_STATE=getMsg HTTP/1.1" 200 27
114.88.159.93 - - [23/Mar/2020:11:17:55 +0800] "GET /xingrg/kc/mdqp/pssh_order_info.html?code=312020031900097 HTTP/1.1" 200 17264
114.88.159.93 - - [23/Mar/2020:11:17:55 +0800] "GET /xingrg/javascript/jquery_tools/jquery-1.4.2.min.js HTTP/1.1" 404 1094
114.88.159.93 - - [23/Mar/2020:11:17:55 +0800] "GET /xingrg/javascript/easyui/themes/default/validatebox.css HTTP/1.1" 404 1104
114.88.159.93 - - [23/Mar/2020:11:17:55 +0800] "POST /xingrg/kc/mdqp/pssh_order_operate.html HTTP/1.1" 200 1032
114.88.170.9 - - [23/Mar/2020:11:17:56 +0800] "GET /xingrg/check_reg.html?_=1584933476213 HTTP/1.1" 200 22
114.88.159.93 - - [23/Mar/2020:11:17:57 +0800] "POST /xingrg/all/common/load_combo.html?type=base&rest_code=00141 HTTP/1.1" 200 2878
116.238.181.252 - - [23/Mar/2020:11:17:57 +0800] "GET /xingrg/all/function/internal_message.html?_=1584933477723&CODE_STATE=getMsg HTTP/1.1" 200 27
116.238.181.252 - - [23/Mar/2020:11:17:57 +0800] "GET /xingrg/check_reg.html?_=1584933477726 HTTP/1.1" 200 22
124.77.241.94 - - [23/Mar/2020:11:17:59 +0800] "GET /xingrg/check_reg.html?_=1584933509236 HTTP/1.1" 200 22
114.93.75.19 - - [23/Mar/2020:11:17:59 +0800] "GET /xingrg/all/function/internal_message.html?_=1584933479143&CODE_STATE=getMsg HTTP/1.1" 200 27
180.156.150.85 - - [23/Mar/2020:11:18:04 +0800] "GET /xingrg/all/function/internal_message.html?_=1584933484901&CODE_STATE=getMsg HTTP/1.1" 200 27
180.156.150.85 - - [23/Mar/2020:11:18:04 +0800] "GET /xingrg/check_reg.html?_=1584933484905 HTTP/1.1" 200 22
101.85.195.69 - - [23/Mar/2020:11:18:09 +0800] "GET /xingrg/all/function/internal_message.html?_=1584933489248&CODE_STATE=getMsg HTTP/1.1" 200 27
101.81.124.227 - - [23/Mar/2020:11:18:10 +0800] "GET /xingrg/all/function/internal_message.html?_=1584933489116&CODE_STATE=getMsg HTTP/1.1" 200 27
114.88.159.93 - - [23/Mar/2020:11:18:11 +0800] "POST /xingrg/all/common/load_combo.html?type=employee HTTP/1.1" 200 362
101.85.52.41 - - [23/Mar/2020:11:18:13 +0800] "GET /xingrg/all/function/internal_message.html?_=1584933133718&CODE_STATE=getMsg HTTP/1.1" 200 27
101.85.195.69 - - [23/Mar/2020:11:18:16 +0800] "POST /xingrg/kc/buy/cgsh_list_operate.html HTTP/1.1" 200 876
101.85.195.69 - - [23/Mar/2020:11:18:18 +0800] "GET /xingrg/kc/buy/cgsh_order_list.html HTTP/1.1" 200 42034
114.88.159.93 - - [23/Mar/2020:11:18:19 +0800] "POST /xingrg/kc/mdqp/pssh_order_operate.html HTTP/1.1" 200 37
101.85.195.69 - - [23/Mar/2020:11:18:19 +0800] "POST /xingrg/kc/buy/cgsh_list_operate.html HTTP/1.1" 200 876
114.88.159.93 - - [23/Mar/2020:11:18:19 +0800] "POST /xingrg/kc/mdqp/pssh_order_operate.html HTTP/1.1" 200 12
114.88.159.93 - - [23/Mar/2020:11:18:20 +0800] "GET /xingrg/kc/mdqp/pssh_order_info.html?code=312020031900097 HTTP/1.1" 200 14380
114.88.159.93 - - [23/Mar/2020:11:18:20 +0800] "GET /xingrg/javascript/jquery_tools/jquery-1.4.2.min.js HTTP/1.1" 404 1094
114.88.159.93 - - [23/Mar/2020:11:18:20 +0800] "POST /xingrg/kc/mdqp/pssh_order_operate.html HTTP/1.1" 200 1032
114.88.159.93 - - [23/Mar/2020:11:18:20 +0800] "GET /xingrg/javascript/easyui/themes/default/validatebox.css HTTP/1.1" 404 1104
114.88.159.93 - - [23/Mar/2020:11:18:21 +0800] "GET /xingrg/kc/print/load_data.html?order_code=312020031900097&kc_code=pssh&condition= HTTP/1.1" 200 822
101.85.195.69 - - [23/Mar/2020:11:18:22 +0800] "GET /xingrg/kc/buy/cgsh_order_list.html HTTP/1.1" 200 42034
101.85.195.69 - - [23/Mar/2020:11:18:22 +0800] "POST /xingrg/kc/buy/cgsh_list_operate.html HTTP/1.1" 200 876
124.77.241.94 - - [23/Mar/2020:11:18:23 +0800] "GET /xingrg/all/function/internal_message.html?_=1584933534130&CODE_STATE=getMsg HTTP/1.1" 200 27
114.88.159.93 - - [23/Mar/2020:11:18:27 +0800] "POST /xingrg/kc/mdqp/pssh_list_operate.html HTTP/1.1" 200 814
117.184.7.30 - - [23/Mar/2020:11:18:32 +0800] "GET /xingrg/all/function/internal_message.html?_=1584933509521&CODE_STATE=getMsg HTTP/1.1" 200 27
114.93.75.19 - - [23/Mar/2020:11:18:41 +0800] "GET /xingrg/all/function/internal_message.html?_=1584933521256&CODE_STATE=getMsg HTTP/1.1" 200 27
114.93.75.19 - - [23/Mar/2020:11:18:41 +0800] "GET /xingrg/check_reg.html?_=1584933521258 HTTP/1.1" 200 22
114.88.159.93 - - [23/Mar/2020:11:18:42 +0800] "GET /xingrg/all/function/internal_message.html?_=1584933244489&CODE_STATE=getMsg HTTP/1.1" 200 27
114.88.170.9 - - [23/Mar/2020:11:18:47 +0800] "GET /xingrg/all/function/internal_message.html?_=1584933826120&CODE_STATE=getMsg HTTP/1.1" 200 27
114.88.159.93 - - [23/Mar/2020:11:18:47 +0800] "GET /xingrg/kc/mdqp/qp_main.html HTTP/1.1" 200 10625
114.88.159.93 - - [23/Mar/2020:11:18:50 +0800] "GET /xingrg/images/yd/bt.gif HTTP/1.1" 404 1040
101.85.195.69 - - [23/Mar/2020:11:18:51 +0800] "GET /xingrg/kc/buy/cgsh_order_list.html HTTP/1.1" 200 42034
116.232.53.242 - - [23/Mar/2020:11:18:52 +0800] "GET /xingrg/all/function/internal_message.html?_=1584933532656&CODE_STATE=getMsg HTTP/1.1" 200 27
101.85.195.69 - - [23/Mar/2020:11:18:52 +0800] "POST /xingrg/kc/buy/cgsh_list_operate.html HTTP/1.1" 200 876
116.232.53.242 - - [23/Mar/2020:11:18:52 +0800] "GET /xingrg/check_reg.html?_=1584933532660 HTTP/1.1" 200 22
114.88.159.93 - - [23/Mar/2020:11:18:52 +0800] "GET /xingrg/kc/mdqp/pssh_order_list.html HTTP/1.1" 200 17603
114.88.159.93 - - [23/Mar/2020:11:18:52 +0800] "POST /xingrg/kc/mdqp/pssh_list_operate.html HTTP/1.1" 200 5444
101.85.195.69 - - [23/Mar/2020:11:18:53 +0800] "GET /xingrg/kc/buy/cgth_order_list.html HTTP/1.1" 200 41437
101.85.195.69 - - [23/Mar/2020:11:18:54 +0800] "POST /xingrg/kc/buy/cgth_list_operate.html HTTP/1.1" 200 1035
101.85.195.69 - - [23/Mar/2020:11:18:55 +0800] "GET /xingrg/kc/buy/cgsh_order_list.html HTTP/1.1" 200 42034
101.85.195.69 - - [23/Mar/2020:11:18:55 +0800] "POST /xingrg/kc/buy/cgsh_list_operate.html HTTP/1.1" 200 876
114.88.159.93 - - [23/Mar/2020:11:18:56 +0800] "POST /xingrg/kc/mdqp/pssh_list_operate.html HTTP/1.1" 200 264
114.88.159.93 - - [23/Mar/2020:11:18:56 +0800] "GET /xingrg/kc/mdqp/pssh_order_info.html?code=312020032200120 HTTP/1.1" 200 17295
114.88.159.93 - - [23/Mar/2020:11:18:56 +0800] "GET /xingrg/javascript/jquery_tools/jquery-1.4.2.min.js HTTP/1.1" 404 1094
114.88.159.93 - - [23/Mar/2020:11:18:56 +0800] "GET /xingrg/javascript/easyui/themes/default/validatebox.css HTTP/1.1" 404 1104
114.88.159.93 - - [23/Mar/2020:11:18:56 +0800] "POST /xingrg/kc/mdqp/pssh_order_operate.html HTTP/1.1" 200 542
101.85.195.69 - - [23/Mar/2020:11:18:57 +0800] "GET /xingrg/kc/buy/cgsh_order_list.html HTTP/1.1" 200 42034
101.85.195.69 - - [23/Mar/2020:11:18:57 +0800] "POST /xingrg/kc/buy/cgsh_list_operate.html HTTP/1.1" 200 876
116.238.181.252 - - [23/Mar/2020:11:18:57 +0800] "GET /xingrg/all/function/internal_message.html?_=1584933537712&CODE_STATE=getMsg HTTP/1.1" 200 27
101.85.195.69 - - [23/Mar/2020:11:18:58 +0800] "GET /xingrg/kc/buy/cgsh_order_list.html HTTP/1.1" 200 42034
114.88.159.93 - - [23/Mar/2020:11:18:59 +0800] "POST /xingrg/all/common/load_combo.html?type=employee HTTP/1.1" 200 362
101.85.195.69 - - [23/Mar/2020:11:18:59 +0800] "POST /xingrg/kc/buy/cgsh_list_operate.html HTTP/1.1" 200 876
114.93.75.19 - - [23/Mar/2020:11:18:59 +0800] "GET /xingrg/all/function/internal_message.html?_=1584933539143&CODE_STATE=getMsg HTTP/1.1" 200 27
101.85.195.69 - - [23/Mar/2020:11:19:00 +0800] "GET /xingrg/kc/buy/cgsh_order_list.html HTTP/1.1" 200 42034
101.85.195.69 - - [23/Mar/2020:11:19:01 +0800] "POST /xingrg/kc/buy/cgsh_list_operate.html HTTP/1.1" 200 876
180.156.150.85 - - [23/Mar/2020:11:19:04 +0800] "GET /xingrg/all/function/internal_message.html?_=1584933544905&CODE_STATE=getMsg HTTP/1.1" 200 27
114.88.159.93 - - [23/Mar/2020:11:19:06 +0800] "POST /xingrg/kc/mdqp/pssh_order_operate.html HTTP/1.1" 200 37
114.88.159.93 - - [23/Mar/2020:11:19:06 +0800] "POST /xingrg/kc/mdqp/pssh_order_operate.html HTTP/1.1" 200 12
114.88.159.93 - - [23/Mar/2020:11:19:07 +0800] "GET /xingrg/kc/mdqp/pssh_order_info.html?code=312020032200120 HTTP/1.1" 200 14384
114.88.159.93 - - [23/Mar/2020:11:19:07 +0800] "GET /xingrg/javascript/jquery_tools/jquery-1.4.2.min.js HTTP/1.1" 404 1094
114.88.159.93 - - [23/Mar/2020:11:19:07 +0800] "POST /xingrg/kc/mdqp/pssh_order_operate.html HTTP/1.1" 200 542
114.88.159.93 - - [23/Mar/2020:11:19:07 +0800] "GET /xingrg/javascript/easyui/themes/default/validatebox.css HTTP/1.1" 404 1104
101.85.195.69 - - [23/Mar/2020:11:19:09 +0800] "GET /xingrg/all/function/internal_message.html?_=1584933549394&CODE_STATE=getMsg HTTP/1.1" 200 27
101.81.124.227 - - [23/Mar/2020:11:19:10 +0800] "GET /xingrg/all/function/internal_message.html?_=1584933549108&CODE_STATE=getMsg HTTP/1.1" 200 27
114.88.159.93 - - [23/Mar/2020:11:19:11 +0800] "GET /xingrg/kc/print/load_data.html?order_code=312020032200120&kc_code=pssh&condition= HTTP/1.1" 200 672
101.85.52.41 - - [23/Mar/2020:11:19:13 +0800] "GET /xingrg/all/function/internal_message.html?_=1584933193717&CODE_STATE=getMsg HTTP/1.1" 200 27
114.88.159.93 - - [23/Mar/2020:11:19:18 +0800] "POST /xingrg/kc/mdqp/pssh_list_operate.html HTTP/1.1" 200 464
124.77.241.94 - - [23/Mar/2020:11:19:23 +0800] "GET /xingrg/all/function/internal_message.html?_=1584933594144&CODE_STATE=getMsg HTTP/1.1" 200 27
114.88.159.93 - - [23/Mar/2020:11:19:27 +0800] "GET /xingrg/javascript/jquery_tools/jquery-1.4.2.min.js HTTP/1.1" 404 1094
114.88.159.93 - - [23/Mar/2020:11:19:28 +0800] "GET /xingrg/kc/mdqp/pssh_order_info.html?code=312020032200119 HTTP/1.1" 200 17295
114.88.159.93 - - [23/Mar/2020:11:19:28 +0800] "GET /xingrg/javascript/easyui/themes/default/validatebox.css HTTP/1.1" 404 1104
114.88.159.93 - - [23/Mar/2020:11:19:28 +0800] "POST /xingrg/kc/mdqp/pssh_order_operate.html HTTP/1.1" 200 1584
117.184.7.30 - - [23/Mar/2020:11:19:32 +0800] "GET /xingrg/all/function/internal_message.html?_=1584933569522&CODE_STATE=getMsg HTTP/1.1" 200 27
114.88.159.93 - - [23/Mar/2020:11:19:33 +0800] "POST /xingrg/all/common/load_combo.html?type=employee HTTP/1.1" 200 362
114.88.159.93 - - [23/Mar/2020:11:19:38 +0800] "POST /xingrg/kc/mdqp/pssh_order_operate.html HTTP/1.1" 200 37
114.88.159.93 - - [23/Mar/2020:11:19:39 +0800] "POST /xingrg/kc/mdqp/pssh_order_operate.html HTTP/1.1" 200 12
114.88.159.93 - - [23/Mar/2020:11:19:39 +0800] "GET /xingrg/kc/mdqp/pssh_order_info.html?code=312020032200119 HTTP/1.1" 200 14384
114.88.159.93 - - [23/Mar/2020:11:19:39 +0800] "GET /xingrg/javascript/jquery_tools/jquery-1.4.2.min.js HTTP/1.1" 404 1094
114.93.75.19 - - [23/Mar/2020:11:19:41 +0800] "GET /xingrg/all/function/internal_message.html?_=1584933581259&CODE_STATE=getMsg HTTP/1.1" 200 27
114.88.159.93 - - [23/Mar/2020:11:19:42 +0800] "GET /xingrg/javascript/easyui/themes/default/validatebox.css HTTP/1.1" 404 1104
114.88.159.93 - - [23/Mar/2020:11:19:42 +0800] "POST /xingrg/kc/mdqp/pssh_order_operate.html HTTP/1.1" 200 1584
114.88.159.93 - - [23/Mar/2020:11:19:42 +0800] "GET /xingrg/all/function/internal_message.html?_=1584933304435&CODE_STATE=getMsg HTTP/1.1" 200 27
114.88.159.93 - - [23/Mar/2020:11:19:46 +0800] "GET /xingrg/kc/print/load_data.html?order_code=312020032200119&kc_code=pssh&condition= HTTP/1.1" 200 1031
114.88.170.9 - - [23/Mar/2020:11:19:47 +0800] "GET /xingrg/all/function/internal_message.html?_=1584933886096&CODE_STATE=getMsg HTTP/1.1" 200 27
116.232.53.242 - - [23/Mar/2020:11:19:52 +0800] "GET /xingrg/all/function/internal_message.html?_=1584933592662&CODE_STATE=getMsg HTTP/1.1" 200 27
116.238.181.252 - - [23/Mar/2020:11:19:57 +0800] "GET /xingrg/all/function/internal_message.html?_=1584933597713&CODE_STATE=getMsg HTTP/1.1" 200 27
114.93.75.19 - - [23/Mar/2020:11:19:59 +0800] "GET /xingrg/all/function/internal_message.html?_=1584933599142&CODE_STATE=getMsg HTTP/1.1" 200 27
114.93.75.19 - - [23/Mar/2020:11:19:59 +0800] "GET /xingrg/check_reg.html?_=1584933599145 HTTP/1.1" 200 22
101.85.195.69 - - [23/Mar/2020:11:20:02 +0800] "GET /xingrg/kc/buy/cgsh_order_list.html HTTP/1.1" 200 42034
101.85.195.69 - - [23/Mar/2020:11:20:02 +0800] "POST /xingrg/kc/buy/cgsh_list_operate.html HTTP/1.1" 200 876
101.85.195.69 - - [23/Mar/2020:11:20:03 +0800] "GET /xingrg/kc/buy/cgsh_order_add.html HTTP/1.1" 200 57560
101.85.195.69 - - [23/Mar/2020:11:20:03 +0800] "POST /xingrg/kc/buy/cgsh_order_operate.html HTTP/1.1" 200 8245
101.85.195.69 - - [23/Mar/2020:11:20:04 +0800] "GET /xingrg/javascript/easyui/themes/default/validatebox.css HTTP/1.1" 404 1104
180.156.150.85 - - [23/Mar/2020:11:20:04 +0800] "GET /xingrg/all/function/internal_message.html?_=1584933604906&CODE_STATE=getMsg HTTP/1.1" 200 27
101.85.195.69 - - [23/Mar/2020:11:20:09 +0800] "GET /xingrg/all/function/internal_message.html?_=1584933609406&CODE_STATE=getMsg HTTP/1.1" 200 27
101.81.124.227 - - [23/Mar/2020:11:20:10 +0800] "GET /xingrg/all/function/internal_message.html?_=1584933609112&CODE_STATE=getMsg HTTP/1.1" 200 27
101.85.52.41 - - [23/Mar/2020:11:20:13 +0800] "GET /xingrg/all/function/internal_message.html?_=1584933253721&CODE_STATE=getMsg HTTP/1.1" 200 27
101.85.195.69 - - [23/Mar/2020:11:20:23 +0800] "GET /xingrg/kc/buy/cgsh_order_operate.html?command=get_materiel&rest_code=00102&code=00101013157&supplier_code=00100337&order_time=2020-03-23 HTTP/1.1" 200 412
124.77.241.94 - - [23/Mar/2020:11:20:24 +0800] "GET /xingrg/all/function/internal_message.html?_=1584933654268&CODE_STATE=getMsg HTTP/1.1" 200 27
116.238.181.252 - - [23/Mar/2020:11:20:27 +0800] "GET /xingrg/kc/base/wldb_order_list.html HTTP/1.1" 200 19250
116.238.181.252 - - [23/Mar/2020:11:20:27 +0800] "POST /xingrg/kc/base/wldb_list_operate.html HTTP/1.1" 200 928
116.238.181.252 - - [23/Mar/2020:11:20:28 +0800] "GET /xingrg/kc/base/wldb_order_add.html HTTP/1.1" 200 30296
116.238.181.252 - - [23/Mar/2020:11:20:29 +0800] "POST /xingrg/kc/base/wldb_order_operate.html HTTP/1.1" 200 6806
116.238.181.252 - - [23/Mar/2020:11:20:29 +0800] "GET /xingrg/all/common/auto_word.html?type=base&rest_code=00150 HTTP/1.1" 200 2341
116.238.181.252 - - [23/Mar/2020:11:20:29 +0800] "GET /xingrg/all/common/auto_word.html?type=base&rest_code=00150 HTTP/1.1" 200 2341
116.238.181.252 - - [23/Mar/2020:11:20:29 +0800] "GET /xingrg/javascript/easyui/themes/default/validatebox.css HTTP/1.1" 404 1104
117.184.7.30 - - [23/Mar/2020:11:20:32 +0800] "GET /xingrg/all/function/internal_message.html?_=1584933629524&CODE_STATE=getMsg HTTP/1.1" 200 27
101.85.195.69 - - [23/Mar/2020:11:20:33 +0800] "POST /xingrg/kc/buy/cgsh_order_operate.html HTTP/1.1" 200 37
101.85.195.69 - - [23/Mar/2020:11:20:35 +0800] "POST /xingrg/kc/buy/cgsh_order_operate.html HTTP/1.1" 200 12
101.85.195.69 - - [23/Mar/2020:11:20:35 +0800] "GET /xingrg/kc/buy/cgsh_order_info.html?code=212020032302303 HTTP/1.1" 200 52467
101.85.195.69 - - [23/Mar/2020:11:20:36 +0800] "GET /xingrg/javascript/easyui/themes/default/validatebox.css HTTP/1.1" 404 1104
101.85.195.69 - - [23/Mar/2020:11:20:36 +0800] "POST /xingrg/kc/buy/cgsh_order_operate.html HTTP/1.1" 200 606
101.85.195.69 - - [23/Mar/2020:11:20:37 +0800] "GET /xingrg/kc/print/load_data.html?order_code=212020032302303&kc_code=cgsh&condition= HTTP/1.1" 200 694
116.238.181.252 - - [23/Mar/2020:11:20:40 +0800] "GET /xingrg/kc/base/wldb_order_operate.html?command=get_materiel&rest_code=00150&base_code=0010445&code=00101016060 HTTP/1.1" 200 464
114.93.75.19 - - [23/Mar/2020:11:20:41 +0800] "GET /xingrg/all/function/internal_message.html?_=1584933641249&CODE_STATE=getMsg HTTP/1.1" 200 27
101.85.195.69 - - [23/Mar/2020:11:20:41 +0800] "GET /xingrg/kc/buy/cgsh_order_add.html HTTP/1.1" 200 57560
101.85.195.69 - - [23/Mar/2020:11:20:42 +0800] "POST /xingrg/kc/buy/cgsh_order_operate.html HTTP/1.1" 200 8245
101.85.195.69 - - [23/Mar/2020:11:20:42 +0800] "GET /xingrg/javascript/easyui/themes/default/validatebox.css HTTP/1.1" 404 1104
114.88.159.93 - - [23/Mar/2020:11:20:42 +0800] "GET /xingrg/all/function/internal_message.html?_=1584933364441&CODE_STATE=getMsg HTTP/1.1" 200 27
114.88.170.9 - - [23/Mar/2020:11:20:47 +0800] "GET /xingrg/all/function/internal_message.html?_=1584933946078&CODE_STATE=getMsg HTTP/1.1" 200 27
114.88.170.9 - - [23/Mar/2020:11:20:47 +0800] "GET /xingrg/check_reg.html?_=1584933946663 HTTP/1.1" 200 22
116.232.53.242 - - [23/Mar/2020:11:20:52 +0800] "GET /xingrg/all/function/internal_message.html?_=1584933652664&CODE_STATE=getMsg HTTP/1.1" 200 27
101.85.195.69 - - [23/Mar/2020:11:20:55 +0800] "GET /xingrg/kc/buy/cgsh_order_operate.html?command=get_materiel&rest_code=00102&code=00101001167&supplier_code=00100314&order_time=2020-03-23 HTTP/1.1" 200 435
116.238.181.252 - - [23/Mar/2020:11:20:57 +0800] "GET /xingrg/all/function/internal_message.html?_=1584933657735&CODE_STATE=getMsg HTTP/1.1" 200 27
114.93.75.19 - - [23/Mar/2020:11:20:59 +0800] "GET /xingrg/all/function/internal_message.html?_=1584933659142&CODE_STATE=getMsg HTTP/1.1" 200 27
180.156.150.85 - - [23/Mar/2020:11:21:04 +0800] "GET /xingrg/all/function/internal_message.html?_=1584933664905&CODE_STATE=getMsg HTTP/1.1" 200 27
101.85.195.69 - - [23/Mar/2020:11:21:08 +0800] "GET /xingrg/kc/buy/cgsh_order_operate.html?command=get_materiel&rest_code=00102&code=00101010310&supplier_code=00100314&order_time=2020-03-23 HTTP/1.1" 200 423
101.85.195.69 - - [23/Mar/2020:11:21:09 +0800] "GET /xingrg/check_reg.html?_=1584933669154 HTTP/1.1" 200 22
101.85.195.69 - - [23/Mar/2020:11:21:09 +0800] "GET /xingrg/all/function/internal_message.html?_=1584933669420&CODE_STATE=getMsg HTTP/1.1" 200 27
101.81.124.227 - - [23/Mar/2020:11:21:10 +0800] "GET /xingrg/all/function/internal_message.html?_=1584933669097&CODE_STATE=getMsg HTTP/1.1" 200 27
101.85.52.41 - - [23/Mar/2020:11:21:13 +0800] "GET /xingrg/check_reg.html?_=1584933313720 HTTP/1.1" 200 22
101.85.52.41 - - [23/Mar/2020:11:21:13 +0800] "GET /xingrg/all/function/internal_message.html?_=1584933313730&CODE_STATE=getMsg HTTP/1.1" 200 27
124.77.241.94 - - [23/Mar/2020:11:21:24 +0800] "GET /xingrg/all/function/internal_message.html?_=1584933714280&CODE_STATE=getMsg HTTP/1.1" 200 27
117.184.7.30 - - [23/Mar/2020:11:21:32 +0800] "GET /xingrg/all/function/internal_message.html?_=1584933689526&CODE_STATE=getMsg HTTP/1.1" 200 27
117.184.7.26 - - [23/Mar/2020:11:21:32 +0800] "GET /xingrg/check_reg.html?_=1584933689528 HTTP/1.1" 200 22
114.93.75.19 - - [23/Mar/2020:11:21:41 +0800] "GET /xingrg/all/function/internal_message.html?_=1584933701251&CODE_STATE=getMsg HTTP/1.1" 200 27
114.88.159.93 - - [23/Mar/2020:11:21:42 +0800] "GET /xingrg/all/function/internal_message.html?_=1584933424441&CODE_STATE=getMsg HTTP/1.1" 200 27
114.88.170.9 - - [23/Mar/2020:11:21:47 +0800] "GET /xingrg/all/function/internal_message.html?_=1584934006059&CODE_STATE=getMsg HTTP/1.1" 200 27
117.131.5.26 - - [23/Mar/2020:11:21:49 +0800] "GET /xingrg/check_reg.html?_=1584933719421 HTTP/1.1" 200 22
116.232.53.242 - - [23/Mar/2020:11:21:52 +0800] "GET /xingrg/all/function/internal_message.html?_=1584933712666&CODE_STATE=getMsg HTTP/1.1" 200 27
101.85.195.69 - - [23/Mar/2020:11:21:53 +0800] "POST /xingrg/kc/buy/cgsh_order_operate.html HTTP/1.1" 200 37
101.85.195.69 - - [23/Mar/2020:11:21:55 +0800] "POST /xingrg/kc/buy/cgsh_order_operate.html HTTP/1.1" 200 12
101.85.195.69 - - [23/Mar/2020:11:21:55 +0800] "GET /xingrg/kc/buy/cgsh_order_info.html?code=212020032302304 HTTP/1.1" 200 52467
101.85.195.69 - - [23/Mar/2020:11:21:56 +0800] "GET /xingrg/javascript/easyui/themes/default/validatebox.css HTTP/1.1" 404 1104
101.85.195.69 - - [23/Mar/2020:11:21:56 +0800] "POST /xingrg/kc/buy/cgsh_order_operate.html HTTP/1.1" 200 1218
116.238.181.252 - - [23/Mar/2020:11:21:57 +0800] "GET /xingrg/all/function/internal_message.html?_=1584933717723&CODE_STATE=getMsg HTTP/1.1" 200 27
101.85.195.69 - - [23/Mar/2020:11:21:58 +0800] "GET /xingrg/kc/print/load_data.html?order_code=212020032302304&kc_code=cgsh&condition= HTTP/1.1" 200 945
114.93.75.19 - - [23/Mar/2020:11:21:59 +0800] "GET /xingrg/all/function/internal_message.html?_=1584933719146&CODE_STATE=getMsg HTTP/1.1" 200 27
101.85.195.69 - - [23/Mar/2020:11:22:03 +0800] "GET /xingrg/kc/buy/cgsh_order_add.html HTTP/1.1" 200 57560
101.85.195.69 - - [23/Mar/2020:11:22:04 +0800] "POST /xingrg/kc/buy/cgsh_order_operate.html HTTP/1.1" 200 8245
101.85.195.69 - - [23/Mar/2020:11:22:04 +0800] "GET /xingrg/javascript/easyui/themes/default/validatebox.css HTTP/1.1" 404 1104
180.156.150.85 - - [23/Mar/2020:11:22:04 +0800] "GET /xingrg/all/function/internal_message.html?_=1584933724906&CODE_STATE=getMsg HTTP/1.1" 200 27
101.85.195.69 - - [23/Mar/2020:11:22:09 +0800] "GET /xingrg/all/function/internal_message.html?_=1584933729433&CODE_STATE=getMsg HTTP/1.1" 200 27
101.81.124.227 - - [23/Mar/2020:11:22:10 +0800] "GET /xingrg/all/function/internal_message.html?_=1584933729088&CODE_STATE=getMsg HTTP/1.1" 200 27
101.81.124.227 - - [23/Mar/2020:11:22:11 +0800] "GET /xingrg/check_reg.html?_=1584933730165 HTTP/1.1" 200 22
101.85.195.69 - - [23/Mar/2020:11:22:12 +0800] "GET /xingrg/kc/buy/cgsh_order_operate.html?command=get_materiel&rest_code=00102&code=00101004061&supplier_code=00100317&order_time=2020-03-23 HTTP/1.1" 200 409
101.85.52.41 - - [23/Mar/2020:11:22:13 +0800] "GET /xingrg/all/function/internal_message.html?_=1584933373729&CODE_STATE=getMsg HTTP/1.1" 200 27
124.77.241.94 - - [23/Mar/2020:11:22:24 +0800] "GET /xingrg/all/function/internal_message.html?_=1584933774409&CODE_STATE=getMsg HTTP/1.1" 200 27
117.184.7.30 - - [23/Mar/2020:11:22:32 +0800] "GET /xingrg/all/function/internal_message.html?_=1584933749531&CODE_STATE=getMsg HTTP/1.1" 200 27
114.93.75.19 - - [23/Mar/2020:11:22:41 +0800] "GET /xingrg/all/function/internal_message.html?_=1584933761256&CODE_STATE=getMsg HTTP/1.1" 200 27
114.88.159.93 - - [23/Mar/2020:11:22:43 +0800] "GET /xingrg/check_reg.html?_=1584933484442 HTTP/1.1" 200 22
114.88.159.93 - - [23/Mar/2020:11:22:43 +0800] "GET /xingrg/all/function/internal_message.html?_=1584933484440&CODE_STATE=getMsg HTTP/1.1" 200 27
114.88.170.9 - - [23/Mar/2020:11:22:47 +0800] "GET /xingrg/all/function/internal_message.html?_=1584934066029&CODE_STATE=getMsg HTTP/1.1" 200 27
116.232.53.242 - - [23/Mar/2020:11:22:52 +0800] "GET /xingrg/all/function/internal_message.html?_=1584933772654&CODE_STATE=getMsg HTTP/1.1" 200 27
114.88.170.9 - - [23/Mar/2020:11:22:56 +0800] "GET /xingrg/check_reg.html?_=1584933776219 HTTP/1.1" 200 22
116.238.181.252 - - [23/Mar/2020:11:22:57 +0800] "GET /xingrg/all/function/internal_message.html?_=1584933777729&CODE_STATE=getMsg HTTP/1.1" 200 27
116.238.181.252 - - [23/Mar/2020:11:22:57 +0800] "GET /xingrg/check_reg.html?_=1584933777733 HTTP/1.1" 200 22
124.77.241.94 - - [23/Mar/2020:11:22:59 +0800] "GET /xingrg/check_reg.html?_=1584933809238 HTTP/1.1" 200 22
114.93.75.19 - - [23/Mar/2020:11:22:59 +0800] "GET /xingrg/all/function/internal_message.html?_=1584933779145&CODE_STATE=getMsg HTTP/1.1" 200 27
180.156.150.85 - - [23/Mar/2020:11:23:04 +0800] "GET /xingrg/check_reg.html?_=1584933784906 HTTP/1.1" 200 22
180.156.150.85 - - [23/Mar/2020:11:23:04 +0800] "GET /xingrg/all/function/internal_message.html?_=1584933784907&CODE_STATE=getMsg HTTP/1.1" 200 27
101.85.195.69 - - [23/Mar/2020:11:23:04 +0800] "POST /xingrg/kc/buy/cgsh_order_operate.html HTTP/1.1" 200 37
101.85.195.69 - - [23/Mar/2020:11:23:06 +0800] "POST /xingrg/kc/buy/cgsh_order_operate.html HTTP/1.1" 200 12
101.85.195.69 - - [23/Mar/2020:11:23:07 +0800] "GET /xingrg/kc/buy/cgsh_order_info.html?code=212020032302305 HTTP/1.1" 200 52469
101.85.195.69 - - [23/Mar/2020:11:23:07 +0800] "GET /xingrg/javascript/easyui/themes/default/validatebox.css HTTP/1.1" 404 1104
101.85.195.69 - - [23/Mar/2020:11:23:08 +0800] "POST /xingrg/kc/buy/cgsh_order_operate.html HTTP/1.1" 200 606
101.85.195.69 - - [23/Mar/2020:11:23:09 +0800] "GET /xingrg/kc/print/load_data.html?order_code=212020032302305&kc_code=cgsh&condition= HTTP/1.1" 200 704
101.85.195.69 - - [23/Mar/2020:11:23:09 +0800] "GET /xingrg/all/function/internal_message.html?_=1584933789477&CODE_STATE=getMsg HTTP/1.1" 200 27
101.81.124.227 - - [23/Mar/2020:11:23:10 +0800] "GET /xingrg/all/function/internal_message.html?_=1584933789070&CODE_STATE=getMsg HTTP/1.1" 200 27
101.85.195.69 - - [23/Mar/2020:11:23:13 +0800] "GET /xingrg/kc/buy/cgsh_order_add.html HTTP/1.1" 200 57560
101.85.52.41 - - [23/Mar/2020:11:23:13 +0800] "GET /xingrg/all/function/internal_message.html?_=1584933433728&CODE_STATE=getMsg HTTP/1.1" 200 27
101.85.195.69 - - [23/Mar/2020:11:23:14 +0800] "POST /xingrg/kc/buy/cgsh_order_operate.html HTTP/1.1" 200 8245
101.85.195.69 - - [23/Mar/2020:11:23:14 +0800] "GET /xingrg/javascript/easyui/themes/default/validatebox.css HTTP/1.1" 404 1104
101.85.195.69 - - [23/Mar/2020:11:23:21 +0800] "GET /xingrg/kc/buy/cgsh_order_operate.html?command=get_materiel&rest_code=00102&code=00101004046&supplier_code=00100312&order_time=2020-03-23 HTTP/1.1" 200 419
124.77.241.94 - - [23/Mar/2020:11:23:24 +0800] "GET /xingrg/all/function/internal_message.html?_=1584933834416&CODE_STATE=getMsg HTTP/1.1" 200 27
101.85.195.69 - - [23/Mar/2020:11:23:29 +0800] "POST /xingrg/kc/buy/cgsh_order_operate.html HTTP/1.1" 200 37
101.85.195.69 - - [23/Mar/2020:11:23:32 +0800] "POST /xingrg/kc/buy/cgsh_order_operate.html HTTP/1.1" 200 12
117.184.7.30 - - [23/Mar/2020:11:23:32 +0800] "GET /xingrg/all/function/internal_message.html?_=1584933809531&CODE_STATE=getMsg HTTP/1.1" 200 27
101.85.195.69 - - [23/Mar/2020:11:23:33 +0800] "GET /xingrg/kc/buy/cgsh_order_info.html?code=212020032302306 HTTP/1.1" 200 52469
101.85.195.69 - - [23/Mar/2020:11:23:33 +0800] "GET /xingrg/javascript/easyui/themes/default/validatebox.css HTTP/1.1" 404 1104
101.85.195.69 - - [23/Mar/2020:11:23:34 +0800] "POST /xingrg/kc/buy/cgsh_order_operate.html HTTP/1.1" 200 614
101.85.195.69 - - [23/Mar/2020:11:23:35 +0800] "GET /xingrg/kc/print/load_data.html?order_code=212020032302306&kc_code=cgsh&condition= HTTP/1.1" 200 706
114.93.75.19 - - [23/Mar/2020:11:23:41 +0800] "GET /xingrg/all/function/internal_message.html?_=1584933821259&CODE_STATE=getMsg HTTP/1.1" 200 27
114.93.75.19 - - [23/Mar/2020:11:23:41 +0800] "GET /xingrg/check_reg.html?_=1584933821262 HTTP/1.1" 200 22
114.88.159.93 - - [23/Mar/2020:11:23:42 +0800] "GET /xingrg/all/function/internal_message.html?_=1584933544440&CODE_STATE=getMsg HTTP/1.1" 200 27
101.85.195.69 - - [23/Mar/2020:11:23:43 +0800] "GET /xingrg/kc/buy/cgsh_order_add.html HTTP/1.1" 200 57560
101.85.195.69 - - [23/Mar/2020:11:23:44 +0800] "POST /xingrg/kc/buy/cgsh_order_operate.html HTTP/1.1" 200 8245
101.85.195.69 - - [23/Mar/2020:11:23:44 +0800] "GET /xingrg/javascript/easyui/themes/default/validatebox.css HTTP/1.1" 404 1104
116.232.53.242 - - [23/Mar/2020:11:23:52 +0800] "GET /xingrg/all/function/internal_message.html?_=1584933832653&CODE_STATE=getMsg HTTP/1.1" 200 27
116.232.53.242 - - [23/Mar/2020:11:23:52 +0800] "GET /xingrg/check_reg.html?_=1584933832654 HTTP/1.1" 200 22
116.238.181.252 - - [23/Mar/2020:11:23:57 +0800] "GET /xingrg/all/function/internal_message.html?_=1584933837732&CODE_STATE=getMsg HTTP/1.1" 200 27
114.93.75.19 - - [23/Mar/2020:11:23:59 +0800] "GET /xingrg/all/function/internal_message.html?_=1584933839145&CODE_STATE=getMsg HTTP/1.1" 200 27
101.85.195.69 - - [23/Mar/2020:11:23:59 +0800] "GET /xingrg/kc/buy/cgsh_order_operate.html?command=get_materiel&rest_code=00102&code=00101004065&supplier_code=00100086&order_time=2020-03-23 HTTP/1.1" 200 434
180.156.150.85 - - [23/Mar/2020:11:24:04 +0800] "GET /xingrg/all/function/internal_message.html?_=1584933844906&CODE_STATE=getMsg HTTP/1.1" 200 27
101.81.124.227 - - [23/Mar/2020:11:24:10 +0800] "GET /xingrg/all/function/internal_message.html?_=1584933849068&CODE_STATE=getMsg HTTP/1.1" 200 27
101.85.195.69 - - [23/Mar/2020:11:24:12 +0800] "GET /xingrg/all/function/internal_message.html?_=1584933849492&CODE_STATE=getMsg HTTP/1.1" 200 27
101.85.52.41 - - [23/Mar/2020:11:24:13 +0800] "GET /xingrg/all/function/internal_message.html?_=1584933493729&CODE_STATE=getMsg HTTP/1.1" 200 27
101.85.195.69 - - [23/Mar/2020:11:24:15 +0800] "POST /xingrg/kc/buy/cgsh_order_operate.html HTTP/1.1" 200 37
101.85.195.69 - - [23/Mar/2020:11:24:16 +0800] "POST /xingrg/kc/buy/cgsh_order_operate.html HTTP/1.1" 200 12
101.85.195.69 - - [23/Mar/2020:11:24:19 +0800] "GET /xingrg/kc/buy/cgsh_order_info.html?code=212020032302307 HTTP/1.1" 200 52469
101.85.195.69 - - [23/Mar/2020:11:24:19 +0800] "GET /xingrg/javascript/easyui/themes/default/validatebox.css HTTP/1.1" 404 1104
101.85.195.69 - - [23/Mar/2020:11:24:20 +0800] "POST /xingrg/kc/buy/cgsh_order_operate.html HTTP/1.1" 200 610
101.85.195.69 - - [23/Mar/2020:11:24:20 +0800] "GET /xingrg/kc/print/load_data.html?order_code=212020032302307&kc_code=cgsh&condition= HTTP/1.1" 200 768
124.77.241.94 - - [23/Mar/2020:11:24:24 +0800] "GET /xingrg/all/function/internal_message.html?_=1584933894430&CODE_STATE=getMsg HTTP/1.1" 200 27
101.85.195.69 - - [23/Mar/2020:11:24:25 +0800] "GET /xingrg/kc/buy/cgsh_order_add.html HTTP/1.1" 200 57560
101.85.195.69 - - [23/Mar/2020:11:24:26 +0800] "GET /xingrg/javascript/easyui/themes/default/validatebox.css HTTP/1.1" 404 1104
101.85.195.69 - - [23/Mar/2020:11:24:26 +0800] "POST /xingrg/kc/buy/cgsh_order_operate.html HTTP/1.1" 200 8245
117.184.7.30 - - [23/Mar/2020:11:24:32 +0800] "GET /xingrg/all/function/internal_message.html?_=1584933869531&CODE_STATE=getMsg HTTP/1.1" 200 27
101.85.195.69 - - [23/Mar/2020:11:24:34 +0800] "GET /xingrg/kc/buy/cgsh_order_operate.html?command=get_materiel&rest_code=00102&code=00101002006&supplier_code=00100091&order_time=2020-03-23 HTTP/1.1" 200 429
114.93.75.19 - - [23/Mar/2020:11:24:41 +0800] "GET /xingrg/all/function/internal_message.html?_=1584933881264&CODE_STATE=getMsg HTTP/1.1" 200 27
101.85.195.69 - - [23/Mar/2020:11:24:42 +0800] "POST /xingrg/kc/buy/cgsh_order_operate.html HTTP/1.1" 200 37
114.88.159.93 - - [23/Mar/2020:11:24:42 +0800] "GET /xingrg/all/function/internal_message.html?_=1584933604439&CODE_STATE=getMsg HTTP/1.1" 200 27
101.85.195.69 - - [23/Mar/2020:11:24:43 +0800] "POST /xingrg/kc/buy/cgsh_order_operate.html HTTP/1.1" 200 12
101.85.195.69 - - [23/Mar/2020:11:24:44 +0800] "GET /xingrg/kc/buy/cgsh_order_info.html?code=212020032302308 HTTP/1.1" 200 52469
101.85.195.69 - - [23/Mar/2020:11:24:44 +0800] "GET /xingrg/javascript/easyui/themes/default/validatebox.css HTTP/1.1" 404 1104
101.85.195.69 - - [23/Mar/2020:11:24:45 +0800] "POST /xingrg/kc/buy/cgsh_order_operate.html HTTP/1.1" 200 610
101.85.195.69 - - [23/Mar/2020:11:24:46 +0800] "GET /xingrg/kc/print/load_data.html?order_code=212020032302308&kc_code=cgsh&condition= HTTP/1.1" 200 771
101.85.195.69 - - [23/Mar/2020:11:24:51 +0800] "GET /xingrg/kc/buy/cgsh_order_list.html HTTP/1.1" 200 42034
101.85.195.69 - - [23/Mar/2020:11:24:52 +0800] "POST /xingrg/kc/buy/cgsh_list_operate.html HTTP/1.1" 200 876
116.232.53.242 - - [23/Mar/2020:11:24:52 +0800] "GET /xingrg/all/function/internal_message.html?_=1584933892668&CODE_STATE=getMsg HTTP/1.1" 200 27
101.85.195.69 - - [23/Mar/2020:11:24:56 +0800] "POST /xingrg/kc/buy/cgsh_list_operate.html HTTP/1.1" 200 876
116.238.181.252 - - [23/Mar/2020:11:24:57 +0800] "GET /xingrg/all/function/internal_message.html?_=1584933897727&CODE_STATE=getMsg HTTP/1.1" 200 27
114.93.75.19 - - [23/Mar/2020:11:24:59 +0800] "GET /xingrg/all/function/internal_message.html?_=1584933899144&CODE_STATE=getMsg HTTP/1.1" 200 27
114.93.75.19 - - [23/Mar/2020:11:24:59 +0800] "GET /xingrg/check_reg.html?_=1584933899147 HTTP/1.1" 200 22
180.156.150.85 - - [23/Mar/2020:11:25:04 +0800] "GET /xingrg/all/function/internal_message.html?_=1584933904908&CODE_STATE=getMsg HTTP/1.1" 200 27
101.85.195.69 - - [23/Mar/2020:11:25:09 +0800] "GET /xingrg/all/function/internal_message.html?_=1584933909650&CODE_STATE=getMsg HTTP/1.1" 200 27
101.81.124.227 - - [23/Mar/2020:11:25:10 +0800] "GET /xingrg/all/function/internal_message.html?_=1584933909058&CODE_STATE=getMsg HTTP/1.1" 200 27
101.85.52.41 - - [23/Mar/2020:11:25:13 +0800] "GET /xingrg/all/function/internal_message.html?_=1584933553732&CODE_STATE=getMsg HTTP/1.1" 200 27
124.77.241.94 - - [23/Mar/2020:11:25:24 +0800] "GET /xingrg/all/function/internal_message.html?_=1584933954558&CODE_STATE=getMsg HTTP/1.1" 200 27
117.184.7.30 - - [23/Mar/2020:11:25:32 +0800] "GET /xingrg/all/function/internal_message.html?_=1584933929535&CODE_STATE=getMsg HTTP/1.1" 200 27
114.93.75.19 - - [23/Mar/2020:11:25:41 +0800] "GET /xingrg/all/function/internal_message.html?_=1584933941251&CODE_STATE=getMsg HTTP/1.1" 200 27
114.88.159.93 - - [23/Mar/2020:11:25:42 +0800] "GET /xingrg/all/function/internal_message.html?_=1584933664437&CODE_STATE=getMsg HTTP/1.1" 200 27
116.232.53.242 - - [23/Mar/2020:11:25:52 +0800] "GET /xingrg/all/function/internal_message.html?_=1584933952656&CODE_STATE=getMsg HTTP/1.1" 200 27
116.238.181.252 - - [23/Mar/2020:11:25:57 +0800] "GET /xingrg/all/function/internal_message.html?_=1584933957734&CODE_STATE=getMsg HTTP/1.1" 200 27
114.93.75.19 - - [23/Mar/2020:11:25:59 +0800] "GET /xingrg/all/function/internal_message.html?_=1584933959148&CODE_STATE=getMsg HTTP/1.1" 200 27
180.156.150.85 - - [23/Mar/2020:11:26:04 +0800] "GET /xingrg/all/function/internal_message.html?_=1584933964908&CODE_STATE=getMsg HTTP/1.1" 200 27
101.85.195.69 - - [23/Mar/2020:11:26:09 +0800] "GET /xingrg/check_reg.html?_=1584933969160 HTTP/1.1" 200 22
101.85.195.69 - - [23/Mar/2020:11:26:09 +0800] "GET /xingrg/all/function/internal_message.html?_=1584933969663&CODE_STATE=getMsg HTTP/1.1" 200 27
101.81.124.227 - - [23/Mar/2020:11:26:10 +0800] "GET /xingrg/all/function/internal_message.html?_=1584933969046&CODE_STATE=getMsg HTTP/1.1" 200 27
101.85.52.41 - - [23/Mar/2020:11:26:13 +0800] "GET /xingrg/all/function/internal_message.html?_=1584933613731&CODE_STATE=getMsg HTTP/1.1" 200 27
101.85.52.41 - - [23/Mar/2020:11:26:13 +0800] "GET /xingrg/check_reg.html?_=1584933613733 HTTP/1.1" 200 22
124.77.241.94 - - [23/Mar/2020:11:26:24 +0800] "GET /xingrg/all/function/internal_message.html?_=1584934014567&CODE_STATE=getMsg HTTP/1.1" 200 27
117.184.7.30 - - [23/Mar/2020:11:26:32 +0800] "GET /xingrg/all/function/internal_message.html?_=1584933989535&CODE_STATE=getMsg HTTP/1.1" 200 27
117.184.7.26 - - [23/Mar/2020:11:26:32 +0800] "GET /xingrg/check_reg.html?_=1584933989538 HTTP/1.1" 200 22
116.238.181.252 - - [23/Mar/2020:11:26:38 +0800] "GET /xingrg/kc/base/wldb_order_operate.html?command=get_materiel&rest_code=00150&base_code=0010445&code=00101013011 HTTP/1.1" 200 451
114.93.75.19 - - [23/Mar/2020:11:26:41 +0800] "GET /xingrg/all/function/internal_message.html?_=1584934001253&CODE_STATE=getMsg HTTP/1.1" 200 27
114.88.159.93 - - [23/Mar/2020:11:26:42 +0800] "GET /xingrg/all/function/internal_message.html?_=1584933724453&CODE_STATE=getMsg HTTP/1.1" 200 27
116.238.181.252 - - [23/Mar/2020:11:26:43 +0800] "GET /xingrg/kc/base/wldb_order_operate.html?command=get_materiel&rest_code=00150&base_code=0010445&code=00101019438 HTTP/1.1" 200 447
117.131.5.26 - - [23/Mar/2020:11:26:49 +0800] "GET /xingrg/check_reg.html?_=1584934019421 HTTP/1.1" 200 22
116.232.53.242 - - [23/Mar/2020:11:26:52 +0800] "GET /xingrg/all/function/internal_message.html?_=1584934012657&CODE_STATE=getMsg HTTP/1.1" 200 27
116.238.181.252 - - [23/Mar/2020:11:26:54 +0800] "GET /xingrg/kc/base/wldb_order_operate.html?command=get_materiel&rest_code=00150&base_code=0010445&code=00101019358 HTTP/1.1" 200 462
116.238.181.252 - - [23/Mar/2020:11:26:57 +0800] "GET /xingrg/all/function/internal_message.html?_=1584934017756&CODE_STATE=getMsg HTTP/1.1" 200 27
114.93.75.19 - - [23/Mar/2020:11:26:59 +0800] "GET /xingrg/all/function/internal_message.html?_=1584934019146&CODE_STATE=getMsg HTTP/1.1" 200 27
116.238.181.252 - - [23/Mar/2020:11:27:02 +0800] "GET /xingrg/kc/base/wldb_order_operate.html?command=get_materiel&rest_code=00150&base_code=0010445&code=00101016028 HTTP/1.1" 200 431
180.156.150.85 - - [23/Mar/2020:11:27:04 +0800] "GET /xingrg/all/function/internal_message.html?_=1584934024910&CODE_STATE=getMsg HTTP/1.1" 200 27
116.238.181.252 - - [23/Mar/2020:11:27:07 +0800] "GET /xingrg/kc/base/wldb_order_operate.html?command=get_materiel&rest_code=00150&base_code=0010445&code=00101019375 HTTP/1.1" 200 465
101.85.195.69 - - [23/Mar/2020:11:27:09 +0800] "GET /xingrg/all/function/internal_message.html?_=1584934029673&CODE_STATE=getMsg HTTP/1.1" 200 27
101.81.124.227 - - [23/Mar/2020:11:27:10 +0800] "GET /xingrg/all/function/internal_message.html?_=1584934029050&CODE_STATE=getMsg HTTP/1.1" 200 27
101.81.124.227 - - [23/Mar/2020:11:27:11 +0800] "GET /xingrg/check_reg.html?_=1584934030160 HTTP/1.1" 200 22
116.238.181.252 - - [23/Mar/2020:11:27:13 +0800] "GET /xingrg/kc/base/wldb_order_operate.html?command=get_materiel&rest_code=00150&base_code=0010445&code=00101019079 HTTP/1.1" 200 465
101.85.52.41 - - [23/Mar/2020:11:27:13 +0800] "GET /xingrg/all/function/internal_message.html?_=1584933673732&CODE_STATE=getMsg HTTP/1.1" 200 27
117.131.5.26 - - [23/Mar/2020:11:27:17 +0800] "GET /xingrg/index.html?timestamp=1551581298219&sysBaseUrl=http%3A%2F%2F117.131.15.22%3A18081%2Fxingrg%2F&costTime=11 HTTP/1.1" 302 -
117.131.5.26 - - [23/Mar/2020:11:27:17 +0800] "GET /xingrg/login.html HTTP/1.1" 200 7639
117.131.5.26 - - [23/Mar/2020:11:27:18 +0800] "GET /xingrg/images/blue/login_bg.png HTTP/1.1" 304 -
117.131.5.26 - - [23/Mar/2020:11:27:18 +0800] "GET /xingrg/images/blue/hj.png HTTP/1.1" 304 -
117.131.5.26 - - [23/Mar/2020:11:27:18 +0800] "GET /xingrg/images/blue/jxLogo.png HTTP/1.1" 304 -
117.131.5.26 - - [23/Mar/2020:11:27:18 +0800] "GET /xingrg/images/blue/srbg.png HTTP/1.1" 304 -
117.131.5.26 - - [23/Mar/2020:11:27:18 +0800] "GET /favicon.ico HTTP/1.1" 404 -
117.131.5.26 - - [23/Mar/2020:11:27:19 +0800] "POST /xingrg/login.do HTTP/1.1" 302 -
117.131.5.26 - - [23/Mar/2020:11:27:19 +0800] "GET /xingrg/index.html?sysBaseUrl=http%3A%2F%2F117.131.15.22%3A18081%2Fxingrg%2F&costTime=35×tamp=1584934039312 HTTP/1.1" 200 17157
117.131.5.26 - - [23/Mar/2020:11:27:19 +0800] "GET /xingrg/javascript/jquery_easy_ui/themes/default/easyui.css HTTP/1.1" 304 -
117.131.5.26 - - [23/Mar/2020:11:27:19 +0800] "GET /xingrg/javascript/jquery_easy_ui/themes/icon.css HTTP/1.1" 304 -
117.131.5.26 - - [23/Mar/2020:11:27:19 +0800] "GET /xingrg/css/form.css HTTP/1.1" 304 -
117.131.5.26 - - [23/Mar/2020:11:27:19 +0800] "GET /xingrg/javascript/jquery.form.js HTTP/1.1" 304 -
117.131.5.26 - - [23/Mar/2020:11:27:19 +0800] "GET /xingrg/javascript/jquery.timers.js HTTP/1.1" 304 -
117.131.5.26 - - [23/Mar/2020:11:27:19 +0800] "GET /xingrg/javascript/jquery-1.4.2.min.js HTTP/1.1" 304 -
117.131.5.26 - - [23/Mar/2020:11:27:19 +0800] "GET /xingrg/javascript/jquery_easy_ui/easyui-lang-zh_CN.js HTTP/1.1" 304 -
117.131.5.26 - - [23/Mar/2020:11:27:19 +0800] "GET /xingrg/javascript/jquery_easy_ui/jquery.easyui.min.js HTTP/1.1" 304 -
117.131.5.26 - - [23/Mar/2020:11:27:19 +0800] "GET /xingrg/javascript/jquery.utils.js HTTP/1.1" 304 -
117.131.5.26 - - [23/Mar/2020:11:27:19 +0800] "GET /xingrg/images/blue/jxLogo.png HTTP/1.1" 304 -
117.131.5.26 - - [23/Mar/2020:11:27:19 +0800] "GET /xingrg/images/blue/navBackgound.jpg HTTP/1.1" 304 -
117.131.5.26 - - [23/Mar/2020:11:27:19 +0800] "GET /xingrg/javascript/jquery_easy_ui/themes/icons/settle_new.png HTTP/1.1" 304 -
117.131.5.26 - - [23/Mar/2020:11:27:19 +0800] "GET /favicon.ico HTTP/1.1" 404 -
117.131.5.26 - - [23/Mar/2020:11:27:19 +0800] "POST /xingrg/all/common/load_tree.html?tree=area_rest_tree_json&manage=1 HTTP/1.1" 200 351
117.131.5.26 - - [23/Mar/2020:11:27:19 +0800] "GET /xingrg/images/blue/pingpu.png HTTP/1.1" 304 -
117.131.5.26 - - [23/Mar/2020:11:27:19 +0800] "GET /xingrg/javascript/jquery_easy_ui/themes/default/images/tabs_leftarrow.png HTTP/1.1" 304 -
117.131.5.26 - - [23/Mar/2020:11:27:19 +0800] "GET /xingrg/javascript/jquery_easy_ui/themes/default/images/tabs_rightarrow.png HTTP/1.1" 304 -
117.131.5.26 - - [23/Mar/2020:11:27:19 +0800] "GET /xingrg/javascript/jquery_easy_ui/themes/default/images/panel_tool_collapse.gif HTTP/1.1" 304 -
117.131.5.26 - - [23/Mar/2020:11:27:19 +0800] "GET /xingrg/all/function/internal_message.html?_=1584934284043&CODE_STATE=count HTTP/1.1" 200 11
117.131.5.26 - - [23/Mar/2020:11:27:19 +0800] "GET /xingrg/check_reg.html?_=1584934284043 HTTP/1.1" 200 22
117.131.5.26 - - [23/Mar/2020:11:27:19 +0800] "POST /xingrg/load_menu.html HTTP/1.1" 200 5124
117.131.5.26 - - [23/Mar/2020:11:27:19 +0800] "GET /xingrg/javascript/jquery_easy_ui/themes/default/images/tree_arrows.gif HTTP/1.1" 304 -
117.131.5.26 - - [23/Mar/2020:11:27:20 +0800] "GET /xingrg/javascript/jquery_easy_ui/themes/default/images/tree_folder_open.gif HTTP/1.1" 304 -
117.131.5.26 - - [23/Mar/2020:11:27:20 +0800] "GET /xingrg/javascript/jquery_easy_ui/themes/icons/search_new.png HTTP/1.1" 304 -
117.131.5.26 - - [23/Mar/2020:11:27:20 +0800] "GET /xingrg/javascript/jquery_easy_ui/themes/default/images/tree_folder.gif HTTP/1.1" 304 -
117.131.5.26 - - [23/Mar/2020:11:27:20 +0800] "GET /xingrg/javascript/jquery_easy_ui/themes/icons/storage_new.png HTTP/1.1" 304 -
117.131.5.26 - - [23/Mar/2020:11:27:20 +0800] "GET /xingrg/javascript/jquery_easy_ui/themes/icons/forms_new.png HTTP/1.1" 304 -
117.131.5.26 - - [23/Mar/2020:11:27:20 +0800] "GET /xingrg/javascript/jquery_easy_ui/themes/default/images/tree_file.gif HTTP/1.1" 304 -
116.238.181.252 - - [23/Mar/2020:11:27:21 +0800] "POST /xingrg/kc/base/wldb_order_operate.html HTTP/1.1" 200 37
116.238.181.252 - - [23/Mar/2020:11:27:22 +0800] "POST /xingrg/kc/base/wldb_order_operate.html HTTP/1.1" 200 12
116.238.181.252 - - [23/Mar/2020:11:27:22 +0800] "POST /xingrg/kc/base/wldb_order_operate.html HTTP/1.1" 200 5153
124.77.241.94 - - [23/Mar/2020:11:27:24 +0800] "GET /xingrg/all/function/internal_message.html?_=1584934074701&CODE_STATE=getMsg HTTP/1.1" 200 27
116.238.181.252 - - [23/Mar/2020:11:27:26 +0800] "GET /xingrg/kc/base/wldb_order_info.html?code=422020032300697 HTTP/1.1" 200 26177
117.131.5.26 - - [23/Mar/2020:11:27:27 +0800] "GET /xingrg/javascript/jquery_easy_ui/themes/icons/rest.png HTTP/1.1" 304 -
117.131.5.26 - - [23/Mar/2020:11:27:27 +0800] "GET /xingrg/javascript/jquery_easy_ui/themes/icons/area.png HTTP/1.1" 304 -
116.238.181.252 - - [23/Mar/2020:11:27:27 +0800] "POST /xingrg/kc/base/wldb_order_operate.html HTTP/1.1" 200 3382
