180.157.252.250 - - [23/Mar/2020:11:53:03 +0800] "GET /xingrg/javascript/jquery_easy_ui/easyui-lang-zh_CN.js HTTP/1.1" 304 -
180.157.252.250 - - [23/Mar/2020:11:53:03 +0800] "GET /favicon.ico HTTP/1.1" 404 -
180.157.252.250 - - [23/Mar/2020:11:53:03 +0800] "GET /xingrg/javascript/jquery.form.js HTTP/1.1" 304 -
180.157.252.250 - - [23/Mar/2020:11:53:03 +0800] "GET /xingrg/javascript/jquery.utils.js HTTP/1.1" 304 -
180.157.252.250 - - [23/Mar/2020:11:53:03 +0800] "GET /xingrg/javascript/jquery.timers.js HTTP/1.1" 304 -
180.157.252.250 - - [23/Mar/2020:11:53:03 +0800] "GET /xingrg/images/blue/jxLogo.png HTTP/1.1" 304 -
180.157.252.250 - - [23/Mar/2020:11:53:03 +0800] "GET /xingrg/images/blue/navBackgound.jpg HTTP/1.1" 304 -
180.157.252.250 - - [23/Mar/2020:11:53:03 +0800] "GET /xingrg/javascript/jquery_easy_ui/themes/icons/settle_new.png HTTP/1.1" 304 -
180.157.252.250 - - [23/Mar/2020:11:53:03 +0800] "POST /xingrg/all/common/load_tree.html?tree=area_rest_tree_json&manage=1 HTTP/1.1" 200 351
180.157.252.250 - - [23/Mar/2020:11:53:03 +0800] "GET /xingrg/images/blue/pingpu.png HTTP/1.1" 304 -
180.157.252.250 - - [23/Mar/2020:11:53:03 +0800] "GET /xingrg/javascript/jquery_easy_ui/themes/default/images/tabs_leftarrow.png HTTP/1.1" 304 -
180.157.252.250 - - [23/Mar/2020:11:53:03 +0800] "GET /xingrg/javascript/jquery_easy_ui/themes/default/images/tabs_rightarrow.png HTTP/1.1" 304 -
180.157.252.250 - - [23/Mar/2020:11:53:03 +0800] "GET /xingrg/javascript/jquery_easy_ui/themes/default/images/panel_tool_collapse.gif HTTP/1.1" 304 -
180.157.252.250 - - [23/Mar/2020:11:53:03 +0800] "GET /xingrg/all/function/internal_message.html?_=1584935585403&CODE_STATE=count HTTP/1.1" 200 11
180.157.252.250 - - [23/Mar/2020:11:53:03 +0800] "GET /xingrg/check_reg.html?_=1584935585404 HTTP/1.1" 200 22
180.157.252.250 - - [23/Mar/2020:11:53:03 +0800] "POST /xingrg/load_menu.html HTTP/1.1" 200 5124
180.157.252.250 - - [23/Mar/2020:11:53:03 +0800] "GET /xingrg/javascript/jquery_easy_ui/themes/default/images/tree_arrows.gif HTTP/1.1" 304 -
180.157.252.250 - - [23/Mar/2020:11:53:03 +0800] "GET /xingrg/javascript/jquery_easy_ui/themes/default/images/tree_folder.gif HTTP/1.1" 304 -
180.157.252.250 - - [23/Mar/2020:11:53:03 +0800] "GET /xingrg/javascript/jquery_easy_ui/themes/default/images/tree_folder_open.gif HTTP/1.1" 304 -
180.157.252.250 - - [23/Mar/2020:11:53:03 +0800] "GET /xingrg/javascript/jquery_easy_ui/themes/icons/search_new.png HTTP/1.1" 304 -
180.157.252.250 - - [23/Mar/2020:11:53:03 +0800] "GET /xingrg/javascript/jquery_easy_ui/themes/icons/storage_new.png HTTP/1.1" 304 -
180.157.252.250 - - [23/Mar/2020:11:53:03 +0800] "GET /xingrg/javascript/jquery_easy_ui/themes/icons/forms_new.png HTTP/1.1" 304 -
180.157.252.250 - - [23/Mar/2020:11:53:03 +0800] "GET /xingrg/javascript/jquery_easy_ui/themes/default/images/tree_file.gif HTTP/1.1" 304 -
180.156.150.85 - - [23/Mar/2020:11:53:04 +0800] "GET /xingrg/check_reg.html?_=1584935584933 HTTP/1.1" 200 22
180.156.150.85 - - [23/Mar/2020:11:53:04 +0800] "GET /xingrg/all/function/internal_message.html?_=1584935584927&CODE_STATE=getMsg HTTP/1.1" 200 27
101.83.240.175 - - [23/Mar/2020:11:53:05 +0800] "GET /xingrg/kc/buy/cgsh_order_operate.html?command=get_materiel&rest_code=00149&code=00101005022&supplier_code=00100312&order_time=2020-03-23 HTTP/1.1" 200 432
114.93.75.19 - - [23/Mar/2020:11:53:05 +0800] "GET /xingrg/all/function/internal_message.html?_=1584935767606&CODE_STATE=getMsg HTTP/1.1" 200 27
101.81.124.227 - - [23/Mar/2020:11:53:10 +0800] "GET /xingrg/all/function/internal_message.html?_=1584935588937&CODE_STATE=getMsg HTTP/1.1" 200 27
101.83.240.175 - - [23/Mar/2020:11:53:11 +0800] "POST /xingrg/kc/buy/cgsh_order_operate.html HTTP/1.1" 200 37
101.83.240.175 - - [23/Mar/2020:11:53:13 +0800] "POST /xingrg/kc/buy/cgsh_order_operate.html HTTP/1.1" 200 12
180.157.252.250 - - [23/Mar/2020:11:53:13 +0800] "GET /xingrg/javascript/jquery_easy_ui/themes/icons/rest.png HTTP/1.1" 304 -
180.157.252.250 - - [23/Mar/2020:11:53:13 +0800] "GET /xingrg/javascript/jquery_easy_ui/themes/icons/area.png HTTP/1.1" 304 -
101.83.240.175 - - [23/Mar/2020:11:53:13 +0800] "GET /xingrg/kc/buy/cgsh_order_info.html?code=212020032302325 HTTP/1.1" 200 52557
101.85.52.41 - - [23/Mar/2020:11:53:13 +0800] "GET /xingrg/all/function/internal_message.html?_=1584935233771&CODE_STATE=getMsg HTTP/1.1" 200 27
101.83.240.175 - - [23/Mar/2020:11:53:14 +0800] "GET /xingrg/javascript/easyui/themes/default/validatebox.css HTTP/1.1" 404 1104
101.83.240.175 - - [23/Mar/2020:11:53:14 +0800] "POST /xingrg/kc/buy/cgsh_order_operate.html HTTP/1.1" 200 1807
101.83.240.175 - - [23/Mar/2020:11:53:15 +0800] "GET /xingrg/kc/print/load_data.html?order_code=212020032302325&kc_code=cgsh&condition= HTTP/1.1" 200 1185
117.131.5.26 - - [23/Mar/2020:11:53:20 +0800] "GET /xingrg/all/function/internal_message.html?_=1584935844400&CODE_STATE=getMsg HTTP/1.1" 200 27
124.77.241.94 - - [23/Mar/2020:11:53:25 +0800] "GET /xingrg/all/function/internal_message.html?_=1584935636135&CODE_STATE=getMsg HTTP/1.1" 200 27
101.85.195.69 - - [23/Mar/2020:11:53:33 +0800] "GET /xingrg/login.html HTTP/1.1" 200 7639
101.85.195.69 - - [23/Mar/2020:11:53:33 +0800] "GET /favicon.ico HTTP/1.1" 404 -
101.85.195.69 - - [23/Mar/2020:11:53:34 +0800] "POST /xingrg/login.do HTTP/1.1" 302 -
101.85.195.69 - - [23/Mar/2020:11:53:34 +0800] "GET /xingrg/javascript/jquery_easy_ui/themes/default/easyui.css HTTP/1.1" 304 -
101.85.195.69 - - [23/Mar/2020:11:53:34 +0800] "GET /xingrg/css/form.css HTTP/1.1" 304 -
101.85.195.69 - - [23/Mar/2020:11:53:34 +0800] "GET /xingrg/javascript/jquery_easy_ui/themes/icon.css HTTP/1.1" 304 -
101.85.195.69 - - [23/Mar/2020:11:53:34 +0800] "GET /xingrg/javascript/jquery_easy_ui/jquery.easyui.min.js HTTP/1.1" 304 -
101.85.195.69 - - [23/Mar/2020:11:53:34 +0800] "GET /xingrg/javascript/jquery-1.4.2.min.js HTTP/1.1" 304 -
101.85.195.69 - - [23/Mar/2020:11:53:34 +0800] "GET /xingrg/javascript/jquery_easy_ui/easyui-lang-zh_CN.js HTTP/1.1" 304 -
101.85.195.69 - - [23/Mar/2020:11:53:34 +0800] "GET /xingrg/javascript/jquery.form.js HTTP/1.1" 304 -
101.85.195.69 - - [23/Mar/2020:11:53:34 +0800] "GET /xingrg/javascript/jquery.utils.js HTTP/1.1" 304 -
101.85.195.69 - - [23/Mar/2020:11:53:34 +0800] "GET /xingrg/javascript/jquery.timers.js HTTP/1.1" 304 -
101.85.195.69 - - [23/Mar/2020:11:53:34 +0800] "GET /favicon.ico HTTP/1.1" 404 -
101.85.195.69 - - [23/Mar/2020:11:53:35 +0800] "GET /xingrg/index.html?sysBaseUrl=http%3A%2F%2F117.131.15.22%3A18081%2Fxingrg%2F&costTime=35×tamp=1584935614260 HTTP/1.1" 200 17151
101.85.195.69 - - [23/Mar/2020:11:53:35 +0800] "POST /xingrg/all/common/load_tree.html?tree=area_rest_tree_json&manage=1 HTTP/1.1" 200 342
101.85.195.69 - - [23/Mar/2020:11:53:35 +0800] "GET /xingrg/all/function/internal_message.html?_=1584935615523&CODE_STATE=count HTTP/1.1" 200 11
101.85.195.69 - - [23/Mar/2020:11:53:35 +0800] "GET /xingrg/check_reg.html?_=1584935615524 HTTP/1.1" 200 22
101.85.195.69 - - [23/Mar/2020:11:53:35 +0800] "POST /xingrg/load_menu.html HTTP/1.1" 200 5124
101.85.195.69 - - [23/Mar/2020:11:53:38 +0800] "GET /xingrg/kc/mdqp/qqps_order_list.html HTTP/1.1" 200 9210
101.85.195.69 - - [23/Mar/2020:11:53:38 +0800] "GET /xingrg/javascript/pic_change.js HTTP/1.1" 304 -
101.85.195.69 - - [23/Mar/2020:11:53:38 +0800] "GET /xingrg/css/blue.css HTTP/1.1" 304 -
101.85.195.69 - - [23/Mar/2020:11:53:38 +0800] "GET /xingrg/dwr/interface/AjaxReportQueryService.js HTTP/1.1" 200 13203
101.85.195.69 - - [23/Mar/2020:11:53:38 +0800] "GET /xingrg/dwr/interface/AjaxQqpsService.js HTTP/1.1" 200 16326
101.85.195.69 - - [23/Mar/2020:11:53:38 +0800] "GET /xingrg/javascript/myfunction.js HTTP/1.1" 304 -
101.85.195.69 - - [23/Mar/2020:11:53:38 +0800] "GET /xingrg/javascript/Calendar.js HTTP/1.1" 304 -
101.85.195.69 - - [23/Mar/2020:11:53:38 +0800] "GET /xingrg/javascript/ToolTips.js HTTP/1.1" 304 -
101.85.195.69 - - [23/Mar/2020:11:53:38 +0800] "GET /xingrg/dwr/engine.js HTTP/1.1" 200 43631
101.85.195.69 - - [23/Mar/2020:11:53:38 +0800] "GET /xingrg/dwr/util.js HTTP/1.1" 200 35990
101.85.195.69 - - [23/Mar/2020:11:53:39 +0800] "GET /xingrg/javascript/jquery_easy_ui/themes/icons/edit_add_new.png HTTP/1.1" 304 -
101.85.195.69 - - [23/Mar/2020:11:53:39 +0800] "GET /xingrg/javascript/jquery_easy_ui/themes/icons/check_new.png HTTP/1.1" 304 -
101.85.195.69 - - [23/Mar/2020:11:53:39 +0800] "GET /xingrg/javascript/jquery_easy_ui/themes/icons/uncheck_new.png HTTP/1.1" 304 -
101.85.195.69 - - [23/Mar/2020:11:53:39 +0800] "GET /xingrg/javascript/jquery_easy_ui/themes/icons/cance_new.png HTTP/1.1" 304 -
101.85.195.69 - - [23/Mar/2020:11:53:40 +0800] "GET /xingrg/javascript/jquery_easy_ui/themes/default/images/button_plain_hover.png HTTP/1.1" 304 -
101.85.195.69 - - [23/Mar/2020:11:53:41 +0800] "GET /xingrg/javascript/auto/jquery.autocomplete.css HTTP/1.1" 304 -
101.85.195.69 - - [23/Mar/2020:11:53:41 +0800] "GET /xingrg/javascript/tools/jquery.qtip-1.0.0-rc3.min.js HTTP/1.1" 304 -
101.85.195.69 - - [23/Mar/2020:11:53:41 +0800] "GET /xingrg/javascript/AjaxInfoList.js HTTP/1.1" 304 -
101.85.195.69 - - [23/Mar/2020:11:53:41 +0800] "GET /xingrg/javascript/Grid.js HTTP/1.1" 304 -
101.85.195.69 - - [23/Mar/2020:11:53:41 +0800] "GET /xingrg/javascript/print/kc_print.js HTTP/1.1" 304 -
101.85.195.69 - - [23/Mar/2020:11:53:41 +0800] "GET /xingrg/kc/mdqp/qqps_order_add.html HTTP/1.1" 200 27721
101.85.195.69 - - [23/Mar/2020:11:53:41 +0800] "GET /xingrg/dwr/interface/AjaxQqpsService.js HTTP/1.1" 200 16326
101.85.195.69 - - [23/Mar/2020:11:53:41 +0800] "GET /xingrg/javascript/auto/jquery.autocomplete.js HTTP/1.1" 304 -
101.85.195.69 - - [23/Mar/2020:11:53:41 +0800] "GET /xingrg/javascript/print/LodopFuncs.js HTTP/1.1" 304 -
101.85.195.69 - - [23/Mar/2020:11:53:41 +0800] "GET /xingrg/dwr/engine.js HTTP/1.1" 200 43631
101.85.195.69 - - [23/Mar/2020:11:53:41 +0800] "GET /xingrg/dwr/interface/AjaxComOrderService.js HTTP/1.1" 200 18264
114.93.75.19 - - [23/Mar/2020:11:53:41 +0800] "GET /xingrg/all/function/internal_message.html?_=1584935621255&CODE_STATE=getMsg HTTP/1.1" 200 27
114.93.75.19 - - [23/Mar/2020:11:53:41 +0800] "GET /xingrg/check_reg.html?_=1584935621257 HTTP/1.1" 200 22
114.88.159.93 - - [23/Mar/2020:11:53:42 +0800] "GET /xingrg/all/function/internal_message.html?_=1584935344530&CODE_STATE=getMsg HTTP/1.1" 200 27
101.85.195.69 - - [23/Mar/2020:11:53:44 +0800] "GET /xingrg/words/20200323113824_words.js HTTP/1.1" 304 -
101.85.195.69 - - [23/Mar/2020:11:53:44 +0800] "GET /xingrg/javascript/jquery_easy_ui/themes/icons/template_new.png HTTP/1.1" 304 -
101.85.195.69 - - [23/Mar/2020:11:53:44 +0800] "GET /xingrg/javascript/jquery_easy_ui/themes/icons/copy_new.png HTTP/1.1" 304 -
101.85.195.69 - - [23/Mar/2020:11:53:44 +0800] "GET /xingrg/javascript/jquery_easy_ui/themes/icons/ok.png HTTP/1.1" 304 -
101.85.195.69 - - [23/Mar/2020:11:53:44 +0800] "GET /xingrg/javascript/jquery_easy_ui/themes/icons/print.png HTTP/1.1" 304 -
101.85.195.69 - - [23/Mar/2020:11:53:44 +0800] "GET /xingrg/javascript/jquery_easy_ui/themes/default/images/menu_downarrow.png HTTP/1.1" 304 -
101.85.195.69 - - [23/Mar/2020:11:53:44 +0800] "GET /xingrg/javascript/jquery_easy_ui/themes/icons/back_new.png HTTP/1.1" 304 -
101.85.195.69 - - [23/Mar/2020:11:53:44 +0800] "GET /xingrg/javascript/jquery_easy_ui/themes/default/images/combo_arrow_dot.gif HTTP/1.1" 304 -
101.83.240.175 - - [23/Mar/2020:11:53:44 +0800] "GET /xingrg/check_reg.html?_=1584935512955 HTTP/1.1" 200 22
101.83.240.175 - - [23/Mar/2020:11:53:44 +0800] "GET /xingrg/all/function/internal_message.html?_=1584935512964&CODE_STATE=getMsg HTTP/1.1" 200 27
101.85.195.69 - - [23/Mar/2020:11:53:45 +0800] "GET /xingrg/images/blue/button/kc_tab_add.gif HTTP/1.1" 304 -
101.85.195.69 - - [23/Mar/2020:11:53:45 +0800] "GET /xingrg/images/blue/button/kc_tab_edit.gif HTTP/1.1" 304 -
101.85.195.69 - - [23/Mar/2020:11:53:45 +0800] "GET /xingrg/images/blue/button/kc_tab_save.gif HTTP/1.1" 304 -
101.85.195.69 - - [23/Mar/2020:11:53:45 +0800] "GET /xingrg/images/blue/button/kc_tab_del.gif HTTP/1.1" 304 -
101.85.195.69 - - [23/Mar/2020:11:53:45 +0800] "GET /xingrg/images/blue/kc_tab_left.gif HTTP/1.1" 304 -
101.85.195.69 - - [23/Mar/2020:11:53:45 +0800] "GET /xingrg/images/blue/kc_tab_mid.gif HTTP/1.1" 304 -
101.85.195.69 - - [23/Mar/2020:11:53:45 +0800] "GET /xingrg/images/blue/kc_tab_right.gif HTTP/1.1" 304 -
101.85.195.69 - - [23/Mar/2020:11:53:45 +0800] "GET /xingrg/images/blue/kc_tab2_left.gif HTTP/1.1" 304 -
101.85.195.69 - - [23/Mar/2020:11:53:45 +0800] "GET /xingrg/images/blue/kc_tab2_right.gif HTTP/1.1" 304 -
114.93.75.19 - - [23/Mar/2020:11:53:47 +0800] "GET /xingrg/all/function/internal_message.html?_=1584935627764&CODE_STATE=getMsg HTTP/1.1" 200 27
101.85.195.69 - - [23/Mar/2020:11:53:50 +0800] "GET /xingrg/images/blue/wait.gif HTTP/1.1" 304 -
101.85.195.69 - - [23/Mar/2020:11:53:50 +0800] "POST /xingrg/dwr/call/plaincall/AjaxQqpsService.saveOrder.dwr HTTP/1.1" 200 78
116.232.53.242 - - [23/Mar/2020:11:53:52 +0800] "GET /xingrg/all/function/internal_message.html?_=1584935632689&CODE_STATE=getMsg HTTP/1.1" 200 27
116.232.53.242 - - [23/Mar/2020:11:53:52 +0800] "GET /xingrg/check_reg.html?_=1584935632694 HTTP/1.1" 200 22
116.238.181.252 - - [23/Mar/2020:11:53:57 +0800] "GET /xingrg/all/function/internal_message.html?_=1584935637776&CODE_STATE=getMsg HTTP/1.1" 200 27
180.157.252.250 - - [23/Mar/2020:11:54:03 +0800] "GET /xingrg/all/function/internal_message.html?_=1584935645407&CODE_STATE=getMsg HTTP/1.1" 200 27
180.156.150.85 - - [23/Mar/2020:11:54:04 +0800] "GET /xingrg/all/function/internal_message.html?_=1584935644933&CODE_STATE=getMsg HTTP/1.1" 200 27
101.85.195.69 - - [23/Mar/2020:11:54:04 +0800] "GET /xingrg/javascript/auto/indicator.gif HTTP/1.1" 404 1066
114.93.75.19 - - [23/Mar/2020:11:54:05 +0800] "GET /xingrg/all/function/internal_message.html?_=1584935827609&CODE_STATE=getMsg HTTP/1.1" 200 27
101.85.195.69 - - [23/Mar/2020:11:54:06 +0800] "POST /xingrg/dwr/call/plaincall/AjaxQqpsService.getMaterielByCode.dwr HTTP/1.1" 200 2357
101.81.124.227 - - [23/Mar/2020:11:54:10 +0800] "GET /xingrg/all/function/internal_message.html?_=1584935648926&CODE_STATE=getMsg HTTP/1.1" 200 27
101.85.52.41 - - [23/Mar/2020:11:54:13 +0800] "GET /xingrg/all/function/internal_message.html?_=1584935293774&CODE_STATE=getMsg HTTP/1.1" 200 27
101.85.195.69 - - [23/Mar/2020:11:54:17 +0800] "POST /xingrg/dwr/call/plaincall/AjaxQqpsService.saveMaterielItem.dwr HTTP/1.1" 200 78
117.131.5.26 - - [23/Mar/2020:11:54:20 +0800] "GET /xingrg/all/function/internal_message.html?_=1584935904415&CODE_STATE=getMsg HTTP/1.1" 200 27
101.85.195.69 - - [23/Mar/2020:11:54:25 +0800] "POST /xingrg/dwr/call/plaincall/AjaxQqpsService.getMaterielByCode.dwr HTTP/1.1" 200 2331
124.77.241.94 - - [23/Mar/2020:11:54:25 +0800] "GET /xingrg/all/function/internal_message.html?_=1584935696148&CODE_STATE=getMsg HTTP/1.1" 200 27
101.85.195.69 - - [23/Mar/2020:11:54:27 +0800] "POST /xingrg/dwr/call/plaincall/AjaxQqpsService.saveMaterielItem.dwr HTTP/1.1" 200 78
101.85.195.69 - - [23/Mar/2020:11:54:33 +0800] "POST /xingrg/dwr/call/plaincall/AjaxQqpsService.getMaterielByCode.dwr HTTP/1.1" 200 2314
101.85.195.69 - - [23/Mar/2020:11:54:35 +0800] "GET /xingrg/all/function/internal_message.html?_=1584935675531&CODE_STATE=getMsg HTTP/1.1" 200 27
101.85.195.69 - - [23/Mar/2020:11:54:41 +0800] "POST /xingrg/dwr/call/plaincall/AjaxQqpsService.saveMaterielItem.dwr HTTP/1.1" 200 78
114.93.75.19 - - [23/Mar/2020:11:54:41 +0800] "GET /xingrg/all/function/internal_message.html?_=1584935681260&CODE_STATE=getMsg HTTP/1.1" 200 27
114.88.159.93 - - [23/Mar/2020:11:54:42 +0800] "GET /xingrg/all/function/internal_message.html?_=1584935404529&CODE_STATE=getMsg HTTP/1.1" 200 27
101.85.195.69 - - [23/Mar/2020:11:54:43 +0800] "POST /xingrg/dwr/call/plaincall/AjaxQqpsService.removeMaterielItem.dwr HTTP/1.1" 200 78
101.83.240.175 - - [23/Mar/2020:11:54:44 +0800] "GET /xingrg/all/function/internal_message.html?_=1584935572965&CODE_STATE=getMsg HTTP/1.1" 200 27
101.85.195.69 - - [23/Mar/2020:11:54:45 +0800] "POST /xingrg/dwr/call/plaincall/AjaxQqpsService.checkOrder.dwr HTTP/1.1" 200 78
101.85.195.69 - - [23/Mar/2020:11:54:46 +0800] "GET /xingrg/kc/mdqp/qqps_order_info.html?code=302020032300046 HTTP/1.1" 200 26124
101.85.195.69 - - [23/Mar/2020:11:54:46 +0800] "GET /xingrg/dwr/interface/AjaxComOrderService.js HTTP/1.1" 200 18264
101.85.195.69 - - [23/Mar/2020:11:54:46 +0800] "GET /xingrg/dwr/interface/AjaxQqpsService.js HTTP/1.1" 200 16326
101.85.195.69 - - [23/Mar/2020:11:54:46 +0800] "GET /xingrg/dwr/engine.js HTTP/1.1" 200 43631
114.93.75.19 - - [23/Mar/2020:11:54:47 +0800] "GET /xingrg/all/function/internal_message.html?_=1584935687769&CODE_STATE=getMsg HTTP/1.1" 200 27
101.85.195.69 - - [23/Mar/2020:11:54:48 +0800] "POST /xingrg/dwr/call/plaincall/AjaxQqpsService.loadMaterielItems.dwr HTTP/1.1" 200 632
116.232.53.242 - - [23/Mar/2020:11:54:52 +0800] "GET /xingrg/all/function/internal_message.html?_=1584935692681&CODE_STATE=getMsg HTTP/1.1" 200 27
114.88.159.93 - - [23/Mar/2020:11:54:53 +0800] "GET /xingrg/kc/buy/cgsh_order_operate.html?command=get_materiel&rest_code=00141&code=00102009491&supplier_code=00100099&order_time=2020-03-23 HTTP/1.1" 200 412
116.238.181.252 - - [23/Mar/2020:11:54:57 +0800] "GET /xingrg/all/function/internal_message.html?_=1584935697776&CODE_STATE=getMsg HTTP/1.1" 200 27
180.157.252.250 - - [23/Mar/2020:11:55:03 +0800] "GET /xingrg/all/function/internal_message.html?_=1584935705421&CODE_STATE=getMsg HTTP/1.1" 200 27
180.156.150.85 - - [23/Mar/2020:11:55:04 +0800] "GET /xingrg/all/function/internal_message.html?_=1584935704958&CODE_STATE=getMsg HTTP/1.1" 200 27
114.93.75.19 - - [23/Mar/2020:11:55:05 +0800] "GET /xingrg/all/function/internal_message.html?_=1584935887595&CODE_STATE=getMsg HTTP/1.1" 200 27
114.88.159.93 - - [23/Mar/2020:11:55:08 +0800] "GET /xingrg/kc/buy/cgsh_order_operate.html?command=get_materiel&rest_code=00141&code=00102010464&supplier_code=00100099&order_time=2020-03-23 HTTP/1.1" 200 412
101.81.124.227 - - [23/Mar/2020:11:55:10 +0800] "GET /xingrg/all/function/internal_message.html?_=1584935708912&CODE_STATE=getMsg HTTP/1.1" 200 27
101.85.52.41 - - [23/Mar/2020:11:55:13 +0800] "GET /xingrg/all/function/internal_message.html?_=1584935353773&CODE_STATE=getMsg HTTP/1.1" 200 27
114.88.159.93 - - [23/Mar/2020:11:55:16 +0800] "GET /xingrg/kc/buy/cgsh_order_operate.html?command=get_materiel&rest_code=00141&code=00102010084&supplier_code=00100099&order_time=2020-03-23 HTTP/1.1" 200 420
117.131.5.26 - - [23/Mar/2020:11:55:20 +0800] "GET /xingrg/all/function/internal_message.html?_=1584935964432&CODE_STATE=getMsg HTTP/1.1" 200 27
124.77.241.94 - - [23/Mar/2020:11:55:26 +0800] "GET /xingrg/all/function/internal_message.html?_=1584935756292&CODE_STATE=getMsg HTTP/1.1" 200 27
114.88.159.93 - - [23/Mar/2020:11:55:28 +0800] "GET /xingrg/kc/buy/cgsh_order_operate.html?command=get_materiel&rest_code=00141&code=00102010832&supplier_code=00100099&order_time=2020-03-23 HTTP/1.1" 200 412
114.93.75.19 - - [23/Mar/2020:11:55:41 +0800] "GET /xingrg/all/function/internal_message.html?_=1584935741262&CODE_STATE=getMsg HTTP/1.1" 200 27
114.88.159.93 - - [23/Mar/2020:11:55:42 +0800] "GET /xingrg/kc/buy/cgsh_order_operate.html?command=get_materiel&rest_code=00141&code=00102010026&supplier_code=00100099&order_time=2020-03-23 HTTP/1.1" 200 408
114.88.159.93 - - [23/Mar/2020:11:55:42 +0800] "GET /xingrg/all/function/internal_message.html?_=1584935464520&CODE_STATE=getMsg HTTP/1.1" 200 27
101.83.240.175 - - [23/Mar/2020:11:55:44 +0800] "GET /xingrg/all/function/internal_message.html?_=1584935632967&CODE_STATE=getMsg HTTP/1.1" 200 27
114.93.75.19 - - [23/Mar/2020:11:55:47 +0800] "GET /xingrg/all/function/internal_message.html?_=1584935747775&CODE_STATE=getMsg HTTP/1.1" 200 27
116.232.53.242 - - [23/Mar/2020:11:55:52 +0800] "GET /xingrg/all/function/internal_message.html?_=1584935752682&CODE_STATE=getMsg HTTP/1.1" 200 27
116.238.181.252 - - [23/Mar/2020:11:55:57 +0800] "GET /xingrg/all/function/internal_message.html?_=1584935757775&CODE_STATE=getMsg HTTP/1.1" 200 27
180.157.252.250 - - [23/Mar/2020:11:56:03 +0800] "GET /xingrg/all/function/internal_message.html?_=1584935765435&CODE_STATE=getMsg HTTP/1.1" 200 27
180.156.150.85 - - [23/Mar/2020:11:56:04 +0800] "GET /xingrg/all/function/internal_message.html?_=1584935764958&CODE_STATE=getMsg HTTP/1.1" 200 27
114.93.75.19 - - [23/Mar/2020:11:56:05 +0800] "GET /xingrg/all/function/internal_message.html?_=1584935947599&CODE_STATE=getMsg HTTP/1.1" 200 27
114.93.75.19 - - [23/Mar/2020:11:56:05 +0800] "GET /xingrg/check_reg.html?_=1584935947604 HTTP/1.1" 200 22
101.81.124.227 - - [23/Mar/2020:11:56:10 +0800] "GET /xingrg/all/function/internal_message.html?_=1584935768909&CODE_STATE=getMsg HTTP/1.1" 200 27
101.85.52.41 - - [23/Mar/2020:11:56:13 +0800] "GET /xingrg/all/function/internal_message.html?_=1584935413774&CODE_STATE=getMsg HTTP/1.1" 200 27
101.85.52.41 - - [23/Mar/2020:11:56:13 +0800] "GET /xingrg/check_reg.html?_=1584935413776 HTTP/1.1" 200 22
117.131.5.26 - - [23/Mar/2020:11:56:20 +0800] "GET /xingrg/all/function/internal_message.html?_=1584936024441&CODE_STATE=getMsg HTTP/1.1" 200 27
114.88.159.93 - - [23/Mar/2020:11:56:21 +0800] "GET /xingrg/kc/buy/cgsh_order_operate.html?command=get_materiel&rest_code=00141&code=00102002218&supplier_code=00100099&order_time=2020-03-23 HTTP/1.1" 200 412
124.77.241.94 - - [23/Mar/2020:11:56:26 +0800] "GET /xingrg/all/function/internal_message.html?_=1584935816300&CODE_STATE=getMsg HTTP/1.1" 200 27
114.88.159.93 - - [23/Mar/2020:11:56:34 +0800] "GET /xingrg/kc/buy/cgsh_order_operate.html?command=get_materiel&rest_code=00141&code=00102015054&supplier_code=00100099&order_time=2020-03-23 HTTP/1.1" 200 416
114.93.75.19 - - [23/Mar/2020:11:56:41 +0800] "GET /xingrg/all/function/internal_message.html?_=1584935801248&CODE_STATE=getMsg HTTP/1.1" 200 27
114.88.159.93 - - [23/Mar/2020:11:56:42 +0800] "GET /xingrg/all/function/internal_message.html?_=1584935524520&CODE_STATE=getMsg HTTP/1.1" 200 27
114.88.159.93 - - [23/Mar/2020:11:56:42 +0800] "GET /xingrg/kc/buy/cgsh_order_operate.html?command=get_materiel&rest_code=00141&code=00102010728&supplier_code=00100099&order_time=2020-03-23 HTTP/1.1" 200 413
101.83.240.175 - - [23/Mar/2020:11:56:44 +0800] "GET /xingrg/all/function/internal_message.html?_=1584935692967&CODE_STATE=getMsg HTTP/1.1" 200 27
114.93.75.19 - - [23/Mar/2020:11:56:47 +0800] "GET /xingrg/all/function/internal_message.html?_=1584935807768&CODE_STATE=getMsg HTTP/1.1" 200 27
117.131.5.26 - - [23/Mar/2020:11:56:49 +0800] "GET /xingrg/check_reg.html?_=1584935819437 HTTP/1.1" 200 22
116.232.53.242 - - [23/Mar/2020:11:56:52 +0800] "GET /xingrg/all/function/internal_message.html?_=1584935812685&CODE_STATE=getMsg HTTP/1.1" 200 27
114.88.159.93 - - [23/Mar/2020:11:56:56 +0800] "GET /xingrg/kc/buy/cgsh_order_operate.html?command=get_materiel&rest_code=00141&code=00102002294&supplier_code=00100099&order_time=2020-03-23 HTTP/1.1" 200 416
116.238.181.252 - - [23/Mar/2020:11:56:57 +0800] "GET /xingrg/all/function/internal_message.html?_=1584935817774&CODE_STATE=getMsg HTTP/1.1" 200 27
180.157.252.250 - - [23/Mar/2020:11:57:03 +0800] "GET /xingrg/all/function/internal_message.html?_=1584935825448&CODE_STATE=getMsg HTTP/1.1" 200 27
114.88.159.93 - - [23/Mar/2020:11:57:04 +0800] "GET /xingrg/kc/buy/cgsh_order_operate.html?command=get_materiel&rest_code=00141&code=00102002293&supplier_code=00100099&order_time=2020-03-23 HTTP/1.1" 200 412
180.156.150.85 - - [23/Mar/2020:11:57:04 +0800] "GET /xingrg/all/function/internal_message.html?_=1584935824959&CODE_STATE=getMsg HTTP/1.1" 200 27
114.93.75.19 - - [23/Mar/2020:11:57:05 +0800] "GET /xingrg/all/function/internal_message.html?_=1584936007604&CODE_STATE=getMsg HTTP/1.1" 200 27
101.81.124.227 - - [23/Mar/2020:11:57:10 +0800] "GET /xingrg/all/function/internal_message.html?_=1584935828896&CODE_STATE=getMsg HTTP/1.1" 200 27
101.81.124.227 - - [23/Mar/2020:11:57:11 +0800] "GET /xingrg/check_reg.html?_=1584935830136 HTTP/1.1" 200 22
114.88.159.93 - - [23/Mar/2020:11:57:13 +0800] "GET /xingrg/kc/buy/cgsh_order_operate.html?command=get_materiel&rest_code=00141&code=00102010331&supplier_code=00100099&order_time=2020-03-23 HTTP/1.1" 200 408
101.85.52.41 - - [23/Mar/2020:11:57:13 +0800] "GET /xingrg/all/function/internal_message.html?_=1584935473774&CODE_STATE=getMsg HTTP/1.1" 200 27
183.195.131.162 - - [23/Mar/2020:11:57:16 +0800] "GET /favicon.ico HTTP/1.1" 404 -
183.195.131.162 - - [23/Mar/2020:11:57:18 +0800] "GET /xingrg/login.html HTTP/1.1" 200 7639
183.195.131.162 - - [23/Mar/2020:11:57:18 +0800] "GET /xingrg/images/blue/jxLogo.png HTTP/1.1" 200 6156
183.195.131.162 - - [23/Mar/2020:11:57:18 +0800] "GET /xingrg/images/blue/hj.png HTTP/1.1" 200 1014
183.195.131.162 - - [23/Mar/2020:11:57:18 +0800] "GET /xingrg/images/blue/login_bg.png HTTP/1.1" 200 22101
183.195.131.162 - - [23/Mar/2020:11:57:18 +0800] "GET /xingrg/images/blue/srbg.png HTTP/1.1" 200 138
183.195.131.162 - - [23/Mar/2020:11:57:18 +0800] "GET /favicon.ico HTTP/1.1" 404 -
117.131.5.26 - - [23/Mar/2020:11:57:19 +0800] "GET /xingrg/check_reg.html?_=1584936084072 HTTP/1.1" 200 22
117.131.5.26 - - [23/Mar/2020:11:57:20 +0800] "GET /xingrg/all/function/internal_message.html?_=1584936084456&CODE_STATE=getMsg HTTP/1.1" 200 27
114.88.159.93 - - [23/Mar/2020:11:57:22 +0800] "GET /xingrg/kc/buy/cgsh_order_operate.html?command=get_materiel&rest_code=00141&code=00102010821&supplier_code=00100099&order_time=2020-03-23 HTTP/1.1" 200 412
124.77.241.94 - - [23/Mar/2020:11:57:26 +0800] "GET /xingrg/all/function/internal_message.html?_=1584935876410&CODE_STATE=getMsg HTTP/1.1" 200 27
183.195.131.162 - - [23/Mar/2020:11:57:27 +0800] "POST /xingrg/login.do HTTP/1.1" 302 -
183.195.131.162 - - [23/Mar/2020:11:57:27 +0800] "GET /xingrg/index.html?sysBaseUrl=http%3A%2F%2F117.131.15.22%3A18081%2Fxingrg%2F&costTime=35×tamp=1584935847022 HTTP/1.1" 200 17391
183.195.131.162 - - [23/Mar/2020:11:57:27 +0800] "GET /xingrg/css/form.css HTTP/1.1" 200 893
183.195.131.162 - - [23/Mar/2020:11:57:27 +0800] "GET /xingrg/javascript/jquery_easy_ui/themes/icon.css HTTP/1.1" 200 3949
183.195.131.162 - - [23/Mar/2020:11:57:27 +0800] "GET /xingrg/javascript/jquery-1.4.2.min.js HTTP/1.1" 200 72205
183.195.131.162 - - [23/Mar/2020:11:57:27 +0800] "GET /xingrg/javascript/jquery.timers.js HTTP/1.1" 200 3532
183.195.131.162 - - [23/Mar/2020:11:57:27 +0800] "GET /xingrg/javascript/jquery_easy_ui/jquery.easyui.min.js HTTP/1.1" 200 213662
183.195.131.162 - - [23/Mar/2020:11:57:27 +0800] "GET /xingrg/javascript/jquery_easy_ui/easyui-lang-zh_CN.js HTTP/1.1" 200 1900
183.195.131.162 - - [23/Mar/2020:11:57:27 +0800] "GET /xingrg/javascript/jquery_easy_ui/themes/default/easyui.css HTTP/1.1" 200 26500
183.195.131.162 - - [23/Mar/2020:11:57:27 +0800] "GET /xingrg/javascript/jquery.utils.js HTTP/1.1" 200 11805
183.195.131.162 - - [23/Mar/2020:11:57:27 +0800] "GET /xingrg/javascript/jquery.form.js HTTP/1.1" 200 23110
183.195.131.162 - - [23/Mar/2020:11:57:27 +0800] "GET /favicon.ico HTTP/1.1" 404 -
183.195.131.162 - - [23/Mar/2020:11:57:27 +0800] "GET /xingrg/images/blue/navBackgound.jpg HTTP/1.1" 200 12378
183.195.131.162 - - [23/Mar/2020:11:57:27 +0800] "GET /xingrg/javascript/jquery_easy_ui/themes/icons/settle_new.png HTTP/1.1" 200 826
183.195.131.162 - - [23/Mar/2020:11:57:27 +0800] "GET /xingrg/javascript/jquery_easy_ui/themes/default/images/tabs_rightarrow.png HTTP/1.1" 200 395
183.195.131.162 - - [23/Mar/2020:11:57:27 +0800] "GET /xingrg/images/blue/pingpu.png HTTP/1.1" 200 231
183.195.131.162 - - [23/Mar/2020:11:57:27 +0800] "GET /xingrg/javascript/jquery_easy_ui/themes/default/images/tabs_leftarrow.png HTTP/1.1" 200 389
183.195.131.162 - - [23/Mar/2020:11:57:27 +0800] "POST /xingrg/all/common/load_tree.html?tree=area_rest_tree_json&manage=1 HTTP/1.1" 200 342
183.195.131.162 - - [23/Mar/2020:11:57:27 +0800] "GET /xingrg/javascript/jquery_easy_ui/themes/default/images/panel_tool_expand.gif HTTP/1.1" 200 247
183.195.131.162 - - [23/Mar/2020:11:57:27 +0800] "GET /xingrg/javascript/jquery_easy_ui/themes/default/images/panel_tool_collapse.gif HTTP/1.1" 200 246
183.195.131.162 - - [23/Mar/2020:11:57:27 +0800] "GET /xingrg/all/function/internal_message.html?_=1584935796465&CODE_STATE=count HTTP/1.1" 200 11
183.195.131.162 - - [23/Mar/2020:11:57:27 +0800] "GET /xingrg/check_reg.html?_=1584935796471 HTTP/1.1" 200 22
183.195.131.162 - - [23/Mar/2020:11:57:27 +0800] "POST /xingrg/load_menu.html HTTP/1.1" 200 9945
183.195.131.162 - - [23/Mar/2020:11:57:27 +0800] "GET /xingrg/javascript/jquery_easy_ui/themes/default/images/tree_arrows.gif HTTP/1.1" 200 1043
183.195.131.162 - - [23/Mar/2020:11:57:27 +0800] "GET /xingrg/javascript/jquery_easy_ui/themes/default/images/tree_folder_open.gif HTTP/1.1" 200 956
183.195.131.162 - - [23/Mar/2020:11:57:27 +0800] "GET /xingrg/javascript/jquery_easy_ui/themes/icons/search_new.png HTTP/1.1" 200 586
183.195.131.162 - - [23/Mar/2020:11:57:27 +0800] "GET /xingrg/javascript/jquery_easy_ui/themes/default/images/tree_folder.gif HTTP/1.1" 200 952
183.195.131.162 - - [23/Mar/2020:11:57:27 +0800] "GET /xingrg/javascript/jquery_easy_ui/themes/icons/storage_new.png HTTP/1.1" 200 853
183.195.131.162 - - [23/Mar/2020:11:57:27 +0800] "GET /xingrg/javascript/jquery_easy_ui/themes/icons/checkout_new.png HTTP/1.1" 200 744
183.195.131.162 - - [23/Mar/2020:11:57:27 +0800] "GET /xingrg/javascript/jquery_easy_ui/themes/icons/forms_new.png HTTP/1.1" 200 350
183.195.131.162 - - [23/Mar/2020:11:57:27 +0800] "GET /xingrg/javascript/jquery_easy_ui/themes/icons/setting_new.png HTTP/1.1" 200 450
183.195.131.162 - - [23/Mar/2020:11:57:27 +0800] "GET /xingrg/javascript/jquery_easy_ui/themes/icons/systemset_new.png HTTP/1.1" 200 606
183.195.131.162 - - [23/Mar/2020:11:57:34 +0800] "POST /xingrg/load_menu.html HTTP/1.1" 200 10062
183.195.131.162 - - [23/Mar/2020:11:57:34 +0800] "GET /xingrg/javascript/jquery_easy_ui/themes/default/images/tree_file.gif HTTP/1.1" 200 118
183.195.131.162 - - [23/Mar/2020:11:57:34 +0800] "GET /xingrg/javascript/jquery_easy_ui/themes/icons/area.png HTTP/1.1" 200 262
183.195.131.162 - - [23/Mar/2020:11:57:34 +0800] "GET /xingrg/javascript/jquery_easy_ui/themes/icons/rest.png HTTP/1.1" 200 695
114.93.75.19 - - [23/Mar/2020:11:57:41 +0800] "GET /xingrg/all/function/internal_message.html?_=1584935861251&CODE_STATE=getMsg HTTP/1.1" 200 27
183.195.131.162 - - [23/Mar/2020:11:57:41 +0800] "GET /xingrg/javascript/jquery_easy_ui/themes/default/images/tabs_close.gif HTTP/1.1" 200 829
183.195.131.162 - - [23/Mar/2020:11:57:41 +0800] "GET /xingrg/system/rest/list_page.html?p=category HTTP/1.1" 200 12820
183.195.131.162 - - [23/Mar/2020:11:57:41 +0800] "GET /xingrg/css/table.css HTTP/1.1" 200 3684
183.195.131.162 - - [23/Mar/2020:11:57:41 +0800] "GET /xingrg/javascript/jquery_easy_ui/themes/icons/search.png HTTP/1.1" 200 813
183.195.131.162 - - [23/Mar/2020:11:57:41 +0800] "GET /xingrg/javascript/jquery_easy_ui/themes/icons/pencil.png HTTP/1.1" 200 713
183.195.131.162 - - [23/Mar/2020:11:57:41 +0800] "GET /xingrg/javascript/jquery_easy_ui/themes/icons/edit_remove.png HTTP/1.1" 200 625
183.195.131.162 - - [23/Mar/2020:11:57:41 +0800] "GET /xingrg/javascript/jquery_easy_ui/themes/icons/edit_add.png HTTP/1.1" 200 1088
183.195.131.162 - - [23/Mar/2020:11:57:41 +0800] "GET /xingrg/images/control/ajaxLoader.gif HTTP/1.1" 200 4659
183.195.131.162 - - [23/Mar/2020:11:57:41 +0800] "GET /xingrg/javascript/jquery_easy_ui/themes/default/images/datagrid_header_bg.gif HTTP/1.1" 200 97
183.195.131.162 - - [23/Mar/2020:11:57:41 +0800] "GET /xingrg/javascript/jquery_easy_ui/themes/default/images/pagination_loading.gif HTTP/1.1" 200 1737
183.195.131.162 - - [23/Mar/2020:11:57:41 +0800] "GET /xingrg/system/rest/query_items.html?_=1584935810878&table=category&key= HTTP/1.1" 200 4016
114.88.159.93 - - [23/Mar/2020:11:57:42 +0800] "GET /xingrg/all/function/internal_message.html?_=1584935584513&CODE_STATE=getMsg HTTP/1.1" 200 27
114.88.159.93 - - [23/Mar/2020:11:57:42 +0800] "GET /xingrg/check_reg.html?_=1584935584511 HTTP/1.1" 200 22
101.83.240.175 - - [23/Mar/2020:11:57:44 +0800] "GET /xingrg/all/function/internal_message.html?_=1584935752967&CODE_STATE=getMsg HTTP/1.1" 200 27
183.195.131.162 - - [23/Mar/2020:11:57:45 +0800] "GET /xingrg/dwr/interface/AjaxGetFirstChart.js HTTP/1.1" 200 631
183.195.131.162 - - [23/Mar/2020:11:57:45 +0800] "GET /xingrg/javascript/jquery.shich.js HTTP/1.1" 200 4857
183.195.131.162 - - [23/Mar/2020:11:57:45 +0800] "GET /xingrg/javascript/convert.js HTTP/1.1" 200 1239
183.195.131.162 - - [23/Mar/2020:11:57:45 +0800] "GET /xingrg/system/rest/list_page.html?p=menu HTTP/1.1" 200 110789
183.195.131.162 - - [23/Mar/2020:11:57:45 +0800] "GET /xingrg/dwr/util.js HTTP/1.1" 200 35990
183.195.131.162 - - [23/Mar/2020:11:57:45 +0800] "GET /xingrg/javascript/Calendar.js HTTP/1.1" 200 31561
183.195.131.162 - - [23/Mar/2020:11:57:45 +0800] "GET /xingrg/dwr/engine.js HTTP/1.1" 200 43631
183.195.131.162 - - [23/Mar/2020:11:57:45 +0800] "GET /xingrg/ HTTP/1.1" 200 292
183.195.131.162 - - [23/Mar/2020:11:57:45 +0800] "GET /xingrg/javascript/jquery_easy_ui/themes/default/images/button_a_bg.gif HTTP/1.1" 200 1194
183.195.131.162 - - [23/Mar/2020:11:57:45 +0800] "GET /xingrg/javascript/jquery_easy_ui/themes/icons/check_new.png HTTP/1.1" 200 3224
183.195.131.162 - - [23/Mar/2020:11:57:45 +0800] "GET /xingrg/javascript/jquery_easy_ui/themes/icons/uncheck_new.png HTTP/1.1" 200 3197
183.195.131.162 - - [23/Mar/2020:11:57:45 +0800] "GET /xingrg/javascript/jquery_easy_ui/themes/default/images/button_span_bg.gif HTTP/1.1" 200 2061
183.195.131.162 - - [23/Mar/2020:11:57:45 +0800] "GET /xingrg/javascript/jquery_easy_ui/themes/default/images/pagination_first.gif HTTP/1.1" 200 925
183.195.131.162 - - [23/Mar/2020:11:57:45 +0800] "GET /xingrg/javascript/jquery_easy_ui/themes/default/images/pagination_next.gif HTTP/1.1" 200 875
183.195.131.162 - - [23/Mar/2020:11:57:45 +0800] "GET /xingrg/javascript/jquery_easy_ui/themes/default/images/pagination_last.gif HTTP/1.1" 200 923
183.195.131.162 - - [23/Mar/2020:11:57:45 +0800] "GET /xingrg/javascript/jquery_easy_ui/themes/default/images/pagination_prev.gif HTTP/1.1" 200 879
183.195.131.162 - - [23/Mar/2020:11:57:45 +0800] "GET /xingrg/javascript/jquery_easy_ui/themes/default/images/pagination_load.png HTTP/1.1" 200 827
183.195.131.162 - - [23/Mar/2020:11:57:45 +0800] "GET /xingrg/system/rest/query_items.html?_=1584935814549&table=menu&page=1&rows=20&categoryId=&key= HTTP/1.1" 200 4723
114.93.75.19 - - [23/Mar/2020:11:57:47 +0800] "GET /xingrg/all/function/internal_message.html?_=1584935867771&CODE_STATE=getMsg HTTP/1.1" 200 27
114.93.75.19 - - [23/Mar/2020:11:57:47 +0800] "GET /xingrg/check_reg.html?_=1584935867776 HTTP/1.1" 200 22
114.88.159.93 - - [23/Mar/2020:11:57:49 +0800] "POST /xingrg/kc/buy/cgsh_order_operate.html HTTP/1.1" 200 37
114.88.159.93 - - [23/Mar/2020:11:57:51 +0800] "POST /xingrg/kc/buy/cgsh_order_operate.html HTTP/1.1" 200 12
114.88.159.93 - - [23/Mar/2020:11:57:52 +0800] "GET /xingrg/kc/buy/cgsh_order_info.html?code=212020032302326 HTTP/1.1" 200 52545
116.232.53.242 - - [23/Mar/2020:11:57:52 +0800] "GET /xingrg/all/function/internal_message.html?_=1584935872686&CODE_STATE=getMsg HTTP/1.1" 200 27
114.88.159.93 - - [23/Mar/2020:11:57:52 +0800] "GET /xingrg/javascript/easyui/themes/default/validatebox.css HTTP/1.1" 404 1104
114.88.159.93 - - [23/Mar/2020:11:57:52 +0800] "POST /xingrg/kc/buy/cgsh_order_operate.html HTTP/1.1" 200 7161
114.88.159.93 - - [23/Mar/2020:11:57:53 +0800] "GET /xingrg/kc/print/load_config.html?kc_code=cgsh HTTP/1.1" 200 1841
114.88.159.93 - - [23/Mar/2020:11:57:54 +0800] "GET /xingrg/kc/print/load_data.html?order_code=212020032302326&kc_code=cgsh&condition= HTTP/1.1" 200 3199
114.88.170.9 - - [23/Mar/2020:11:57:56 +0800] "GET /xingrg/check_reg.html?_=1584935876272 HTTP/1.1" 200 22
116.238.181.252 - - [23/Mar/2020:11:57:57 +0800] "GET /xingrg/all/function/internal_message.html?_=1584935877776&CODE_STATE=getMsg HTTP/1.1" 200 27
116.238.181.252 - - [23/Mar/2020:11:57:57 +0800] "GET /xingrg/check_reg.html?_=1584935877786 HTTP/1.1" 200 22
124.77.241.94 - - [23/Mar/2020:11:57:58 +0800] "GET /xingrg/check_reg.html?_=1584935909279 HTTP/1.1" 200 22
183.195.131.162 - - [23/Mar/2020:11:58:00 +0800] "GET /xingrg/system/rest/query_items.html?_=1584935829323&table=menu&page=1&rows=20&categoryId=&key=2018 HTTP/1.1" 200 289
183.195.131.162 - - [23/Mar/2020:11:58:02 +0800] "GET /xingrg/javascript/jquery_easy_ui/themes/icons/ok.png HTTP/1.1" 200 883
183.195.131.162 - - [23/Mar/2020:11:58:02 +0800] "GET /xingrg/javascript/jquery_easy_ui/themes/default/images/panel_tools.gif HTTP/1.1" 200 737
183.195.131.162 - - [23/Mar/2020:11:58:02 +0800] "GET /xingrg/javascript/jquery_easy_ui/themes/default/images/panel_title.png HTTP/1.1" 200 266
183.195.131.162 - - [23/Mar/2020:11:58:02 +0800] "GET /xingrg/system/rest/get_item.html?table=menu&id=2018&_=1584935831366 HTTP/1.1" 200 986
183.195.131.162 - - [23/Mar/2020:11:58:02 +0800] "GET /xingrg/system/rest/get_item.html?table=menu&target=menu_rest&id=2018&_=1584935831403 HTTP/1.1" 200 875
183.195.131.162 - - [23/Mar/2020:11:58:02 +0800] "GET /xingrg/system/rest/get_item.html?table=menu&target=cook_mode&id=2018&_=1584935831402 HTTP/1.1" 200 12648
183.195.131.162 - - [23/Mar/2020:11:58:03 +0800] "GET /xingrg/system/rest/get_infos.html?command=menu_img_show&id=2018 HTTP/1.1" 200 5
180.157.252.250 - - [23/Mar/2020:11:58:03 +0800] "GET /xingrg/check_reg.html?_=1584935885402 HTTP/1.1" 200 22
180.157.252.250 - - [23/Mar/2020:11:58:03 +0800] "GET /xingrg/all/function/internal_message.html?_=1584935885462&CODE_STATE=getMsg HTTP/1.1" 200 27
180.156.150.85 - - [23/Mar/2020:11:58:04 +0800] "GET /xingrg/check_reg.html?_=1584935884958 HTTP/1.1" 200 22
180.156.150.85 - - [23/Mar/2020:11:58:04 +0800] "GET /xingrg/all/function/internal_message.html?_=1584935884960&CODE_STATE=getMsg HTTP/1.1" 200 27
114.93.75.19 - - [23/Mar/2020:11:58:05 +0800] "GET /xingrg/all/function/internal_message.html?_=1584936067602&CODE_STATE=getMsg HTTP/1.1" 200 27
183.195.131.162 - - [23/Mar/2020:11:58:09 +0800] "POST /xingrg/system/rest/get_infos.html?command=get_rest_tree HTTP/1.1" 200 903
183.195.131.162 - - [23/Mar/2020:11:58:09 +0800] "GET /xingrg/javascript/jquery_easy_ui/themes/default/images/tree_checkbox_0.gif HTTP/1.1" 200 168
101.81.124.227 - - [23/Mar/2020:11:58:10 +0800] "GET /xingrg/all/function/internal_message.html?_=1584935888874&CODE_STATE=getMsg HTTP/1.1" 200 27
183.195.131.162 - - [23/Mar/2020:11:58:11 +0800] "GET /xingrg/javascript/jquery_easy_ui/themes/default/images/tree_checkbox_1.gif HTTP/1.1" 200 174
183.195.131.162 - - [23/Mar/2020:11:58:11 +0800] "GET /xingrg/javascript/jquery_easy_ui/themes/default/images/tree_checkbox_2.gif HTTP/1.1" 200 181
101.85.52.41 - - [23/Mar/2020:11:58:13 +0800] "GET /xingrg/all/function/internal_message.html?_=1584935533774&CODE_STATE=getMsg HTTP/1.1" 200 27
183.195.131.162 - - [23/Mar/2020:11:58:19 +0800] "POST /xingrg/system/rest/edit_item.html HTTP/1.1" 200 4
183.195.131.162 - - [23/Mar/2020:11:58:19 +0800] "GET /xingrg/system/rest/get_item.html?table=menu&target=menu_rest&id=2018&_=1584935848711 HTTP/1.1" 200 969
117.131.5.26 - - [23/Mar/2020:11:58:20 +0800] "GET /xingrg/all/function/internal_message.html?_=1584936144468&CODE_STATE=getMsg HTTP/1.1" 200 27
183.195.131.162 - - [23/Mar/2020:11:58:24 +0800] "GET /xingrg/system/rest/get_item.html?table=menu&target=menu_rest_detail&id=2018&sid=1&_=1584935853692 HTTP/1.1" 200 422
124.77.241.94 - - [23/Mar/2020:11:58:26 +0800] "GET /xingrg/all/function/internal_message.html?_=1584935936423&CODE_STATE=getMsg HTTP/1.1" 200 27
183.195.131.162 - - [23/Mar/2020:11:58:26 +0800] "POST /xingrg/system/rest/edit_item.html HTTP/1.1" 200 4
183.195.131.162 - - [23/Mar/2020:11:58:26 +0800] "GET /xingrg/system/rest/get_item.html?table=menu&target=menu_rest&id=2018&_=1584935855452 HTTP/1.1" 200 969
183.195.131.162 - - [23/Mar/2020:11:58:28 +0800] "POST /xingrg/system/rest/edit_item.html HTTP/1.1" 200 4
183.195.131.162 - - [23/Mar/2020:11:58:28 +0800] "GET /xingrg/system/rest/get_item.html?table=menu&id=2018&_=1584935857805 HTTP/1.1" 200 986
183.195.131.162 - - [23/Mar/2020:11:58:30 +0800] "GET /xingrg/all/function/internal_message.html?_=1584935859586&CODE_STATE=getMsg HTTP/1.1" 200 27
183.195.131.162 - - [23/Mar/2020:11:58:30 +0800] "GET /xingrg/system/rest/query_items.html?_=1584935859535&table=menu&page=1&rows=20&categoryId=&key=2018 HTTP/1.1" 200 289
114.93.75.19 - - [23/Mar/2020:11:58:41 +0800] "GET /xingrg/all/function/internal_message.html?_=1584935921257&CODE_STATE=getMsg HTTP/1.1" 200 27
114.93.75.19 - - [23/Mar/2020:11:58:41 +0800] "GET /xingrg/check_reg.html?_=1584935921262 HTTP/1.1" 200 22
114.88.159.93 - - [23/Mar/2020:11:58:42 +0800] "GET /xingrg/all/function/internal_message.html?_=1584935644534&CODE_STATE=getMsg HTTP/1.1" 200 27
101.83.240.175 - - [23/Mar/2020:11:58:44 +0800] "GET /xingrg/all/function/internal_message.html?_=1584935812976&CODE_STATE=getMsg HTTP/1.1" 200 27
101.83.240.175 - - [23/Mar/2020:11:58:44 +0800] "GET /xingrg/check_reg.html?_=1584935812973 HTTP/1.1" 200 22
114.93.75.19 - - [23/Mar/2020:11:58:47 +0800] "GET /xingrg/all/function/internal_message.html?_=1584935927766&CODE_STATE=getMsg HTTP/1.1" 200 27
116.232.53.242 - - [23/Mar/2020:11:58:52 +0800] "GET /xingrg/all/function/internal_message.html?_=1584935932685&CODE_STATE=getMsg HTTP/1.1" 200 27
116.232.53.242 - - [23/Mar/2020:11:58:52 +0800] "GET /xingrg/check_reg.html?_=1584935932689 HTTP/1.1" 200 22
116.238.181.252 - - [23/Mar/2020:11:58:57 +0800] "GET /xingrg/all/function/internal_message.html?_=1584935937785&CODE_STATE=getMsg HTTP/1.1" 200 27
180.157.252.250 - - [23/Mar/2020:11:59:03 +0800] "GET /xingrg/all/function/internal_message.html?_=1584935945476&CODE_STATE=getMsg HTTP/1.1" 200 27
180.156.150.85 - - [23/Mar/2020:11:59:04 +0800] "GET /xingrg/all/function/internal_message.html?_=1584935944963&CODE_STATE=getMsg HTTP/1.1" 200 27
114.93.75.19 - - [23/Mar/2020:11:59:05 +0800] "GET /xingrg/all/function/internal_message.html?_=1584936127629&CODE_STATE=getMsg HTTP/1.1" 200 27
101.81.124.227 - - [23/Mar/2020:11:59:10 +0800] "GET /xingrg/all/function/internal_message.html?_=1584935948863&CODE_STATE=getMsg HTTP/1.1" 200 27
101.85.52.41 - - [23/Mar/2020:11:59:13 +0800] "GET /xingrg/all/function/internal_message.html?_=1584935593790&CODE_STATE=getMsg HTTP/1.1" 200 27
117.131.5.26 - - [23/Mar/2020:11:59:20 +0800] "GET /xingrg/all/function/internal_message.html?_=1584936204483&CODE_STATE=getMsg HTTP/1.1" 200 27
124.77.241.94 - - [23/Mar/2020:11:59:26 +0800] "GET /xingrg/all/function/internal_message.html?_=1584935996435&CODE_STATE=getMsg HTTP/1.1" 200 27
114.93.75.19 - - [23/Mar/2020:11:59:41 +0800] "GET /xingrg/all/function/internal_message.html?_=1584935981263&CODE_STATE=getMsg HTTP/1.1" 200 27
114.88.159.93 - - [23/Mar/2020:11:59:42 +0800] "GET /xingrg/all/function/internal_message.html?_=1584935704527&CODE_STATE=getMsg HTTP/1.1" 200 27
101.83.240.175 - - [23/Mar/2020:11:59:44 +0800] "GET /xingrg/all/function/internal_message.html?_=1584935872978&CODE_STATE=getMsg HTTP/1.1" 200 27
114.93.75.19 - - [23/Mar/2020:11:59:47 +0800] "GET /xingrg/all/function/internal_message.html?_=1584935987772&CODE_STATE=getMsg HTTP/1.1" 200 27
116.232.53.242 - - [23/Mar/2020:11:59:52 +0800] "GET /xingrg/all/function/internal_message.html?_=1584935992692&CODE_STATE=getMsg HTTP/1.1" 200 27
116.238.181.252 - - [23/Mar/2020:11:59:57 +0800] "GET /xingrg/all/function/internal_message.html?_=1584935997789&CODE_STATE=getMsg HTTP/1.1" 200 27
180.157.252.250 - - [23/Mar/2020:12:00:03 +0800] "GET /xingrg/all/function/internal_message.html?_=1584936005490&CODE_STATE=getMsg HTTP/1.1" 200 27
180.156.150.85 - - [23/Mar/2020:12:00:04 +0800] "GET /xingrg/all/function/internal_message.html?_=1584936004946&CODE_STATE=getMsg HTTP/1.1" 200 27
114.93.75.19 - - [23/Mar/2020:12:00:05 +0800] "GET /xingrg/all/function/internal_message.html?_=1584936187631&CODE_STATE=getMsg HTTP/1.1" 200 27
101.81.124.227 - - [23/Mar/2020:12:00:10 +0800] "GET /xingrg/all/function/internal_message.html?_=1584936008842&CODE_STATE=getMsg HTTP/1.1" 200 27
101.85.52.41 - - [23/Mar/2020:12:00:13 +0800] "GET /xingrg/all/function/internal_message.html?_=1584935653777&CODE_STATE=getMsg HTTP/1.1" 200 27
117.131.5.26 - - [23/Mar/2020:12:00:20 +0800] "GET /xingrg/all/function/internal_message.html?_=1584936264499&CODE_STATE=getMsg HTTP/1.1" 200 27
124.77.241.94 - - [23/Mar/2020:12:00:26 +0800] "GET /xingrg/all/function/internal_message.html?_=1584936056553&CODE_STATE=getMsg HTTP/1.1" 200 27
114.93.75.19 - - [23/Mar/2020:12:00:41 +0800] "GET /xingrg/all/function/internal_message.html?_=1584936041250&CODE_STATE=getMsg HTTP/1.1" 200 27
114.88.159.93 - - [23/Mar/2020:12:00:42 +0800] "GET /xingrg/all/function/internal_message.html?_=1584935764526&CODE_STATE=getMsg HTTP/1.1" 200 27
101.83.240.175 - - [23/Mar/2020:12:00:44 +0800] "GET /xingrg/all/function/internal_message.html?_=1584935932978&CODE_STATE=getMsg HTTP/1.1" 200 27
114.93.75.19 - - [23/Mar/2020:12:00:47 +0800] "GET /xingrg/all/function/internal_message.html?_=1584936047778&CODE_STATE=getMsg HTTP/1.1" 200 27
116.232.53.242 - - [23/Mar/2020:12:00:52 +0800] "GET /xingrg/all/function/internal_message.html?_=1584936052680&CODE_STATE=getMsg HTTP/1.1" 200 27
101.85.195.69 - - [23/Mar/2020:12:00:57 +0800] "POST /xingrg/services/DataTransmitService HTTP/1.1" 200 524
101.85.195.69 - - [23/Mar/2020:12:00:57 +0800] "POST /xingrg/services/DataTransmitService HTTP/1.1" 200 2403
101.85.195.69 - - [23/Mar/2020:12:00:57 +0800] "POST /xingrg/services/DataTransmitService HTTP/1.1" 200 9367
116.238.181.252 - - [23/Mar/2020:12:00:57 +0800] "GET /xingrg/all/function/internal_message.html?_=1584936057789&CODE_STATE=getMsg HTTP/1.1" 200 27
101.85.195.69 - - [23/Mar/2020:12:00:58 +0800] "POST /xingrg/services/DataTransmitService HTTP/1.1" 200 2355
101.85.195.69 - - [23/Mar/2020:12:00:58 +0800] "POST /xingrg/services/DataTransmitService HTTP/1.1" 200 1515
101.85.195.69 - - [23/Mar/2020:12:00:59 +0800] "POST /xingrg/services/DataTransmitService HTTP/1.1" 200 154996
180.157.252.250 - - [23/Mar/2020:12:01:03 +0800] "GET /xingrg/all/function/internal_message.html?_=1584936065505&CODE_STATE=getMsg HTTP/1.1" 200 27
180.156.150.85 - - [23/Mar/2020:12:01:04 +0800] "GET /xingrg/all/function/internal_message.html?_=1584936064961&CODE_STATE=getMsg HTTP/1.1" 200 27
114.93.75.19 - - [23/Mar/2020:12:01:05 +0800] "GET /xingrg/all/function/internal_message.html?_=1584936247635&CODE_STATE=getMsg HTTP/1.1" 200 27
114.93.75.19 - - [23/Mar/2020:12:01:05 +0800] "GET /xingrg/check_reg.html?_=1584936247632 HTTP/1.1" 200 22
101.81.124.227 - - [23/Mar/2020:12:01:10 +0800] "GET /xingrg/all/function/internal_message.html?_=1584936068828&CODE_STATE=getMsg HTTP/1.1" 200 27
101.85.52.41 - - [23/Mar/2020:12:01:13 +0800] "GET /xingrg/check_reg.html?_=1584935713794 HTTP/1.1" 200 22
101.85.52.41 - - [23/Mar/2020:12:01:13 +0800] "GET /xingrg/all/function/internal_message.html?_=1584935713792&CODE_STATE=getMsg HTTP/1.1" 200 27
117.131.5.26 - - [23/Mar/2020:12:01:20 +0800] "GET /xingrg/all/function/internal_message.html?_=1584936324519&CODE_STATE=getMsg HTTP/1.1" 200 27
124.77.241.94 - - [23/Mar/2020:12:01:26 +0800] "GET /xingrg/all/function/internal_message.html?_=1584936116556&CODE_STATE=getMsg HTTP/1.1" 200 27
114.93.75.19 - - [23/Mar/2020:12:01:32 +0800] "GET /xingrg/index.html?sysBaseUrl=http%3A%2F%2F117.131.15.22%3A18081%2Fxingrg%2F&costTime=34×tamp=1584930896528 HTTP/1.1" 200 17481
114.93.75.19 - - [23/Mar/2020:12:01:33 +0800] "POST /xingrg/all/common/load_tree.html?tree=area_rest_tree_json&manage=1 HTTP/1.1" 200 3079
114.93.75.19 - - [23/Mar/2020:12:01:33 +0800] "GET /xingrg/all/function/internal_message.html?_=1584936092743&CODE_STATE=count HTTP/1.1" 200 11
114.93.75.19 - - [23/Mar/2020:12:01:33 +0800] "GET /xingrg/check_reg.html?_=1584936092745 HTTP/1.1" 200 22
114.93.75.19 - - [23/Mar/2020:12:01:33 +0800] "GET /favicon.ico HTTP/1.1" 404 -
114.93.75.19 - - [23/Mar/2020:12:01:33 +0800] "POST /xingrg/load_menu.html HTTP/1.1" 200 11429
114.93.75.19 - - [23/Mar/2020:12:01:36 +0800] "POST /xingrg/load_menu.html HTTP/1.1" 200 9905
114.93.75.19 - - [23/Mar/2020:12:01:38 +0800] "GET /xingrg/all/report/report_query.html?fileName=dma/new_5.0/menu/menu_category_hz.xml HTTP/1.1" 200 53034
114.93.75.19 - - [23/Mar/2020:12:01:38 +0800] "GET /xingrg/dwr/interface/AjaxReportQueryService.js HTTP/1.1" 200 13203
114.93.75.19 - - [23/Mar/2020:12:01:39 +0800] "GET /xingrg/dwr/engine.js HTTP/1.1" 200 43631
114.93.75.19 - - [23/Mar/2020:12:01:39 +0800] "POST /xingrg/dwr/call/plaincall/AjaxReportQueryService.getFixDate.dwr HTTP/1.1" 200 111
114.93.75.19 - - [23/Mar/2020:12:01:39 +0800] "POST /xingrg/all/common/load_tree.html?tree=area_station_tree_json&manage=1 HTTP/1.1" 200 2981
114.93.75.19 - - [23/Mar/2020:12:01:41 +0800] "GET /xingrg/all/function/internal_message.html?_=1584936101255&CODE_STATE=getMsg HTTP/1.1" 200 27
114.88.159.93 - - [23/Mar/2020:12:01:42 +0800] "GET /xingrg/all/function/internal_message.html?_=1584935824529&CODE_STATE=getMsg HTTP/1.1" 200 27
101.83.240.175 - - [23/Mar/2020:12:01:44 +0800] "GET /xingrg/all/function/internal_message.html?_=1584935992977&CODE_STATE=getMsg HTTP/1.1" 200 27
114.93.75.19 - - [23/Mar/2020:12:01:47 +0800] "GET /xingrg/all/function/internal_message.html?_=1584936107767&CODE_STATE=getMsg HTTP/1.1" 200 27
114.93.75.19 - - [23/Mar/2020:12:01:48 +0800] "POST /xingrg/dwr/call/plaincall/AjaxReportQueryService.queryInitializeString.dwr HTTP/1.1" 200 817
117.131.5.26 - - [23/Mar/2020:12:01:49 +0800] "GET /xingrg/check_reg.html?_=1584936119437 HTTP/1.1" 200 22
114.93.75.19 - - [23/Mar/2020:12:01:49 +0800] "POST /xingrg/dwr/call/plaincall/AjaxReportQueryService.refreshCache.dwr HTTP/1.1" 200 78
