124.77.241.94 - - [23/Mar/2020:10:59:27 +0800] "GET /xingrg/javascript/easyui/themes/icons/cancel.png HTTP/1.1" 304 -
124.77.241.94 - - [23/Mar/2020:10:59:27 +0800] "GET /xingrg/javascript/easyui/themes/default/validatebox.css HTTP/1.1" 404 1104
124.77.241.94 - - [23/Mar/2020:10:59:28 +0800] "POST /xingrg/kc/buy/cgsh_order_operate.html HTTP/1.1" 200 2393
124.77.241.94 - - [23/Mar/2020:10:59:30 +0800] "GET /xingrg/kc/print/load_config.html?kc_code=cgsh HTTP/1.1" 200 1841
180.157.252.250 - - [23/Mar/2020:10:59:30 +0800] "GET /xingrg/all/function/internal_message.html?_=1584932370939&CODE_STATE=getMsg HTTP/1.1" 200 27
124.77.241.94 - - [23/Mar/2020:10:59:30 +0800] "GET /xingrg/kc/print/load_data.html?order_code=212020032202248&kc_code=cgsh&condition= HTTP/1.1" 200 1399
117.184.7.26 - - [23/Mar/2020:10:59:32 +0800] "GET /xingrg/all/function/internal_message.html?_=1584932369510&CODE_STATE=getMsg HTTP/1.1" 200 27
114.93.75.19 - - [23/Mar/2020:10:59:41 +0800] "GET /xingrg/all/function/internal_message.html?_=1584932381255&CODE_STATE=getMsg HTTP/1.1" 200 27
114.88.170.9 - - [23/Mar/2020:10:59:47 +0800] "GET /xingrg/all/function/internal_message.html?_=1584932686564&CODE_STATE=getMsg HTTP/1.1" 200 27
117.184.7.26 - - [23/Mar/2020:10:59:51 +0800] "GET /xingrg/kc/buy/cgsh_order_operate.html?command=get_materiel&rest_code=00108&code=00101008024&supplier_code=00100007&order_time=2020-03-23 HTTP/1.1" 200 408
116.232.53.242 - - [23/Mar/2020:10:59:52 +0800] "GET /xingrg/all/function/internal_message.html?_=1584932392665&CODE_STATE=getMsg HTTP/1.1" 200 27
116.238.181.252 - - [23/Mar/2020:10:59:57 +0800] "GET /xingrg/all/function/internal_message.html?_=1584932397692&CODE_STATE=getMsg HTTP/1.1" 200 27
114.93.75.19 - - [23/Mar/2020:10:59:59 +0800] "GET /xingrg/check_reg.html?_=1584932399131 HTTP/1.1" 200 22
114.93.75.19 - - [23/Mar/2020:10:59:59 +0800] "GET /xingrg/all/function/internal_message.html?_=1584932399133&CODE_STATE=getMsg HTTP/1.1" 200 27
180.156.150.85 - - [23/Mar/2020:11:00:04 +0800] "GET /xingrg/all/function/internal_message.html?_=1584932404901&CODE_STATE=getMsg HTTP/1.1" 200 27
101.81.124.227 - - [23/Mar/2020:11:00:10 +0800] "GET /xingrg/all/function/internal_message.html?_=1584932409297&CODE_STATE=getMsg HTTP/1.1" 200 27
101.85.52.41 - - [23/Mar/2020:11:00:13 +0800] "GET /xingrg/all/function/internal_message.html?_=1584932053699&CODE_STATE=getMsg HTTP/1.1" 200 27
117.184.7.26 - - [23/Mar/2020:11:00:18 +0800] "GET /xingrg/kc/buy/cgsh_order_operate.html?command=get_materiel&rest_code=00108&code=00101008185&supplier_code=00100007&order_time=2020-03-23 HTTP/1.1" 200 408
124.77.241.94 - - [23/Mar/2020:11:00:23 +0800] "GET /xingrg/all/function/internal_message.html?_=1584932453339&CODE_STATE=getMsg HTTP/1.1" 200 27
117.184.7.26 - - [23/Mar/2020:11:00:24 +0800] "GET /xingrg/kc/buy/cgsh_order_operate.html?command=get_materiel&rest_code=00108&code=00101008361&supplier_code=00100007&order_time=2020-03-23 HTTP/1.1" 200 424
180.157.252.250 - - [23/Mar/2020:11:00:30 +0800] "GET /xingrg/all/function/internal_message.html?_=1584932430945&CODE_STATE=getMsg HTTP/1.1" 200 27
117.184.7.26 - - [23/Mar/2020:11:00:32 +0800] "GET /xingrg/all/function/internal_message.html?_=1584932429497&CODE_STATE=getMsg HTTP/1.1" 200 27
117.184.7.26 - - [23/Mar/2020:11:00:33 +0800] "GET /xingrg/kc/buy/cgsh_order_operate.html?command=get_materiel&rest_code=00108&code=00101008211&supplier_code=00100007&order_time=2020-03-23 HTTP/1.1" 200 412
114.93.75.19 - - [23/Mar/2020:11:00:41 +0800] "GET /xingrg/all/function/internal_message.html?_=1584932441260&CODE_STATE=getMsg HTTP/1.1" 200 27
114.88.170.9 - - [23/Mar/2020:11:00:47 +0800] "GET /xingrg/all/function/internal_message.html?_=1584932746539&CODE_STATE=getMsg HTTP/1.1" 200 27
114.88.170.9 - - [23/Mar/2020:11:00:48 +0800] "GET /xingrg/check_reg.html?_=1584932746734 HTTP/1.1" 200 22
116.232.53.242 - - [23/Mar/2020:11:00:52 +0800] "GET /xingrg/all/function/internal_message.html?_=1584932452667&CODE_STATE=getMsg HTTP/1.1" 200 27
116.238.181.252 - - [23/Mar/2020:11:00:57 +0800] "GET /xingrg/all/function/internal_message.html?_=1584932457694&CODE_STATE=getMsg HTTP/1.1" 200 27
114.93.75.19 - - [23/Mar/2020:11:00:59 +0800] "GET /xingrg/all/function/internal_message.html?_=1584932459131&CODE_STATE=getMsg HTTP/1.1" 200 27
180.156.150.85 - - [23/Mar/2020:11:01:04 +0800] "GET /xingrg/all/function/internal_message.html?_=1584932464902&CODE_STATE=getMsg HTTP/1.1" 200 27
101.81.124.227 - - [23/Mar/2020:11:01:10 +0800] "GET /xingrg/all/function/internal_message.html?_=1584932469272&CODE_STATE=getMsg HTTP/1.1" 200 27
101.85.52.41 - - [23/Mar/2020:11:01:13 +0800] "GET /xingrg/check_reg.html?_=1584932113699 HTTP/1.1" 200 22
101.85.52.41 - - [23/Mar/2020:11:01:13 +0800] "GET /xingrg/all/function/internal_message.html?_=1584932113702&CODE_STATE=getMsg HTTP/1.1" 200 27
124.77.241.94 - - [23/Mar/2020:11:01:23 +0800] "GET /xingrg/all/function/internal_message.html?_=1584932513457&CODE_STATE=getMsg HTTP/1.1" 200 27
180.157.252.250 - - [23/Mar/2020:11:01:30 +0800] "GET /xingrg/all/function/internal_message.html?_=1584932490935&CODE_STATE=getMsg HTTP/1.1" 200 27
117.184.7.26 - - [23/Mar/2020:11:01:32 +0800] "GET /xingrg/check_reg.html?_=1584932489501 HTTP/1.1" 200 22
117.184.7.26 - - [23/Mar/2020:11:01:32 +0800] "GET /xingrg/all/function/internal_message.html?_=1584932489505&CODE_STATE=getMsg HTTP/1.1" 200 27
114.93.75.19 - - [23/Mar/2020:11:01:41 +0800] "GET /xingrg/all/function/internal_message.html?_=1584932501263&CODE_STATE=getMsg HTTP/1.1" 200 27
114.88.170.9 - - [23/Mar/2020:11:01:47 +0800] "GET /xingrg/all/function/internal_message.html?_=1584932806518&CODE_STATE=getMsg HTTP/1.1" 200 27
117.131.5.26 - - [23/Mar/2020:11:01:49 +0800] "GET /xingrg/check_reg.html?_=1584932519421 HTTP/1.1" 200 22
116.232.53.242 - - [23/Mar/2020:11:01:52 +0800] "GET /xingrg/all/function/internal_message.html?_=1584932512655&CODE_STATE=getMsg HTTP/1.1" 200 27
180.156.150.85 - - [23/Mar/2020:11:01:53 +0800] "GET /xingrg/kc/buy/cgsh_order_list.html HTTP/1.1" 200 42034
180.156.150.85 - - [23/Mar/2020:11:01:55 +0800] "POST /xingrg/kc/buy/cgsh_list_operate.html HTTP/1.1" 200 4233
116.238.181.252 - - [23/Mar/2020:11:01:57 +0800] "GET /xingrg/all/function/internal_message.html?_=1584932517695&CODE_STATE=getMsg HTTP/1.1" 200 27
114.93.75.19 - - [23/Mar/2020:11:01:59 +0800] "GET /xingrg/all/function/internal_message.html?_=1584932519131&CODE_STATE=getMsg HTTP/1.1" 200 27
180.156.150.85 - - [23/Mar/2020:11:02:04 +0800] "GET /xingrg/all/function/internal_message.html?_=1584932524900&CODE_STATE=getMsg HTTP/1.1" 200 27
101.81.124.227 - - [23/Mar/2020:11:02:10 +0800] "GET /xingrg/all/function/internal_message.html?_=1584932529272&CODE_STATE=getMsg HTTP/1.1" 200 27
101.81.124.227 - - [23/Mar/2020:11:02:11 +0800] "GET /xingrg/check_reg.html?_=1584932530182 HTTP/1.1" 200 22
101.85.52.41 - - [23/Mar/2020:11:02:13 +0800] "GET /xingrg/all/function/internal_message.html?_=1584932173702&CODE_STATE=getMsg HTTP/1.1" 200 27
124.77.241.94 - - [23/Mar/2020:11:02:23 +0800] "GET /xingrg/all/function/internal_message.html?_=1584932573460&CODE_STATE=getMsg HTTP/1.1" 200 27
180.156.150.85 - - [23/Mar/2020:11:02:28 +0800] "GET /xingrg/javascript/jquery_tools/images/next.gif HTTP/1.1" 404 1086
180.156.150.85 - - [23/Mar/2020:11:02:28 +0800] "GET /xingrg/javascript/jquery_tools/images/prev.gif HTTP/1.1" 404 1086
180.157.252.250 - - [23/Mar/2020:11:02:30 +0800] "GET /xingrg/all/function/internal_message.html?_=1584932550938&CODE_STATE=getMsg HTTP/1.1" 200 27
117.184.7.26 - - [23/Mar/2020:11:02:32 +0800] "GET /xingrg/all/function/internal_message.html?_=1584932549509&CODE_STATE=getMsg HTTP/1.1" 200 27
114.93.75.19 - - [23/Mar/2020:11:02:41 +0800] "GET /xingrg/all/function/internal_message.html?_=1584932561254&CODE_STATE=getMsg HTTP/1.1" 200 27
114.88.159.93 - - [23/Mar/2020:11:02:42 +0800] "POST /xingrg/login.do HTTP/1.1" 302 -
114.88.159.93 - - [23/Mar/2020:11:02:42 +0800] "GET /xingrg/index.html?sysBaseUrl=http%3A%2F%2F117.131.15.22%3A18081%2Fxingrg%2F&costTime=34×tamp=1584932562420 HTTP/1.1" 200 17157
114.88.159.93 - - [23/Mar/2020:11:02:42 +0800] "GET /favicon.ico HTTP/1.1" 404 -
114.88.159.93 - - [23/Mar/2020:11:02:42 +0800] "POST /xingrg/all/common/load_tree.html?tree=area_rest_tree_json&manage=1 HTTP/1.1" 200 351
114.88.159.93 - - [23/Mar/2020:11:02:42 +0800] "POST /xingrg/load_menu.html HTTP/1.1" 200 5124
114.88.159.93 - - [23/Mar/2020:11:02:42 +0800] "GET /xingrg/check_reg.html?_=1584932284398 HTTP/1.1" 200 22
114.88.159.93 - - [23/Mar/2020:11:02:42 +0800] "GET /xingrg/all/function/internal_message.html?_=1584932284397&CODE_STATE=count HTTP/1.1" 200 11
114.88.170.9 - - [23/Mar/2020:11:02:47 +0800] "GET /xingrg/all/function/internal_message.html?_=1584932866499&CODE_STATE=getMsg HTTP/1.1" 200 27
116.232.53.242 - - [23/Mar/2020:11:02:52 +0800] "GET /xingrg/all/function/internal_message.html?_=1584932572654&CODE_STATE=getMsg HTTP/1.1" 200 27
180.156.150.85 - - [23/Mar/2020:11:02:54 +0800] "GET /xingrg/javascript/auto/indicator.gif HTTP/1.1" 404 1066
114.88.170.9 - - [23/Mar/2020:11:02:56 +0800] "GET /xingrg/check_reg.html?_=1584932576197 HTTP/1.1" 200 22
116.238.181.252 - - [23/Mar/2020:11:02:57 +0800] "GET /xingrg/check_reg.html?_=1584932577699 HTTP/1.1" 200 22
116.238.181.252 - - [23/Mar/2020:11:02:57 +0800] "GET /xingrg/all/function/internal_message.html?_=1584932577694&CODE_STATE=getMsg HTTP/1.1" 200 27
180.156.150.85 - - [23/Mar/2020:11:02:58 +0800] "POST /xingrg/kc/buy/cgsh_list_operate.html HTTP/1.1" 200 2884
124.77.241.94 - - [23/Mar/2020:11:02:58 +0800] "GET /xingrg/check_reg.html?_=1584932609106 HTTP/1.1" 200 22
114.93.75.19 - - [23/Mar/2020:11:02:59 +0800] "GET /xingrg/all/function/internal_message.html?_=1584932579133&CODE_STATE=getMsg HTTP/1.1" 200 27
114.88.159.93 - - [23/Mar/2020:11:03:00 +0800] "GET /xingrg/kc/mdqp/qp_main.html HTTP/1.1" 200 10625
114.88.159.93 - - [23/Mar/2020:11:03:01 +0800] "GET /xingrg/javascript/ToolTips.js HTTP/1.1" 304 -
114.88.159.93 - - [23/Mar/2020:11:03:04 +0800] "GET /xingrg/images/yd/bt.gif HTTP/1.1" 404 1040
180.156.150.85 - - [23/Mar/2020:11:03:04 +0800] "GET /xingrg/all/function/internal_message.html?_=1584932584901&CODE_STATE=getMsg HTTP/1.1" 200 27
180.156.150.85 - - [23/Mar/2020:11:03:04 +0800] "GET /xingrg/check_reg.html?_=1584932584902 HTTP/1.1" 200 22
114.88.159.93 - - [23/Mar/2020:11:03:05 +0800] "GET /xingrg/kc/mdqp/qqps_order_list.html HTTP/1.1" 200 9210
114.88.159.93 - - [23/Mar/2020:11:03:05 +0800] "GET /xingrg/dwr/interface/AjaxReportQueryService.js HTTP/1.1" 200 13203
114.88.159.93 - - [23/Mar/2020:11:03:05 +0800] "GET /xingrg/dwr/interface/AjaxQqpsService.js HTTP/1.1" 200 16326
114.88.159.93 - - [23/Mar/2020:11:03:05 +0800] "GET /xingrg/dwr/engine.js HTTP/1.1" 200 43631
114.88.159.93 - - [23/Mar/2020:11:03:05 +0800] "GET /xingrg/dwr/util.js HTTP/1.1" 304 -
114.88.159.93 - - [23/Mar/2020:11:03:08 +0800] "GET /xingrg/kc/mdqp/qp_main.html HTTP/1.1" 200 10625
114.88.159.93 - - [23/Mar/2020:11:03:09 +0800] "GET /xingrg/kc/mdqp/pssh_order_list.html HTTP/1.1" 200 17603
101.81.124.227 - - [23/Mar/2020:11:03:10 +0800] "GET /xingrg/all/function/internal_message.html?_=1584932589259&CODE_STATE=getMsg HTTP/1.1" 200 27
114.88.159.93 - - [23/Mar/2020:11:03:10 +0800] "POST /xingrg/kc/mdqp/pssh_list_operate.html HTTP/1.1" 200 5376
101.85.52.41 - - [23/Mar/2020:11:03:13 +0800] "GET /xingrg/all/function/internal_message.html?_=1584932233703&CODE_STATE=getMsg HTTP/1.1" 200 27
114.88.159.93 - - [23/Mar/2020:11:03:14 +0800] "POST /xingrg/kc/mdqp/pssh_list_operate.html HTTP/1.1" 200 259
114.88.159.93 - - [23/Mar/2020:11:03:20 +0800] "GET /xingrg/kc/mdqp/pssh_order_info.html?code=312020031700072 HTTP/1.1" 200 17264
114.88.159.93 - - [23/Mar/2020:11:03:20 +0800] "GET /xingrg/javascript/jquery_tools/jquery-1.4.2.min.js HTTP/1.1" 404 1094
114.88.159.93 - - [23/Mar/2020:11:03:20 +0800] "GET /xingrg/words/20200322123712_words.js HTTP/1.1" 304 -
114.88.159.93 - - [23/Mar/2020:11:03:20 +0800] "POST /xingrg/kc/mdqp/pssh_order_operate.html HTTP/1.1" 200 527
114.88.159.93 - - [23/Mar/2020:11:03:21 +0800] "GET /xingrg/all/common/auto_word.html?type=base&rest_code=00141&rest_code=00141 HTTP/1.1" 200 1603
114.88.159.93 - - [23/Mar/2020:11:03:21 +0800] "GET /xingrg/javascript/easyui/themes/default/validatebox.css HTTP/1.1" 404 1104
114.88.159.93 - - [23/Mar/2020:11:03:21 +0800] "GET /xingrg/all/common/auto_word.html?type=employee&rest_code=00141 HTTP/1.1" 200 201
114.88.159.93 - - [23/Mar/2020:11:03:22 +0800] "POST /xingrg/all/common/load_combo.html?type=base&rest_code=00141 HTTP/1.1" 200 2878
124.77.241.94 - - [23/Mar/2020:11:03:23 +0800] "GET /xingrg/all/function/internal_message.html?_=1584932633474&CODE_STATE=getMsg HTTP/1.1" 200 27
180.156.150.85 - - [23/Mar/2020:11:03:25 +0800] "GET /xingrg/kc/buy/cgsh_order_list.html HTTP/1.1" 200 42034
114.88.159.93 - - [23/Mar/2020:11:03:25 +0800] "POST /xingrg/all/common/load_combo.html?type=employee HTTP/1.1" 200 362
180.156.150.85 - - [23/Mar/2020:11:03:25 +0800] "POST /xingrg/kc/buy/cgsh_list_operate.html HTTP/1.1" 200 4233
180.157.252.250 - - [23/Mar/2020:11:03:30 +0800] "GET /xingrg/check_reg.html?_=1584932610945 HTTP/1.1" 200 22
180.157.252.250 - - [23/Mar/2020:11:03:30 +0800] "GET /xingrg/all/function/internal_message.html?_=1584932610951&CODE_STATE=getMsg HTTP/1.1" 200 27
117.184.7.26 - - [23/Mar/2020:11:03:32 +0800] "GET /xingrg/all/function/internal_message.html?_=1584932609504&CODE_STATE=getMsg HTTP/1.1" 200 27
114.88.159.93 - - [23/Mar/2020:11:03:32 +0800] "POST /xingrg/kc/mdqp/pssh_order_operate.html HTTP/1.1" 200 37
114.88.159.93 - - [23/Mar/2020:11:03:32 +0800] "POST /xingrg/kc/mdqp/pssh_order_operate.html HTTP/1.1" 200 12
114.88.159.93 - - [23/Mar/2020:11:03:34 +0800] "GET /xingrg/kc/mdqp/pssh_order_info.html?code=312020031700072 HTTP/1.1" 200 14384
114.88.159.93 - - [23/Mar/2020:11:03:34 +0800] "GET /xingrg/javascript/jquery_tools/jquery-1.4.2.min.js HTTP/1.1" 404 1094
114.88.159.93 - - [23/Mar/2020:11:03:34 +0800] "GET /xingrg/javascript/easyui/themes/default/validatebox.css HTTP/1.1" 404 1104
114.88.159.93 - - [23/Mar/2020:11:03:34 +0800] "POST /xingrg/kc/mdqp/pssh_order_operate.html HTTP/1.1" 200 527
114.88.159.93 - - [23/Mar/2020:11:03:37 +0800] "GET /xingrg/kc/print/load_config.html?kc_code=pssh HTTP/1.1" 200 2290
114.88.159.93 - - [23/Mar/2020:11:03:38 +0800] "GET /xingrg/kc/print/load_data.html?order_code=312020031700072&kc_code=pssh&condition= HTTP/1.1" 200 668
114.93.75.19 - - [23/Mar/2020:11:03:41 +0800] "GET /xingrg/check_reg.html?_=1584932621259 HTTP/1.1" 200 22
114.93.75.19 - - [23/Mar/2020:11:03:41 +0800] "GET /xingrg/all/function/internal_message.html?_=1584932621261&CODE_STATE=getMsg HTTP/1.1" 200 27
114.88.159.93 - - [23/Mar/2020:11:03:42 +0800] "GET /xingrg/all/function/internal_message.html?_=1584932344438&CODE_STATE=getMsg HTTP/1.1" 200 27
114.88.170.9 - - [23/Mar/2020:11:03:47 +0800] "GET /xingrg/all/function/internal_message.html?_=1584932926468&CODE_STATE=getMsg HTTP/1.1" 200 27
116.232.53.242 - - [23/Mar/2020:11:03:52 +0800] "GET /xingrg/all/function/internal_message.html?_=1584932632654&CODE_STATE=getMsg HTTP/1.1" 200 27
116.232.53.242 - - [23/Mar/2020:11:03:52 +0800] "GET /xingrg/check_reg.html?_=1584932632658 HTTP/1.1" 200 22
116.238.181.252 - - [23/Mar/2020:11:03:57 +0800] "GET /xingrg/all/function/internal_message.html?_=1584932637703&CODE_STATE=getMsg HTTP/1.1" 200 27
114.93.75.19 - - [23/Mar/2020:11:03:59 +0800] "GET /xingrg/all/function/internal_message.html?_=1584932639134&CODE_STATE=getMsg HTTP/1.1" 200 27
180.156.150.85 - - [23/Mar/2020:11:04:04 +0800] "GET /xingrg/all/function/internal_message.html?_=1584932644938&CODE_STATE=getMsg HTTP/1.1" 200 27
101.81.124.227 - - [23/Mar/2020:11:04:10 +0800] "GET /xingrg/all/function/internal_message.html?_=1584932649248&CODE_STATE=getMsg HTTP/1.1" 200 27
101.85.52.41 - - [23/Mar/2020:11:04:13 +0800] "GET /xingrg/all/function/internal_message.html?_=1584932293704&CODE_STATE=getMsg HTTP/1.1" 200 27
124.77.241.94 - - [23/Mar/2020:11:04:23 +0800] "GET /xingrg/all/function/internal_message.html?_=1584932693488&CODE_STATE=getMsg HTTP/1.1" 200 27
180.157.252.250 - - [23/Mar/2020:11:04:30 +0800] "GET /xingrg/all/function/internal_message.html?_=1584932670939&CODE_STATE=getMsg HTTP/1.1" 200 27
117.184.7.26 - - [23/Mar/2020:11:04:32 +0800] "GET /xingrg/all/function/internal_message.html?_=1584932669510&CODE_STATE=getMsg HTTP/1.1" 200 27
117.184.7.26 - - [23/Mar/2020:11:04:34 +0800] "POST /xingrg/kc/buy/cgsh_order_operate.html HTTP/1.1" 200 37
117.184.7.26 - - [23/Mar/2020:11:04:35 +0800] "POST /xingrg/kc/buy/cgsh_order_operate.html HTTP/1.1" 200 5622
117.184.7.26 - - [23/Mar/2020:11:04:36 +0800] "GET /xingrg/kc/print/load_config.html?kc_code=cgsh HTTP/1.1" 200 1841
117.184.7.26 - - [23/Mar/2020:11:04:36 +0800] "GET /xingrg/kc/print/load_data.html?order_code=212020032302295&kc_code=cgsh&condition= HTTP/1.1" 200 1853
114.93.75.19 - - [23/Mar/2020:11:04:41 +0800] "GET /xingrg/all/function/internal_message.html?_=1584932681262&CODE_STATE=getMsg HTTP/1.1" 200 27
114.88.159.93 - - [23/Mar/2020:11:04:42 +0800] "GET /xingrg/all/function/internal_message.html?_=1584932404431&CODE_STATE=getMsg HTTP/1.1" 200 27
117.184.7.26 - - [23/Mar/2020:11:04:44 +0800] "GET /xingrg/kc/buy/cgsh_order_add.html HTTP/1.1" 200 57645
117.184.7.30 - - [23/Mar/2020:11:04:44 +0800] "GET /xingrg/javascript/easyui/themes/default/validatebox.css HTTP/1.1" 404 1104
117.184.7.26 - - [23/Mar/2020:11:04:44 +0800] "POST /xingrg/kc/buy/cgsh_order_operate.html HTTP/1.1" 200 8245
114.88.170.9 - - [23/Mar/2020:11:04:47 +0800] "GET /xingrg/all/function/internal_message.html?_=1584932986445&CODE_STATE=getMsg HTTP/1.1" 200 27
116.232.53.242 - - [23/Mar/2020:11:04:52 +0800] "GET /xingrg/all/function/internal_message.html?_=1584932692661&CODE_STATE=getMsg HTTP/1.1" 200 27
116.238.181.252 - - [23/Mar/2020:11:04:57 +0800] "GET /xingrg/all/function/internal_message.html?_=1584932697702&CODE_STATE=getMsg HTTP/1.1" 200 27
114.93.75.19 - - [23/Mar/2020:11:04:59 +0800] "GET /xingrg/check_reg.html?_=1584932699135 HTTP/1.1" 200 22
114.93.75.19 - - [23/Mar/2020:11:04:59 +0800] "GET /xingrg/all/function/internal_message.html?_=1584932699136&CODE_STATE=getMsg HTTP/1.1" 200 27
117.184.7.26 - - [23/Mar/2020:11:05:02 +0800] "GET /xingrg/kc/buy/cgsh_order_operate.html?command=get_materiel&rest_code=00108&code=00101001166&supplier_code=00100314&order_time=2020-03-23 HTTP/1.1" 200 419
180.156.150.85 - - [23/Mar/2020:11:05:04 +0800] "GET /xingrg/all/function/internal_message.html?_=1584932704910&CODE_STATE=getMsg HTTP/1.1" 200 27
101.81.124.227 - - [23/Mar/2020:11:05:10 +0800] "GET /xingrg/all/function/internal_message.html?_=1584932709241&CODE_STATE=getMsg HTTP/1.1" 200 27
101.85.52.41 - - [23/Mar/2020:11:05:13 +0800] "GET /xingrg/all/function/internal_message.html?_=1584932353703&CODE_STATE=getMsg HTTP/1.1" 200 27
117.184.7.26 - - [23/Mar/2020:11:05:20 +0800] "POST /xingrg/kc/buy/cgsh_order_operate.html HTTP/1.1" 200 37
117.184.7.26 - - [23/Mar/2020:11:05:20 +0800] "POST /xingrg/kc/buy/cgsh_order_operate.html HTTP/1.1" 200 2669
117.184.7.26 - - [23/Mar/2020:11:05:21 +0800] "GET /xingrg/kc/print/load_data.html?order_code=212020032302296&kc_code=cgsh&condition= HTTP/1.1" 200 665
124.77.241.94 - - [23/Mar/2020:11:05:23 +0800] "GET /xingrg/all/function/internal_message.html?_=1584932753608&CODE_STATE=getMsg HTTP/1.1" 200 27
180.157.252.250 - - [23/Mar/2020:11:05:30 +0800] "GET /xingrg/all/function/internal_message.html?_=1584932730945&CODE_STATE=getMsg HTTP/1.1" 200 27
117.184.7.26 - - [23/Mar/2020:11:05:32 +0800] "GET /xingrg/all/function/internal_message.html?_=1584932729517&CODE_STATE=getMsg HTTP/1.1" 200 27
117.184.7.26 - - [23/Mar/2020:11:05:41 +0800] "GET /xingrg/kc/buy/cgsh_order_add.html HTTP/1.1" 200 57645
117.184.7.26 - - [23/Mar/2020:11:05:41 +0800] "POST /xingrg/kc/buy/cgsh_order_operate.html HTTP/1.1" 200 8245
117.184.7.30 - - [23/Mar/2020:11:05:41 +0800] "GET /xingrg/javascript/easyui/themes/default/validatebox.css HTTP/1.1" 404 1104
114.93.75.19 - - [23/Mar/2020:11:05:41 +0800] "GET /xingrg/all/function/internal_message.html?_=1584932741264&CODE_STATE=getMsg HTTP/1.1" 200 27
114.88.159.93 - - [23/Mar/2020:11:05:42 +0800] "GET /xingrg/all/function/internal_message.html?_=1584932464432&CODE_STATE=getMsg HTTP/1.1" 200 27
114.88.170.9 - - [23/Mar/2020:11:05:47 +0800] "GET /xingrg/all/function/internal_message.html?_=1584933046416&CODE_STATE=getMsg HTTP/1.1" 200 27
114.88.170.9 - - [23/Mar/2020:11:05:48 +0800] "GET /xingrg/check_reg.html?_=1584933046715 HTTP/1.1" 200 22
116.232.53.242 - - [23/Mar/2020:11:05:52 +0800] "GET /xingrg/all/function/internal_message.html?_=1584932752663&CODE_STATE=getMsg HTTP/1.1" 200 27
116.238.181.252 - - [23/Mar/2020:11:05:57 +0800] "GET /xingrg/all/function/internal_message.html?_=1584932757703&CODE_STATE=getMsg HTTP/1.1" 200 27
114.93.75.19 - - [23/Mar/2020:11:05:59 +0800] "GET /xingrg/all/function/internal_message.html?_=1584932759135&CODE_STATE=getMsg HTTP/1.1" 200 27
180.156.150.85 - - [23/Mar/2020:11:06:04 +0800] "GET /xingrg/all/function/internal_message.html?_=1584932764907&CODE_STATE=getMsg HTTP/1.1" 200 27
117.184.7.26 - - [23/Mar/2020:11:06:07 +0800] "GET /xingrg/kc/buy/cgsh_order_operate.html?command=get_materiel&rest_code=00108&code=00101004011&supplier_code=00100086&order_time=2020-03-23 HTTP/1.1" 200 434
101.81.124.227 - - [23/Mar/2020:11:06:10 +0800] "GET /xingrg/all/function/internal_message.html?_=1584932769228&CODE_STATE=getMsg HTTP/1.1" 200 27
101.85.52.41 - - [23/Mar/2020:11:06:13 +0800] "GET /xingrg/all/function/internal_message.html?_=1584932413705&CODE_STATE=getMsg HTTP/1.1" 200 27
101.85.52.41 - - [23/Mar/2020:11:06:13 +0800] "GET /xingrg/check_reg.html?_=1584932413708 HTTP/1.1" 200 22
117.184.7.26 - - [23/Mar/2020:11:06:14 +0800] "POST /xingrg/kc/buy/cgsh_order_operate.html HTTP/1.1" 200 37
117.184.7.26 - - [23/Mar/2020:11:06:15 +0800] "POST /xingrg/kc/buy/cgsh_order_operate.html HTTP/1.1" 200 2662
117.184.7.26 - - [23/Mar/2020:11:06:20 +0800] "GET /xingrg/kc/print/load_data.html?order_code=212020032302297&kc_code=cgsh&condition= HTTP/1.1" 200 727
124.77.241.94 - - [23/Mar/2020:11:06:23 +0800] "GET /xingrg/all/function/internal_message.html?_=1584932813608&CODE_STATE=getMsg HTTP/1.1" 200 27
117.184.7.26 - - [23/Mar/2020:11:06:27 +0800] "GET /xingrg/kc/buy/cgsh_order_add.html HTTP/1.1" 200 57645
117.184.7.26 - - [23/Mar/2020:11:06:27 +0800] "POST /xingrg/kc/buy/cgsh_order_operate.html HTTP/1.1" 200 8245
117.184.7.30 - - [23/Mar/2020:11:06:28 +0800] "GET /xingrg/javascript/easyui/themes/default/validatebox.css HTTP/1.1" 404 1104
180.157.252.250 - - [23/Mar/2020:11:06:30 +0800] "GET /xingrg/all/function/internal_message.html?_=1584932790132&CODE_STATE=getMsg HTTP/1.1" 200 27
117.184.7.26 - - [23/Mar/2020:11:06:32 +0800] "GET /xingrg/check_reg.html?_=1584932789529 HTTP/1.1" 200 22
117.184.7.26 - - [23/Mar/2020:11:06:32 +0800] "GET /xingrg/all/function/internal_message.html?_=1584932789532&CODE_STATE=getMsg HTTP/1.1" 200 27
117.184.7.26 - - [23/Mar/2020:11:06:37 +0800] "GET /xingrg/kc/buy/cgsh_order_operate.html?command=get_materiel&rest_code=00108&code=00101005022&supplier_code=00100312&order_time=2020-03-23 HTTP/1.1" 200 432
114.93.75.19 - - [23/Mar/2020:11:06:41 +0800] "GET /xingrg/all/function/internal_message.html?_=1584932801250&CODE_STATE=getMsg HTTP/1.1" 200 27
114.88.159.93 - - [23/Mar/2020:11:06:42 +0800] "GET /xingrg/all/function/internal_message.html?_=1584932524414&CODE_STATE=getMsg HTTP/1.1" 200 27
114.88.170.9 - - [23/Mar/2020:11:06:47 +0800] "GET /xingrg/all/function/internal_message.html?_=1584933106386&CODE_STATE=getMsg HTTP/1.1" 200 27
117.184.7.26 - - [23/Mar/2020:11:06:48 +0800] "POST /xingrg/kc/buy/cgsh_order_operate.html HTTP/1.1" 200 37
117.131.5.26 - - [23/Mar/2020:11:06:49 +0800] "GET /xingrg/check_reg.html?_=1584932819421 HTTP/1.1" 200 22
117.184.7.26 - - [23/Mar/2020:11:06:49 +0800] "POST /xingrg/kc/buy/cgsh_order_operate.html HTTP/1.1" 200 2666
117.184.7.26 - - [23/Mar/2020:11:06:50 +0800] "GET /xingrg/kc/print/load_data.html?order_code=212020032302298&kc_code=cgsh&condition= HTTP/1.1" 200 674
116.232.53.242 - - [23/Mar/2020:11:06:52 +0800] "GET /xingrg/all/function/internal_message.html?_=1584932812665&CODE_STATE=getMsg HTTP/1.1" 200 27
116.238.181.252 - - [23/Mar/2020:11:06:57 +0800] "GET /xingrg/all/function/internal_message.html?_=1584932817706&CODE_STATE=getMsg HTTP/1.1" 200 27
117.184.7.26 - - [23/Mar/2020:11:06:58 +0800] "GET /xingrg/kc/buy/cgsh_order_add.html HTTP/1.1" 200 57645
117.184.7.26 - - [23/Mar/2020:11:06:58 +0800] "GET /xingrg/javascript/easyui/themes/default/validatebox.css HTTP/1.1" 404 1104
117.184.7.26 - - [23/Mar/2020:11:06:58 +0800] "POST /xingrg/kc/buy/cgsh_order_operate.html HTTP/1.1" 200 8245
114.93.75.19 - - [23/Mar/2020:11:06:59 +0800] "GET /xingrg/all/function/internal_message.html?_=1584932819134&CODE_STATE=getMsg HTTP/1.1" 200 27
180.156.150.85 - - [23/Mar/2020:11:07:04 +0800] "GET /xingrg/all/function/internal_message.html?_=1584932824908&CODE_STATE=getMsg HTTP/1.1" 200 27
101.81.124.227 - - [23/Mar/2020:11:07:10 +0800] "GET /xingrg/all/function/internal_message.html?_=1584932829232&CODE_STATE=getMsg HTTP/1.1" 200 27
101.81.124.227 - - [23/Mar/2020:11:07:11 +0800] "GET /xingrg/check_reg.html?_=1584932830171 HTTP/1.1" 200 22
101.85.52.41 - - [23/Mar/2020:11:07:13 +0800] "GET /xingrg/all/function/internal_message.html?_=1584932473708&CODE_STATE=getMsg HTTP/1.1" 200 27
117.184.7.26 - - [23/Mar/2020:11:07:16 +0800] "GET /xingrg/kc/buy/cgsh_order_operate.html?command=get_materiel&rest_code=00108&code=00101001213&supplier_code=00100323&order_time=2020-03-23 HTTP/1.1" 200 422
124.77.241.94 - - [23/Mar/2020:11:07:23 +0800] "GET /xingrg/all/function/internal_message.html?_=1584932873729&CODE_STATE=getMsg HTTP/1.1" 200 27
180.157.252.250 - - [23/Mar/2020:11:07:30 +0800] "GET /xingrg/all/function/internal_message.html?_=1584932850141&CODE_STATE=getMsg HTTP/1.1" 200 27
117.184.7.26 - - [23/Mar/2020:11:07:32 +0800] "GET /xingrg/all/function/internal_message.html?_=1584932849508&CODE_STATE=getMsg HTTP/1.1" 200 27
117.184.7.26 - - [23/Mar/2020:11:07:32 +0800] "POST /xingrg/kc/buy/cgsh_order_operate.html HTTP/1.1" 200 37
117.184.7.26 - - [23/Mar/2020:11:07:32 +0800] "POST /xingrg/kc/buy/cgsh_order_operate.html HTTP/1.1" 200 2669
117.184.7.26 - - [23/Mar/2020:11:07:36 +0800] "GET /xingrg/kc/print/load_data.html?order_code=212020032302299&kc_code=cgsh&condition= HTTP/1.1" 200 689
114.93.75.19 - - [23/Mar/2020:11:07:41 +0800] "GET /xingrg/all/function/internal_message.html?_=1584932861251&CODE_STATE=getMsg HTTP/1.1" 200 27
114.88.159.93 - - [23/Mar/2020:11:07:42 +0800] "GET /xingrg/check_reg.html?_=1584932584419 HTTP/1.1" 200 22
114.88.159.93 - - [23/Mar/2020:11:07:42 +0800] "GET /xingrg/all/function/internal_message.html?_=1584932584420&CODE_STATE=getMsg HTTP/1.1" 200 27
114.88.170.9 - - [23/Mar/2020:11:07:47 +0800] "GET /xingrg/all/function/internal_message.html?_=1584933166363&CODE_STATE=getMsg HTTP/1.1" 200 27
116.232.53.242 - - [23/Mar/2020:11:07:52 +0800] "GET /xingrg/all/function/internal_message.html?_=1584932872668&CODE_STATE=getMsg HTTP/1.1" 200 27
114.88.170.9 - - [23/Mar/2020:11:07:56 +0800] "GET /xingrg/check_reg.html?_=1584932876197 HTTP/1.1" 200 22
116.238.181.252 - - [23/Mar/2020:11:07:57 +0800] "GET /xingrg/check_reg.html?_=1584932877705 HTTP/1.1" 200 22
116.238.181.252 - - [23/Mar/2020:11:07:57 +0800] "GET /xingrg/all/function/internal_message.html?_=1584932877708&CODE_STATE=getMsg HTTP/1.1" 200 27
124.77.241.94 - - [23/Mar/2020:11:07:58 +0800] "GET /xingrg/check_reg.html?_=1584932909116 HTTP/1.1" 200 22
114.93.75.19 - - [23/Mar/2020:11:07:59 +0800] "GET /xingrg/all/function/internal_message.html?_=1584932879134&CODE_STATE=getMsg HTTP/1.1" 200 27
180.156.150.85 - - [23/Mar/2020:11:08:04 +0800] "GET /xingrg/check_reg.html?_=1584932884909 HTTP/1.1" 200 22
180.156.150.85 - - [23/Mar/2020:11:08:04 +0800] "GET /xingrg/all/function/internal_message.html?_=1584932884913&CODE_STATE=getMsg HTTP/1.1" 200 27
101.81.124.227 - - [23/Mar/2020:11:08:10 +0800] "GET /xingrg/all/function/internal_message.html?_=1584932889210&CODE_STATE=getMsg HTTP/1.1" 200 27
101.85.52.41 - - [23/Mar/2020:11:08:13 +0800] "GET /xingrg/all/function/internal_message.html?_=1584932533710&CODE_STATE=getMsg HTTP/1.1" 200 27
124.77.241.94 - - [23/Mar/2020:11:08:23 +0800] "GET /xingrg/all/function/internal_message.html?_=1584932933729&CODE_STATE=getMsg HTTP/1.1" 200 27
180.157.252.250 - - [23/Mar/2020:11:08:30 +0800] "GET /xingrg/all/function/internal_message.html?_=1584932910132&CODE_STATE=getMsg HTTP/1.1" 200 27
180.157.252.250 - - [23/Mar/2020:11:08:30 +0800] "GET /xingrg/check_reg.html?_=1584932910135 HTTP/1.1" 200 22
117.184.7.26 - - [23/Mar/2020:11:08:32 +0800] "GET /xingrg/all/function/internal_message.html?_=1584932909508&CODE_STATE=getMsg HTTP/1.1" 200 27
114.93.75.19 - - [23/Mar/2020:11:08:41 +0800] "GET /xingrg/all/function/internal_message.html?_=1584932921255&CODE_STATE=getMsg HTTP/1.1" 200 27
114.93.75.19 - - [23/Mar/2020:11:08:41 +0800] "GET /xingrg/check_reg.html?_=1584932921257 HTTP/1.1" 200 22
114.88.159.93 - - [23/Mar/2020:11:08:42 +0800] "GET /xingrg/all/function/internal_message.html?_=1584932644431&CODE_STATE=getMsg HTTP/1.1" 200 27
114.88.170.9 - - [23/Mar/2020:11:08:47 +0800] "GET /xingrg/all/function/internal_message.html?_=1584933226343&CODE_STATE=getMsg HTTP/1.1" 200 27
116.232.53.242 - - [23/Mar/2020:11:08:52 +0800] "GET /xingrg/check_reg.html?_=1584932932655 HTTP/1.1" 200 22
116.232.53.242 - - [23/Mar/2020:11:08:52 +0800] "GET /xingrg/all/function/internal_message.html?_=1584932932661&CODE_STATE=getMsg HTTP/1.1" 200 27
116.238.181.252 - - [23/Mar/2020:11:08:57 +0800] "GET /xingrg/all/function/internal_message.html?_=1584932937711&CODE_STATE=getMsg HTTP/1.1" 200 27
114.93.75.19 - - [23/Mar/2020:11:08:59 +0800] "GET /xingrg/all/function/internal_message.html?_=1584932939136&CODE_STATE=getMsg HTTP/1.1" 200 27
180.156.150.85 - - [23/Mar/2020:11:09:04 +0800] "GET /xingrg/all/function/internal_message.html?_=1584932944898&CODE_STATE=getMsg HTTP/1.1" 200 27
101.81.124.227 - - [23/Mar/2020:11:09:10 +0800] "GET /xingrg/all/function/internal_message.html?_=1584932949200&CODE_STATE=getMsg HTTP/1.1" 200 27
101.85.52.41 - - [23/Mar/2020:11:09:13 +0800] "GET /xingrg/all/function/internal_message.html?_=1584932593713&CODE_STATE=getMsg HTTP/1.1" 200 27
124.77.241.94 - - [23/Mar/2020:11:09:23 +0800] "GET /xingrg/all/function/internal_message.html?_=1584932993743&CODE_STATE=getMsg HTTP/1.1" 200 27
180.157.252.250 - - [23/Mar/2020:11:09:30 +0800] "GET /xingrg/all/function/internal_message.html?_=1584932970137&CODE_STATE=getMsg HTTP/1.1" 200 27
117.184.7.26 - - [23/Mar/2020:11:09:32 +0800] "GET /xingrg/all/function/internal_message.html?_=1584932969522&CODE_STATE=getMsg HTTP/1.1" 200 27
114.93.75.19 - - [23/Mar/2020:11:09:41 +0800] "GET /xingrg/all/function/internal_message.html?_=1584932981258&CODE_STATE=getMsg HTTP/1.1" 200 27
114.88.159.93 - - [23/Mar/2020:11:09:42 +0800] "GET /xingrg/all/function/internal_message.html?_=1584932704431&CODE_STATE=getMsg HTTP/1.1" 200 27
117.184.7.26 - - [23/Mar/2020:11:09:43 +0800] "POST /xingrg/kc/buy/cgsh_list_operate.html HTTP/1.1" 200 3107
114.88.170.9 - - [23/Mar/2020:11:09:47 +0800] "GET /xingrg/all/function/internal_message.html?_=1584933286346&CODE_STATE=getMsg HTTP/1.1" 200 27
116.232.53.242 - - [23/Mar/2020:11:09:52 +0800] "GET /xingrg/all/function/internal_message.html?_=1584932992663&CODE_STATE=getMsg HTTP/1.1" 200 27
116.238.181.252 - - [23/Mar/2020:11:09:57 +0800] "GET /xingrg/all/function/internal_message.html?_=1584932997713&CODE_STATE=getMsg HTTP/1.1" 200 27
114.93.75.19 - - [23/Mar/2020:11:09:59 +0800] "GET /xingrg/all/function/internal_message.html?_=1584932999136&CODE_STATE=getMsg HTTP/1.1" 200 27
114.93.75.19 - - [23/Mar/2020:11:09:59 +0800] "GET /xingrg/check_reg.html?_=1584932999139 HTTP/1.1" 200 22
180.156.150.85 - - [23/Mar/2020:11:10:04 +0800] "GET /xingrg/all/function/internal_message.html?_=1584933004899&CODE_STATE=getMsg HTTP/1.1" 200 27
117.184.7.26 - - [23/Mar/2020:11:10:08 +0800] "POST /xingrg/kc/buy/cgsh_list_operate.html HTTP/1.1" 200 4
117.184.7.26 - - [23/Mar/2020:11:10:09 +0800] "POST /xingrg/kc/buy/cgsh_list_operate.html HTTP/1.1" 200 876
101.81.124.227 - - [23/Mar/2020:11:10:10 +0800] "GET /xingrg/all/function/internal_message.html?_=1584933009203&CODE_STATE=getMsg HTTP/1.1" 200 27
101.85.52.41 - - [23/Mar/2020:11:10:13 +0800] "GET /xingrg/all/function/internal_message.html?_=1584932653713&CODE_STATE=getMsg HTTP/1.1" 200 27
124.77.241.94 - - [23/Mar/2020:11:10:23 +0800] "GET /xingrg/all/function/internal_message.html?_=1584933053862&CODE_STATE=getMsg HTTP/1.1" 200 27
180.157.252.250 - - [23/Mar/2020:11:10:30 +0800] "GET /xingrg/all/function/internal_message.html?_=1584933030143&CODE_STATE=getMsg HTTP/1.1" 200 27
117.184.7.26 - - [23/Mar/2020:11:10:32 +0800] "GET /xingrg/all/function/internal_message.html?_=1584933029520&CODE_STATE=getMsg HTTP/1.1" 200 27
114.93.75.19 - - [23/Mar/2020:11:10:41 +0800] "GET /xingrg/all/function/internal_message.html?_=1584933041261&CODE_STATE=getMsg HTTP/1.1" 200 27
114.88.159.93 - - [23/Mar/2020:11:10:42 +0800] "GET /xingrg/all/function/internal_message.html?_=1584932764426&CODE_STATE=getMsg HTTP/1.1" 200 27
114.88.170.9 - - [23/Mar/2020:11:10:47 +0800] "GET /xingrg/all/function/internal_message.html?_=1584933346314&CODE_STATE=getMsg HTTP/1.1" 200 27
114.88.170.9 - - [23/Mar/2020:11:10:47 +0800] "GET /xingrg/check_reg.html?_=1584933346719 HTTP/1.1" 200 22
116.232.53.242 - - [23/Mar/2020:11:10:52 +0800] "GET /xingrg/all/function/internal_message.html?_=1584933052667&CODE_STATE=getMsg HTTP/1.1" 200 27
116.238.181.252 - - [23/Mar/2020:11:10:57 +0800] "GET /xingrg/all/function/internal_message.html?_=1584933057715&CODE_STATE=getMsg HTTP/1.1" 200 27
114.93.75.19 - - [23/Mar/2020:11:10:59 +0800] "GET /xingrg/all/function/internal_message.html?_=1584933059139&CODE_STATE=getMsg HTTP/1.1" 200 27
180.156.150.85 - - [23/Mar/2020:11:11:04 +0800] "GET /xingrg/all/function/internal_message.html?_=1584933064900&CODE_STATE=getMsg HTTP/1.1" 200 27
101.81.124.227 - - [23/Mar/2020:11:11:10 +0800] "GET /xingrg/all/function/internal_message.html?_=1584933069195&CODE_STATE=getMsg HTTP/1.1" 200 27
101.85.52.41 - - [23/Mar/2020:11:11:13 +0800] "GET /xingrg/check_reg.html?_=1584932713712 HTTP/1.1" 200 22
101.85.52.41 - - [23/Mar/2020:11:11:13 +0800] "GET /xingrg/all/function/internal_message.html?_=1584932713717&CODE_STATE=getMsg HTTP/1.1" 200 27
124.77.241.94 - - [23/Mar/2020:11:11:23 +0800] "GET /xingrg/all/function/internal_message.html?_=1584933113863&CODE_STATE=getMsg HTTP/1.1" 200 27
117.184.7.26 - - [23/Mar/2020:11:11:32 +0800] "GET /xingrg/all/function/internal_message.html?_=1584933089520&CODE_STATE=getMsg HTTP/1.1" 200 27
117.184.7.30 - - [23/Mar/2020:11:11:32 +0800] "GET /xingrg/check_reg.html?_=1584933089522 HTTP/1.1" 200 22
124.77.241.94 - - [23/Mar/2020:11:11:33 +0800] "GET /xingrg/kc/buy/cgsh_order_list.html HTTP/1.1" 200 42040
124.77.241.94 - - [23/Mar/2020:11:11:33 +0800] "POST /xingrg/kc/buy/cgsh_list_operate.html HTTP/1.1" 200 876
124.77.241.94 - - [23/Mar/2020:11:11:35 +0800] "GET /xingrg/kc/buy/cgsh_order_add.html HTTP/1.1" 200 57648
124.77.241.94 - - [23/Mar/2020:11:11:35 +0800] "GET /xingrg/javascript/easyui/themes/icons/template_new.png HTTP/1.1" 304 -
124.77.241.94 - - [23/Mar/2020:11:11:35 +0800] "GET /xingrg/javascript/easyui/themes/icons/ok.png HTTP/1.1" 304 -
124.77.241.94 - - [23/Mar/2020:11:11:35 +0800] "POST /xingrg/kc/buy/cgsh_order_operate.html HTTP/1.1" 200 8245
124.77.241.94 - - [23/Mar/2020:11:11:35 +0800] "GET /xingrg/javascript/easyui/themes/default/validatebox.css HTTP/1.1" 404 1104
114.93.75.19 - - [23/Mar/2020:11:11:41 +0800] "GET /xingrg/all/function/internal_message.html?_=1584933101263&CODE_STATE=getMsg HTTP/1.1" 200 27
114.88.159.93 - - [23/Mar/2020:11:11:42 +0800] "GET /xingrg/all/function/internal_message.html?_=1584932824419&CODE_STATE=getMsg HTTP/1.1" 200 27
114.88.170.9 - - [23/Mar/2020:11:11:47 +0800] "GET /xingrg/all/function/internal_message.html?_=1584933406283&CODE_STATE=getMsg HTTP/1.1" 200 27
117.131.5.26 - - [23/Mar/2020:11:11:49 +0800] "GET /xingrg/check_reg.html?_=1584933119421 HTTP/1.1" 200 22
116.232.53.242 - - [23/Mar/2020:11:11:52 +0800] "GET /xingrg/all/function/internal_message.html?_=1584933112654&CODE_STATE=getMsg HTTP/1.1" 200 27
116.238.181.252 - - [23/Mar/2020:11:11:57 +0800] "GET /xingrg/all/function/internal_message.html?_=1584933117716&CODE_STATE=getMsg HTTP/1.1" 200 27
114.93.75.19 - - [23/Mar/2020:11:11:59 +0800] "GET /xingrg/all/function/internal_message.html?_=1584933119138&CODE_STATE=getMsg HTTP/1.1" 200 27
180.156.150.85 - - [23/Mar/2020:11:12:04 +0800] "GET /xingrg/all/function/internal_message.html?_=1584933124903&CODE_STATE=getMsg HTTP/1.1" 200 27
101.81.124.227 - - [23/Mar/2020:11:12:10 +0800] "GET /xingrg/all/function/internal_message.html?_=1584933129190&CODE_STATE=getMsg HTTP/1.1" 200 27
101.81.124.227 - - [23/Mar/2020:11:12:11 +0800] "GET /xingrg/check_reg.html?_=1584933130164 HTTP/1.1" 200 22
124.77.241.94 - - [23/Mar/2020:11:12:12 +0800] "GET /xingrg/kc/buy/cgsh_order_operate.html?command=get_materiel&rest_code=00146&code=00102002055&supplier_code=00100151&order_time=2020-03-23 HTTP/1.1" 200 416
101.85.52.41 - - [23/Mar/2020:11:12:13 +0800] "GET /xingrg/all/function/internal_message.html?_=1584932773716&CODE_STATE=getMsg HTTP/1.1" 200 27
124.77.241.94 - - [23/Mar/2020:11:12:23 +0800] "GET /xingrg/all/function/internal_message.html?_=1584933173939&CODE_STATE=getMsg HTTP/1.1" 200 27
117.184.7.30 - - [23/Mar/2020:11:12:32 +0800] "GET /xingrg/all/function/internal_message.html?_=1584933149522&CODE_STATE=getMsg HTTP/1.1" 200 27
124.77.241.94 - - [23/Mar/2020:11:12:37 +0800] "POST /xingrg/kc/buy/cgsh_order_operate.html HTTP/1.1" 200 37
124.77.241.94 - - [23/Mar/2020:11:12:39 +0800] "POST /xingrg/kc/buy/cgsh_order_operate.html HTTP/1.1" 200 12
124.77.241.94 - - [23/Mar/2020:11:12:40 +0800] "GET /xingrg/kc/buy/cgsh_order_info.html?code=212020032302300 HTTP/1.1" 200 52543
124.77.241.94 - - [23/Mar/2020:11:12:41 +0800] "GET /xingrg/javascript/easyui/themes/default/validatebox.css HTTP/1.1" 404 1104
114.93.75.19 - - [23/Mar/2020:11:12:41 +0800] "GET /xingrg/all/function/internal_message.html?_=1584933161251&CODE_STATE=getMsg HTTP/1.1" 200 27
124.77.241.94 - - [23/Mar/2020:11:12:41 +0800] "POST /xingrg/kc/buy/cgsh_order_operate.html HTTP/1.1" 200 610
114.88.159.93 - - [23/Mar/2020:11:12:42 +0800] "GET /xingrg/all/function/internal_message.html?_=1584932884433&CODE_STATE=getMsg HTTP/1.1" 200 27
114.88.159.93 - - [23/Mar/2020:11:12:42 +0800] "GET /xingrg/check_reg.html?_=1584932884432 HTTP/1.1" 200 22
124.77.241.94 - - [23/Mar/2020:11:12:46 +0800] "GET /xingrg/kc/print/load_data.html?order_code=212020032302300&kc_code=cgsh&condition= HTTP/1.1" 200 683
114.88.170.9 - - [23/Mar/2020:11:12:47 +0800] "GET /xingrg/all/function/internal_message.html?_=1584933466251&CODE_STATE=getMsg HTTP/1.1" 200 27
116.232.53.242 - - [23/Mar/2020:11:12:52 +0800] "GET /xingrg/all/function/internal_message.html?_=1584933172656&CODE_STATE=getMsg HTTP/1.1" 200 27
114.88.170.9 - - [23/Mar/2020:11:12:56 +0800] "GET /xingrg/check_reg.html?_=1584933176202 HTTP/1.1" 200 22
116.238.181.252 - - [23/Mar/2020:11:12:57 +0800] "GET /xingrg/check_reg.html?_=1584933177717 HTTP/1.1" 200 22
116.238.181.252 - - [23/Mar/2020:11:12:57 +0800] "GET /xingrg/all/function/internal_message.html?_=1584933177720&CODE_STATE=getMsg HTTP/1.1" 200 27
124.77.241.94 - - [23/Mar/2020:11:12:58 +0800] "GET /xingrg/check_reg.html?_=1584933209119 HTTP/1.1" 200 22
114.93.75.19 - - [23/Mar/2020:11:12:59 +0800] "GET /xingrg/all/function/internal_message.html?_=1584933179138&CODE_STATE=getMsg HTTP/1.1" 200 27
180.156.150.85 - - [23/Mar/2020:11:13:04 +0800] "GET /xingrg/all/function/internal_message.html?_=1584933184904&CODE_STATE=getMsg HTTP/1.1" 200 27
180.156.150.85 - - [23/Mar/2020:11:13:04 +0800] "GET /xingrg/check_reg.html?_=1584933184909 HTTP/1.1" 200 22
124.77.241.94 - - [23/Mar/2020:11:13:06 +0800] "GET /xingrg/kc/buy/cgsh_order_add.html HTTP/1.1" 200 57648
124.77.241.94 - - [23/Mar/2020:11:13:07 +0800] "POST /xingrg/kc/buy/cgsh_order_operate.html HTTP/1.1" 200 8245
124.77.241.94 - - [23/Mar/2020:11:13:07 +0800] "GET /xingrg/javascript/easyui/themes/default/validatebox.css HTTP/1.1" 404 1104
101.81.124.227 - - [23/Mar/2020:11:13:10 +0800] "GET /xingrg/all/function/internal_message.html?_=1584933189173&CODE_STATE=getMsg HTTP/1.1" 200 27
101.85.52.41 - - [23/Mar/2020:11:13:13 +0800] "GET /xingrg/all/function/internal_message.html?_=1584932833716&CODE_STATE=getMsg HTTP/1.1" 200 27
124.77.241.94 - - [23/Mar/2020:11:13:23 +0800] "GET /xingrg/all/function/internal_message.html?_=1584933233953&CODE_STATE=getMsg HTTP/1.1" 200 27
117.184.7.30 - - [23/Mar/2020:11:13:32 +0800] "GET /xingrg/all/function/internal_message.html?_=1584933209522&CODE_STATE=getMsg HTTP/1.1" 200 27
114.93.75.19 - - [23/Mar/2020:11:13:41 +0800] "GET /xingrg/all/function/internal_message.html?_=1584933221253&CODE_STATE=getMsg HTTP/1.1" 200 27
114.93.75.19 - - [23/Mar/2020:11:13:41 +0800] "GET /xingrg/check_reg.html?_=1584933221253 HTTP/1.1" 200 22
114.88.159.93 - - [23/Mar/2020:11:13:42 +0800] "GET /xingrg/all/function/internal_message.html?_=1584932944427&CODE_STATE=getMsg HTTP/1.1" 200 27
114.88.170.9 - - [23/Mar/2020:11:13:47 +0800] "GET /xingrg/all/function/internal_message.html?_=1584933526230&CODE_STATE=getMsg HTTP/1.1" 200 27
124.77.241.94 - - [23/Mar/2020:11:13:50 +0800] "GET /xingrg/kc/buy/cgsh_order_operate.html?command=get_materiel&rest_code=00146&code=00102022006&supplier_code=00100151&order_time=2020-03-23 HTTP/1.1" 200 412
116.232.53.242 - - [23/Mar/2020:11:13:52 +0800] "GET /xingrg/check_reg.html?_=1584933232657 HTTP/1.1" 200 22
116.232.53.242 - - [23/Mar/2020:11:13:52 +0800] "GET /xingrg/all/function/internal_message.html?_=1584933232658&CODE_STATE=getMsg HTTP/1.1" 200 27
116.238.181.252 - - [23/Mar/2020:11:13:57 +0800] "GET /xingrg/all/function/internal_message.html?_=1584933237721&CODE_STATE=getMsg HTTP/1.1" 200 27
114.93.75.19 - - [23/Mar/2020:11:13:59 +0800] "GET /xingrg/all/function/internal_message.html?_=1584933239138&CODE_STATE=getMsg HTTP/1.1" 200 27
180.156.150.85 - - [23/Mar/2020:11:14:04 +0800] "GET /xingrg/all/function/internal_message.html?_=1584933244909&CODE_STATE=getMsg HTTP/1.1" 200 27
101.81.124.227 - - [23/Mar/2020:11:14:10 +0800] "GET /xingrg/all/function/internal_message.html?_=1584933249162&CODE_STATE=getMsg HTTP/1.1" 200 27
101.85.52.41 - - [23/Mar/2020:11:14:13 +0800] "GET /xingrg/all/function/internal_message.html?_=1584932893713&CODE_STATE=getMsg HTTP/1.1" 200 27
124.77.241.94 - - [23/Mar/2020:11:14:23 +0800] "GET /xingrg/all/function/internal_message.html?_=1584933293966&CODE_STATE=getMsg HTTP/1.1" 200 27
124.77.241.94 - - [23/Mar/2020:11:14:28 +0800] "POST /xingrg/kc/buy/cgsh_order_operate.html HTTP/1.1" 200 37
124.77.241.94 - - [23/Mar/2020:11:14:30 +0800] "POST /xingrg/kc/buy/cgsh_order_operate.html HTTP/1.1" 200 12
124.77.241.94 - - [23/Mar/2020:11:14:31 +0800] "GET /xingrg/kc/buy/cgsh_order_info.html?code=212020032302301 HTTP/1.1" 200 52543
124.77.241.94 - - [23/Mar/2020:11:14:32 +0800] "GET /xingrg/javascript/easyui/themes/default/validatebox.css HTTP/1.1" 404 1104
117.184.7.30 - - [23/Mar/2020:11:14:32 +0800] "GET /xingrg/all/function/internal_message.html?_=1584933269522&CODE_STATE=getMsg HTTP/1.1" 200 27
124.77.241.94 - - [23/Mar/2020:11:14:32 +0800] "POST /xingrg/kc/buy/cgsh_order_operate.html HTTP/1.1" 200 615
124.77.241.94 - - [23/Mar/2020:11:14:34 +0800] "GET /xingrg/kc/print/load_data.html?order_code=212020032302301&kc_code=cgsh&condition= HTTP/1.1" 200 692
114.93.75.19 - - [23/Mar/2020:11:14:41 +0800] "GET /xingrg/all/function/internal_message.html?_=1584933281256&CODE_STATE=getMsg HTTP/1.1" 200 27
114.88.159.93 - - [23/Mar/2020:11:14:42 +0800] "GET /xingrg/all/function/internal_message.html?_=1584933004420&CODE_STATE=getMsg HTTP/1.1" 200 27
114.88.170.9 - - [23/Mar/2020:11:14:47 +0800] "GET /xingrg/all/function/internal_message.html?_=1584933586205&CODE_STATE=getMsg HTTP/1.1" 200 27
116.232.53.242 - - [23/Mar/2020:11:14:52 +0800] "GET /xingrg/all/function/internal_message.html?_=1584933292657&CODE_STATE=getMsg HTTP/1.1" 200 27
116.238.181.252 - - [23/Mar/2020:11:14:57 +0800] "GET /xingrg/all/function/internal_message.html?_=1584933297707&CODE_STATE=getMsg HTTP/1.1" 200 27
114.93.75.19 - - [23/Mar/2020:11:14:59 +0800] "GET /xingrg/all/function/internal_message.html?_=1584933299138&CODE_STATE=getMsg HTTP/1.1" 200 27
114.93.75.19 - - [23/Mar/2020:11:14:59 +0800] "GET /xingrg/check_reg.html?_=1584933299140 HTTP/1.1" 200 22
180.156.150.85 - - [23/Mar/2020:11:15:04 +0800] "GET /xingrg/all/function/internal_message.html?_=1584933304910&CODE_STATE=getMsg HTTP/1.1" 200 27
101.81.124.227 - - [23/Mar/2020:11:15:10 +0800] "GET /xingrg/all/function/internal_message.html?_=1584933309151&CODE_STATE=getMsg HTTP/1.1" 200 27
101.85.52.41 - - [23/Mar/2020:11:15:13 +0800] "GET /xingrg/all/function/internal_message.html?_=1584932953716&CODE_STATE=getMsg HTTP/1.1" 200 27
124.77.241.94 - - [23/Mar/2020:11:15:23 +0800] "GET /xingrg/all/function/internal_message.html?_=1584933353982&CODE_STATE=getMsg HTTP/1.1" 200 27
117.184.7.30 - - [23/Mar/2020:11:15:32 +0800] "GET /xingrg/all/function/internal_message.html?_=1584933329528&CODE_STATE=getMsg HTTP/1.1" 200 27
114.93.75.19 - - [23/Mar/2020:11:15:41 +0800] "GET /xingrg/all/function/internal_message.html?_=1584933341259&CODE_STATE=getMsg HTTP/1.1" 200 27
114.88.159.93 - - [23/Mar/2020:11:15:42 +0800] "GET /xingrg/all/function/internal_message.html?_=1584933064446&CODE_STATE=getMsg HTTP/1.1" 200 27
114.88.170.9 - - [23/Mar/2020:11:15:47 +0800] "GET /xingrg/check_reg.html?_=1584933646695 HTTP/1.1" 200 22
114.88.170.9 - - [23/Mar/2020:11:15:50 +0800] "GET /xingrg/all/function/internal_message.html?_=1584933646185&CODE_STATE=getMsg HTTP/1.1" 200 27
116.232.53.242 - - [23/Mar/2020:11:15:52 +0800] "GET /xingrg/all/function/internal_message.html?_=1584933352675&CODE_STATE=getMsg HTTP/1.1" 200 27
116.238.181.252 - - [23/Mar/2020:11:15:57 +0800] "GET /xingrg/all/function/internal_message.html?_=1584933357708&CODE_STATE=getMsg HTTP/1.1" 200 27
114.93.75.19 - - [23/Mar/2020:11:15:59 +0800] "GET /xingrg/all/function/internal_message.html?_=1584933359144&CODE_STATE=getMsg HTTP/1.1" 200 27
180.156.150.85 - - [23/Mar/2020:11:16:04 +0800] "GET /xingrg/all/function/internal_message.html?_=1584933364898&CODE_STATE=getMsg HTTP/1.1" 200 27
101.85.195.69 - - [23/Mar/2020:11:16:06 +0800] "GET /favicon.ico HTTP/1.1" 404 -
101.85.195.69 - - [23/Mar/2020:11:16:07 +0800] "GET /xingrg/login.html HTTP/1.1" 200 7639
101.85.195.69 - - [23/Mar/2020:11:16:07 +0800] "GET /favicon.ico HTTP/1.1" 404 -
101.85.195.69 - - [23/Mar/2020:11:16:08 +0800] "POST /xingrg/login.do HTTP/1.1" 302 -
101.85.195.69 - - [23/Mar/2020:11:16:08 +0800] "GET /xingrg/index.html?sysBaseUrl=http%3A%2F%2F117.131.15.22%3A18081%2Fxingrg%2F&costTime=35×tamp=1584933368665 HTTP/1.1" 200 17151
101.85.195.69 - - [23/Mar/2020:11:16:08 +0800] "GET /xingrg/javascript/jquery_easy_ui/themes/default/easyui.css HTTP/1.1" 304 -
101.85.195.69 - - [23/Mar/2020:11:16:08 +0800] "GET /xingrg/javascript/jquery_easy_ui/themes/icon.css HTTP/1.1" 304 -
101.85.195.69 - - [23/Mar/2020:11:16:08 +0800] "GET /xingrg/javascript/jquery.timers.js HTTP/1.1" 304 -
101.85.195.69 - - [23/Mar/2020:11:16:08 +0800] "GET /xingrg/css/form.css HTTP/1.1" 304 -
101.85.195.69 - - [23/Mar/2020:11:16:08 +0800] "GET /xingrg/javascript/jquery_easy_ui/jquery.easyui.min.js HTTP/1.1" 304 -
101.85.195.69 - - [23/Mar/2020:11:16:08 +0800] "GET /xingrg/javascript/jquery.form.js HTTP/1.1" 304 -
101.85.195.69 - - [23/Mar/2020:11:16:08 +0800] "GET /xingrg/javascript/jquery-1.4.2.min.js HTTP/1.1" 304 -
101.85.195.69 - - [23/Mar/2020:11:16:08 +0800] "GET /xingrg/javascript/jquery.utils.js HTTP/1.1" 304 -
101.85.195.69 - - [23/Mar/2020:11:16:08 +0800] "GET /xingrg/javascript/jquery_easy_ui/easyui-lang-zh_CN.js HTTP/1.1" 304 -
101.85.195.69 - - [23/Mar/2020:11:16:08 +0800] "GET /favicon.ico HTTP/1.1" 404 -
101.85.195.69 - - [23/Mar/2020:11:16:08 +0800] "POST /xingrg/all/common/load_tree.html?tree=area_rest_tree_json&manage=1 HTTP/1.1" 200 342
101.85.195.69 - - [23/Mar/2020:11:16:09 +0800] "GET /xingrg/all/function/internal_message.html?_=1584933369146&CODE_STATE=count HTTP/1.1" 200 11
101.85.195.69 - - [23/Mar/2020:11:16:09 +0800] "GET /xingrg/check_reg.html?_=1584933369147 HTTP/1.1" 200 22
101.85.195.69 - - [23/Mar/2020:11:16:09 +0800] "POST /xingrg/load_menu.html HTTP/1.1" 200 5124
101.81.124.227 - - [23/Mar/2020:11:16:10 +0800] "GET /xingrg/all/function/internal_message.html?_=1584933369138&CODE_STATE=getMsg HTTP/1.1" 200 27
101.85.195.69 - - [23/Mar/2020:11:16:11 +0800] "GET /xingrg/css/base.css HTTP/1.1" 304 -
101.85.195.69 - - [23/Mar/2020:11:16:11 +0800] "GET /xingrg/css/site.css HTTP/1.1" 304 -
101.85.195.69 - - [23/Mar/2020:11:16:11 +0800] "GET /xingrg/javascript/jquery_tools/datebox.css HTTP/1.1" 304 -
101.85.195.69 - - [23/Mar/2020:11:16:11 +0800] "GET /xingrg/javascript/easyui/themes/icon.css HTTP/1.1" 304 -
101.85.195.69 - - [23/Mar/2020:11:16:11 +0800] "GET /xingrg/javascript/easyui/themes/default/easyui.css HTTP/1.1" 304 -
101.85.195.69 - - [23/Mar/2020:11:16:11 +0800] "GET /xingrg/javascript/auto/jquery.autocomplete.css HTTP/1.1" 304 -
101.85.195.69 - - [23/Mar/2020:11:16:11 +0800] "GET /xingrg/javascript/jquery_tools/fix.css HTTP/1.1" 304 -
101.85.195.69 - - [23/Mar/2020:11:16:11 +0800] "GET /xingrg/javascript/jquery_tools/jquery.tools.extend.js HTTP/1.1" 304 -
101.85.195.69 - - [23/Mar/2020:11:16:11 +0800] "GET /xingrg/javascript/jquery_tools/jquery.tools.min.js HTTP/1.1" 304 -
