124.77.241.94 - - [20/Mar/2020:09:45:45 +0800] "GET /xingrg/all/function/internal_message.html?_=1584668760039&CODE_STATE=getMsg HTTP/1.1" 200 27
222.69.136.177 - - [20/Mar/2020:09:45:46 +0800] "GET /xingrg/all/function/internal_message.html?_=1584668742554&CODE_STATE=getMsg HTTP/1.1" 200 27
183.232.44.36 - - [20/Mar/2020:09:46:02 +0800] "GET /xingrg/all/function/internal_message.html?_=1584668740186&CODE_STATE=getMsg HTTP/1.1" 200 27
58.40.7.146 - - [20/Mar/2020:09:46:06 +0800] "GET /xingrg/all/function/internal_message.html?_=1584668763077&CODE_STATE=getMsg HTTP/1.1" 200 27
117.131.5.26 - - [20/Mar/2020:09:46:09 +0800] "GET /xingrg/all/function/internal_message.html?_=1584669008106&CODE_STATE=getMsg HTTP/1.1" 200 27
114.93.75.19 - - [20/Mar/2020:09:46:14 +0800] "GET /xingrg/all/function/internal_message.html?_=1584668772448&CODE_STATE=getMsg HTTP/1.1" 200 27
114.93.75.19 - - [20/Mar/2020:09:46:14 +0800] "GET /xingrg/check_reg.html?_=1584668772451 HTTP/1.1" 200 22
116.238.181.252 - - [20/Mar/2020:09:46:16 +0800] "GET /xingrg/all/function/internal_message.html?_=1584668776482&CODE_STATE=getMsg HTTP/1.1" 200 27
114.93.75.19 - - [20/Mar/2020:09:46:22 +0800] "GET /xingrg/all/function/internal_message.html?_=1584668778396&CODE_STATE=getMsg HTTP/1.1" 200 27
101.81.124.227 - - [20/Mar/2020:09:46:24 +0800] "GET /xingrg/all/function/internal_message.html?_=1584668777255&CODE_STATE=getMsg HTTP/1.1" 200 27
120.253.135.82 - - [20/Mar/2020:09:46:27 +0800] "GET /xingrg/all/function/internal_message.html?_=1584668917813&CODE_STATE=getMsg HTTP/1.1" 200 27
111.13.93.86 - - [20/Mar/2020:09:46:31 +0800] "GET /xingrg/login.html HTTP/1.1" 200 2139
111.13.93.86 - - [20/Mar/2020:09:46:32 +0800] "GET /xingrg/javascript/mobile/jquery.mobile-1.3.2.min.css HTTP/1.1" 200 94670
111.13.93.86 - - [20/Mar/2020:09:46:32 +0800] "GET /xingrg/javascript/mobile/jquery-1.8.3.min.js HTTP/1.1" 200 93637
111.13.93.86 - - [20/Mar/2020:09:46:32 +0800] "GET /xingrg/javascript/mobile/jquery.mobile-1.3.2.min.js HTTP/1.1" 200 145396
111.13.93.108 - - [20/Mar/2020:09:46:32 +0800] "GET /xingrg/javascript/mobile/images/ajax-loader.gif HTTP/1.1" 200 7825
114.93.75.19 - - [20/Mar/2020:09:46:32 +0800] "GET /favicon.ico HTTP/1.1" 404 -
180.156.150.85 - - [20/Mar/2020:09:46:34 +0800] "GET /xingrg/all/function/internal_message.html?_=1584668792886&CODE_STATE=getMsg HTTP/1.1" 200 27
120.253.135.82 - - [20/Mar/2020:09:46:36 +0800] "GET /xingrg/all/function/internal_message.html?_=1584668537415&CODE_STATE=getMsg HTTP/1.1" 200 27
114.93.75.19 - - [20/Mar/2020:09:46:40 +0800] "GET /xingrg/all/function/internal_message.html?_=1584668794035&CODE_STATE=getMsg HTTP/1.1" 200 27
124.77.241.94 - - [20/Mar/2020:09:46:45 +0800] "GET /xingrg/all/function/internal_message.html?_=1584668820044&CODE_STATE=getMsg HTTP/1.1" 200 27
222.69.136.177 - - [20/Mar/2020:09:46:46 +0800] "GET /xingrg/all/function/internal_message.html?_=1584668802559&CODE_STATE=getMsg HTTP/1.1" 200 27
117.131.5.26 - - [20/Mar/2020:09:46:52 +0800] "GET /xingrg/javascript/jquery_easy_ui/themes/default/images/tabs_active.png HTTP/1.1" 304 -
117.131.5.26 - - [20/Mar/2020:09:46:52 +0800] "GET /xingrg/javascript/jquery_easy_ui/themes/default/images/tabs_active.png HTTP/1.1" 304 -
117.131.5.26 - - [20/Mar/2020:09:46:53 +0800] "GET /xingrg/javascript/jquery_easy_ui/themes/default/images/tabs_active.png HTTP/1.1" 304 -
183.232.44.36 - - [20/Mar/2020:09:47:02 +0800] "GET /xingrg/all/function/internal_message.html?_=1584668800186&CODE_STATE=getMsg HTTP/1.1" 200 27
58.40.7.146 - - [20/Mar/2020:09:47:06 +0800] "GET /xingrg/all/function/internal_message.html?_=1584668823082&CODE_STATE=getMsg HTTP/1.1" 200 27
117.131.5.26 - - [20/Mar/2020:09:47:09 +0800] "GET /xingrg/check_reg.html?_=1584669067976 HTTP/1.1" 200 22
117.131.5.26 - - [20/Mar/2020:09:47:09 +0800] "GET /xingrg/all/function/internal_message.html?_=1584669068120&CODE_STATE=getMsg HTTP/1.1" 200 27
114.93.75.19 - - [20/Mar/2020:09:47:14 +0800] "GET /xingrg/all/function/internal_message.html?_=1584668832437&CODE_STATE=getMsg HTTP/1.1" 200 27
116.238.181.252 - - [20/Mar/2020:09:47:16 +0800] "GET /xingrg/all/function/internal_message.html?_=1584668836481&CODE_STATE=getMsg HTTP/1.1" 200 27
58.221.95.50 - - [20/Mar/2020:09:47:18 +0800] "GET /xingrg/check_reg.html?_=1584669184279 HTTP/1.1" 200 22
114.93.75.19 - - [20/Mar/2020:09:47:22 +0800] "GET /xingrg/check_reg.html?_=1584668838398 HTTP/1.1" 200 22
114.93.75.19 - - [20/Mar/2020:09:47:22 +0800] "GET /xingrg/all/function/internal_message.html?_=1584668838399&CODE_STATE=getMsg HTTP/1.1" 200 27
101.81.124.227 - - [20/Mar/2020:09:47:24 +0800] "GET /xingrg/all/function/internal_message.html?_=1584668837264&CODE_STATE=getMsg HTTP/1.1" 200 27
120.253.135.82 - - [20/Mar/2020:09:47:27 +0800] "GET /xingrg/all/function/internal_message.html?_=1584668977838&CODE_STATE=getMsg HTTP/1.1" 200 27
180.156.150.85 - - [20/Mar/2020:09:47:34 +0800] "GET /xingrg/all/function/internal_message.html?_=1584668852894&CODE_STATE=getMsg HTTP/1.1" 200 27
120.253.135.82 - - [20/Mar/2020:09:47:36 +0800] "GET /xingrg/all/function/internal_message.html?_=1584668597419&CODE_STATE=getMsg HTTP/1.1" 200 27
180.157.252.250 - - [20/Mar/2020:09:47:36 +0800] "GET /xingrg/check_reg.html?_=1584668845064 HTTP/1.1" 302 -
114.93.75.19 - - [20/Mar/2020:09:47:40 +0800] "GET /xingrg/all/function/internal_message.html?_=1584668854033&CODE_STATE=getMsg HTTP/1.1" 200 27
124.77.241.94 - - [20/Mar/2020:09:47:46 +0800] "GET /xingrg/all/function/internal_message.html?_=1584668880286&CODE_STATE=getMsg HTTP/1.1" 200 27
222.69.136.177 - - [20/Mar/2020:09:47:46 +0800] "GET /xingrg/all/function/internal_message.html?_=1584668862571&CODE_STATE=getMsg HTTP/1.1" 200 27
222.69.136.177 - - [20/Mar/2020:09:47:46 +0800] "GET /xingrg/check_reg.html?_=1584668862575 HTTP/1.1" 200 22
124.77.241.94 - - [20/Mar/2020:09:47:54 +0800] "GET /xingrg/check_reg.html?_=1584668889166 HTTP/1.1" 200 22
183.232.44.36 - - [20/Mar/2020:09:48:02 +0800] "GET /xingrg/all/function/internal_message.html?_=1584668860195&CODE_STATE=getMsg HTTP/1.1" 200 27
58.40.7.146 - - [20/Mar/2020:09:48:06 +0800] "GET /xingrg/all/function/internal_message.html?_=1584668883085&CODE_STATE=getMsg HTTP/1.1" 200 27
117.131.5.26 - - [20/Mar/2020:09:48:09 +0800] "GET /xingrg/all/function/internal_message.html?_=1584669128146&CODE_STATE=getMsg HTTP/1.1" 200 27
114.93.75.19 - - [20/Mar/2020:09:48:14 +0800] "GET /xingrg/all/function/internal_message.html?_=1584668892442&CODE_STATE=getMsg HTTP/1.1" 200 27
116.238.181.252 - - [20/Mar/2020:09:48:16 +0800] "GET /xingrg/check_reg.html?_=1584668896477 HTTP/1.1" 200 22
116.238.181.252 - - [20/Mar/2020:09:48:16 +0800] "GET /xingrg/all/function/internal_message.html?_=1584668896480&CODE_STATE=getMsg HTTP/1.1" 200 27
114.93.75.19 - - [20/Mar/2020:09:48:22 +0800] "GET /xingrg/all/function/internal_message.html?_=1584668898385&CODE_STATE=getMsg HTTP/1.1" 200 27
101.81.124.227 - - [20/Mar/2020:09:48:24 +0800] "GET /xingrg/all/function/internal_message.html?_=1584668897249&CODE_STATE=getMsg HTTP/1.1" 200 27
120.253.135.82 - - [20/Mar/2020:09:48:27 +0800] "GET /xingrg/all/function/internal_message.html?_=1584669037839&CODE_STATE=getMsg HTTP/1.1" 200 27
101.81.124.227 - - [20/Mar/2020:09:48:32 +0800] "GET /xingrg/kc/buy/cgsh_order_add.html HTTP/1.1" 200 58094
101.81.124.227 - - [20/Mar/2020:09:48:33 +0800] "POST /xingrg/kc/buy/cgsh_order_operate.html HTTP/1.1" 200 8245
101.81.124.227 - - [20/Mar/2020:09:48:33 +0800] "GET /xingrg/javascript/easyui/themes/default/validatebox.css HTTP/1.1" 404 1104
180.156.150.85 - - [20/Mar/2020:09:48:34 +0800] "GET /xingrg/check_reg.html?_=1584668912899 HTTP/1.1" 200 22
180.156.150.85 - - [20/Mar/2020:09:48:34 +0800] "GET /xingrg/all/function/internal_message.html?_=1584668912902&CODE_STATE=getMsg HTTP/1.1" 200 27
120.253.135.82 - - [20/Mar/2020:09:48:35 +0800] "GET /xingrg/check_reg.html?_=1584668656516 HTTP/1.1" 200 22
120.253.135.82 - - [20/Mar/2020:09:48:36 +0800] "GET /xingrg/all/function/internal_message.html?_=1584668657432&CODE_STATE=getMsg HTTP/1.1" 200 27
114.93.75.19 - - [20/Mar/2020:09:48:40 +0800] "GET /xingrg/all/function/internal_message.html?_=1584668914048&CODE_STATE=getMsg HTTP/1.1" 200 27
101.81.124.227 - - [20/Mar/2020:09:48:45 +0800] "GET /xingrg/javascript/easyui/themes/default/tree.css HTTP/1.1" 404 1090
124.77.241.94 - - [20/Mar/2020:09:48:46 +0800] "GET /xingrg/all/function/internal_message.html?_=1584668940288&CODE_STATE=getMsg HTTP/1.1" 200 27
101.81.124.227 - - [20/Mar/2020:09:48:46 +0800] "POST /xingrg/all/common/load_tree.html?tree=supplier_tree_json&isDelete=1 HTTP/1.1" 200 46535
222.69.136.177 - - [20/Mar/2020:09:48:46 +0800] "GET /xingrg/all/function/internal_message.html?_=1584668922574&CODE_STATE=getMsg HTTP/1.1" 200 27
183.232.44.36 - - [20/Mar/2020:09:49:02 +0800] "GET /xingrg/all/function/internal_message.html?_=1584668920210&CODE_STATE=getMsg HTTP/1.1" 200 27
58.40.7.146 - - [20/Mar/2020:09:49:06 +0800] "GET /xingrg/all/function/internal_message.html?_=1584668943072&CODE_STATE=getMsg HTTP/1.1" 200 27
58.40.7.146 - - [20/Mar/2020:09:49:06 +0800] "GET /xingrg/check_reg.html?_=1584668943074 HTTP/1.1" 200 22
117.131.5.26 - - [20/Mar/2020:09:49:09 +0800] "GET /xingrg/all/function/internal_message.html?_=1584669188160&CODE_STATE=getMsg HTTP/1.1" 200 27
114.93.75.19 - - [20/Mar/2020:09:49:14 +0800] "GET /xingrg/all/function/internal_message.html?_=1584668952446&CODE_STATE=getMsg HTTP/1.1" 200 27
116.238.181.252 - - [20/Mar/2020:09:49:16 +0800] "GET /xingrg/all/function/internal_message.html?_=1584668956490&CODE_STATE=getMsg HTTP/1.1" 200 27
114.93.75.19 - - [20/Mar/2020:09:49:22 +0800] "GET /xingrg/all/function/internal_message.html?_=1584668958387&CODE_STATE=getMsg HTTP/1.1" 200 27
101.81.124.227 - - [20/Mar/2020:09:49:24 +0800] "GET /xingrg/all/function/internal_message.html?_=1584668957262&CODE_STATE=getMsg HTTP/1.1" 200 27
120.253.135.82 - - [20/Mar/2020:09:49:26 +0800] "GET /xingrg/check_reg.html?_=1584669097118 HTTP/1.1" 200 22
120.253.135.82 - - [20/Mar/2020:09:49:27 +0800] "GET /xingrg/all/function/internal_message.html?_=1584669097852&CODE_STATE=getMsg HTTP/1.1" 200 27
180.156.150.85 - - [20/Mar/2020:09:49:34 +0800] "GET /xingrg/all/function/internal_message.html?_=1584668972919&CODE_STATE=getMsg HTTP/1.1" 200 27
120.253.135.82 - - [20/Mar/2020:09:49:36 +0800] "GET /xingrg/all/function/internal_message.html?_=1584668717446&CODE_STATE=getMsg HTTP/1.1" 200 27
101.81.124.227 - - [20/Mar/2020:09:49:37 +0800] "GET /xingrg/kc/buy/cgsh_order_operate.html?command=get_materiel&rest_code=00107&code=00101001017&supplier_code=00100314&order_time=2020-03-20 HTTP/1.1" 200 416
114.93.75.19 - - [20/Mar/2020:09:49:40 +0800] "GET /xingrg/all/function/internal_message.html?_=1584668974046&CODE_STATE=getMsg HTTP/1.1" 200 27
114.93.75.19 - - [20/Mar/2020:09:49:40 +0800] "GET /xingrg/check_reg.html?_=1584668974050 HTTP/1.1" 200 22
124.77.241.94 - - [20/Mar/2020:09:49:46 +0800] "GET /xingrg/all/function/internal_message.html?_=1584669000303&CODE_STATE=getMsg HTTP/1.1" 200 27
222.69.136.177 - - [20/Mar/2020:09:49:46 +0800] "GET /xingrg/all/function/internal_message.html?_=1584668982562&CODE_STATE=getMsg HTTP/1.1" 200 27
101.81.124.227 - - [20/Mar/2020:09:49:48 +0800] "GET /xingrg/kc/buy/cgsh_order_operate.html?command=get_materiel&rest_code=00107&code=00101001174&supplier_code=00100314&order_time=2020-03-20 HTTP/1.1" 200 414
183.232.44.36 - - [20/Mar/2020:09:50:02 +0800] "GET /xingrg/check_reg.html?_=1584668980195 HTTP/1.1" 200 22
183.232.44.36 - - [20/Mar/2020:09:50:02 +0800] "GET /xingrg/all/function/internal_message.html?_=1584668980197&CODE_STATE=getMsg HTTP/1.1" 200 27
58.40.7.146 - - [20/Mar/2020:09:50:06 +0800] "GET /xingrg/all/function/internal_message.html?_=1584669003076&CODE_STATE=getMsg HTTP/1.1" 200 27
117.131.5.26 - - [20/Mar/2020:09:50:09 +0800] "GET /xingrg/all/function/internal_message.html?_=1584669248191&CODE_STATE=getMsg HTTP/1.1" 200 27
101.81.124.227 - - [20/Mar/2020:09:50:11 +0800] "GET /xingrg/kc/buy/cgsh_order_operate.html?command=get_materiel&rest_code=00107&code=00101001029&supplier_code=00100314&order_time=2020-03-20 HTTP/1.1" 200 431
114.93.75.19 - - [20/Mar/2020:09:50:14 +0800] "GET /xingrg/all/function/internal_message.html?_=1584669012449&CODE_STATE=getMsg HTTP/1.1" 200 27
116.238.181.252 - - [20/Mar/2020:09:50:16 +0800] "GET /xingrg/all/function/internal_message.html?_=1584669016495&CODE_STATE=getMsg HTTP/1.1" 200 27
114.93.75.19 - - [20/Mar/2020:09:50:22 +0800] "GET /xingrg/all/function/internal_message.html?_=1584669018390&CODE_STATE=getMsg HTTP/1.1" 200 27
101.81.124.227 - - [20/Mar/2020:09:50:24 +0800] "GET /xingrg/all/function/internal_message.html?_=1584669017255&CODE_STATE=getMsg HTTP/1.1" 200 27
101.81.124.227 - - [20/Mar/2020:09:50:24 +0800] "GET /xingrg/check_reg.html?_=1584669017258 HTTP/1.1" 200 22
101.81.124.227 - - [20/Mar/2020:09:50:25 +0800] "POST /xingrg/kc/buy/cgsh_order_operate.html HTTP/1.1" 200 37
101.81.124.227 - - [20/Mar/2020:09:50:26 +0800] "POST /xingrg/kc/buy/cgsh_order_operate.html HTTP/1.1" 200 12
120.253.135.82 - - [20/Mar/2020:09:50:27 +0800] "GET /xingrg/all/function/internal_message.html?_=1584669157866&CODE_STATE=getMsg HTTP/1.1" 200 27
101.81.124.227 - - [20/Mar/2020:09:50:28 +0800] "GET /xingrg/kc/buy/cgsh_order_info.html?code=212020032001692 HTTP/1.1" 200 52998
101.81.124.227 - - [20/Mar/2020:09:50:29 +0800] "GET /xingrg/javascript/easyui/themes/default/validatebox.css HTTP/1.1" 404 1104
101.81.124.227 - - [20/Mar/2020:09:50:29 +0800] "POST /xingrg/kc/buy/cgsh_order_operate.html HTTP/1.1" 200 1209
101.81.124.227 - - [20/Mar/2020:09:50:31 +0800] "GET /xingrg/kc/print/load_data.html?order_code=212020032001692&kc_code=cgsh&condition= HTTP/1.1" 200 931
180.156.150.85 - - [20/Mar/2020:09:50:34 +0800] "GET /xingrg/all/function/internal_message.html?_=1584669032896&CODE_STATE=getMsg HTTP/1.1" 200 27
120.253.135.82 - - [20/Mar/2020:09:50:36 +0800] "GET /xingrg/all/function/internal_message.html?_=1584668777460&CODE_STATE=getMsg HTTP/1.1" 200 27
101.81.124.227 - - [20/Mar/2020:09:50:36 +0800] "GET /xingrg/kc/buy/cgsh_order_add.html HTTP/1.1" 200 58094
101.81.124.227 - - [20/Mar/2020:09:50:37 +0800] "POST /xingrg/kc/buy/cgsh_order_operate.html HTTP/1.1" 200 8245
101.81.124.227 - - [20/Mar/2020:09:50:37 +0800] "GET /xingrg/javascript/easyui/themes/default/validatebox.css HTTP/1.1" 404 1104
101.81.124.227 - - [20/Mar/2020:09:50:39 +0800] "GET /xingrg/javascript/easyui/themes/default/tree.css HTTP/1.1" 404 1090
114.93.75.19 - - [20/Mar/2020:09:50:40 +0800] "GET /xingrg/all/function/internal_message.html?_=1584669034043&CODE_STATE=getMsg HTTP/1.1" 200 27
101.81.124.227 - - [20/Mar/2020:09:50:41 +0800] "POST /xingrg/all/common/load_tree.html?tree=supplier_tree_json&isDelete=1 HTTP/1.1" 200 46535
222.69.136.177 - - [20/Mar/2020:09:50:46 +0800] "GET /xingrg/all/function/internal_message.html?_=1584669042577&CODE_STATE=getMsg HTTP/1.1" 200 27
124.77.241.94 - - [20/Mar/2020:09:50:46 +0800] "GET /xingrg/all/function/internal_message.html?_=1584669060573&CODE_STATE=getMsg HTTP/1.1" 200 27
183.232.44.36 - - [20/Mar/2020:09:51:02 +0800] "GET /xingrg/all/function/internal_message.html?_=1584669040197&CODE_STATE=getMsg HTTP/1.1" 200 27
101.81.124.227 - - [20/Mar/2020:09:51:06 +0800] "GET /xingrg/kc/buy/cgsh_order_operate.html?command=get_materiel&rest_code=00107&code=00101001037&supplier_code=00100090&order_time=2020-03-20 HTTP/1.1" 200 430
58.40.7.146 - - [20/Mar/2020:09:51:06 +0800] "GET /xingrg/all/function/internal_message.html?_=1584669063079&CODE_STATE=getMsg HTTP/1.1" 200 27
117.131.5.26 - - [20/Mar/2020:09:51:09 +0800] "GET /xingrg/all/function/internal_message.html?_=1584669308190&CODE_STATE=getMsg HTTP/1.1" 200 27
114.93.75.19 - - [20/Mar/2020:09:51:14 +0800] "GET /xingrg/all/function/internal_message.html?_=1584669072435&CODE_STATE=getMsg HTTP/1.1" 200 27
114.93.75.19 - - [20/Mar/2020:09:51:14 +0800] "GET /xingrg/check_reg.html?_=1584669072438 HTTP/1.1" 200 22
116.238.181.252 - - [20/Mar/2020:09:51:16 +0800] "GET /xingrg/all/function/internal_message.html?_=1584669076485&CODE_STATE=getMsg HTTP/1.1" 200 27
114.93.75.19 - - [20/Mar/2020:09:51:22 +0800] "GET /xingrg/all/function/internal_message.html?_=1584669078393&CODE_STATE=getMsg HTTP/1.1" 200 27
180.156.150.85 - - [20/Mar/2020:09:51:23 +0800] "GET /xingrg/system/info/materiel_import.html?isSelect=1&singleSelect=false HTTP/1.1" 200 5596
180.156.150.85 - - [20/Mar/2020:09:51:23 +0800] "POST /xingrg/all/common/load_tree.html?tree=materiel_sort_tree_json HTTP/1.1" 200 8666
180.156.150.85 - - [20/Mar/2020:09:51:23 +0800] "GET /favicon.ico HTTP/1.1" 404 -
101.81.124.227 - - [20/Mar/2020:09:51:24 +0800] "GET /xingrg/all/function/internal_message.html?_=1584669077278&CODE_STATE=getMsg HTTP/1.1" 200 27
120.253.135.82 - - [20/Mar/2020:09:51:27 +0800] "GET /xingrg/all/function/internal_message.html?_=1584669217880&CODE_STATE=getMsg HTTP/1.1" 200 27
180.156.150.85 - - [20/Mar/2020:09:51:27 +0800] "GET /xingrg/system/info/materiel_import.html?isSelect=1&singleSelect=false HTTP/1.1" 200 5596
180.156.150.85 - - [20/Mar/2020:09:51:28 +0800] "POST /xingrg/all/common/load_tree.html?tree=materiel_sort_tree_json HTTP/1.1" 200 8666
180.156.150.85 - - [20/Mar/2020:09:51:28 +0800] "GET /favicon.ico HTTP/1.1" 404 -
101.81.124.227 - - [20/Mar/2020:09:51:30 +0800] "GET /xingrg/kc/buy/cgsh_order_operate.html?command=get_materiel&rest_code=00107&code=00101001140&supplier_code=00100090&order_time=2020-03-20 HTTP/1.1" 200 432
180.156.150.85 - - [20/Mar/2020:09:51:34 +0800] "GET /xingrg/all/function/internal_message.html?_=1584669092898&CODE_STATE=getMsg HTTP/1.1" 200 27
120.253.135.82 - - [20/Mar/2020:09:51:36 +0800] "GET /xingrg/all/function/internal_message.html?_=1584668837548&CODE_STATE=getMsg HTTP/1.1" 200 27
114.93.75.19 - - [20/Mar/2020:09:51:40 +0800] "GET /xingrg/all/function/internal_message.html?_=1584669094048&CODE_STATE=getMsg HTTP/1.1" 200 27
180.156.150.85 - - [20/Mar/2020:09:51:40 +0800] "GET /xingrg/kc/buy/cgsh_order_operate.html?command=get_materiel&rest_code=00105&code=00101001044&supplier_code=00100319&order_time=2020-03-20 HTTP/1.1" 200 411
101.81.124.227 - - [20/Mar/2020:09:51:44 +0800] "GET /xingrg/kc/buy/cgsh_order_operate.html?command=get_materiel&rest_code=00107&code=00101001125&supplier_code=00100090&order_time=2020-03-20 HTTP/1.1" 200 432
222.69.136.177 - - [20/Mar/2020:09:51:46 +0800] "GET /xingrg/all/function/internal_message.html?_=1584669102578&CODE_STATE=getMsg HTTP/1.1" 200 27
124.77.241.94 - - [20/Mar/2020:09:51:46 +0800] "GET /xingrg/all/function/internal_message.html?_=1584669120579&CODE_STATE=getMsg HTTP/1.1" 200 27
101.81.124.227 - - [20/Mar/2020:09:51:59 +0800] "POST /xingrg/kc/buy/cgsh_order_operate.html HTTP/1.1" 200 37
101.81.124.227 - - [20/Mar/2020:09:52:00 +0800] "POST /xingrg/kc/buy/cgsh_order_operate.html HTTP/1.1" 200 3852
101.81.124.227 - - [20/Mar/2020:09:52:01 +0800] "GET /xingrg/kc/print/load_data.html?order_code=212020032001693&kc_code=cgsh&condition= HTTP/1.1" 200 1181
183.232.44.36 - - [20/Mar/2020:09:52:02 +0800] "GET /xingrg/all/function/internal_message.html?_=1584669100211&CODE_STATE=getMsg HTTP/1.1" 200 27
58.40.7.146 - - [20/Mar/2020:09:52:06 +0800] "GET /xingrg/all/function/internal_message.html?_=1584669123085&CODE_STATE=getMsg HTTP/1.1" 200 27
101.81.124.227 - - [20/Mar/2020:09:52:07 +0800] "GET /xingrg/kc/buy/cgsh_order_add.html HTTP/1.1" 200 58094
101.81.124.227 - - [20/Mar/2020:09:52:08 +0800] "POST /xingrg/kc/buy/cgsh_order_operate.html HTTP/1.1" 200 8245
101.81.124.227 - - [20/Mar/2020:09:52:08 +0800] "GET /xingrg/javascript/easyui/themes/default/validatebox.css HTTP/1.1" 404 1104
117.131.5.26 - - [20/Mar/2020:09:52:09 +0800] "GET /xingrg/check_reg.html?_=1584669367974 HTTP/1.1" 200 22
117.131.5.26 - - [20/Mar/2020:09:52:09 +0800] "GET /xingrg/all/function/internal_message.html?_=1584669368203&CODE_STATE=getMsg HTTP/1.1" 200 27
101.81.124.227 - - [20/Mar/2020:09:52:09 +0800] "GET /xingrg/javascript/easyui/themes/default/tree.css HTTP/1.1" 404 1090
101.81.124.227 - - [20/Mar/2020:09:52:09 +0800] "POST /xingrg/all/common/load_tree.html?tree=supplier_tree_json&isDelete=1 HTTP/1.1" 200 46535
114.93.75.19 - - [20/Mar/2020:09:52:14 +0800] "GET /xingrg/all/function/internal_message.html?_=1584669132442&CODE_STATE=getMsg HTTP/1.1" 200 27
116.238.181.252 - - [20/Mar/2020:09:52:16 +0800] "GET /xingrg/all/function/internal_message.html?_=1584669136498&CODE_STATE=getMsg HTTP/1.1" 200 27
58.221.95.50 - - [20/Mar/2020:09:52:18 +0800] "GET /xingrg/check_reg.html?_=1584669484251 HTTP/1.1" 200 22
114.93.75.19 - - [20/Mar/2020:09:52:22 +0800] "GET /xingrg/all/function/internal_message.html?_=1584669138397&CODE_STATE=getMsg HTTP/1.1" 200 27
114.93.75.19 - - [20/Mar/2020:09:52:22 +0800] "GET /xingrg/check_reg.html?_=1584669138398 HTTP/1.1" 200 22
101.81.124.227 - - [20/Mar/2020:09:52:24 +0800] "GET /xingrg/all/function/internal_message.html?_=1584669137272&CODE_STATE=getMsg HTTP/1.1" 200 27
120.253.135.82 - - [20/Mar/2020:09:52:27 +0800] "GET /xingrg/all/function/internal_message.html?_=1584669277909&CODE_STATE=getMsg HTTP/1.1" 200 27
120.253.135.82 - - [20/Mar/2020:09:52:28 +0800] "GET /xingrg/kc/report/report_main.html HTTP/1.1" 200 9362
120.253.135.82 - - [20/Mar/2020:09:52:29 +0800] "GET /xingrg/kc/base/kc_stocks.html HTTP/1.1" 200 16259
120.253.135.82 - - [20/Mar/2020:09:52:29 +0800] "GET /xingrg/javascript/easyui/themes/default/tree.css HTTP/1.1" 404 1090
120.253.135.82 - - [20/Mar/2020:09:52:30 +0800] "POST /xingrg/all/common/load_tree.html?tree=materiel_sort_tree_json HTTP/1.1" 200 8666
120.253.135.82 - - [20/Mar/2020:09:52:31 +0800] "POST /xingrg/all/common/load_combo.html?type=base HTTP/1.1" 200 899
180.156.150.85 - - [20/Mar/2020:09:52:34 +0800] "GET /xingrg/all/function/internal_message.html?_=1584669152910&CODE_STATE=getMsg HTTP/1.1" 200 27
120.253.135.82 - - [20/Mar/2020:09:52:36 +0800] "GET /xingrg/all/function/internal_message.html?_=1584668897550&CODE_STATE=getMsg HTTP/1.1" 200 27
180.157.252.250 - - [20/Mar/2020:09:52:36 +0800] "GET /xingrg/check_reg.html?_=1584669145039 HTTP/1.1" 302 -
120.253.135.82 - - [20/Mar/2020:09:52:38 +0800] "POST /xingrg/kc/base/stock_operate.html HTTP/1.1" 200 1479
114.93.75.19 - - [20/Mar/2020:09:52:40 +0800] "GET /xingrg/all/function/internal_message.html?_=1584669154055&CODE_STATE=getMsg HTTP/1.1" 200 27
120.253.135.82 - - [20/Mar/2020:09:52:40 +0800] "GET /xingrg/javascript/easyui/themes/sunny/images/ui-bg_gloss-wave_70_ffdd57_500x100.png HTTP/1.1" 200 3830
120.253.135.82 - - [20/Mar/2020:09:52:40 +0800] "GET /xingrg/javascript/easyui/themes/sunny/images/ui-bg_gloss-wave_70_ffdd57_500x100.png HTTP/1.1" 200 3830
222.69.136.177 - - [20/Mar/2020:09:52:46 +0800] "GET /xingrg/all/function/internal_message.html?_=1584669162579&CODE_STATE=getMsg HTTP/1.1" 200 27
222.69.136.177 - - [20/Mar/2020:09:52:46 +0800] "GET /xingrg/check_reg.html?_=1584669162582 HTTP/1.1" 200 22
124.77.241.94 - - [20/Mar/2020:09:52:46 +0800] "GET /xingrg/all/function/internal_message.html?_=1584669180812&CODE_STATE=getMsg HTTP/1.1" 200 27
124.77.241.94 - - [20/Mar/2020:09:52:54 +0800] "GET /xingrg/check_reg.html?_=1584669189178 HTTP/1.1" 200 22
101.81.124.227 - - [20/Mar/2020:09:52:56 +0800] "POST /xingrg/kc/buy/cgsh_order_operate.html HTTP/1.1" 200 37
101.81.124.227 - - [20/Mar/2020:09:52:58 +0800] "POST /xingrg/kc/buy/cgsh_order_operate.html HTTP/1.1" 200 12
101.81.124.227 - - [20/Mar/2020:09:52:59 +0800] "GET /xingrg/kc/buy/cgsh_order_info.html?code=212020032001694 HTTP/1.1" 200 53000
101.81.124.227 - - [20/Mar/2020:09:53:00 +0800] "GET /xingrg/javascript/easyui/themes/default/validatebox.css HTTP/1.1" 404 1104
101.81.124.227 - - [20/Mar/2020:09:53:00 +0800] "POST /xingrg/kc/buy/cgsh_order_operate.html HTTP/1.1" 200 611
101.81.124.227 - - [20/Mar/2020:09:53:01 +0800] "GET /xingrg/kc/print/load_data.html?order_code=212020032001694&kc_code=cgsh&condition= HTTP/1.1" 200 760
183.232.44.36 - - [20/Mar/2020:09:53:02 +0800] "GET /xingrg/all/function/internal_message.html?_=1584669160209&CODE_STATE=getMsg HTTP/1.1" 200 27
101.81.124.227 - - [20/Mar/2020:09:53:06 +0800] "GET /xingrg/kc/buy/cgsh_order_add.html HTTP/1.1" 200 58094
58.40.7.146 - - [20/Mar/2020:09:53:06 +0800] "GET /xingrg/all/function/internal_message.html?_=1584669183090&CODE_STATE=getMsg HTTP/1.1" 200 27
101.81.124.227 - - [20/Mar/2020:09:53:07 +0800] "POST /xingrg/kc/buy/cgsh_order_operate.html HTTP/1.1" 200 8245
101.81.124.227 - - [20/Mar/2020:09:53:07 +0800] "GET /xingrg/javascript/easyui/themes/default/validatebox.css HTTP/1.1" 404 1104
117.131.5.26 - - [20/Mar/2020:09:53:09 +0800] "GET /xingrg/all/function/internal_message.html?_=1584669428217&CODE_STATE=getMsg HTTP/1.1" 200 27
101.81.124.227 - - [20/Mar/2020:09:53:09 +0800] "GET /xingrg/javascript/easyui/themes/default/tree.css HTTP/1.1" 404 1090
101.81.124.227 - - [20/Mar/2020:09:53:09 +0800] "POST /xingrg/all/common/load_tree.html?tree=supplier_tree_json&isDelete=1 HTTP/1.1" 200 46535
114.93.75.19 - - [20/Mar/2020:09:53:14 +0800] "GET /xingrg/all/function/internal_message.html?_=1584669192445&CODE_STATE=getMsg HTTP/1.1" 200 27
116.238.181.252 - - [20/Mar/2020:09:53:16 +0800] "GET /xingrg/check_reg.html?_=1584669196495 HTTP/1.1" 200 22
116.238.181.252 - - [20/Mar/2020:09:53:16 +0800] "GET /xingrg/all/function/internal_message.html?_=1584669196498&CODE_STATE=getMsg HTTP/1.1" 200 27
114.93.75.19 - - [20/Mar/2020:09:53:22 +0800] "GET /xingrg/all/function/internal_message.html?_=1584669198384&CODE_STATE=getMsg HTTP/1.1" 200 27
101.81.124.227 - - [20/Mar/2020:09:53:24 +0800] "GET /xingrg/all/function/internal_message.html?_=1584669197259&CODE_STATE=getMsg HTTP/1.1" 200 27
120.253.135.82 - - [20/Mar/2020:09:53:27 +0800] "GET /xingrg/all/function/internal_message.html?_=1584669337923&CODE_STATE=getMsg HTTP/1.1" 200 27
180.156.150.85 - - [20/Mar/2020:09:53:34 +0800] "GET /xingrg/all/function/internal_message.html?_=1584669212884&CODE_STATE=getMsg HTTP/1.1" 200 27
180.156.150.85 - - [20/Mar/2020:09:53:34 +0800] "GET /xingrg/check_reg.html?_=1584669212888 HTTP/1.1" 200 22
101.81.124.227 - - [20/Mar/2020:09:53:37 +0800] "GET /xingrg/kc/buy/cgsh_order_operate.html?command=get_materiel&rest_code=00107&code=00101002038&supplier_code=00100087&order_time=2020-03-20 HTTP/1.1" 200 416
114.93.75.19 - - [20/Mar/2020:09:53:40 +0800] "GET /xingrg/all/function/internal_message.html?_=1584669214055&CODE_STATE=getMsg HTTP/1.1" 200 27
222.69.136.177 - - [20/Mar/2020:09:53:46 +0800] "GET /xingrg/all/function/internal_message.html?_=1584669222579&CODE_STATE=getMsg HTTP/1.1" 200 27
124.77.241.94 - - [20/Mar/2020:09:53:46 +0800] "GET /xingrg/all/function/internal_message.html?_=1584669240841&CODE_STATE=getMsg HTTP/1.1" 200 27
101.81.124.227 - - [20/Mar/2020:09:53:50 +0800] "POST /xingrg/kc/buy/cgsh_order_operate.html HTTP/1.1" 200 37
101.81.124.227 - - [20/Mar/2020:09:53:51 +0800] "POST /xingrg/kc/buy/cgsh_order_operate.html HTTP/1.1" 200 12
101.81.124.227 - - [20/Mar/2020:09:53:52 +0800] "GET /xingrg/kc/buy/cgsh_order_info.html?code=212020032001695 HTTP/1.1" 200 52996
101.81.124.227 - - [20/Mar/2020:09:53:53 +0800] "GET /xingrg/javascript/easyui/themes/default/validatebox.css HTTP/1.1" 404 1104
101.81.124.227 - - [20/Mar/2020:09:53:53 +0800] "POST /xingrg/kc/buy/cgsh_order_operate.html HTTP/1.1" 200 613
101.81.124.227 - - [20/Mar/2020:09:53:55 +0800] "GET /xingrg/kc/print/load_data.html?order_code=212020032001695&kc_code=cgsh&condition= HTTP/1.1" 200 739
101.81.124.227 - - [20/Mar/2020:09:53:59 +0800] "GET /xingrg/kc/buy/cgsh_order_add.html HTTP/1.1" 200 58094
101.81.124.227 - - [20/Mar/2020:09:54:00 +0800] "POST /xingrg/kc/buy/cgsh_order_operate.html HTTP/1.1" 200 8245
101.81.124.227 - - [20/Mar/2020:09:54:00 +0800] "GET /xingrg/javascript/easyui/themes/default/validatebox.css HTTP/1.1" 404 1104
101.81.124.227 - - [20/Mar/2020:09:54:01 +0800] "GET /xingrg/javascript/easyui/themes/default/tree.css HTTP/1.1" 404 1090
101.81.124.227 - - [20/Mar/2020:09:54:01 +0800] "POST /xingrg/all/common/load_tree.html?tree=supplier_tree_json&isDelete=1 HTTP/1.1" 200 46535
183.232.44.36 - - [20/Mar/2020:09:54:02 +0800] "GET /xingrg/all/function/internal_message.html?_=1584669220208&CODE_STATE=getMsg HTTP/1.1" 200 27
58.40.7.146 - - [20/Mar/2020:09:54:06 +0800] "GET /xingrg/check_reg.html?_=1584669243077 HTTP/1.1" 200 22
58.40.7.146 - - [20/Mar/2020:09:54:06 +0800] "GET /xingrg/all/function/internal_message.html?_=1584669243079&CODE_STATE=getMsg HTTP/1.1" 200 27
117.131.5.26 - - [20/Mar/2020:09:54:09 +0800] "GET /xingrg/all/function/internal_message.html?_=1584669488230&CODE_STATE=getMsg HTTP/1.1" 200 27
114.93.75.19 - - [20/Mar/2020:09:54:14 +0800] "GET /xingrg/all/function/internal_message.html?_=1584669252451&CODE_STATE=getMsg HTTP/1.1" 200 27
116.238.181.252 - - [20/Mar/2020:09:54:16 +0800] "GET /xingrg/all/function/internal_message.html?_=1584669256498&CODE_STATE=getMsg HTTP/1.1" 200 27
114.93.75.19 - - [20/Mar/2020:09:54:22 +0800] "GET /xingrg/all/function/internal_message.html?_=1584669258386&CODE_STATE=getMsg HTTP/1.1" 200 27
101.81.124.227 - - [20/Mar/2020:09:54:24 +0800] "GET /xingrg/all/function/internal_message.html?_=1584669257271&CODE_STATE=getMsg HTTP/1.1" 200 27
120.253.135.82 - - [20/Mar/2020:09:54:26 +0800] "GET /xingrg/check_reg.html?_=1584669397139 HTTP/1.1" 200 22
120.253.135.82 - - [20/Mar/2020:09:54:27 +0800] "GET /xingrg/all/function/internal_message.html?_=1584669397937&CODE_STATE=getMsg HTTP/1.1" 200 27
101.81.124.227 - - [20/Mar/2020:09:54:33 +0800] "GET /xingrg/kc/buy/cgsh_order_operate.html?command=get_materiel&rest_code=00107&code=00101004010&supplier_code=00100312&order_time=2020-03-20 HTTP/1.1" 200 409
180.156.150.85 - - [20/Mar/2020:09:54:34 +0800] "GET /xingrg/all/function/internal_message.html?_=1584669272914&CODE_STATE=getMsg HTTP/1.1" 200 27
114.93.75.19 - - [20/Mar/2020:09:54:40 +0800] "GET /xingrg/all/function/internal_message.html?_=1584669274061&CODE_STATE=getMsg HTTP/1.1" 200 27
114.93.75.19 - - [20/Mar/2020:09:54:40 +0800] "GET /xingrg/check_reg.html?_=1584669274063 HTTP/1.1" 200 22
222.69.136.177 - - [20/Mar/2020:09:54:46 +0800] "GET /xingrg/all/function/internal_message.html?_=1584669282579&CODE_STATE=getMsg HTTP/1.1" 200 27
124.77.241.94 - - [20/Mar/2020:09:54:46 +0800] "GET /xingrg/all/function/internal_message.html?_=1584669300853&CODE_STATE=getMsg HTTP/1.1" 200 27
101.81.124.227 - - [20/Mar/2020:09:55:02 +0800] "GET /xingrg/kc/buy/cgsh_order_operate.html?command=get_materiel&rest_code=00107&code=00101004067&supplier_code=00100312&order_time=2020-03-20 HTTP/1.1" 200 413
183.232.44.36 - - [20/Mar/2020:09:55:02 +0800] "GET /xingrg/all/function/internal_message.html?_=1584669280245&CODE_STATE=getMsg HTTP/1.1" 200 27
183.232.44.36 - - [20/Mar/2020:09:55:02 +0800] "GET /xingrg/check_reg.html?_=1584669280237 HTTP/1.1" 200 22
58.40.7.146 - - [20/Mar/2020:09:55:06 +0800] "GET /xingrg/all/function/internal_message.html?_=1584669303084&CODE_STATE=getMsg HTTP/1.1" 200 27
117.131.5.26 - - [20/Mar/2020:09:55:09 +0800] "GET /xingrg/all/function/internal_message.html?_=1584669548261&CODE_STATE=getMsg HTTP/1.1" 200 27
114.93.75.19 - - [20/Mar/2020:09:55:14 +0800] "GET /xingrg/all/function/internal_message.html?_=1584669312438&CODE_STATE=getMsg HTTP/1.1" 200 27
116.238.181.252 - - [20/Mar/2020:09:55:16 +0800] "GET /xingrg/all/function/internal_message.html?_=1584669316508&CODE_STATE=getMsg HTTP/1.1" 200 27
114.93.75.19 - - [20/Mar/2020:09:55:22 +0800] "GET /xingrg/all/function/internal_message.html?_=1584669318387&CODE_STATE=getMsg HTTP/1.1" 200 27
120.253.135.82 - - [20/Mar/2020:09:55:27 +0800] "GET /xingrg/all/function/internal_message.html?_=1584669457950&CODE_STATE=getMsg HTTP/1.1" 200 27
101.81.124.227 - - [20/Mar/2020:09:55:30 +0800] "POST /xingrg/kc/buy/cgsh_order_operate.html HTTP/1.1" 200 37
101.81.124.227 - - [20/Mar/2020:09:55:31 +0800] "POST /xingrg/kc/buy/cgsh_order_operate.html HTTP/1.1" 200 12
101.81.124.227 - - [20/Mar/2020:09:55:33 +0800] "GET /xingrg/kc/buy/cgsh_order_info.html?code=212020032001696 HTTP/1.1" 200 53000
101.81.124.227 - - [20/Mar/2020:09:55:33 +0800] "GET /xingrg/javascript/easyui/themes/default/validatebox.css HTTP/1.1" 404 1104
101.81.124.227 - - [20/Mar/2020:09:55:33 +0800] "POST /xingrg/kc/buy/cgsh_order_operate.html HTTP/1.1" 200 1202
180.156.150.85 - - [20/Mar/2020:09:55:34 +0800] "GET /xingrg/all/function/internal_message.html?_=1584669332899&CODE_STATE=getMsg HTTP/1.1" 200 27
101.81.124.227 - - [20/Mar/2020:09:55:35 +0800] "GET /xingrg/kc/print/load_data.html?order_code=212020032001696&kc_code=cgsh&condition= HTTP/1.1" 200 919
114.93.75.19 - - [20/Mar/2020:09:55:40 +0800] "GET /xingrg/all/function/internal_message.html?_=1584669334063&CODE_STATE=getMsg HTTP/1.1" 200 27
101.81.124.227 - - [20/Mar/2020:09:55:41 +0800] "GET /xingrg/kc/buy/cgsh_order_add.html HTTP/1.1" 200 58094
101.81.124.227 - - [20/Mar/2020:09:55:42 +0800] "GET /xingrg/javascript/easyui/themes/default/validatebox.css HTTP/1.1" 404 1104
101.81.124.227 - - [20/Mar/2020:09:55:42 +0800] "POST /xingrg/kc/buy/cgsh_order_operate.html HTTP/1.1" 200 8245
101.81.124.227 - - [20/Mar/2020:09:55:45 +0800] "GET /xingrg/javascript/easyui/themes/default/tree.css HTTP/1.1" 404 1090
101.81.124.227 - - [20/Mar/2020:09:55:45 +0800] "POST /xingrg/all/common/load_tree.html?tree=supplier_tree_json&isDelete=1 HTTP/1.1" 200 46535
222.69.136.177 - - [20/Mar/2020:09:55:46 +0800] "GET /xingrg/all/function/internal_message.html?_=1584669342572&CODE_STATE=getMsg HTTP/1.1" 200 27
124.77.241.94 - - [20/Mar/2020:09:55:46 +0800] "GET /xingrg/all/function/internal_message.html?_=1584669361099&CODE_STATE=getMsg HTTP/1.1" 200 27
183.232.44.36 - - [20/Mar/2020:09:56:02 +0800] "GET /xingrg/all/function/internal_message.html?_=1584669340232&CODE_STATE=getMsg HTTP/1.1" 200 27
58.40.7.146 - - [20/Mar/2020:09:56:06 +0800] "GET /xingrg/all/function/internal_message.html?_=1584669363089&CODE_STATE=getMsg HTTP/1.1" 200 27
117.131.5.26 - - [20/Mar/2020:09:56:09 +0800] "GET /xingrg/all/function/internal_message.html?_=1584669608614&CODE_STATE=getMsg HTTP/1.1" 200 27
117.131.5.26 - - [20/Mar/2020:09:56:12 +0800] "GET /xingrg/index.html?sysBaseUrl=http%3A%2F%2F117.131.15.22%3A18081%2Fxingrg%2F&costTime=33×tamp=1584668528499 HTTP/1.1" 200 17157
117.131.5.26 - - [20/Mar/2020:09:56:12 +0800] "GET /xingrg/javascript/jquery_easy_ui/themes/default/easyui.css HTTP/1.1" 304 -
117.131.5.26 - - [20/Mar/2020:09:56:12 +0800] "GET /xingrg/css/form.css HTTP/1.1" 304 -
117.131.5.26 - - [20/Mar/2020:09:56:12 +0800] "GET /xingrg/javascript/jquery_easy_ui/themes/icon.css HTTP/1.1" 304 -
117.131.5.26 - - [20/Mar/2020:09:56:12 +0800] "GET /xingrg/javascript/jquery.timers.js HTTP/1.1" 304 -
117.131.5.26 - - [20/Mar/2020:09:56:12 +0800] "GET /xingrg/javascript/jquery-1.4.2.min.js HTTP/1.1" 304 -
117.131.5.26 - - [20/Mar/2020:09:56:12 +0800] "GET /xingrg/javascript/jquery_easy_ui/easyui-lang-zh_CN.js HTTP/1.1" 304 -
117.131.5.26 - - [20/Mar/2020:09:56:12 +0800] "GET /xingrg/javascript/jquery_easy_ui/jquery.easyui.min.js HTTP/1.1" 304 -
117.131.5.26 - - [20/Mar/2020:09:56:12 +0800] "GET /xingrg/javascript/jquery.form.js HTTP/1.1" 304 -
117.131.5.26 - - [20/Mar/2020:09:56:12 +0800] "GET /xingrg/javascript/jquery.utils.js HTTP/1.1" 304 -
117.131.5.26 - - [20/Mar/2020:09:56:12 +0800] "GET /xingrg/images/blue/jxLogo.png HTTP/1.1" 304 -
117.131.5.26 - - [20/Mar/2020:09:56:12 +0800] "GET /xingrg/images/blue/navBackgound.jpg HTTP/1.1" 304 -
117.131.5.26 - - [20/Mar/2020:09:56:12 +0800] "GET /xingrg/javascript/jquery_easy_ui/themes/icons/settle_new.png HTTP/1.1" 304 -
117.131.5.26 - - [20/Mar/2020:09:56:12 +0800] "POST /xingrg/all/common/load_tree.html?tree=area_rest_tree_json&manage=1 HTTP/1.1" 200 351
117.131.5.26 - - [20/Mar/2020:09:56:12 +0800] "GET /xingrg/images/blue/pingpu.png HTTP/1.1" 304 -
117.131.5.26 - - [20/Mar/2020:09:56:12 +0800] "GET /xingrg/javascript/jquery_easy_ui/themes/default/images/tabs_leftarrow.png HTTP/1.1" 304 -
117.131.5.26 - - [20/Mar/2020:09:56:12 +0800] "GET /xingrg/javascript/jquery_easy_ui/themes/default/images/tabs_rightarrow.png HTTP/1.1" 304 -
117.131.5.26 - - [20/Mar/2020:09:56:12 +0800] "GET /xingrg/javascript/jquery_easy_ui/themes/default/images/panel_tool_collapse.gif HTTP/1.1" 304 -
117.131.5.26 - - [20/Mar/2020:09:56:12 +0800] "GET /xingrg/all/function/internal_message.html?_=1584669611626&CODE_STATE=count HTTP/1.1" 200 11
117.131.5.26 - - [20/Mar/2020:09:56:12 +0800] "GET /xingrg/check_reg.html?_=1584669611627 HTTP/1.1" 200 22
117.131.5.26 - - [20/Mar/2020:09:56:12 +0800] "POST /xingrg/load_menu.html HTTP/1.1" 200 5124
117.131.5.26 - - [20/Mar/2020:09:56:12 +0800] "GET /xingrg/javascript/jquery_easy_ui/themes/default/images/tree_arrows.gif HTTP/1.1" 304 -
117.131.5.26 - - [20/Mar/2020:09:56:12 +0800] "GET /favicon.ico HTTP/1.1" 404 -
117.131.5.26 - - [20/Mar/2020:09:56:12 +0800] "GET /xingrg/javascript/jquery_easy_ui/themes/default/images/tree_folder_open.gif HTTP/1.1" 304 -
117.131.5.26 - - [20/Mar/2020:09:56:12 +0800] "GET /xingrg/javascript/jquery_easy_ui/themes/icons/search_new.png HTTP/1.1" 304 -
117.131.5.26 - - [20/Mar/2020:09:56:12 +0800] "GET /xingrg/javascript/jquery_easy_ui/themes/default/images/tree_folder.gif HTTP/1.1" 304 -
117.131.5.26 - - [20/Mar/2020:09:56:12 +0800] "GET /xingrg/javascript/jquery_easy_ui/themes/icons/storage_new.png HTTP/1.1" 304 -
117.131.5.26 - - [20/Mar/2020:09:56:12 +0800] "GET /xingrg/javascript/jquery_easy_ui/themes/icons/forms_new.png HTTP/1.1" 304 -
117.131.5.26 - - [20/Mar/2020:09:56:12 +0800] "GET /xingrg/javascript/jquery_easy_ui/themes/default/images/tree_file.gif HTTP/1.1" 304 -
114.93.75.19 - - [20/Mar/2020:09:56:14 +0800] "GET /xingrg/all/function/internal_message.html?_=1584669372440&CODE_STATE=getMsg HTTP/1.1" 200 27
114.93.75.19 - - [20/Mar/2020:09:56:14 +0800] "GET /xingrg/check_reg.html?_=1584669372445 HTTP/1.1" 200 22
116.238.181.252 - - [20/Mar/2020:09:56:16 +0800] "GET /xingrg/all/function/internal_message.html?_=1584669376507&CODE_STATE=getMsg HTTP/1.1" 200 27
114.93.75.19 - - [20/Mar/2020:09:56:22 +0800] "GET /xingrg/all/function/internal_message.html?_=1584669378389&CODE_STATE=getMsg HTTP/1.1" 200 27
101.81.124.227 - - [20/Mar/2020:09:56:24 +0800] "GET /xingrg/all/function/internal_message.html?_=1584669377282&CODE_STATE=getMsg HTTP/1.1" 200 27
120.253.135.82 - - [20/Mar/2020:09:56:27 +0800] "GET /xingrg/all/function/internal_message.html?_=1584669517966&CODE_STATE=getMsg HTTP/1.1" 200 27
101.81.124.227 - - [20/Mar/2020:09:56:29 +0800] "GET /xingrg/kc/buy/cgsh_order_operate.html?command=get_materiel&rest_code=00107&code=00101002034&supplier_code=00100091&order_time=2020-03-20 HTTP/1.1" 200 409
180.156.150.85 - - [20/Mar/2020:09:56:34 +0800] "GET /xingrg/all/function/internal_message.html?_=1584669392898&CODE_STATE=getMsg HTTP/1.1" 200 27
114.93.75.19 - - [20/Mar/2020:09:56:40 +0800] "GET /xingrg/all/function/internal_message.html?_=1584669394062&CODE_STATE=getMsg HTTP/1.1" 200 27
222.69.136.177 - - [20/Mar/2020:09:56:46 +0800] "GET /xingrg/all/function/internal_message.html?_=1584669402565&CODE_STATE=getMsg HTTP/1.1" 200 27
124.77.241.94 - - [20/Mar/2020:09:56:46 +0800] "GET /xingrg/all/function/internal_message.html?_=1584669421115&CODE_STATE=getMsg HTTP/1.1" 200 27
183.232.44.36 - - [20/Mar/2020:09:57:02 +0800] "GET /xingrg/all/function/internal_message.html?_=1584669400234&CODE_STATE=getMsg HTTP/1.1" 200 27
58.40.7.146 - - [20/Mar/2020:09:57:06 +0800] "GET /xingrg/all/function/internal_message.html?_=1584669423076&CODE_STATE=getMsg HTTP/1.1" 200 27
117.131.5.26 - - [20/Mar/2020:09:57:12 +0800] "GET /xingrg/all/function/internal_message.html?_=1584669671641&CODE_STATE=getMsg HTTP/1.1" 200 27
114.93.75.19 - - [20/Mar/2020:09:57:14 +0800] "GET /xingrg/all/function/internal_message.html?_=1584669432448&CODE_STATE=getMsg HTTP/1.1" 200 27
116.238.181.252 - - [20/Mar/2020:09:57:16 +0800] "GET /xingrg/all/function/internal_message.html?_=1584669436509&CODE_STATE=getMsg HTTP/1.1" 200 27
58.221.95.50 - - [20/Mar/2020:09:57:18 +0800] "GET /xingrg/check_reg.html?_=1584669784231 HTTP/1.1" 200 22
114.93.75.19 - - [20/Mar/2020:09:57:22 +0800] "GET /xingrg/all/function/internal_message.html?_=1584669438390&CODE_STATE=getMsg HTTP/1.1" 200 27
114.93.75.19 - - [20/Mar/2020:09:57:22 +0800] "GET /xingrg/check_reg.html?_=1584669438392 HTTP/1.1" 200 22
101.81.124.227 - - [20/Mar/2020:09:57:24 +0800] "GET /xingrg/all/function/internal_message.html?_=1584669437259&CODE_STATE=getMsg HTTP/1.1" 200 27
120.253.135.82 - - [20/Mar/2020:09:57:27 +0800] "GET /xingrg/all/function/internal_message.html?_=1584669577989&CODE_STATE=getMsg HTTP/1.1" 200 27
180.156.150.85 - - [20/Mar/2020:09:57:34 +0800] "GET /xingrg/all/function/internal_message.html?_=1584669452890&CODE_STATE=getMsg HTTP/1.1" 200 27
180.157.252.250 - - [20/Mar/2020:09:57:36 +0800] "GET /xingrg/check_reg.html?_=1584669445049 HTTP/1.1" 302 -
114.93.75.19 - - [20/Mar/2020:09:57:40 +0800] "GET /xingrg/all/function/internal_message.html?_=1584669454062&CODE_STATE=getMsg HTTP/1.1" 200 27
222.69.136.177 - - [20/Mar/2020:09:57:46 +0800] "GET /xingrg/check_reg.html?_=1584669462567 HTTP/1.1" 200 22
222.69.136.177 - - [20/Mar/2020:09:57:46 +0800] "GET /xingrg/all/function/internal_message.html?_=1584669462564&CODE_STATE=getMsg HTTP/1.1" 200 27
124.77.241.94 - - [20/Mar/2020:09:57:47 +0800] "GET /xingrg/all/function/internal_message.html?_=1584669481376&CODE_STATE=getMsg HTTP/1.1" 200 27
124.77.241.94 - - [20/Mar/2020:09:57:54 +0800] "GET /xingrg/check_reg.html?_=1584669489178 HTTP/1.1" 200 22
183.232.44.36 - - [20/Mar/2020:09:58:02 +0800] "GET /xingrg/all/function/internal_message.html?_=1584669460237&CODE_STATE=getMsg HTTP/1.1" 200 27
58.40.7.146 - - [20/Mar/2020:09:58:06 +0800] "GET /xingrg/all/function/internal_message.html?_=1584669483081&CODE_STATE=getMsg HTTP/1.1" 200 27
180.156.150.85 - - [20/Mar/2020:09:58:12 +0800] "POST /xingrg/kc/buy/cgsh_order_operate.html HTTP/1.1" 200 37
117.131.5.26 - - [20/Mar/2020:09:58:12 +0800] "GET /xingrg/all/function/internal_message.html?_=1584669731655&CODE_STATE=getMsg HTTP/1.1" 200 27
180.156.150.85 - - [20/Mar/2020:09:58:13 +0800] "POST /xingrg/kc/buy/cgsh_order_operate.html HTTP/1.1" 200 2658
114.93.75.19 - - [20/Mar/2020:09:58:14 +0800] "GET /xingrg/all/function/internal_message.html?_=1584669492435&CODE_STATE=getMsg HTTP/1.1" 200 27
116.238.181.252 - - [20/Mar/2020:09:58:16 +0800] "GET /xingrg/all/function/internal_message.html?_=1584669496508&CODE_STATE=getMsg HTTP/1.1" 200 27
116.238.181.252 - - [20/Mar/2020:09:58:16 +0800] "GET /xingrg/check_reg.html?_=1584669496511 HTTP/1.1" 200 22
180.156.150.85 - - [20/Mar/2020:09:58:19 +0800] "GET /xingrg/kc/print/load_data.html?order_code=212020032001697&kc_code=cgsh&condition= HTTP/1.1" 200 669
114.93.75.19 - - [20/Mar/2020:09:58:22 +0800] "GET /xingrg/all/function/internal_message.html?_=1584669498392&CODE_STATE=getMsg HTTP/1.1" 200 27
180.156.150.85 - - [20/Mar/2020:09:58:23 +0800] "GET /xingrg/kc/buy/cgsh_order_list.html HTTP/1.1" 200 42034
101.81.124.227 - - [20/Mar/2020:09:58:24 +0800] "GET /xingrg/all/function/internal_message.html?_=1584669497229&CODE_STATE=getMsg HTTP/1.1" 200 27
180.156.150.85 - - [20/Mar/2020:09:58:24 +0800] "POST /xingrg/kc/buy/cgsh_list_operate.html HTTP/1.1" 200 2054
120.253.135.82 - - [20/Mar/2020:09:58:27 +0800] "GET /xingrg/all/function/internal_message.html?_=1584669638005&CODE_STATE=getMsg HTTP/1.1" 200 27
180.156.150.85 - - [20/Mar/2020:09:58:34 +0800] "GET /xingrg/check_reg.html?_=1584669512901 HTTP/1.1" 200 22
180.156.150.85 - - [20/Mar/2020:09:58:34 +0800] "GET /xingrg/all/function/internal_message.html?_=1584669512903&CODE_STATE=getMsg HTTP/1.1" 200 27
180.156.150.85 - - [20/Mar/2020:09:58:35 +0800] "POST /xingrg/kc/buy/cgsh_list_operate.html HTTP/1.1" 200 5860
114.93.75.19 - - [20/Mar/2020:09:58:40 +0800] "GET /xingrg/all/function/internal_message.html?_=1584669514068&CODE_STATE=getMsg HTTP/1.1" 200 27
180.156.150.85 - - [20/Mar/2020:09:58:44 +0800] "POST /xingrg/kc/buy/cgsh_list_operate.html HTTP/1.1" 200 5735
222.69.136.177 - - [20/Mar/2020:09:58:46 +0800] "GET /xingrg/all/function/internal_message.html?_=1584669522569&CODE_STATE=getMsg HTTP/1.1" 200 27
124.77.241.94 - - [20/Mar/2020:09:58:47 +0800] "GET /xingrg/all/function/internal_message.html?_=1584669541392&CODE_STATE=getMsg HTTP/1.1" 200 27
180.156.150.85 - - [20/Mar/2020:09:58:53 +0800] "POST /xingrg/kc/buy/cgsh_list_operate.html HTTP/1.1" 200 2100
180.156.150.85 - - [20/Mar/2020:09:58:56 +0800] "POST /xingrg/kc/buy/cgsh_list_operate.html HTTP/1.1" 200 427
180.156.150.85 - - [20/Mar/2020:09:59:00 +0800] "POST /xingrg/kc/buy/cgsh_list_operate.html HTTP/1.1" 200 276
183.232.44.36 - - [20/Mar/2020:09:59:02 +0800] "GET /xingrg/all/function/internal_message.html?_=1584669520239&CODE_STATE=getMsg HTTP/1.1" 200 27
58.40.7.146 - - [20/Mar/2020:09:59:06 +0800] "GET /xingrg/check_reg.html?_=1584669543088 HTTP/1.1" 200 22
58.40.7.146 - - [20/Mar/2020:09:59:06 +0800] "GET /xingrg/all/function/internal_message.html?_=1584669543090&CODE_STATE=getMsg HTTP/1.1" 200 27
117.131.5.26 - - [20/Mar/2020:09:59:12 +0800] "GET /xingrg/all/function/internal_message.html?_=1584669791672&CODE_STATE=getMsg HTTP/1.1" 200 27
180.156.150.85 - - [20/Mar/2020:09:59:13 +0800] "GET /xingrg/kc/buy/cgsh_order_info.html?code=212020031901572 HTTP/1.1" 200 52547
180.156.150.85 - - [20/Mar/2020:09:59:13 +0800] "GET /xingrg/javascript/easyui/themes/default/validatebox.css HTTP/1.1" 404 1104
180.156.150.85 - - [20/Mar/2020:09:59:13 +0800] "POST /xingrg/kc/buy/cgsh_order_operate.html HTTP/1.1" 200 1198
114.93.75.19 - - [20/Mar/2020:09:59:14 +0800] "GET /xingrg/all/function/internal_message.html?_=1584669552441&CODE_STATE=getMsg HTTP/1.1" 200 27
116.238.181.252 - - [20/Mar/2020:09:59:16 +0800] "GET /xingrg/all/function/internal_message.html?_=1584669556506&CODE_STATE=getMsg HTTP/1.1" 200 27
180.156.150.85 - - [20/Mar/2020:09:59:19 +0800] "GET /xingrg/kc/buy/cgsh_order_list.html HTTP/1.1" 200 42034
180.156.150.85 - - [20/Mar/2020:09:59:20 +0800] "POST /xingrg/kc/buy/cgsh_list_operate.html HTTP/1.1" 200 2054
114.93.75.19 - - [20/Mar/2020:09:59:22 +0800] "GET /xingrg/all/function/internal_message.html?_=1584669558397&CODE_STATE=getMsg HTTP/1.1" 200 27
101.81.124.227 - - [20/Mar/2020:09:59:24 +0800] "GET /xingrg/all/function/internal_message.html?_=1584669557217&CODE_STATE=getMsg HTTP/1.1" 200 27
120.253.135.82 - - [20/Mar/2020:09:59:26 +0800] "GET /xingrg/check_reg.html?_=1584669697135 HTTP/1.1" 200 22
120.253.135.82 - - [20/Mar/2020:09:59:27 +0800] "GET /xingrg/all/function/internal_message.html?_=1584669698005&CODE_STATE=getMsg HTTP/1.1" 200 27
101.81.124.227 - - [20/Mar/2020:09:59:27 +0800] "POST /xingrg/kc/buy/cgsh_order_operate.html HTTP/1.1" 200 37
101.81.124.227 - - [20/Mar/2020:09:59:28 +0800] "POST /xingrg/kc/buy/cgsh_order_operate.html HTTP/1.1" 200 2656
101.81.124.227 - - [20/Mar/2020:09:59:29 +0800] "GET /xingrg/kc/print/load_data.html?order_code=212020032001698&kc_code=cgsh&condition= HTTP/1.1" 200 726
180.156.150.85 - - [20/Mar/2020:09:59:34 +0800] "GET /xingrg/all/function/internal_message.html?_=1584669572903&CODE_STATE=getMsg HTTP/1.1" 200 27
180.156.150.85 - - [20/Mar/2020:09:59:36 +0800] "POST /xingrg/kc/buy/cgsh_list_operate.html HTTP/1.1" 200 5859
101.81.124.227 - - [20/Mar/2020:09:59:38 +0800] "GET /xingrg/kc/buy/cgsh_order_add.html HTTP/1.1" 200 58094
101.81.124.227 - - [20/Mar/2020:09:59:39 +0800] "POST /xingrg/kc/buy/cgsh_order_operate.html HTTP/1.1" 200 8245
101.81.124.227 - - [20/Mar/2020:09:59:39 +0800] "GET /xingrg/javascript/easyui/themes/default/validatebox.css HTTP/1.1" 404 1104
114.93.75.19 - - [20/Mar/2020:09:59:40 +0800] "GET /xingrg/check_reg.html?_=1584669574071 HTTP/1.1" 200 22
114.93.75.19 - - [20/Mar/2020:09:59:40 +0800] "GET /xingrg/all/function/internal_message.html?_=1584669574069&CODE_STATE=getMsg HTTP/1.1" 200 27
101.81.124.227 - - [20/Mar/2020:09:59:40 +0800] "GET /xingrg/javascript/easyui/themes/default/tree.css HTTP/1.1" 404 1090
101.81.124.227 - - [20/Mar/2020:09:59:41 +0800] "POST /xingrg/all/common/load_tree.html?tree=supplier_tree_json&isDelete=1 HTTP/1.1" 200 46535
180.156.150.85 - - [20/Mar/2020:09:59:45 +0800] "POST /xingrg/kc/buy/cgsh_list_operate.html HTTP/1.1" 200 5385
222.69.136.177 - - [20/Mar/2020:09:59:46 +0800] "GET /xingrg/all/function/internal_message.html?_=1584669582570&CODE_STATE=getMsg HTTP/1.1" 200 27
124.77.241.94 - - [20/Mar/2020:09:59:47 +0800] "GET /xingrg/all/function/internal_message.html?_=1584669601405&CODE_STATE=getMsg HTTP/1.1" 200 27
180.156.150.85 - - [20/Mar/2020:09:59:48 +0800] "POST /xingrg/kc/buy/cgsh_list_operate.html HTTP/1.1" 200 584
180.156.150.85 - - [20/Mar/2020:09:59:54 +0800] "GET /xingrg/kc/buy/cgsh_order_info.html?code=212020011708828 HTTP/1.1" 200 52547
180.156.150.85 - - [20/Mar/2020:09:59:54 +0800] "GET /xingrg/javascript/easyui/themes/default/validatebox.css HTTP/1.1" 404 1104
180.156.150.85 - - [20/Mar/2020:09:59:54 +0800] "POST /xingrg/kc/buy/cgsh_order_operate.html HTTP/1.1" 200 4784
180.156.150.85 - - [20/Mar/2020:09:59:57 +0800] "POST /xingrg/kc/buy/cgsh_list_operate.html HTTP/1.1" 200 5385
180.156.150.85 - - [20/Mar/2020:09:59:58 +0800] "POST /xingrg/kc/buy/cgsh_list_operate.html HTTP/1.1" 200 577
180.156.150.85 - - [20/Mar/2020:09:59:59 +0800] "GET /xingrg/kc/buy/cgsh_order_info.html?code=212020011809499 HTTP/1.1" 200 52547
180.156.150.85 - - [20/Mar/2020:09:59:59 +0800] "GET /xingrg/javascript/easyui/themes/default/validatebox.css HTTP/1.1" 404 1104
180.156.150.85 - - [20/Mar/2020:09:59:59 +0800] "POST /xingrg/kc/buy/cgsh_order_operate.html HTTP/1.1" 200 5359
116.238.181.252 - - [20/Mar/2020:10:00:00 +0800] "GET /xingrg/kc/buy/cgsh_order_add.html HTTP/1.1" 200 57366
116.238.181.252 - - [20/Mar/2020:10:00:00 +0800] "POST /xingrg/kc/buy/cgsh_order_operate.html HTTP/1.1" 200 8245
116.238.181.252 - - [20/Mar/2020:10:00:00 +0800] "GET /xingrg/javascript/easyui/themes/default/validatebox.css HTTP/1.1" 404 1104
