120.253.135.82 - - [20/Mar/2020:08:54:58 +0800] "GET /xingrg/javascript/easyui/themes/default/images/tree_folder_open.gif HTTP/1.1" 304 -
120.253.135.82 - - [20/Mar/2020:08:54:58 +0800] "GET /xingrg/javascript/easyui/themes/default/images/tree_folder.gif HTTP/1.1" 200 952
120.253.135.82 - - [20/Mar/2020:08:54:58 +0800] "GET /xingrg/javascript/easyui/themes/default/images/tree_file.gif HTTP/1.1" 200 118
183.232.44.36 - - [20/Mar/2020:08:55:02 +0800] "GET /xingrg/all/function/internal_message.html?_=1584665679991&CODE_STATE=getMsg HTTP/1.1" 200 27
183.232.44.36 - - [20/Mar/2020:08:55:02 +0800] "GET /xingrg/check_reg.html?_=1584665679993 HTTP/1.1" 200 22
58.40.7.146 - - [20/Mar/2020:08:55:06 +0800] "GET /xingrg/all/function/internal_message.html?_=1584665703060&CODE_STATE=getMsg HTTP/1.1" 200 27
116.238.181.252 - - [20/Mar/2020:08:55:13 +0800] "GET /xingrg/all/function/internal_message.html?_=1584665713544&CODE_STATE=getMsg HTTP/1.1" 200 27
114.93.75.19 - - [20/Mar/2020:08:55:14 +0800] "GET /xingrg/all/function/internal_message.html?_=1584665712436&CODE_STATE=getMsg HTTP/1.1" 200 27
114.93.75.19 - - [20/Mar/2020:08:55:22 +0800] "GET /xingrg/all/function/internal_message.html?_=1584665718387&CODE_STATE=getMsg HTTP/1.1" 200 27
120.253.135.82 - - [20/Mar/2020:08:55:26 +0800] "GET /xingrg/all/function/internal_message.html?_=1584665856979&CODE_STATE=getMsg HTTP/1.1" 200 27
120.253.135.82 - - [20/Mar/2020:08:55:35 +0800] "GET /xingrg/all/function/internal_message.html?_=1584665476135&CODE_STATE=getMsg HTTP/1.1" 200 27
114.93.75.19 - - [20/Mar/2020:08:55:36 +0800] "GET /xingrg/check_reg.html?_=1584665733058 HTTP/1.1" 200 22
114.93.75.19 - - [20/Mar/2020:08:55:36 +0800] "GET /xingrg/all/function/internal_message.html?_=1584665733061&CODE_STATE=getMsg HTTP/1.1" 200 27
114.93.75.19 - - [20/Mar/2020:08:55:40 +0800] "GET /xingrg/all/function/internal_message.html?_=1584665733919&CODE_STATE=getMsg HTTP/1.1" 200 27
124.77.241.94 - - [20/Mar/2020:08:55:40 +0800] "GET /xingrg/all/function/internal_message.html?_=1584665754790&CODE_STATE=getMsg HTTP/1.1" 200 27
183.232.44.36 - - [20/Mar/2020:08:56:02 +0800] "GET /xingrg/all/function/internal_message.html?_=1584665739998&CODE_STATE=getMsg HTTP/1.1" 200 27
58.40.7.146 - - [20/Mar/2020:08:56:06 +0800] "GET /xingrg/all/function/internal_message.html?_=1584665763064&CODE_STATE=getMsg HTTP/1.1" 200 27
116.238.181.252 - - [20/Mar/2020:08:56:13 +0800] "GET /xingrg/all/function/internal_message.html?_=1584665773546&CODE_STATE=getMsg HTTP/1.1" 200 27
114.93.75.19 - - [20/Mar/2020:08:56:14 +0800] "GET /xingrg/all/function/internal_message.html?_=1584665772438&CODE_STATE=getMsg HTTP/1.1" 200 27
114.93.75.19 - - [20/Mar/2020:08:56:14 +0800] "GET /xingrg/check_reg.html?_=1584665772441 HTTP/1.1" 200 22
114.93.75.19 - - [20/Mar/2020:08:56:22 +0800] "GET /xingrg/all/function/internal_message.html?_=1584665778390&CODE_STATE=getMsg HTTP/1.1" 200 27
120.253.135.82 - - [20/Mar/2020:08:56:26 +0800] "GET /xingrg/all/function/internal_message.html?_=1584665917001&CODE_STATE=getMsg HTTP/1.1" 200 27
120.253.135.82 - - [20/Mar/2020:08:56:35 +0800] "GET /xingrg/all/function/internal_message.html?_=1584665536153&CODE_STATE=getMsg HTTP/1.1" 200 27
114.93.75.19 - - [20/Mar/2020:08:56:36 +0800] "GET /xingrg/all/function/internal_message.html?_=1584665793045&CODE_STATE=getMsg HTTP/1.1" 200 27
114.93.75.19 - - [20/Mar/2020:08:56:40 +0800] "GET /xingrg/all/function/internal_message.html?_=1584665793927&CODE_STATE=getMsg HTTP/1.1" 200 27
124.77.241.94 - - [20/Mar/2020:08:56:40 +0800] "GET /xingrg/all/function/internal_message.html?_=1584665814794&CODE_STATE=getMsg HTTP/1.1" 200 27
183.232.44.36 - - [20/Mar/2020:08:57:02 +0800] "GET /xingrg/all/function/internal_message.html?_=1584665799998&CODE_STATE=getMsg HTTP/1.1" 200 27
58.40.7.146 - - [20/Mar/2020:08:57:06 +0800] "GET /xingrg/all/function/internal_message.html?_=1584665823051&CODE_STATE=getMsg HTTP/1.1" 200 27
222.69.136.177 - - [20/Mar/2020:08:57:09 +0800] "GET /xingrg/login.html HTTP/1.1" 200 7639
222.69.136.177 - - [20/Mar/2020:08:57:09 +0800] "GET /xingrg/images/blue/jxLogo.png HTTP/1.1" 200 6156
222.69.136.177 - - [20/Mar/2020:08:57:10 +0800] "GET /xingrg/images/blue/hj.png HTTP/1.1" 200 1014
222.69.136.177 - - [20/Mar/2020:08:57:10 +0800] "GET /xingrg/images/blue/srbg.png HTTP/1.1" 200 138
222.69.136.177 - - [20/Mar/2020:08:57:10 +0800] "GET /xingrg/images/blue/login_bg.png HTTP/1.1" 200 22101
222.69.136.177 - - [20/Mar/2020:08:57:10 +0800] "GET /favicon.ico HTTP/1.1" 404 -
116.238.181.252 - - [20/Mar/2020:08:57:13 +0800] "GET /xingrg/check_reg.html?_=1584665833545 HTTP/1.1" 200 22
116.238.181.252 - - [20/Mar/2020:08:57:13 +0800] "GET /xingrg/all/function/internal_message.html?_=1584665833547&CODE_STATE=getMsg HTTP/1.1" 200 27
114.93.75.19 - - [20/Mar/2020:08:57:14 +0800] "GET /xingrg/all/function/internal_message.html?_=1584665832443&CODE_STATE=getMsg HTTP/1.1" 200 27
58.221.95.50 - - [20/Mar/2020:08:57:18 +0800] "GET /xingrg/check_reg.html?_=1584666184448 HTTP/1.1" 200 22
114.93.75.19 - - [20/Mar/2020:08:57:22 +0800] "GET /xingrg/all/function/internal_message.html?_=1584665838394&CODE_STATE=getMsg HTTP/1.1" 200 27
114.93.75.19 - - [20/Mar/2020:08:57:22 +0800] "GET /xingrg/check_reg.html?_=1584665838397 HTTP/1.1" 200 22
120.253.135.82 - - [20/Mar/2020:08:57:26 +0800] "GET /xingrg/all/function/internal_message.html?_=1584665977035&CODE_STATE=getMsg HTTP/1.1" 200 27
120.253.135.82 - - [20/Mar/2020:08:57:35 +0800] "GET /xingrg/all/function/internal_message.html?_=1584665596163&CODE_STATE=getMsg HTTP/1.1" 200 27
114.93.75.19 - - [20/Mar/2020:08:57:36 +0800] "GET /xingrg/all/function/internal_message.html?_=1584665853061&CODE_STATE=getMsg HTTP/1.1" 200 27
180.157.252.250 - - [20/Mar/2020:08:57:36 +0800] "GET /xingrg/check_reg.html?_=1584665845147 HTTP/1.1" 302 -
114.93.75.19 - - [20/Mar/2020:08:57:40 +0800] "GET /xingrg/all/function/internal_message.html?_=1584665853937&CODE_STATE=getMsg HTTP/1.1" 200 27
124.77.241.94 - - [20/Mar/2020:08:57:40 +0800] "GET /xingrg/all/function/internal_message.html?_=1584665875061&CODE_STATE=getMsg HTTP/1.1" 200 27
222.69.136.177 - - [20/Mar/2020:08:57:45 +0800] "POST /xingrg/login.do HTTP/1.1" 302 -
222.69.136.177 - - [20/Mar/2020:08:57:45 +0800] "GET /xingrg/index.html?sysBaseUrl=http%3A%2F%2F117.131.15.22%3A18081%2Fxingrg%2F&costTime=47×tamp=1584665865720 HTTP/1.1" 200 8212
222.69.136.177 - - [20/Mar/2020:08:57:45 +0800] "POST /xingrg/login.do HTTP/1.1" 302 -
222.69.136.177 - - [20/Mar/2020:08:57:45 +0800] "GET /xingrg/javascript/jquery_easy_ui/themes/icon.css HTTP/1.1" 200 3949
222.69.136.177 - - [20/Mar/2020:08:57:45 +0800] "GET /xingrg/index.html?sysBaseUrl=http%3A%2F%2F117.131.15.22%3A18081%2Fxingrg%2F&costTime=46×tamp=1584665865819 HTTP/1.1" 200 17157
222.69.136.177 - - [20/Mar/2020:08:57:45 +0800] "GET /xingrg/css/form.css HTTP/1.1" 200 893
222.69.136.177 - - [20/Mar/2020:08:57:45 +0800] "GET /xingrg/javascript/jquery_easy_ui/jquery.easyui.min.js HTTP/1.1" 200 213662
222.69.136.177 - - [20/Mar/2020:08:57:45 +0800] "GET /xingrg/javascript/jquery-1.4.2.min.js HTTP/1.1" 200 72205
222.69.136.177 - - [20/Mar/2020:08:57:45 +0800] "GET /xingrg/javascript/jquery_easy_ui/easyui-lang-zh_CN.js HTTP/1.1" 200 1900
222.69.136.177 - - [20/Mar/2020:08:57:45 +0800] "GET /xingrg/javascript/jquery.timers.js HTTP/1.1" 200 3532
222.69.136.177 - - [20/Mar/2020:08:57:45 +0800] "GET /xingrg/javascript/jquery.utils.js HTTP/1.1" 200 11805
222.69.136.177 - - [20/Mar/2020:08:57:45 +0800] "GET /xingrg/javascript/jquery_easy_ui/themes/default/easyui.css HTTP/1.1" 200 26500
222.69.136.177 - - [20/Mar/2020:08:57:45 +0800] "GET /xingrg/javascript/jquery.form.js HTTP/1.1" 200 23110
222.69.136.177 - - [20/Mar/2020:08:57:45 +0800] "GET /favicon.ico HTTP/1.1" 404 -
222.69.136.177 - - [20/Mar/2020:08:57:46 +0800] "GET /xingrg/javascript/jquery_easy_ui/themes/icons/settle_new.png HTTP/1.1" 200 826
222.69.136.177 - - [20/Mar/2020:08:57:46 +0800] "GET /xingrg/images/blue/navBackgound.jpg HTTP/1.1" 200 12378
222.69.136.177 - - [20/Mar/2020:08:57:46 +0800] "POST /xingrg/all/common/load_tree.html?tree=area_rest_tree_json&manage=1 HTTP/1.1" 200 351
222.69.136.177 - - [20/Mar/2020:08:57:46 +0800] "GET /xingrg/all/function/internal_message.html?_=1584665862478&CODE_STATE=count HTTP/1.1" 200 11
222.69.136.177 - - [20/Mar/2020:08:57:46 +0800] "GET /xingrg/images/blue/pingpu.png HTTP/1.1" 200 231
222.69.136.177 - - [20/Mar/2020:08:57:46 +0800] "GET /xingrg/check_reg.html?_=1584665862479 HTTP/1.1" 200 22
222.69.136.177 - - [20/Mar/2020:08:57:46 +0800] "GET /xingrg/javascript/jquery_easy_ui/themes/default/images/tabs_leftarrow.png HTTP/1.1" 200 389
222.69.136.177 - - [20/Mar/2020:08:57:46 +0800] "GET /xingrg/javascript/jquery_easy_ui/themes/default/images/tabs_rightarrow.png HTTP/1.1" 200 395
222.69.136.177 - - [20/Mar/2020:08:57:46 +0800] "GET /xingrg/javascript/jquery_easy_ui/themes/default/images/panel_tool_collapse.gif HTTP/1.1" 200 246
222.69.136.177 - - [20/Mar/2020:08:57:46 +0800] "POST /xingrg/load_menu.html HTTP/1.1" 200 5124
222.69.136.177 - - [20/Mar/2020:08:57:46 +0800] "GET /xingrg/javascript/jquery_easy_ui/themes/default/images/tree_arrows.gif HTTP/1.1" 200 1043
222.69.136.177 - - [20/Mar/2020:08:57:46 +0800] "GET /xingrg/javascript/jquery_easy_ui/themes/default/images/tree_folder_open.gif HTTP/1.1" 200 956
222.69.136.177 - - [20/Mar/2020:08:57:46 +0800] "GET /xingrg/javascript/jquery_easy_ui/themes/default/images/tree_folder.gif HTTP/1.1" 200 952
222.69.136.177 - - [20/Mar/2020:08:57:46 +0800] "GET /xingrg/javascript/jquery_easy_ui/themes/icons/storage_new.png HTTP/1.1" 200 853
222.69.136.177 - - [20/Mar/2020:08:57:46 +0800] "GET /xingrg/javascript/jquery_easy_ui/themes/icons/search_new.png HTTP/1.1" 200 586
222.69.136.177 - - [20/Mar/2020:08:57:46 +0800] "GET /xingrg/javascript/jquery_easy_ui/themes/icons/forms_new.png HTTP/1.1" 200 350
222.69.136.177 - - [20/Mar/2020:08:57:46 +0800] "GET /xingrg/javascript/jquery_easy_ui/themes/default/images/tree_file.gif HTTP/1.1" 200 118
124.77.241.94 - - [20/Mar/2020:08:57:54 +0800] "GET /xingrg/check_reg.html?_=1584665889112 HTTP/1.1" 200 22
183.232.44.36 - - [20/Mar/2020:08:58:02 +0800] "GET /xingrg/all/function/internal_message.html?_=1584665859998&CODE_STATE=getMsg HTTP/1.1" 200 27
58.40.7.146 - - [20/Mar/2020:08:58:06 +0800] "GET /xingrg/all/function/internal_message.html?_=1584665883056&CODE_STATE=getMsg HTTP/1.1" 200 27
116.238.181.252 - - [20/Mar/2020:08:58:13 +0800] "GET /xingrg/all/function/internal_message.html?_=1584665893551&CODE_STATE=getMsg HTTP/1.1" 200 27
114.93.75.19 - - [20/Mar/2020:08:58:14 +0800] "GET /xingrg/all/function/internal_message.html?_=1584665892447&CODE_STATE=getMsg HTTP/1.1" 200 27
101.81.124.227 - - [20/Mar/2020:08:58:19 +0800] "POST /xingrg/services/DataTransmitService HTTP/1.1" 200 524
114.93.75.19 - - [20/Mar/2020:08:58:22 +0800] "GET /xingrg/all/function/internal_message.html?_=1584665898384&CODE_STATE=getMsg HTTP/1.1" 200 27
120.253.135.82 - - [20/Mar/2020:08:58:26 +0800] "GET /xingrg/all/function/internal_message.html?_=1584666037046&CODE_STATE=getMsg HTTP/1.1" 200 27
120.253.135.82 - - [20/Mar/2020:08:58:34 +0800] "GET /xingrg/check_reg.html?_=1584665655784 HTTP/1.1" 200 22
120.253.135.82 - - [20/Mar/2020:08:58:35 +0800] "GET /xingrg/all/function/internal_message.html?_=1584665656176&CODE_STATE=getMsg HTTP/1.1" 200 27
114.93.75.19 - - [20/Mar/2020:08:58:36 +0800] "GET /xingrg/all/function/internal_message.html?_=1584665913061&CODE_STATE=getMsg HTTP/1.1" 200 27
114.93.75.19 - - [20/Mar/2020:08:58:40 +0800] "GET /xingrg/all/function/internal_message.html?_=1584665913938&CODE_STATE=getMsg HTTP/1.1" 200 27
124.77.241.94 - - [20/Mar/2020:08:58:40 +0800] "GET /xingrg/all/function/internal_message.html?_=1584665935070&CODE_STATE=getMsg HTTP/1.1" 200 27
222.69.136.177 - - [20/Mar/2020:08:58:46 +0800] "GET /xingrg/all/function/internal_message.html?_=1584665922483&CODE_STATE=getMsg HTTP/1.1" 200 27
120.253.135.82 - - [20/Mar/2020:08:58:54 +0800] "GET /xingrg/javascript/jquery_easy_ui/themes/icons/manage.png HTTP/1.1" 304 -
120.253.135.82 - - [20/Mar/2020:08:58:54 +0800] "GET /xingrg/javascript/jquery_easy_ui/themes/icons/area.png HTTP/1.1" 304 -
183.232.44.36 - - [20/Mar/2020:08:59:02 +0800] "GET /xingrg/all/function/internal_message.html?_=1584665920008&CODE_STATE=getMsg HTTP/1.1" 200 27
58.40.7.146 - - [20/Mar/2020:08:59:06 +0800] "GET /xingrg/all/function/internal_message.html?_=1584665943061&CODE_STATE=getMsg HTTP/1.1" 200 27
58.40.7.146 - - [20/Mar/2020:08:59:06 +0800] "GET /xingrg/check_reg.html?_=1584665943064 HTTP/1.1" 200 22
120.253.135.82 - - [20/Mar/2020:08:59:08 +0800] "GET /xingrg/css/blue.css HTTP/1.1" 304 -
120.253.135.82 - - [20/Mar/2020:08:59:08 +0800] "GET /xingrg/kc/pszx/mdqp_order_list.html?state=10 HTTP/1.1" 200 10061
120.253.135.82 - - [20/Mar/2020:08:59:08 +0800] "GET /xingrg/javascript/Calendar.js HTTP/1.1" 304 -
120.253.135.82 - - [20/Mar/2020:08:59:08 +0800] "GET /xingrg/dwr/util.js HTTP/1.1" 304 -
120.253.135.82 - - [20/Mar/2020:08:59:08 +0800] "GET /xingrg/javascript/myfunction.js HTTP/1.1" 304 -
120.253.135.82 - - [20/Mar/2020:08:59:08 +0800] "GET /xingrg/dwr/interface/AjaxReportQueryService.js HTTP/1.1" 200 13203
120.253.135.82 - - [20/Mar/2020:08:59:08 +0800] "GET /xingrg/dwr/interface/AjaxQqpsService.js HTTP/1.1" 200 16326
120.253.135.82 - - [20/Mar/2020:08:59:08 +0800] "GET /xingrg/dwr/engine.js HTTP/1.1" 200 43631
120.253.135.82 - - [20/Mar/2020:08:59:08 +0800] "GET /xingrg/javascript/jquery_easy_ui/themes/icons/check_new.png HTTP/1.1" 304 -
120.253.135.82 - - [20/Mar/2020:08:59:08 +0800] "GET /xingrg/javascript/jquery_easy_ui/themes/icons/back_new.png HTTP/1.1" 304 -
120.253.135.82 - - [20/Mar/2020:08:59:08 +0800] "GET /xingrg/javascript/jquery_easy_ui/themes/icons/uncheck_new.png HTTP/1.1" 304 -
120.253.135.82 - - [20/Mar/2020:08:59:12 +0800] "GET /xingrg/kc/pszx/mdps_order_list.html?orderType=0 HTTP/1.1" 200 20947
120.253.135.82 - - [20/Mar/2020:08:59:12 +0800] "GET /xingrg/javascript/easyui/themes/icons/uncheck_new.png HTTP/1.1" 304 -
120.253.135.82 - - [20/Mar/2020:08:59:13 +0800] "POST /xingrg/kc/pszx/mdps_list_operate.html HTTP/1.1" 200 2052
116.238.181.252 - - [20/Mar/2020:08:59:13 +0800] "GET /xingrg/all/function/internal_message.html?_=1584665953556&CODE_STATE=getMsg HTTP/1.1" 200 27
114.93.75.19 - - [20/Mar/2020:08:59:14 +0800] "GET /xingrg/all/function/internal_message.html?_=1584665952437&CODE_STATE=getMsg HTTP/1.1" 200 27
120.253.135.82 - - [20/Mar/2020:08:59:17 +0800] "POST /xingrg/kc/pszx/mdps_list_operate.html HTTP/1.1" 200 277
120.253.135.82 - - [20/Mar/2020:08:59:17 +0800] "GET /xingrg/kc/pszx/mdps_order_info.html?code=312020032000103 HTTP/1.1" 200 23829
120.253.135.82 - - [20/Mar/2020:08:59:18 +0800] "POST /xingrg/kc/pszx/mdps_order_operate.html HTTP/1.1" 200 2770
120.253.135.82 - - [20/Mar/2020:08:59:18 +0800] "GET /xingrg/all/common/auto_word.html?type=base&rest_code=00101 HTTP/1.1" 200 513
120.253.135.82 - - [20/Mar/2020:08:59:18 +0800] "GET /xingrg/javascript/easyui/themes/default/validatebox.css HTTP/1.1" 404 1104
114.93.75.19 - - [20/Mar/2020:08:59:22 +0800] "GET /xingrg/all/function/internal_message.html?_=1584665958389&CODE_STATE=getMsg HTTP/1.1" 200 27
120.253.135.82 - - [20/Mar/2020:08:59:26 +0800] "GET /xingrg/check_reg.html?_=1584666096976 HTTP/1.1" 200 22
120.253.135.82 - - [20/Mar/2020:08:59:26 +0800] "GET /xingrg/all/function/internal_message.html?_=1584666097049&CODE_STATE=getMsg HTTP/1.1" 200 27
120.253.135.82 - - [20/Mar/2020:08:59:35 +0800] "GET /xingrg/all/function/internal_message.html?_=1584665716189&CODE_STATE=getMsg HTTP/1.1" 200 27
114.93.75.19 - - [20/Mar/2020:08:59:36 +0800] "GET /xingrg/all/function/internal_message.html?_=1584665973060&CODE_STATE=getMsg HTTP/1.1" 200 27
114.93.75.19 - - [20/Mar/2020:08:59:40 +0800] "GET /xingrg/all/function/internal_message.html?_=1584665973940&CODE_STATE=getMsg HTTP/1.1" 200 27
114.93.75.19 - - [20/Mar/2020:08:59:40 +0800] "GET /xingrg/check_reg.html?_=1584665973951 HTTP/1.1" 200 22
124.77.241.94 - - [20/Mar/2020:08:59:40 +0800] "GET /xingrg/all/function/internal_message.html?_=1584665995082&CODE_STATE=getMsg HTTP/1.1" 200 27
222.69.136.177 - - [20/Mar/2020:08:59:46 +0800] "GET /xingrg/all/function/internal_message.html?_=1584665982479&CODE_STATE=getMsg HTTP/1.1" 200 27
183.232.44.36 - - [20/Mar/2020:09:00:02 +0800] "GET /xingrg/all/function/internal_message.html?_=1584665980012&CODE_STATE=getMsg HTTP/1.1" 200 27
183.232.44.36 - - [20/Mar/2020:09:00:02 +0800] "GET /xingrg/check_reg.html?_=1584665980015 HTTP/1.1" 200 22
120.253.135.82 - - [20/Mar/2020:09:00:02 +0800] "POST /xingrg/kc/pszx/mdps_list_operate.html HTTP/1.1" 200 212
120.253.135.82 - - [20/Mar/2020:09:00:02 +0800] "GET /xingrg/kc/pszx/mdps_order_info.html?code=312020031800081 HTTP/1.1" 200 23835
120.253.135.82 - - [20/Mar/2020:09:00:03 +0800] "POST /xingrg/kc/pszx/mdps_order_operate.html HTTP/1.1" 200 2290
120.253.135.82 - - [20/Mar/2020:09:00:03 +0800] "GET /xingrg/javascript/easyui/themes/default/validatebox.css HTTP/1.1" 404 1104
120.253.135.82 - - [20/Mar/2020:09:00:05 +0800] "POST /xingrg/kc/pszx/mdps_list_operate.html HTTP/1.1" 200 2052
58.40.7.146 - - [20/Mar/2020:09:00:06 +0800] "GET /xingrg/all/function/internal_message.html?_=1584666003065&CODE_STATE=getMsg HTTP/1.1" 200 27
120.253.135.82 - - [20/Mar/2020:09:00:08 +0800] "POST /xingrg/kc/pszx/mdps_list_operate.html HTTP/1.1" 200 277
120.253.135.82 - - [20/Mar/2020:09:00:09 +0800] "GET /xingrg/kc/pszx/mdps_order_info.html?code=312020032000103 HTTP/1.1" 200 23829
120.253.135.82 - - [20/Mar/2020:09:00:09 +0800] "GET /xingrg/javascript/easyui/themes/default/validatebox.css HTTP/1.1" 404 1104
120.253.135.82 - - [20/Mar/2020:09:00:09 +0800] "POST /xingrg/kc/pszx/mdps_order_operate.html HTTP/1.1" 200 2770
116.238.181.252 - - [20/Mar/2020:09:00:13 +0800] "GET /xingrg/all/function/internal_message.html?_=1584666013555&CODE_STATE=getMsg HTTP/1.1" 200 27
114.93.75.19 - - [20/Mar/2020:09:00:14 +0800] "GET /xingrg/all/function/internal_message.html?_=1584666012443&CODE_STATE=getMsg HTTP/1.1" 200 27
114.93.75.19 - - [20/Mar/2020:09:00:22 +0800] "GET /xingrg/all/function/internal_message.html?_=1584666018392&CODE_STATE=getMsg HTTP/1.1" 200 27
120.253.135.82 - - [20/Mar/2020:09:00:26 +0800] "GET /xingrg/all/function/internal_message.html?_=1584666157085&CODE_STATE=getMsg HTTP/1.1" 200 27
120.253.135.82 - - [20/Mar/2020:09:00:35 +0800] "GET /xingrg/all/function/internal_message.html?_=1584665776204&CODE_STATE=getMsg HTTP/1.1" 200 27
114.93.75.19 - - [20/Mar/2020:09:00:36 +0800] "GET /xingrg/check_reg.html?_=1584666033060 HTTP/1.1" 200 22
114.93.75.19 - - [20/Mar/2020:09:00:36 +0800] "GET /xingrg/all/function/internal_message.html?_=1584666033061&CODE_STATE=getMsg HTTP/1.1" 200 27
114.93.75.19 - - [20/Mar/2020:09:00:40 +0800] "GET /xingrg/all/function/internal_message.html?_=1584666033935&CODE_STATE=getMsg HTTP/1.1" 200 27
124.77.241.94 - - [20/Mar/2020:09:00:41 +0800] "GET /xingrg/all/function/internal_message.html?_=1584666055340&CODE_STATE=getMsg HTTP/1.1" 200 27
222.69.136.177 - - [20/Mar/2020:09:00:46 +0800] "GET /xingrg/all/function/internal_message.html?_=1584666042480&CODE_STATE=getMsg HTTP/1.1" 200 27
183.232.44.36 - - [20/Mar/2020:09:01:02 +0800] "GET /xingrg/all/function/internal_message.html?_=1584666040018&CODE_STATE=getMsg HTTP/1.1" 200 27
58.40.7.146 - - [20/Mar/2020:09:01:06 +0800] "GET /xingrg/all/function/internal_message.html?_=1584666063068&CODE_STATE=getMsg HTTP/1.1" 200 27
116.238.181.252 - - [20/Mar/2020:09:01:13 +0800] "GET /xingrg/all/function/internal_message.html?_=1584666073555&CODE_STATE=getMsg HTTP/1.1" 200 27
114.93.75.19 - - [20/Mar/2020:09:01:14 +0800] "GET /xingrg/check_reg.html?_=1584666072436 HTTP/1.1" 200 22
114.93.75.19 - - [20/Mar/2020:09:01:14 +0800] "GET /xingrg/all/function/internal_message.html?_=1584666072441&CODE_STATE=getMsg HTTP/1.1" 200 27
114.93.75.19 - - [20/Mar/2020:09:01:22 +0800] "GET /xingrg/all/function/internal_message.html?_=1584666078396&CODE_STATE=getMsg HTTP/1.1" 200 27
120.253.135.82 - - [20/Mar/2020:09:01:26 +0800] "GET /xingrg/all/function/internal_message.html?_=1584666217105&CODE_STATE=getMsg HTTP/1.1" 200 27
120.253.135.82 - - [20/Mar/2020:09:01:35 +0800] "GET /xingrg/all/function/internal_message.html?_=1584665836219&CODE_STATE=getMsg HTTP/1.1" 200 27
114.93.75.19 - - [20/Mar/2020:09:01:36 +0800] "GET /xingrg/all/function/internal_message.html?_=1584666093060&CODE_STATE=getMsg HTTP/1.1" 200 27
114.93.75.19 - - [20/Mar/2020:09:01:40 +0800] "GET /xingrg/all/function/internal_message.html?_=1584666093932&CODE_STATE=getMsg HTTP/1.1" 200 27
124.77.241.94 - - [20/Mar/2020:09:01:41 +0800] "GET /xingrg/all/function/internal_message.html?_=1584666115349&CODE_STATE=getMsg HTTP/1.1" 200 27
222.69.136.177 - - [20/Mar/2020:09:01:46 +0800] "GET /xingrg/all/function/internal_message.html?_=1584666102487&CODE_STATE=getMsg HTTP/1.1" 200 27
120.253.135.82 - - [20/Mar/2020:09:01:49 +0800] "GET /xingrg/javascript/easyui/themes/sunny/images/ui-bg_gloss-wave_60_fece2f_500x100.png HTTP/1.1" 200 3512
120.253.135.82 - - [20/Mar/2020:09:01:57 +0800] "GET /xingrg/kc/buy/cgsh_order_list.html HTTP/1.1" 200 42289
120.253.135.82 - - [20/Mar/2020:09:01:57 +0800] "GET /xingrg/javascript/jquery_tools/table.css HTTP/1.1" 200 1032
120.253.135.82 - - [20/Mar/2020:09:01:57 +0800] "GET /xingrg/javascript/jquery_tools/jquery.tools.table.js HTTP/1.1" 200 6994
120.253.135.82 - - [20/Mar/2020:09:01:57 +0800] "GET /xingrg/javascript/easyui/themes/default/easyui.css HTTP/1.1" 200 30432
120.253.135.82 - - [20/Mar/2020:09:01:57 +0800] "GET /xingrg/javascript/easyui/themes/icons/edit_add_new.png HTTP/1.1" 200 2997
120.253.135.82 - - [20/Mar/2020:09:01:57 +0800] "GET /xingrg/javascript/easyui/themes/icons/cance_new.png HTTP/1.1" 200 3986
120.253.135.82 - - [20/Mar/2020:09:01:57 +0800] "GET /xingrg/javascript/easyui/themes/icons/check_new.png HTTP/1.1" 200 3224
120.253.135.82 - - [20/Mar/2020:09:01:57 +0800] "GET /xingrg/javascript/easyui/themes/icons/uncheck_new.png HTTP/1.1" 200 3197
120.253.135.82 - - [20/Mar/2020:09:01:57 +0800] "POST /xingrg/kc/buy/cgsh_list_operate.html HTTP/1.1" 200 876
120.253.135.82 - - [20/Mar/2020:09:01:59 +0800] "GET /xingrg/javascript/easyui/themes/default/images/button_plain_hover.png HTTP/1.1" 200 144
120.253.135.82 - - [20/Mar/2020:09:01:59 +0800] "GET /xingrg/javascript/easyui/themes/default/images/button_plain_hover.png HTTP/1.1" 200 144
120.253.135.82 - - [20/Mar/2020:09:01:59 +0800] "GET /xingrg/javascript/easyui/themes/default/images/button_plain_hover.png HTTP/1.1" 200 144
120.253.135.82 - - [20/Mar/2020:09:02:00 +0800] "GET /xingrg/kc/buy/cgsh_order_add.html HTTP/1.1" 200 56738
120.253.135.82 - - [20/Mar/2020:09:02:00 +0800] "GET /xingrg/javascript/jquery_tools/order_manager.js HTTP/1.1" 200 11183
120.253.135.82 - - [20/Mar/2020:09:02:00 +0800] "GET /xingrg/javascript/print/kc_print.js HTTP/1.1" 200 11415
120.253.135.82 - - [20/Mar/2020:09:02:00 +0800] "GET /xingrg/words/20200319132042_words.js HTTP/1.1" 200 716975
120.253.135.82 - - [20/Mar/2020:09:02:00 +0800] "GET /xingrg/javascript/easyui/themes/icons/copy_new.png HTTP/1.1" 200 815
120.253.135.82 - - [20/Mar/2020:09:02:00 +0800] "GET /xingrg/javascript/easyui/themes/icons/template_new.png HTTP/1.1" 200 3956
120.253.135.82 - - [20/Mar/2020:09:02:00 +0800] "GET /xingrg/javascript/easyui/themes/icons/ok.png HTTP/1.1" 200 883
120.253.135.82 - - [20/Mar/2020:09:02:00 +0800] "GET /xingrg/javascript/easyui/themes/default/images/menu_downarrow.png HTTP/1.1" 200 173
120.253.135.82 - - [20/Mar/2020:09:02:00 +0800] "GET /xingrg/javascript/easyui/themes/icons/cancel.png HTTP/1.1" 200 1133
120.253.135.82 - - [20/Mar/2020:09:02:00 +0800] "GET /xingrg/javascript/easyui/themes/icons/print.png HTTP/1.1" 200 1057
120.253.135.82 - - [20/Mar/2020:09:02:01 +0800] "POST /xingrg/kc/buy/cgsh_order_operate.html HTTP/1.1" 200 8245
120.253.135.82 - - [20/Mar/2020:09:02:01 +0800] "GET /xingrg/javascript/easyui/themes/icons/edit_remove.png HTTP/1.1" 200 625
120.253.135.82 - - [20/Mar/2020:09:02:01 +0800] "GET /xingrg/all/common/auto_word.html?type=employee&rest_code=00101 HTTP/1.1" 200 1123
120.253.135.82 - - [20/Mar/2020:09:02:01 +0800] "GET /xingrg/all/common/auto_word.html?type=employee&rest_code=00101 HTTP/1.1" 200 1123
120.253.135.82 - - [20/Mar/2020:09:02:01 +0800] "GET /xingrg/javascript/easyui/themes/default/validatebox.css HTTP/1.1" 404 1104
120.253.135.82 - - [20/Mar/2020:09:02:01 +0800] "GET /xingrg/javascript/easyui/plugins/jquery.validatebox.js HTTP/1.1" 200 6103
120.253.135.82 - - [20/Mar/2020:09:02:01 +0800] "GET /xingrg/javascript/easyui/plugins/jquery.numberbox.js HTTP/1.1" 200 5213
183.232.44.36 - - [20/Mar/2020:09:02:02 +0800] "GET /xingrg/all/function/internal_message.html?_=1584666100018&CODE_STATE=getMsg HTTP/1.1" 200 27
58.40.7.146 - - [20/Mar/2020:09:02:06 +0800] "GET /xingrg/all/function/internal_message.html?_=1584666123056&CODE_STATE=getMsg HTTP/1.1" 200 27
120.253.135.82 - - [20/Mar/2020:09:02:10 +0800] "GET /xingrg/kc/buy/cgsh_order_add.html HTTP/1.1" 200 56738
120.253.135.82 - - [20/Mar/2020:09:02:10 +0800] "POST /xingrg/kc/buy/cgsh_order_operate.html HTTP/1.1" 200 8245
120.253.135.82 - - [20/Mar/2020:09:02:10 +0800] "GET /xingrg/javascript/easyui/themes/default/validatebox.css HTTP/1.1" 404 1104
116.238.181.252 - - [20/Mar/2020:09:02:13 +0800] "GET /xingrg/all/function/internal_message.html?_=1584666133564&CODE_STATE=getMsg HTTP/1.1" 200 27
116.238.181.252 - - [20/Mar/2020:09:02:13 +0800] "GET /xingrg/check_reg.html?_=1584666133562 HTTP/1.1" 200 22
120.253.135.82 - - [20/Mar/2020:09:02:14 +0800] "GET /xingrg/javascript/auto/indicator.gif HTTP/1.1" 404 1066
114.93.75.19 - - [20/Mar/2020:09:02:14 +0800] "GET /xingrg/all/function/internal_message.html?_=1584666132444&CODE_STATE=getMsg HTTP/1.1" 200 27
58.221.95.50 - - [20/Mar/2020:09:02:18 +0800] "GET /xingrg/check_reg.html?_=1584666484426 HTTP/1.1" 200 22
101.81.124.227 - - [20/Mar/2020:09:02:19 +0800] "POST /xingrg/services/DataTransmitService HTTP/1.1" 200 524
120.253.135.82 - - [20/Mar/2020:09:02:20 +0800] "POST /xingrg/all/common/load_combo.html?type=employee HTTP/1.1" 200 2013
114.93.75.19 - - [20/Mar/2020:09:02:22 +0800] "GET /xingrg/all/function/internal_message.html?_=1584666138399&CODE_STATE=getMsg HTTP/1.1" 200 27
114.93.75.19 - - [20/Mar/2020:09:02:22 +0800] "GET /xingrg/check_reg.html?_=1584666138404 HTTP/1.1" 200 22
120.253.135.82 - - [20/Mar/2020:09:02:26 +0800] "GET /xingrg/all/function/internal_message.html?_=1584666277122&CODE_STATE=getMsg HTTP/1.1" 200 27
120.253.135.82 - - [20/Mar/2020:09:02:31 +0800] "GET /xingrg/kc/buy/cgsh_order_operate.html?command=get_materiel&rest_code=00101&code=00101036003&supplier_code=00100151&order_time=2020-03-20 HTTP/1.1" 200 440
120.253.135.82 - - [20/Mar/2020:09:02:35 +0800] "GET /xingrg/all/function/internal_message.html?_=1584665896230&CODE_STATE=getMsg HTTP/1.1" 200 27
180.157.252.250 - - [20/Mar/2020:09:02:36 +0800] "GET /xingrg/check_reg.html?_=1584666145119 HTTP/1.1" 302 -
114.93.75.19 - - [20/Mar/2020:09:02:36 +0800] "GET /xingrg/all/function/internal_message.html?_=1584666153060&CODE_STATE=getMsg HTTP/1.1" 200 27
114.93.75.19 - - [20/Mar/2020:09:02:40 +0800] "GET /xingrg/all/function/internal_message.html?_=1584666153931&CODE_STATE=getMsg HTTP/1.1" 200 27
124.77.241.94 - - [20/Mar/2020:09:02:41 +0800] "GET /xingrg/all/function/internal_message.html?_=1584666175583&CODE_STATE=getMsg HTTP/1.1" 200 27
120.253.135.82 - - [20/Mar/2020:09:02:48 +0800] "POST /xingrg/kc/buy/cgsh_order_operate.html HTTP/1.1" 200 37
120.253.135.82 - - [20/Mar/2020:09:02:49 +0800] "POST /xingrg/kc/buy/cgsh_order_operate.html HTTP/1.1" 200 2660
120.253.135.82 - - [20/Mar/2020:09:02:53 +0800] "POST /xingrg/kc/buy/cgsh_order_operate.html HTTP/1.1" 200 37
120.253.135.82 - - [20/Mar/2020:09:02:54 +0800] "POST /xingrg/kc/buy/cgsh_order_operate.html HTTP/1.1" 200 2660
124.77.241.94 - - [20/Mar/2020:09:02:54 +0800] "GET /xingrg/check_reg.html?_=1584666189123 HTTP/1.1" 200 22
120.253.135.82 - - [20/Mar/2020:09:02:56 +0800] "GET /xingrg/kc/print/load_config.html?kc_code=cgsh HTTP/1.1" 200 1841
120.253.135.82 - - [20/Mar/2020:09:02:56 +0800] "GET /xingrg/kc/print/load_data.html?order_code=212020032001677&kc_code=cgsh&condition= HTTP/1.1" 200 665
222.69.136.177 - - [20/Mar/2020:09:02:58 +0800] "GET /xingrg/all/function/internal_message.html?_=1584666162516&CODE_STATE=getMsg HTTP/1.1" 200 27
222.69.136.177 - - [20/Mar/2020:09:02:58 +0800] "GET /xingrg/check_reg.html?_=1584666162505 HTTP/1.1" 200 22
183.232.44.36 - - [20/Mar/2020:09:03:02 +0800] "GET /xingrg/all/function/internal_message.html?_=1584666160024&CODE_STATE=getMsg HTTP/1.1" 200 27
58.40.7.146 - - [20/Mar/2020:09:03:06 +0800] "GET /xingrg/all/function/internal_message.html?_=1584666183058&CODE_STATE=getMsg HTTP/1.1" 200 27
116.238.181.252 - - [20/Mar/2020:09:03:13 +0800] "GET /xingrg/all/function/internal_message.html?_=1584666193562&CODE_STATE=getMsg HTTP/1.1" 200 27
114.93.75.19 - - [20/Mar/2020:09:03:14 +0800] "GET /xingrg/all/function/internal_message.html?_=1584666192449&CODE_STATE=getMsg HTTP/1.1" 200 27
114.93.75.19 - - [20/Mar/2020:09:03:22 +0800] "GET /xingrg/all/function/internal_message.html?_=1584666198391&CODE_STATE=getMsg HTTP/1.1" 200 27
120.253.135.82 - - [20/Mar/2020:09:03:27 +0800] "GET /xingrg/all/function/internal_message.html?_=1584666337136&CODE_STATE=getMsg HTTP/1.1" 200 27
120.253.135.82 - - [20/Mar/2020:09:03:32 +0800] "POST /xingrg/kc/buy/cgsh_list_operate.html HTTP/1.1" 200 1673
120.253.135.82 - - [20/Mar/2020:09:03:34 +0800] "GET /xingrg/kc/report/report_main.html HTTP/1.1" 200 9362
120.253.135.82 - - [20/Mar/2020:09:03:34 +0800] "GET /xingrg/check_reg.html?_=1584665955801 HTTP/1.1" 200 22
120.253.135.82 - - [20/Mar/2020:09:03:35 +0800] "POST /xingrg/kc/buy/cgsh_list_operate.html HTTP/1.1" 200 1673
120.253.135.82 - - [20/Mar/2020:09:03:35 +0800] "GET /xingrg/all/function/internal_message.html?_=1584665956243&CODE_STATE=getMsg HTTP/1.1" 200 27
120.253.135.82 - - [20/Mar/2020:09:03:35 +0800] "GET /xingrg/kc/base/kc_stocks.html HTTP/1.1" 200 16259
120.253.135.82 - - [20/Mar/2020:09:03:36 +0800] "GET /xingrg/javascript/easyui/themes/default/tree.css HTTP/1.1" 404 1090
120.253.135.82 - - [20/Mar/2020:09:03:36 +0800] "POST /xingrg/all/common/load_tree.html?tree=materiel_sort_tree_json HTTP/1.1" 200 8666
114.93.75.19 - - [20/Mar/2020:09:03:36 +0800] "GET /xingrg/all/function/internal_message.html?_=1584666213058&CODE_STATE=getMsg HTTP/1.1" 200 27
120.253.135.82 - - [20/Mar/2020:09:03:37 +0800] "POST /xingrg/all/common/load_combo.html?type=base HTTP/1.1" 200 899
114.93.75.19 - - [20/Mar/2020:09:03:40 +0800] "GET /xingrg/all/function/internal_message.html?_=1584666213942&CODE_STATE=getMsg HTTP/1.1" 200 27
124.77.241.94 - - [20/Mar/2020:09:03:41 +0800] "GET /xingrg/all/function/internal_message.html?_=1584666235589&CODE_STATE=getMsg HTTP/1.1" 200 27
222.69.136.177 - - [20/Mar/2020:09:03:46 +0800] "GET /xingrg/all/function/internal_message.html?_=1584666222490&CODE_STATE=getMsg HTTP/1.1" 200 27
120.253.135.82 - - [20/Mar/2020:09:03:47 +0800] "POST /xingrg/kc/base/stock_operate.html HTTP/1.1" 200 1717
183.232.44.36 - - [20/Mar/2020:09:04:02 +0800] "GET /xingrg/all/function/internal_message.html?_=1584666220024&CODE_STATE=getMsg HTTP/1.1" 200 27
58.40.7.146 - - [20/Mar/2020:09:04:06 +0800] "GET /xingrg/all/function/internal_message.html?_=1584666243064&CODE_STATE=getMsg HTTP/1.1" 200 27
58.40.7.146 - - [20/Mar/2020:09:04:06 +0800] "GET /xingrg/check_reg.html?_=1584666243065 HTTP/1.1" 200 22
116.238.181.252 - - [20/Mar/2020:09:04:13 +0800] "GET /xingrg/all/function/internal_message.html?_=1584666253567&CODE_STATE=getMsg HTTP/1.1" 200 27
114.93.75.19 - - [20/Mar/2020:09:04:14 +0800] "GET /xingrg/all/function/internal_message.html?_=1584666252435&CODE_STATE=getMsg HTTP/1.1" 200 27
114.93.75.19 - - [20/Mar/2020:09:04:22 +0800] "GET /xingrg/all/function/internal_message.html?_=1584666258394&CODE_STATE=getMsg HTTP/1.1" 200 27
120.253.135.82 - - [20/Mar/2020:09:04:26 +0800] "GET /xingrg/check_reg.html?_=1584666397000 HTTP/1.1" 200 22
120.253.135.82 - - [20/Mar/2020:09:04:26 +0800] "GET /xingrg/all/function/internal_message.html?_=1584666397156&CODE_STATE=getMsg HTTP/1.1" 200 27
120.253.135.82 - - [20/Mar/2020:09:04:35 +0800] "GET /xingrg/all/function/internal_message.html?_=1584666016258&CODE_STATE=getMsg HTTP/1.1" 200 27
114.93.75.19 - - [20/Mar/2020:09:04:36 +0800] "GET /xingrg/all/function/internal_message.html?_=1584666273064&CODE_STATE=getMsg HTTP/1.1" 200 27
114.93.75.19 - - [20/Mar/2020:09:04:40 +0800] "GET /xingrg/all/function/internal_message.html?_=1584666273944&CODE_STATE=getMsg HTTP/1.1" 200 27
114.93.75.19 - - [20/Mar/2020:09:04:40 +0800] "GET /xingrg/check_reg.html?_=1584666273946 HTTP/1.1" 200 22
124.77.241.94 - - [20/Mar/2020:09:04:41 +0800] "GET /xingrg/all/function/internal_message.html?_=1584666295604&CODE_STATE=getMsg HTTP/1.1" 200 27
222.69.136.177 - - [20/Mar/2020:09:04:46 +0800] "GET /xingrg/all/function/internal_message.html?_=1584666282490&CODE_STATE=getMsg HTTP/1.1" 200 27
183.232.44.36 - - [20/Mar/2020:09:05:02 +0800] "GET /xingrg/check_reg.html?_=1584666280032 HTTP/1.1" 200 22
183.232.44.36 - - [20/Mar/2020:09:05:02 +0800] "GET /xingrg/all/function/internal_message.html?_=1584666280030&CODE_STATE=getMsg HTTP/1.1" 200 27
120.253.135.82 - - [20/Mar/2020:09:05:03 +0800] "GET /xingrg/kc/buy/cgsh_order_list.html HTTP/1.1" 200 42289
120.253.135.82 - - [20/Mar/2020:09:05:04 +0800] "POST /xingrg/kc/buy/cgsh_list_operate.html HTTP/1.1" 200 1673
120.253.135.82 - - [20/Mar/2020:09:05:06 +0800] "POST /xingrg/kc/buy/cgsh_list_operate.html HTTP/1.1" 200 202
58.40.7.146 - - [20/Mar/2020:09:05:06 +0800] "GET /xingrg/all/function/internal_message.html?_=1584666303067&CODE_STATE=getMsg HTTP/1.1" 200 27
120.253.135.82 - - [20/Mar/2020:09:05:07 +0800] "GET /xingrg/kc/buy/cgsh_order_info.html?code=212020032001677 HTTP/1.1" 200 56737
120.253.135.82 - - [20/Mar/2020:09:05:07 +0800] "GET /xingrg/javascript/easyui/themes/default/validatebox.css HTTP/1.1" 404 1104
120.253.135.82 - - [20/Mar/2020:09:05:07 +0800] "POST /xingrg/kc/buy/cgsh_order_operate.html HTTP/1.1" 200 2660
116.238.181.252 - - [20/Mar/2020:09:05:13 +0800] "GET /xingrg/all/function/internal_message.html?_=1584666313568&CODE_STATE=getMsg HTTP/1.1" 200 27
114.93.75.19 - - [20/Mar/2020:09:05:14 +0800] "GET /xingrg/all/function/internal_message.html?_=1584666312439&CODE_STATE=getMsg HTTP/1.1" 200 27
120.253.135.82 - - [20/Mar/2020:09:05:15 +0800] "POST /xingrg/kc/buy/cgsh_order_operate.html HTTP/1.1" 200 37
120.253.135.82 - - [20/Mar/2020:09:05:17 +0800] "POST /xingrg/kc/buy/cgsh_order_operate.html HTTP/1.1" 200 12
120.253.135.82 - - [20/Mar/2020:09:05:17 +0800] "GET /xingrg/kc/buy/cgsh_order_info.html?code=212020032001677 HTTP/1.1" 200 51896
120.253.135.82 - - [20/Mar/2020:09:05:18 +0800] "GET /xingrg/javascript/easyui/themes/default/validatebox.css HTTP/1.1" 404 1104
120.253.135.82 - - [20/Mar/2020:09:05:18 +0800] "POST /xingrg/kc/buy/cgsh_order_operate.html HTTP/1.1" 200 610
120.253.135.82 - - [20/Mar/2020:09:05:22 +0800] "GET /xingrg/kc/buy/cgsh_order_add.html HTTP/1.1" 200 56738
120.253.135.82 - - [20/Mar/2020:09:05:22 +0800] "GET /xingrg/javascript/easyui/themes/default/validatebox.css HTTP/1.1" 404 1104
120.253.135.82 - - [20/Mar/2020:09:05:22 +0800] "POST /xingrg/kc/buy/cgsh_order_operate.html HTTP/1.1" 200 8245
114.93.75.19 - - [20/Mar/2020:09:05:22 +0800] "GET /xingrg/all/function/internal_message.html?_=1584666318396&CODE_STATE=getMsg HTTP/1.1" 200 27
120.253.135.82 - - [20/Mar/2020:09:05:26 +0800] "GET /xingrg/all/function/internal_message.html?_=1584666457162&CODE_STATE=getMsg HTTP/1.1" 200 27
120.253.135.82 - - [20/Mar/2020:09:05:26 +0800] "POST /xingrg/all/common/load_combo.html?type=employee HTTP/1.1" 200 2013
120.253.135.82 - - [20/Mar/2020:09:05:35 +0800] "GET /xingrg/all/function/internal_message.html?_=1584666076270&CODE_STATE=getMsg HTTP/1.1" 200 27
114.93.75.19 - - [20/Mar/2020:09:05:36 +0800] "GET /xingrg/all/function/internal_message.html?_=1584666333064&CODE_STATE=getMsg HTTP/1.1" 200 27
114.93.75.19 - - [20/Mar/2020:09:05:36 +0800] "GET /xingrg/check_reg.html?_=1584666333066 HTTP/1.1" 200 22
114.93.75.19 - - [20/Mar/2020:09:05:40 +0800] "GET /xingrg/all/function/internal_message.html?_=1584666333949&CODE_STATE=getMsg HTTP/1.1" 200 27
124.77.241.94 - - [20/Mar/2020:09:05:41 +0800] "GET /xingrg/all/function/internal_message.html?_=1584666355864&CODE_STATE=getMsg HTTP/1.1" 200 27
120.253.135.82 - - [20/Mar/2020:09:05:46 +0800] "POST /xingrg/kc/buy/cgsh_order_operate.html HTTP/1.1" 200 37
120.253.135.82 - - [20/Mar/2020:09:05:47 +0800] "POST /xingrg/kc/buy/cgsh_order_operate.html HTTP/1.1" 200 2660
120.253.135.82 - - [20/Mar/2020:09:05:49 +0800] "GET /xingrg/kc/print/load_data.html?order_code=212020032001678&kc_code=cgsh&condition= HTTP/1.1" 200 665
222.69.136.177 - - [20/Mar/2020:09:05:58 +0800] "GET /xingrg/all/function/internal_message.html?_=1584666342494&CODE_STATE=getMsg HTTP/1.1" 200 27
183.232.44.36 - - [20/Mar/2020:09:06:02 +0800] "GET /xingrg/all/function/internal_message.html?_=1584666340036&CODE_STATE=getMsg HTTP/1.1" 200 27
120.253.135.82 - - [20/Mar/2020:09:06:02 +0800] "POST /xingrg/kc/buy/cgsh_list_operate.html HTTP/1.1" 200 1673
120.253.135.82 - - [20/Mar/2020:09:06:04 +0800] "POST /xingrg/kc/buy/cgsh_list_operate.html HTTP/1.1" 200 202
120.253.135.82 - - [20/Mar/2020:09:06:05 +0800] "GET /xingrg/kc/buy/cgsh_order_info.html?code=212020032001678 HTTP/1.1" 200 56737
120.253.135.82 - - [20/Mar/2020:09:06:05 +0800] "GET /xingrg/javascript/easyui/themes/default/validatebox.css HTTP/1.1" 404 1104
120.253.135.82 - - [20/Mar/2020:09:06:05 +0800] "POST /xingrg/kc/buy/cgsh_order_operate.html HTTP/1.1" 200 2660
58.40.7.146 - - [20/Mar/2020:09:06:06 +0800] "GET /xingrg/all/function/internal_message.html?_=1584666363071&CODE_STATE=getMsg HTTP/1.1" 200 27
222.69.136.177 - - [20/Mar/2020:09:06:07 +0800] "GET /xingrg/javascript/jquery_easy_ui/themes/default/images/tabs_close.gif HTTP/1.1" 200 829
222.69.136.177 - - [20/Mar/2020:09:06:07 +0800] "GET /xingrg/javascript/jquery_tools/datebox.css HTTP/1.1" 200 2597
222.69.136.177 - - [20/Mar/2020:09:06:07 +0800] "GET /xingrg/css/site.css HTTP/1.1" 200 7541
222.69.136.177 - - [20/Mar/2020:09:06:07 +0800] "GET /xingrg/css/base.css HTTP/1.1" 200 2811
222.69.136.177 - - [20/Mar/2020:09:06:07 +0800] "GET /xingrg/javascript/jquery_tools/jquery.tools.min.js HTTP/1.1" 200 138801
222.69.136.177 - - [20/Mar/2020:09:06:07 +0800] "GET /xingrg/javascript/easyui/themes/icon.css HTTP/1.1" 200 4483
222.69.136.177 - - [20/Mar/2020:09:06:07 +0800] "GET /xingrg/javascript/auto/jquery.autocomplete.css HTTP/1.1" 200 587
222.69.136.177 - - [20/Mar/2020:09:06:07 +0800] "GET /xingrg/javascript/jquery_tools/fix.css HTTP/1.1" 200 1702
222.69.136.177 - - [20/Mar/2020:09:06:07 +0800] "GET /xingrg/javascript/jquery_tools/table.css HTTP/1.1" 200 1032
222.69.136.177 - - [20/Mar/2020:09:06:07 +0800] "GET /xingrg/javascript/jquery_tools/jquery.tools.hotkey.js HTTP/1.1" 200 3242
222.69.136.177 - - [20/Mar/2020:09:06:07 +0800] "GET /xingrg/kc/buy/cgsh_order_list.html HTTP/1.1" 200 42040
222.69.136.177 - - [20/Mar/2020:09:06:07 +0800] "GET /xingrg/javascript/jquery_tools/jquery.tools.table.js HTTP/1.1" 200 6994
222.69.136.177 - - [20/Mar/2020:09:06:07 +0800] "GET /xingrg/javascript/jquery_tools/list_manager.js HTTP/1.1" 200 3652
222.69.136.177 - - [20/Mar/2020:09:06:07 +0800] "GET /xingrg/javascript/easyui/easyloader.js HTTP/1.1" 200 5975
222.69.136.177 - - [20/Mar/2020:09:06:07 +0800] "GET /xingrg/javascript/jquery.cookie.js HTTP/1.1" 200 5513
222.69.136.177 - - [20/Mar/2020:09:06:07 +0800] "GET /xingrg/javascript/print/LodopFuncs.js HTTP/1.1" 200 5121
222.69.136.177 - - [20/Mar/2020:09:06:07 +0800] "GET /xingrg/javascript/jquery_tools/jquery.tools.extend.js HTTP/1.1" 200 15385
222.69.136.177 - - [20/Mar/2020:09:06:07 +0800] "GET /xingrg/javascript/easyui/themes/default/easyui.css HTTP/1.1" 200 30432
222.69.136.177 - - [20/Mar/2020:09:06:07 +0800] "GET /xingrg/javascript/auto/jquery.autocomplete.js HTTP/1.1" 200 21624
222.69.136.177 - - [20/Mar/2020:09:06:12 +0800] "GET /xingrg/javascript/easyui/themes/icons/edit_add_new.png HTTP/1.1" 200 2997
222.69.136.177 - - [20/Mar/2020:09:06:12 +0800] "GET /xingrg/javascript/easyui/themes/icons/cance_new.png HTTP/1.1" 200 3986
222.69.136.177 - - [20/Mar/2020:09:06:12 +0800] "GET /xingrg/javascript/easyui/themes/icons/check_new.png HTTP/1.1" 200 3224
222.69.136.177 - - [20/Mar/2020:09:06:12 +0800] "GET /xingrg/javascript/easyui/themes/icons/field_new.png HTTP/1.1" 200 1097
222.69.136.177 - - [20/Mar/2020:09:06:12 +0800] "GET /xingrg/javascript/easyui/themes/icons/import_new.png HTTP/1.1" 200 1247
222.69.136.177 - - [20/Mar/2020:09:06:12 +0800] "GET /xingrg/kc/buy/cgsh_order_list.html HTTP/1.1" 200 42040
222.69.136.177 - - [20/Mar/2020:09:06:12 +0800] "GET /xingrg/javascript/easyui/plugins/jquery.parser.js HTTP/1.1" 200 1142
222.69.136.177 - - [20/Mar/2020:09:06:12 +0800] "GET /xingrg/images/control/ajaxLoader.gif HTTP/1.1" 200 4659
116.238.181.252 - - [20/Mar/2020:09:06:13 +0800] "GET /xingrg/all/function/internal_message.html?_=1584666373567&CODE_STATE=getMsg HTTP/1.1" 200 27
222.69.136.177 - - [20/Mar/2020:09:06:13 +0800] "POST /xingrg/kc/buy/cgsh_list_operate.html HTTP/1.1" 200 876
120.253.135.82 - - [20/Mar/2020:09:06:14 +0800] "POST /xingrg/kc/buy/cgsh_order_operate.html HTTP/1.1" 200 37
114.93.75.19 - - [20/Mar/2020:09:06:14 +0800] "GET /xingrg/check_reg.html?_=1584666372442 HTTP/1.1" 200 22
114.93.75.19 - - [20/Mar/2020:09:06:14 +0800] "GET /xingrg/all/function/internal_message.html?_=1584666372444&CODE_STATE=getMsg HTTP/1.1" 200 27
222.69.136.177 - - [20/Mar/2020:09:06:15 +0800] "GET /xingrg/javascript/easyui/themes/default/images/button_plain_hover.png HTTP/1.1" 200 144
120.253.135.82 - - [20/Mar/2020:09:06:15 +0800] "POST /xingrg/kc/buy/cgsh_order_operate.html HTTP/1.1" 200 12
120.253.135.82 - - [20/Mar/2020:09:06:16 +0800] "GET /xingrg/kc/buy/cgsh_order_info.html?code=212020032001678 HTTP/1.1" 200 51896
222.69.136.177 - - [20/Mar/2020:09:06:17 +0800] "GET /xingrg/javascript/pic_change.js HTTP/1.1" 200 4739
222.69.136.177 - - [20/Mar/2020:09:06:17 +0800] "GET /xingrg/kc/buy/cgsh_order_add.html HTTP/1.1" 200 57648
222.69.136.177 - - [20/Mar/2020:09:06:17 +0800] "GET /xingrg/javascript/convert.js HTTP/1.1" 200 1239
222.69.136.177 - - [20/Mar/2020:09:06:17 +0800] "GET /xingrg/javascript/jquery_tools/order_manager.js HTTP/1.1" 200 11183
222.69.136.177 - - [20/Mar/2020:09:06:17 +0800] "GET /xingrg/javascript/json2.js HTTP/1.1" 200 11259
222.69.136.177 - - [20/Mar/2020:09:06:17 +0800] "GET /xingrg/javascript/print/kc_print.js HTTP/1.1" 200 11415
120.253.135.82 - - [20/Mar/2020:09:06:17 +0800] "GET /xingrg/javascript/easyui/themes/default/validatebox.css HTTP/1.1" 404 1104
222.69.136.177 - - [20/Mar/2020:09:06:17 +0800] "GET /xingrg/words/20200319132042_words.js HTTP/1.1" 200 716975
222.69.136.177 - - [20/Mar/2020:09:06:17 +0800] "GET /xingrg/javascript/easyui/themes/icons/copy_new.png HTTP/1.1" 200 815
222.69.136.177 - - [20/Mar/2020:09:06:17 +0800] "GET /xingrg/javascript/easyui/themes/icons/template_new.png HTTP/1.1" 200 3956
222.69.136.177 - - [20/Mar/2020:09:06:17 +0800] "GET /xingrg/javascript/easyui/themes/icons/ok.png HTTP/1.1" 200 883
222.69.136.177 - - [20/Mar/2020:09:06:17 +0800] "GET /xingrg/javascript/easyui/themes/icons/print.png HTTP/1.1" 200 1057
222.69.136.177 - - [20/Mar/2020:09:06:17 +0800] "GET /xingrg/javascript/easyui/themes/default/images/menu_downarrow.png HTTP/1.1" 200 173
222.69.136.177 - - [20/Mar/2020:09:06:17 +0800] "GET /xingrg/javascript/easyui/themes/icons/cancel.png HTTP/1.1" 200 1133
120.253.135.82 - - [20/Mar/2020:09:06:17 +0800] "POST /xingrg/kc/buy/cgsh_order_operate.html HTTP/1.1" 200 610
222.69.136.177 - - [20/Mar/2020:09:06:17 +0800] "POST /xingrg/kc/buy/cgsh_order_operate.html HTTP/1.1" 200 8245
222.69.136.177 - - [20/Mar/2020:09:06:17 +0800] "GET /xingrg/all/common/auto_word.html?type=employee&rest_code=00149 HTTP/1.1" 200 197
222.69.136.177 - - [20/Mar/2020:09:06:17 +0800] "GET /xingrg/javascript/easyui/themes/default/validatebox.css HTTP/1.1" 404 1104
222.69.136.177 - - [20/Mar/2020:09:06:17 +0800] "GET /xingrg/javascript/easyui/plugins/jquery.validatebox.js HTTP/1.1" 200 6103
222.69.136.177 - - [20/Mar/2020:09:06:17 +0800] "GET /xingrg/all/common/auto_word.html?type=employee&rest_code=00149 HTTP/1.1" 200 197
222.69.136.177 - - [20/Mar/2020:09:06:17 +0800] "GET /xingrg/javascript/easyui/themes/icons/edit_remove.png HTTP/1.1" 200 625
222.69.136.177 - - [20/Mar/2020:09:06:17 +0800] "GET /xingrg/javascript/easyui/plugins/jquery.numberbox.js HTTP/1.1" 200 5213
114.93.75.19 - - [20/Mar/2020:09:06:22 +0800] "GET /xingrg/all/function/internal_message.html?_=1584666378399&CODE_STATE=getMsg HTTP/1.1" 200 27
120.253.135.82 - - [20/Mar/2020:09:06:31 +0800] "GET /xingrg/all/function/internal_message.html?_=1584666517175&CODE_STATE=getMsg HTTP/1.1" 200 27
120.253.135.82 - - [20/Mar/2020:09:06:35 +0800] "GET /xingrg/all/function/internal_message.html?_=1584666136285&CODE_STATE=getMsg HTTP/1.1" 200 27
114.93.75.19 - - [20/Mar/2020:09:06:36 +0800] "GET /xingrg/all/function/internal_message.html?_=1584666393066&CODE_STATE=getMsg HTTP/1.1" 200 27
114.93.75.19 - - [20/Mar/2020:09:06:40 +0800] "GET /xingrg/all/function/internal_message.html?_=1584666393950&CODE_STATE=getMsg HTTP/1.1" 200 27
124.77.241.94 - - [20/Mar/2020:09:06:41 +0800] "GET /xingrg/all/function/internal_message.html?_=1584666415865&CODE_STATE=getMsg HTTP/1.1" 200 27
222.69.136.177 - - [20/Mar/2020:09:06:46 +0800] "GET /xingrg/all/function/internal_message.html?_=1584666402504&CODE_STATE=getMsg HTTP/1.1" 200 27
183.232.44.36 - - [20/Mar/2020:09:07:02 +0800] "GET /xingrg/all/function/internal_message.html?_=1584666400039&CODE_STATE=getMsg HTTP/1.1" 200 27
58.40.7.146 - - [20/Mar/2020:09:07:06 +0800] "GET /xingrg/all/function/internal_message.html?_=1584666423058&CODE_STATE=getMsg HTTP/1.1" 200 27
116.238.181.252 - - [20/Mar/2020:09:07:13 +0800] "GET /xingrg/all/function/internal_message.html?_=1584666433571&CODE_STATE=getMsg HTTP/1.1" 200 27
116.238.181.252 - - [20/Mar/2020:09:07:13 +0800] "GET /xingrg/check_reg.html?_=1584666433575 HTTP/1.1" 200 22
114.93.75.19 - - [20/Mar/2020:09:07:14 +0800] "GET /xingrg/all/function/internal_message.html?_=1584666432447&CODE_STATE=getMsg HTTP/1.1" 200 27
58.221.95.50 - - [20/Mar/2020:09:07:18 +0800] "GET /xingrg/check_reg.html?_=1584666784404 HTTP/1.1" 200 22
114.93.75.19 - - [20/Mar/2020:09:07:22 +0800] "GET /xingrg/all/function/internal_message.html?_=1584666438386&CODE_STATE=getMsg HTTP/1.1" 200 27
114.93.75.19 - - [20/Mar/2020:09:07:22 +0800] "GET /xingrg/check_reg.html?_=1584666438389 HTTP/1.1" 200 22
120.253.135.82 - - [20/Mar/2020:09:07:25 +0800] "POST /xingrg/kc/buy/cgsh_list_operate.html HTTP/1.1" 200 876
120.253.135.82 - - [20/Mar/2020:09:07:26 +0800] "GET /xingrg/all/function/internal_message.html?_=1584666577210&CODE_STATE=getMsg HTTP/1.1" 200 27
120.253.135.82 - - [20/Mar/2020:09:07:27 +0800] "GET /xingrg/kc/buy/cgsh_order_add.html HTTP/1.1" 200 56738
120.253.135.82 - - [20/Mar/2020:09:07:27 +0800] "GET /xingrg/javascript/easyui/themes/default/validatebox.css HTTP/1.1" 404 1104
120.253.135.82 - - [20/Mar/2020:09:07:27 +0800] "POST /xingrg/kc/buy/cgsh_order_operate.html HTTP/1.1" 200 8245
120.253.135.82 - - [20/Mar/2020:09:07:32 +0800] "POST /xingrg/all/common/load_combo.html?type=employee HTTP/1.1" 200 2013
222.69.136.177 - - [20/Mar/2020:09:07:33 +0800] "GET /xingrg/javascript/auto/indicator.gif HTTP/1.1" 404 1066
222.69.136.177 - - [20/Mar/2020:09:07:34 +0800] "GET /xingrg/javascript/jquery_tools/images/prev.gif HTTP/1.1" 404 1086
222.69.136.177 - - [20/Mar/2020:09:07:34 +0800] "GET /xingrg/javascript/jquery_tools/images/next.gif HTTP/1.1" 404 1086
120.253.135.82 - - [20/Mar/2020:09:07:35 +0800] "GET /xingrg/all/function/internal_message.html?_=1584666196299&CODE_STATE=getMsg HTTP/1.1" 200 27
180.157.252.250 - - [20/Mar/2020:09:07:36 +0800] "GET /xingrg/check_reg.html?_=1584666445131 HTTP/1.1" 302 -
114.93.75.19 - - [20/Mar/2020:09:07:36 +0800] "GET /xingrg/all/function/internal_message.html?_=1584666453066&CODE_STATE=getMsg HTTP/1.1" 200 27
114.93.75.19 - - [20/Mar/2020:09:07:40 +0800] "GET /xingrg/all/function/internal_message.html?_=1584666453954&CODE_STATE=getMsg HTTP/1.1" 200 27
124.77.241.94 - - [20/Mar/2020:09:07:41 +0800] "GET /xingrg/all/function/internal_message.html?_=1584666476111&CODE_STATE=getMsg HTTP/1.1" 200 27
222.69.136.177 - - [20/Mar/2020:09:07:46 +0800] "GET /xingrg/all/function/internal_message.html?_=1584666462509&CODE_STATE=getMsg HTTP/1.1" 200 27
222.69.136.177 - - [20/Mar/2020:09:07:46 +0800] "GET /xingrg/check_reg.html?_=1584666462516 HTTP/1.1" 200 22
120.253.135.82 - - [20/Mar/2020:09:07:51 +0800] "POST /xingrg/kc/buy/cgsh_order_operate.html HTTP/1.1" 200 37
120.253.135.82 - - [20/Mar/2020:09:07:52 +0800] "POST /xingrg/kc/buy/cgsh_order_operate.html HTTP/1.1" 200 2660
120.253.135.82 - - [20/Mar/2020:09:07:53 +0800] "GET /xingrg/kc/print/load_data.html?order_code=212020032001679&kc_code=cgsh&condition= HTTP/1.1" 200 665
124.77.241.94 - - [20/Mar/2020:09:07:54 +0800] "GET /xingrg/check_reg.html?_=1584666489123 HTTP/1.1" 200 22
120.253.135.82 - - [20/Mar/2020:09:08:01 +0800] "POST /xingrg/kc/buy/cgsh_order_operate.html HTTP/1.1" 200 37
222.69.136.177 - - [20/Mar/2020:09:08:01 +0800] "GET /xingrg/kc/buy/cgsh_order_operate.html?command=get_materiel&rest_code=00149&code=00101008275&supplier_code=00100151&order_time=2020-03-20 HTTP/1.1" 200 417
183.232.44.36 - - [20/Mar/2020:09:08:02 +0800] "GET /xingrg/all/function/internal_message.html?_=1584666460039&CODE_STATE=getMsg HTTP/1.1" 200 27
120.253.135.82 - - [20/Mar/2020:09:08:03 +0800] "POST /xingrg/kc/buy/cgsh_order_operate.html HTTP/1.1" 200 12
