222.69.135.150 - - [19/Mar/2020:12:45:33 +0800] "GET /xingrg/javascript/jquery_easy_ui/themes/default/images/tree_checkbox_1.gif HTTP/1.1" 200 174
222.69.135.150 - - [19/Mar/2020:12:45:33 +0800] "GET /xingrg/javascript/jquery_easy_ui/themes/default/images/tree_checkbox_2.gif HTTP/1.1" 200 181
222.69.135.150 - - [19/Mar/2020:12:45:33 +0800] "GET /xingrg/javascript/jquery_easy_ui/themes/icons/manage.png HTTP/1.1" 200 696
222.69.135.150 - - [19/Mar/2020:12:45:33 +0800] "GET /xingrg/javascript/jquery_easy_ui/themes/default/images/tree_checkbox_0.gif HTTP/1.1" 200 168
222.69.135.150 - - [19/Mar/2020:12:45:33 +0800] "POST /xingrg/system/rest/get_infos.html HTTP/1.1" 200 503518
116.228.172.94 - - [19/Mar/2020:12:45:35 +0800] "GET /xingrg/all/function/internal_message.html?_=1584593133606&CODE_STATE=getMsg HTTP/1.1" 200 27
117.185.32.26 - - [19/Mar/2020:12:45:44 +0800] "GET /xingrg/check_reg.html?_=1584593140439 HTTP/1.1" 200 22
114.93.75.19 - - [19/Mar/2020:12:45:44 +0800] "GET /xingrg/all/function/internal_message.html?_=1584593141378&CODE_STATE=getMsg HTTP/1.1" 200 27
120.253.135.82 - - [19/Mar/2020:12:45:45 +0800] "GET /xingrg/all/function/internal_message.html?_=1584592886883&CODE_STATE=getMsg HTTP/1.1" 200 27
114.88.159.93 - - [19/Mar/2020:12:45:52 +0800] "GET /xingrg/all/function/internal_message.html?_=1584592873106&CODE_STATE=getMsg HTTP/1.1" 200 27
180.156.150.85 - - [19/Mar/2020:12:45:52 +0800] "GET /xingrg/all/function/internal_message.html?_=1584593151881&CODE_STATE=getMsg HTTP/1.1" 200 27
116.238.181.252 - - [19/Mar/2020:12:45:55 +0800] "GET /xingrg/all/function/internal_message.html?_=1584593156051&CODE_STATE=getMsg HTTP/1.1" 200 27
116.238.181.252 - - [19/Mar/2020:12:45:55 +0800] "GET /xingrg/check_reg.html?_=1584593156055 HTTP/1.1" 200 22
124.77.241.94 - - [19/Mar/2020:12:45:55 +0800] "GET /xingrg/all/function/internal_message.html?_=1584593166811&CODE_STATE=getMsg HTTP/1.1" 200 27
183.232.44.36 - - [19/Mar/2020:12:45:56 +0800] "GET /xingrg/all/function/internal_message.html?_=1584593135242&CODE_STATE=getMsg HTTP/1.1" 200 27
222.69.135.150 - - [19/Mar/2020:12:45:57 +0800] "POST /xingrg/system/rest/search_item.html HTTP/1.1" 200 1819
222.69.135.150 - - [19/Mar/2020:12:46:00 +0800] "GET /xingrg/all/function/internal_message.html?_=1584593047529&CODE_STATE=getMsg HTTP/1.1" 200 27
58.40.7.146 - - [19/Mar/2020:12:46:05 +0800] "GET /xingrg/all/function/internal_message.html?_=1584593162594&CODE_STATE=getMsg HTTP/1.1" 200 27
222.69.135.150 - - [19/Mar/2020:12:46:06 +0800] "POST /xingrg/system/rest/edit_item.html HTTP/1.1" 200 32
116.238.181.252 - - [19/Mar/2020:12:46:06 +0800] "GET /xingrg/kc/buy/cgsh_order_list.html HTTP/1.1" 200 42040
222.69.135.150 - - [19/Mar/2020:12:46:06 +0800] "POST /xingrg/system/rest/edit_item.html HTTP/1.1" 200 -
116.238.181.252 - - [19/Mar/2020:12:46:06 +0800] "POST /xingrg/kc/buy/cgsh_list_operate.html HTTP/1.1" 200 876
222.69.135.150 - - [19/Mar/2020:12:46:06 +0800] "POST /xingrg/system/rest/edit_item.html HTTP/1.1" 200 32
222.69.135.150 - - [19/Mar/2020:12:46:06 +0800] "GET /xingrg/system/rest/get_item.html?table=down&code=5ac83cb1e23045b2ba7c5743978a6e77&_=1584593157136 HTTP/1.1" 200 233
116.238.181.252 - - [19/Mar/2020:12:46:08 +0800] "GET /xingrg/kc/buy/cgsh_order_add.html HTTP/1.1" 200 58229
116.238.181.252 - - [19/Mar/2020:12:46:08 +0800] "GET /xingrg/javascript/easyui/themes/default/validatebox.css HTTP/1.1" 404 1104
116.238.181.252 - - [19/Mar/2020:12:46:08 +0800] "POST /xingrg/kc/buy/cgsh_order_operate.html HTTP/1.1" 200 8245
222.69.135.150 - - [19/Mar/2020:12:46:09 +0800] "GET /xingrg/system/rest/query_items.html?_=1584593159682&table=down&tcode=&key= HTTP/1.1" 200 5761
222.69.135.150 - - [19/Mar/2020:12:46:09 +0800] "POST /xingrg/system/rest/edit_item.html HTTP/1.1" 200 4
120.253.135.82 - - [19/Mar/2020:12:46:09 +0800] "GET /xingrg/all/function/internal_message.html?_=1584593300824&CODE_STATE=getMsg HTTP/1.1" 200 27
222.69.135.150 - - [19/Mar/2020:12:46:09 +0800] "POST /xingrg/all/common/load_tree.html?tree=area_station_tree_json&defaultRests=1_15 HTTP/1.1" 200 2980
222.69.135.150 - - [19/Mar/2020:12:46:09 +0800] "POST /xingrg/system/rest/get_infos.html HTTP/1.1" 200 503518
180.157.252.250 - - [19/Mar/2020:12:46:11 +0800] "GET /xingrg/all/function/internal_message.html?_=1584593160819&CODE_STATE=getMsg HTTP/1.1" 200 27
114.93.75.19 - - [19/Mar/2020:12:46:14 +0800] "GET /xingrg/all/function/internal_message.html?_=1584593171853&CODE_STATE=getMsg HTTP/1.1" 200 27
101.81.124.227 - - [19/Mar/2020:12:46:16 +0800] "GET /xingrg/all/function/internal_message.html?_=1584593170957&CODE_STATE=getMsg HTTP/1.1" 200 27
222.69.135.150 - - [19/Mar/2020:12:46:18 +0800] "GET /xingrg/all/function/internal_message.html?_=1584593168637&CODE_STATE=getMsg HTTP/1.1" 200 27
116.233.78.241 - - [19/Mar/2020:12:46:21 +0800] "GET /xingrg/check_reg.html?_=1584593242468 HTTP/1.1" 200 22
116.233.78.241 - - [19/Mar/2020:12:46:21 +0800] "GET /xingrg/all/function/internal_message.html?_=1584593242468&CODE_STATE=getMsg HTTP/1.1" 200 27
114.93.75.19 - - [19/Mar/2020:12:46:21 +0800] "GET /xingrg/all/function/internal_message.html?_=1584593356867&CODE_STATE=getMsg HTTP/1.1" 200 27
114.88.159.93 - - [19/Mar/2020:12:46:32 +0800] "GET /xingrg/all/function/internal_message.html?_=1584593090298&CODE_STATE=getMsg HTTP/1.1" 200 27
116.228.172.94 - - [19/Mar/2020:12:46:35 +0800] "GET /xingrg/all/function/internal_message.html?_=1584593193606&CODE_STATE=getMsg HTTP/1.1" 200 27
114.93.75.19 - - [19/Mar/2020:12:46:44 +0800] "GET /xingrg/all/function/internal_message.html?_=1584593201390&CODE_STATE=getMsg HTTP/1.1" 200 27
120.253.135.82 - - [19/Mar/2020:12:46:45 +0800] "GET /xingrg/all/function/internal_message.html?_=1584592946886&CODE_STATE=getMsg HTTP/1.1" 200 27
222.69.135.150 - - [19/Mar/2020:12:46:51 +0800] "GET /xingrg/dwr/interface/AjaxGetFirstChart.js HTTP/1.1" 200 631
222.69.135.150 - - [19/Mar/2020:12:46:51 +0800] "GET /xingrg/dwr/engine.js HTTP/1.1" 200 43631
222.69.135.150 - - [19/Mar/2020:12:46:51 +0800] "GET /xingrg/system/rest/list_page.html?p=menu HTTP/1.1" 200 110805
114.88.159.93 - - [19/Mar/2020:12:46:52 +0800] "GET /xingrg/all/function/internal_message.html?_=1584592933088&CODE_STATE=getMsg HTTP/1.1" 200 27
222.69.135.150 - - [19/Mar/2020:12:46:52 +0800] "GET /xingrg/system/rest/query_items.html?_=1584593202790&table=menu&page=1&rows=20&categoryId=&key= HTTP/1.1" 200 4723
180.156.150.85 - - [19/Mar/2020:12:46:52 +0800] "GET /xingrg/all/function/internal_message.html?_=1584593211882&CODE_STATE=getMsg HTTP/1.1" 200 27
116.238.181.252 - - [19/Mar/2020:12:46:55 +0800] "GET /xingrg/all/function/internal_message.html?_=1584593216052&CODE_STATE=getMsg HTTP/1.1" 200 27
124.77.241.94 - - [19/Mar/2020:12:46:55 +0800] "GET /xingrg/all/function/internal_message.html?_=1584593226989&CODE_STATE=getMsg HTTP/1.1" 200 27
114.93.75.19 - - [19/Mar/2020:12:46:56 +0800] "GET /xingrg/index.html?sysBaseUrl=http%3A%2F%2F117.131.15.22%3A18081%2Fxingrg%2F&costTime=9×tamp=1566966247029 HTTP/1.1" 200 17487
183.232.44.36 - - [19/Mar/2020:12:46:56 +0800] "GET /xingrg/all/function/internal_message.html?_=1584593195242&CODE_STATE=getMsg HTTP/1.1" 200 27
222.69.135.150 - - [19/Mar/2020:12:46:57 +0800] "GET /xingrg/system/rest/query_items.html?_=1584593206819&table=menu&page=1&rows=20&categoryId=&key=1991 HTTP/1.1" 200 261
114.93.75.19 - - [19/Mar/2020:12:46:58 +0800] "POST /xingrg/all/common/load_tree.html?tree=area_rest_tree_json&manage=1 HTTP/1.1" 200 3079
114.93.75.19 - - [19/Mar/2020:12:46:59 +0800] "GET /xingrg/check_reg.html?_=1584593215956 HTTP/1.1" 200 22
114.93.75.19 - - [19/Mar/2020:12:46:59 +0800] "GET /xingrg/all/function/internal_message.html?_=1584593215954&CODE_STATE=count HTTP/1.1" 200 11
114.93.75.19 - - [19/Mar/2020:12:46:59 +0800] "GET /favicon.ico HTTP/1.1" 404 -
114.93.75.19 - - [19/Mar/2020:12:46:59 +0800] "POST /xingrg/load_menu.html HTTP/1.1" 200 9945
222.69.135.150 - - [19/Mar/2020:12:47:00 +0800] "GET /xingrg/all/function/internal_message.html?_=1584593107518&CODE_STATE=getMsg HTTP/1.1" 200 27
222.69.135.150 - - [19/Mar/2020:12:47:00 +0800] "GET /xingrg/system/rest/get_item.html?table=menu&id=1991&_=1584593210887 HTTP/1.1" 200 950
222.69.135.150 - - [19/Mar/2020:12:47:00 +0800] "GET /xingrg/system/rest/get_item.html?table=menu&target=menu_rest&id=1991&_=1584593210922 HTTP/1.1" 200 800
222.69.135.150 - - [19/Mar/2020:12:47:00 +0800] "GET /xingrg/system/rest/get_item.html?table=menu&target=cook_mode&id=1991&_=1584593210919 HTTP/1.1" 200 5713
222.69.135.150 - - [19/Mar/2020:12:47:01 +0800] "GET /xingrg/system/rest/get_infos.html?command=menu_img_show&id=1991 HTTP/1.1" 200 5
58.40.7.146 - - [19/Mar/2020:12:47:05 +0800] "GET /xingrg/all/function/internal_message.html?_=1584593222597&CODE_STATE=getMsg HTTP/1.1" 200 27
120.253.135.82 - - [19/Mar/2020:12:47:09 +0800] "GET /xingrg/all/function/internal_message.html?_=1584593360845&CODE_STATE=getMsg HTTP/1.1" 200 27
222.69.135.150 - - [19/Mar/2020:12:47:11 +0800] "GET /xingrg/kc/buy/cgsh_order_add.html HTTP/1.1" 200 57648
180.157.252.250 - - [19/Mar/2020:12:47:11 +0800] "GET /xingrg/all/function/internal_message.html?_=1584593220826&CODE_STATE=getMsg HTTP/1.1" 200 27
222.69.135.150 - - [19/Mar/2020:12:47:11 +0800] "GET /xingrg/javascript/easyui/themes/default/validatebox.css HTTP/1.1" 404 1104
222.69.135.150 - - [19/Mar/2020:12:47:11 +0800] "POST /xingrg/kc/buy/cgsh_order_operate.html HTTP/1.1" 200 8245
114.93.75.19 - - [19/Mar/2020:12:47:12 +0800] "GET /xingrg/kc/report/report_main.html HTTP/1.1" 200 7337
116.238.181.252 - - [19/Mar/2020:12:47:14 +0800] "GET /xingrg/kc/mdqp/pssh_order_list.html HTTP/1.1" 200 18113
114.93.75.19 - - [19/Mar/2020:12:47:14 +0800] "GET /xingrg/all/report/report_query.html?fileName=kc/buy/gys_amount_base.xml&rh=99999 HTTP/1.1" 200 51841
114.93.75.19 - - [19/Mar/2020:12:47:14 +0800] "GET /xingrg/dwr/interface/AjaxReportQueryService.js HTTP/1.1" 200 13203
114.93.75.19 - - [19/Mar/2020:12:47:14 +0800] "GET /xingrg/dwr/engine.js HTTP/1.1" 200 43631
116.238.181.252 - - [19/Mar/2020:12:47:14 +0800] "POST /xingrg/kc/mdqp/pssh_list_operate.html HTTP/1.1" 200 5492
114.93.75.19 - - [19/Mar/2020:12:47:14 +0800] "POST /xingrg/dwr/call/plaincall/AjaxReportQueryService.getFixDate.dwr HTTP/1.1" 200 111
114.93.75.19 - - [19/Mar/2020:12:47:14 +0800] "POST /xingrg/dwr/call/plaincall/AjaxReportQueryService.getInitString.dwr HTTP/1.1" 200 1401
114.93.75.19 - - [19/Mar/2020:12:47:14 +0800] "POST /xingrg/all/common/load_tree.html?tree=supplier_tree_json&manage=1 HTTP/1.1" 200 47142
58.221.95.50 - - [19/Mar/2020:12:47:15 +0800] "GET /xingrg/check_reg.html?_=1584593580292 HTTP/1.1" 200 22
114.93.75.19 - - [19/Mar/2020:12:47:15 +0800] "POST /xingrg/all/common/load_tree.html?tree=materiel_sort_tree_json HTTP/1.1" 200 8666
116.238.181.252 - - [19/Mar/2020:12:47:16 +0800] "GET /xingrg/kc/base/wldb_order_list.html HTTP/1.1" 200 19250
101.81.124.227 - - [19/Mar/2020:12:47:16 +0800] "GET /xingrg/check_reg.html?_=1584593231092 HTTP/1.1" 200 22
101.81.124.227 - - [19/Mar/2020:12:47:16 +0800] "GET /xingrg/all/function/internal_message.html?_=1584593230987&CODE_STATE=getMsg HTTP/1.1" 200 27
116.238.181.252 - - [19/Mar/2020:12:47:16 +0800] "POST /xingrg/kc/base/wldb_list_operate.html HTTP/1.1" 200 1782
222.69.135.150 - - [19/Mar/2020:12:47:18 +0800] "GET /xingrg/all/function/internal_message.html?_=1584593228617&CODE_STATE=getMsg HTTP/1.1" 200 27
116.238.181.252 - - [19/Mar/2020:12:47:19 +0800] "GET /xingrg/kc/mdqp/pssh_order_list.html HTTP/1.1" 200 18113
116.238.181.252 - - [19/Mar/2020:12:47:19 +0800] "POST /xingrg/kc/mdqp/pssh_list_operate.html HTTP/1.1" 200 5492
116.233.78.241 - - [19/Mar/2020:12:47:19 +0800] "GET /xingrg/all/function/internal_message.html?_=1584593302466&CODE_STATE=getMsg HTTP/1.1" 200 27
116.238.181.252 - - [19/Mar/2020:12:47:20 +0800] "POST /xingrg/kc/mdqp/pssh_list_operate.html HTTP/1.1" 200 596
114.93.75.19 - - [19/Mar/2020:12:47:21 +0800] "GET /xingrg/all/function/internal_message.html?_=1584593416869&CODE_STATE=getMsg HTTP/1.1" 200 27
116.238.181.252 - - [19/Mar/2020:12:47:22 +0800] "GET /xingrg/javascript/jquery_tools/jquery-1.4.2.min.js HTTP/1.1" 404 1094
116.238.181.252 - - [19/Mar/2020:12:47:22 +0800] "GET /xingrg/kc/mdqp/pssh_order_info.html?code=312020031900085 HTTP/1.1" 200 17308
222.69.135.150 - - [19/Mar/2020:12:47:22 +0800] "GET /xingrg/kc/buy/cgsh_order_operate.html?command=get_materiel&rest_code=00149&code=00101004074&supplier_code=00100083&order_time=2020-03-19 HTTP/1.1" 200 406
116.238.181.252 - - [19/Mar/2020:12:47:23 +0800] "POST /xingrg/kc/mdqp/pssh_order_operate.html HTTP/1.1" 200 2144
116.238.181.252 - - [19/Mar/2020:12:47:23 +0800] "GET /xingrg/javascript/easyui/themes/default/validatebox.css HTTP/1.1" 404 1104
180.156.150.85 - - [19/Mar/2020:12:47:23 +0800] "GET /xingrg/kc/base/wldb_order_list.html HTTP/1.1" 200 19244
180.156.150.85 - - [19/Mar/2020:12:47:24 +0800] "POST /xingrg/kc/base/wldb_list_operate.html HTTP/1.1" 200 4528
116.238.181.252 - - [19/Mar/2020:12:47:26 +0800] "POST /xingrg/kc/mdqp/pssh_order_operate.html HTTP/1.1" 200 37
116.238.181.252 - - [19/Mar/2020:12:47:26 +0800] "POST /xingrg/kc/mdqp/pssh_order_operate.html HTTP/1.1" 200 12
114.93.75.19 - - [19/Mar/2020:12:47:27 +0800] "GET /xingrg/all/report/report_query.html?fileName=kc/buy/gys_amount_base.xml&rh=99999 HTTP/1.1" 200 51841
114.93.75.19 - - [19/Mar/2020:12:47:27 +0800] "GET /xingrg/dwr/interface/AjaxReportQueryService.js HTTP/1.1" 200 13203
114.93.75.19 - - [19/Mar/2020:12:47:27 +0800] "GET /xingrg/dwr/engine.js HTTP/1.1" 200 43631
116.238.181.252 - - [19/Mar/2020:12:47:27 +0800] "GET /xingrg/kc/mdqp/pssh_order_info.html?code=312020031900085 HTTP/1.1" 200 14384
116.238.181.252 - - [19/Mar/2020:12:47:27 +0800] "GET /xingrg/javascript/jquery_tools/jquery-1.4.2.min.js HTTP/1.1" 404 1094
114.93.75.19 - - [19/Mar/2020:12:47:27 +0800] "POST /xingrg/dwr/call/plaincall/AjaxReportQueryService.getFixDate.dwr HTTP/1.1" 200 111
114.93.75.19 - - [19/Mar/2020:12:47:27 +0800] "POST /xingrg/dwr/call/plaincall/AjaxReportQueryService.getInitString.dwr HTTP/1.1" 200 1401
116.238.181.252 - - [19/Mar/2020:12:47:27 +0800] "GET /xingrg/javascript/easyui/themes/default/validatebox.css HTTP/1.1" 404 1104
116.238.181.252 - - [19/Mar/2020:12:47:27 +0800] "POST /xingrg/kc/mdqp/pssh_order_operate.html HTTP/1.1" 200 2144
114.93.75.19 - - [19/Mar/2020:12:47:27 +0800] "POST /xingrg/all/common/load_tree.html?tree=supplier_tree_json&manage=1 HTTP/1.1" 200 47142
180.156.150.85 - - [19/Mar/2020:12:47:28 +0800] "POST /xingrg/kc/base/wldb_list_operate.html HTTP/1.1" 200 599
116.238.181.252 - - [19/Mar/2020:12:47:28 +0800] "GET /xingrg/kc/mdqp/pssh_order_list.html?isBack=1 HTTP/1.1" 200 18113
114.93.75.19 - - [19/Mar/2020:12:47:28 +0800] "POST /xingrg/all/common/load_tree.html?tree=materiel_sort_tree_json HTTP/1.1" 200 8666
116.238.181.252 - - [19/Mar/2020:12:47:28 +0800] "POST /xingrg/kc/mdqp/pssh_list_operate.html HTTP/1.1" 200 5508
180.156.150.85 - - [19/Mar/2020:12:47:29 +0800] "GET /xingrg/kc/base/wldb_order_info.html?code=422020031900520 HTTP/1.1" 200 30307
180.156.150.85 - - [19/Mar/2020:12:47:29 +0800] "GET /xingrg/javascript/easyui/themes/default/validatebox.css HTTP/1.1" 404 1104
180.156.150.85 - - [19/Mar/2020:12:47:29 +0800] "POST /xingrg/kc/base/wldb_order_operate.html HTTP/1.1" 200 5550
116.238.181.252 - - [19/Mar/2020:12:47:30 +0800] "POST /xingrg/kc/mdqp/pssh_list_operate.html HTTP/1.1" 200 256
116.238.181.252 - - [19/Mar/2020:12:47:30 +0800] "GET /xingrg/kc/mdqp/pssh_order_info.html?code=312020031900086 HTTP/1.1" 200 17306
116.238.181.252 - - [19/Mar/2020:12:47:30 +0800] "GET /xingrg/javascript/jquery_tools/jquery-1.4.2.min.js HTTP/1.1" 404 1094
116.238.181.252 - - [19/Mar/2020:12:47:31 +0800] "POST /xingrg/kc/mdqp/pssh_order_operate.html HTTP/1.1" 200 536
116.238.181.252 - - [19/Mar/2020:12:47:31 +0800] "GET /xingrg/javascript/easyui/themes/default/validatebox.css HTTP/1.1" 404 1104
114.88.159.93 - - [19/Mar/2020:12:47:32 +0800] "GET /xingrg/check_reg.html?_=1584593150300 HTTP/1.1" 200 22
114.88.159.93 - - [19/Mar/2020:12:47:32 +0800] "GET /xingrg/all/function/internal_message.html?_=1584593150302&CODE_STATE=getMsg HTTP/1.1" 200 27
222.69.135.150 - - [19/Mar/2020:12:47:33 +0800] "GET /xingrg/kc/buy/cgsh_order_operate.html?command=get_materiel&rest_code=00149&code=00101004048&supplier_code=00100083&order_time=2020-03-19 HTTP/1.1" 200 417
116.238.181.252 - - [19/Mar/2020:12:47:34 +0800] "POST /xingrg/kc/mdqp/pssh_order_operate.html HTTP/1.1" 200 37
116.238.181.252 - - [19/Mar/2020:12:47:34 +0800] "POST /xingrg/kc/mdqp/pssh_order_operate.html HTTP/1.1" 200 12
116.238.181.252 - - [19/Mar/2020:12:47:35 +0800] "GET /xingrg/kc/mdqp/pssh_order_info.html?code=312020031900086 HTTP/1.1" 200 14382
116.238.181.252 - - [19/Mar/2020:12:47:35 +0800] "GET /xingrg/javascript/jquery_tools/jquery-1.4.2.min.js HTTP/1.1" 404 1094
116.238.181.252 - - [19/Mar/2020:12:47:35 +0800] "GET /xingrg/javascript/easyui/themes/default/validatebox.css HTTP/1.1" 404 1104
116.238.181.252 - - [19/Mar/2020:12:47:35 +0800] "POST /xingrg/kc/mdqp/pssh_order_operate.html HTTP/1.1" 200 536
180.156.150.85 - - [19/Mar/2020:12:47:35 +0800] "POST /xingrg/kc/base/wldb_order_operate.html HTTP/1.1" 200 37
180.156.150.85 - - [19/Mar/2020:12:47:35 +0800] "POST /xingrg/kc/base/wldb_order_operate.html HTTP/1.1" 200 5073
116.228.172.94 - - [19/Mar/2020:12:47:35 +0800] "GET /xingrg/all/function/internal_message.html?_=1584593253605&CODE_STATE=getMsg HTTP/1.1" 200 27
180.156.150.85 - - [19/Mar/2020:12:47:36 +0800] "GET /xingrg/kc/base/wldb_order_info.html?code=422020031900520 HTTP/1.1" 200 30307
180.156.150.85 - - [19/Mar/2020:12:47:36 +0800] "GET /xingrg/javascript/easyui/themes/default/validatebox.css HTTP/1.1" 404 1104
180.156.150.85 - - [19/Mar/2020:12:47:37 +0800] "POST /xingrg/kc/base/wldb_order_operate.html HTTP/1.1" 200 5073
116.238.181.252 - - [19/Mar/2020:12:47:37 +0800] "GET /xingrg/kc/base/wldb_order_list.html HTTP/1.1" 200 19250
116.238.181.252 - - [19/Mar/2020:12:47:37 +0800] "POST /xingrg/kc/mdqp/pssh_list_operate.html HTTP/1.1" 200 1615
180.157.252.250 - - [19/Mar/2020:12:47:37 +0800] "GET /xingrg/check_reg.html?_=1584593246984 HTTP/1.1" 302 -
116.238.181.252 - - [19/Mar/2020:12:47:37 +0800] "POST /xingrg/kc/base/wldb_list_operate.html HTTP/1.1" 200 1782
222.69.135.150 - - [19/Mar/2020:12:47:38 +0800] "POST /xingrg/services/DataTransmitService HTTP/1.1" 200 524
222.69.135.150 - - [19/Mar/2020:12:47:39 +0800] "POST /xingrg/services/DataTransmitService HTTP/1.1" 200 2163
116.238.181.252 - - [19/Mar/2020:12:47:39 +0800] "POST /xingrg/kc/base/wldb_list_operate.html HTTP/1.1" 200 657
222.69.135.150 - - [19/Mar/2020:12:47:39 +0800] "POST /xingrg/services/DataTransmitService HTTP/1.1" 200 2319
116.238.181.252 - - [19/Mar/2020:12:47:39 +0800] "GET /xingrg/kc/base/wldb_order_info.html?code=422020031900509 HTTP/1.1" 200 30311
222.69.135.150 - - [19/Mar/2020:12:47:39 +0800] "POST /xingrg/services/DataTransmitService HTTP/1.1" 200 1487
116.238.181.252 - - [19/Mar/2020:12:47:39 +0800] "GET /xingrg/javascript/easyui/themes/default/validatebox.css HTTP/1.1" 404 1104
116.238.181.252 - - [19/Mar/2020:12:47:39 +0800] "POST /xingrg/kc/base/wldb_order_operate.html HTTP/1.1" 200 5258
222.69.135.150 - - [19/Mar/2020:12:47:42 +0800] "POST /xingrg/services/DataTransmitService HTTP/1.1" 200 153984
114.93.75.19 - - [19/Mar/2020:12:47:44 +0800] "GET /xingrg/all/function/internal_message.html?_=1584593261381&CODE_STATE=getMsg HTTP/1.1" 200 27
120.253.135.82 - - [19/Mar/2020:12:47:44 +0800] "GET /xingrg/check_reg.html?_=1584593006650 HTTP/1.1" 200 22
120.253.135.82 - - [19/Mar/2020:12:47:45 +0800] "GET /xingrg/all/function/internal_message.html?_=1584593006900&CODE_STATE=getMsg HTTP/1.1" 200 27
124.77.241.94 - - [19/Mar/2020:12:47:45 +0800] "GET /xingrg/check_reg.html?_=1584593276885 HTTP/1.1" 200 22
222.69.135.150 - - [19/Mar/2020:12:47:46 +0800] "GET /xingrg/kc/buy/cgsh_order_operate.html?command=get_materiel&rest_code=00149&code=00101004009&supplier_code=00100083&order_time=2020-03-19 HTTP/1.1" 200 413
114.88.170.9 - - [19/Mar/2020:12:47:48 +0800] "GET /xingrg/check_reg.html?_=1584593265688 HTTP/1.1" 200 22
116.238.181.252 - - [19/Mar/2020:12:47:49 +0800] "POST /xingrg/kc/base/wldb_order_operate.html HTTP/1.1" 200 37
116.238.181.252 - - [19/Mar/2020:12:47:50 +0800] "POST /xingrg/kc/base/wldb_order_operate.html HTTP/1.1" 200 5230
116.238.181.252 - - [19/Mar/2020:12:47:51 +0800] "GET /xingrg/kc/base/wldb_order_info.html?code=422020031900509 HTTP/1.1" 200 30308
116.238.181.252 - - [19/Mar/2020:12:47:51 +0800] "GET /xingrg/javascript/easyui/themes/default/validatebox.css HTTP/1.1" 404 1104
116.238.181.252 - - [19/Mar/2020:12:47:51 +0800] "POST /xingrg/kc/base/wldb_order_operate.html HTTP/1.1" 200 5230
114.88.159.93 - - [19/Mar/2020:12:47:52 +0800] "GET /xingrg/all/function/internal_message.html?_=1584592993059&CODE_STATE=getMsg HTTP/1.1" 200 27
180.156.150.85 - - [19/Mar/2020:12:47:52 +0800] "GET /xingrg/all/function/internal_message.html?_=1584593271905&CODE_STATE=getMsg HTTP/1.1" 200 27
114.88.159.93 - - [19/Mar/2020:12:47:54 +0800] "GET /xingrg/check_reg.html?_=1584592995076 HTTP/1.1" 200 22
116.238.181.252 - - [19/Mar/2020:12:47:55 +0800] "GET /xingrg/all/function/internal_message.html?_=1584593276065&CODE_STATE=getMsg HTTP/1.1" 200 27
114.93.75.19 - - [19/Mar/2020:12:47:55 +0800] "POST /xingrg/dwr/call/plaincall/AjaxReportQueryService.refreshCache.dwr HTTP/1.1" 200 78
124.77.241.94 - - [19/Mar/2020:12:47:55 +0800] "GET /xingrg/all/function/internal_message.html?_=1584593286995&CODE_STATE=getMsg HTTP/1.1" 200 27
183.232.44.36 - - [19/Mar/2020:12:47:56 +0800] "GET /xingrg/all/function/internal_message.html?_=1584593255251&CODE_STATE=getMsg HTTP/1.1" 200 27
114.93.75.19 - - [19/Mar/2020:12:47:58 +0800] "POST /xingrg/all/report/load_report_page.html HTTP/1.1" 200 127261
114.93.75.19 - - [19/Mar/2020:12:47:58 +0800] "GET /xingrg/servlets/image?cache=0.8117388113947762&image=px HTTP/1.1" 200 807
114.93.75.19 - - [19/Mar/2020:12:47:59 +0800] "GET /xingrg/all/function/internal_message.html?_=1584593275958&CODE_STATE=getMsg HTTP/1.1" 200 27
222.69.135.150 - - [19/Mar/2020:12:48:00 +0800] "GET /xingrg/all/function/internal_message.html?_=1584593167515&CODE_STATE=getMsg HTTP/1.1" 200 27
180.156.150.85 - - [19/Mar/2020:12:48:00 +0800] "POST /xingrg/kc/base/wldb_order_operate.html HTTP/1.1" 200 37
180.156.150.85 - - [19/Mar/2020:12:48:01 +0800] "POST /xingrg/kc/base/wldb_order_operate.html HTTP/1.1" 200 5073
180.156.150.85 - - [19/Mar/2020:12:48:01 +0800] "GET /xingrg/kc/base/wldb_order_info.html?code=422020031900520 HTTP/1.1" 200 30307
180.156.150.85 - - [19/Mar/2020:12:48:01 +0800] "GET /xingrg/javascript/easyui/themes/default/validatebox.css HTTP/1.1" 404 1104
180.156.150.85 - - [19/Mar/2020:12:48:01 +0800] "POST /xingrg/kc/base/wldb_order_operate.html HTTP/1.1" 200 5073
58.40.7.146 - - [19/Mar/2020:12:48:05 +0800] "GET /xingrg/all/function/internal_message.html?_=1584593282600&CODE_STATE=getMsg HTTP/1.1" 200 27
120.253.135.82 - - [19/Mar/2020:12:48:09 +0800] "GET /xingrg/all/function/internal_message.html?_=1584593420845&CODE_STATE=getMsg HTTP/1.1" 200 27
180.157.252.250 - - [19/Mar/2020:12:48:11 +0800] "GET /xingrg/all/function/internal_message.html?_=1584593280815&CODE_STATE=getMsg HTTP/1.1" 200 27
101.81.124.227 - - [19/Mar/2020:12:48:16 +0800] "GET /xingrg/all/function/internal_message.html?_=1584593290980&CODE_STATE=getMsg HTTP/1.1" 200 27
222.69.135.150 - - [19/Mar/2020:12:48:16 +0800] "POST /xingrg/services/DataTransmitService HTTP/1.1" 200 524
222.69.135.150 - - [19/Mar/2020:12:48:16 +0800] "POST /xingrg/services/DataTransmitService HTTP/1.1" 200 2163
116.233.78.241 - - [19/Mar/2020:12:48:17 +0800] "GET /xingrg/all/function/internal_message.html?_=1584593362466&CODE_STATE=getMsg HTTP/1.1" 200 27
114.93.75.19 - - [19/Mar/2020:12:48:19 +0800] "POST /xingrg/all/report/report_print.html HTTP/1.1" 200 12821
114.93.75.19 - - [19/Mar/2020:12:48:21 +0800] "GET /xingrg/all/function/internal_message.html?_=1584593476859&CODE_STATE=getMsg HTTP/1.1" 200 27
114.93.75.19 - - [19/Mar/2020:12:48:21 +0800] "GET /xingrg/check_reg.html?_=1584593476864 HTTP/1.1" 200 22
114.88.159.93 - - [19/Mar/2020:12:48:32 +0800] "GET /xingrg/all/function/internal_message.html?_=1584593210302&CODE_STATE=getMsg HTTP/1.1" 200 27
116.228.172.94 - - [19/Mar/2020:12:48:35 +0800] "GET /xingrg/all/function/internal_message.html?_=1584593313606&CODE_STATE=getMsg HTTP/1.1" 200 27
116.228.172.94 - - [19/Mar/2020:12:48:35 +0800] "GET /xingrg/check_reg.html?_=1584593313608 HTTP/1.1" 200 22
114.93.75.19 - - [19/Mar/2020:12:48:44 +0800] "GET /xingrg/all/function/internal_message.html?_=1584593321377&CODE_STATE=getMsg HTTP/1.1" 200 27
114.93.75.19 - - [19/Mar/2020:12:48:44 +0800] "GET /xingrg/check_reg.html?_=1584593321380 HTTP/1.1" 200 22
120.253.135.82 - - [19/Mar/2020:12:48:45 +0800] "GET /xingrg/all/function/internal_message.html?_=1584593066913&CODE_STATE=getMsg HTTP/1.1" 200 27
114.88.170.9 - - [19/Mar/2020:12:48:51 +0800] "GET /xingrg/check_reg.html?_=1584593596753 HTTP/1.1" 200 22
114.88.170.9 - - [19/Mar/2020:12:48:51 +0800] "GET /xingrg/all/function/internal_message.html?_=1584593596752&CODE_STATE=getMsg HTTP/1.1" 200 27
114.88.159.93 - - [19/Mar/2020:12:48:52 +0800] "GET /xingrg/all/function/internal_message.html?_=1584593053038&CODE_STATE=getMsg HTTP/1.1" 200 27
180.156.150.85 - - [19/Mar/2020:12:48:52 +0800] "GET /xingrg/all/function/internal_message.html?_=1584593331903&CODE_STATE=getMsg HTTP/1.1" 200 27
116.238.181.252 - - [19/Mar/2020:12:48:55 +0800] "GET /xingrg/all/function/internal_message.html?_=1584593336053&CODE_STATE=getMsg HTTP/1.1" 200 27
124.77.241.94 - - [19/Mar/2020:12:48:55 +0800] "GET /xingrg/all/function/internal_message.html?_=1584593347008&CODE_STATE=getMsg HTTP/1.1" 200 27
183.232.44.36 - - [19/Mar/2020:12:48:56 +0800] "GET /xingrg/all/function/internal_message.html?_=1584593315247&CODE_STATE=getMsg HTTP/1.1" 200 27
114.88.170.9 - - [19/Mar/2020:12:48:58 +0800] "GET /xingrg/kc/buy/cgsh_order_list.html HTTP/1.1" 200 42034
114.93.75.19 - - [19/Mar/2020:12:48:59 +0800] "GET /xingrg/all/function/internal_message.html?_=1584593335963&CODE_STATE=getMsg HTTP/1.1" 200 27
114.88.170.9 - - [19/Mar/2020:12:48:59 +0800] "POST /xingrg/kc/buy/cgsh_list_operate.html HTTP/1.1" 200 4970
222.69.135.150 - - [19/Mar/2020:12:49:00 +0800] "GET /xingrg/all/function/internal_message.html?_=1584593227515&CODE_STATE=getMsg HTTP/1.1" 200 27
222.69.135.150 - - [19/Mar/2020:12:49:00 +0800] "GET /xingrg/check_reg.html?_=1584593227518 HTTP/1.1" 200 22
222.69.135.150 - - [19/Mar/2020:12:49:04 +0800] "GET /xingrg/javascript/jquery_easy_ui/themes/icons/rest.png HTTP/1.1" 304 -
222.69.135.150 - - [19/Mar/2020:12:49:04 +0800] "GET /xingrg/javascript/jquery_easy_ui/themes/icons/area.png HTTP/1.1" 304 -
58.40.7.146 - - [19/Mar/2020:12:49:05 +0800] "GET /xingrg/check_reg.html?_=1584593342601 HTTP/1.1" 200 22
58.40.7.146 - - [19/Mar/2020:12:49:05 +0800] "GET /xingrg/all/function/internal_message.html?_=1584593342603&CODE_STATE=getMsg HTTP/1.1" 200 27
222.69.135.150 - - [19/Mar/2020:12:49:07 +0800] "POST /xingrg/kc/buy/cgsh_order_operate.html HTTP/1.1" 200 37
222.69.135.150 - - [19/Mar/2020:12:49:08 +0800] "POST /xingrg/kc/buy/cgsh_order_operate.html HTTP/1.1" 200 12
120.253.135.82 - - [19/Mar/2020:12:49:09 +0800] "GET /xingrg/check_reg.html?_=1584593480806 HTTP/1.1" 200 22
120.253.135.82 - - [19/Mar/2020:12:49:09 +0800] "GET /xingrg/all/function/internal_message.html?_=1584593480859&CODE_STATE=getMsg HTTP/1.1" 200 27
222.69.135.150 - - [19/Mar/2020:12:49:09 +0800] "GET /xingrg/kc/buy/cgsh_order_info.html?code=212020031901644 HTTP/1.1" 200 52551
222.69.135.150 - - [19/Mar/2020:12:49:09 +0800] "GET /xingrg/javascript/easyui/themes/default/validatebox.css HTTP/1.1" 404 1104
222.69.135.150 - - [19/Mar/2020:12:49:09 +0800] "POST /xingrg/kc/buy/cgsh_order_operate.html HTTP/1.1" 200 1209
222.69.135.150 - - [19/Mar/2020:12:49:11 +0800] "GET /xingrg/kc/print/load_data.html?order_code=212020031901644&kc_code=cgsh&condition= HTTP/1.1" 200 954
180.157.252.250 - - [19/Mar/2020:12:49:11 +0800] "GET /xingrg/all/function/internal_message.html?_=1584593340819&CODE_STATE=getMsg HTTP/1.1" 200 27
116.233.78.241 - - [19/Mar/2020:12:49:15 +0800] "GET /xingrg/all/function/internal_message.html?_=1584593422468&CODE_STATE=getMsg HTTP/1.1" 200 27
101.81.124.227 - - [19/Mar/2020:12:49:16 +0800] "GET /xingrg/all/function/internal_message.html?_=1584593350965&CODE_STATE=getMsg HTTP/1.1" 200 27
114.88.170.9 - - [19/Mar/2020:12:49:21 +0800] "GET /xingrg/index.html?timestamp=1551517598852&sysBaseUrl=http%3A%2F%2F117.131.15.22%3A18081%2Fxingrg%2F&costTime=12 HTTP/1.1" 302 -
114.88.170.9 - - [19/Mar/2020:12:49:21 +0800] "GET /xingrg/login.html HTTP/1.1" 200 7639
114.93.75.19 - - [19/Mar/2020:12:49:21 +0800] "GET /xingrg/all/function/internal_message.html?_=1584593536860&CODE_STATE=getMsg HTTP/1.1" 200 27
114.88.170.9 - - [19/Mar/2020:12:49:22 +0800] "GET /favicon.ico HTTP/1.1" 404 -
114.88.170.9 - - [19/Mar/2020:12:49:25 +0800] "POST /xingrg/login.do HTTP/1.1" 302 -
114.88.170.9 - - [19/Mar/2020:12:49:25 +0800] "GET /xingrg/index.html?sysBaseUrl=http%3A%2F%2F117.131.15.22%3A18081%2Fxingrg%2F&costTime=35×tamp=1584593365142 HTTP/1.1" 200 17151
114.88.170.9 - - [19/Mar/2020:12:49:25 +0800] "GET /favicon.ico HTTP/1.1" 404 -
114.88.170.9 - - [19/Mar/2020:12:49:25 +0800] "POST /xingrg/all/common/load_tree.html?tree=area_rest_tree_json&manage=1 HTTP/1.1" 200 342
114.88.170.9 - - [19/Mar/2020:12:49:25 +0800] "GET /xingrg/all/function/internal_message.html?_=1584593656598&CODE_STATE=count HTTP/1.1" 200 11
114.88.170.9 - - [19/Mar/2020:12:49:25 +0800] "GET /xingrg/check_reg.html?_=1584593656599 HTTP/1.1" 200 22
114.88.170.9 - - [19/Mar/2020:12:49:25 +0800] "POST /xingrg/load_menu.html HTTP/1.1" 200 5124
114.88.170.9 - - [19/Mar/2020:12:49:27 +0800] "GET /xingrg/kc/buy/cgsh_order_list.html HTTP/1.1" 200 42034
114.88.170.9 - - [19/Mar/2020:12:49:29 +0800] "POST /xingrg/kc/buy/cgsh_list_operate.html HTTP/1.1" 200 4970
114.88.170.9 - - [19/Mar/2020:12:49:31 +0800] "POST /xingrg/kc/buy/cgsh_list_operate.html HTTP/1.1" 200 273
114.88.170.9 - - [19/Mar/2020:12:49:31 +0800] "GET /xingrg/kc/buy/cgsh_order_info.html?code=212020031901560 HTTP/1.1" 200 57648
114.88.170.9 - - [19/Mar/2020:12:49:31 +0800] "GET /xingrg/words/20200318144422_words.js HTTP/1.1" 304 -
114.88.170.9 - - [19/Mar/2020:12:49:31 +0800] "GET /xingrg/all/common/auto_word.html?type=employee&rest_code=00111 HTTP/1.1" 200 205
114.88.170.9 - - [19/Mar/2020:12:49:31 +0800] "GET /xingrg/all/common/auto_word.html?type=employee&rest_code=00111 HTTP/1.1" 200 205
114.88.170.9 - - [19/Mar/2020:12:49:31 +0800] "GET /xingrg/javascript/easyui/themes/default/validatebox.css HTTP/1.1" 404 1104
114.88.170.9 - - [19/Mar/2020:12:49:32 +0800] "POST /xingrg/kc/buy/cgsh_order_operate.html HTTP/1.1" 200 3243
114.88.159.93 - - [19/Mar/2020:12:49:32 +0800] "GET /xingrg/all/function/internal_message.html?_=1584593270305&CODE_STATE=getMsg HTTP/1.1" 200 27
116.228.172.94 - - [19/Mar/2020:12:49:35 +0800] "GET /xingrg/all/function/internal_message.html?_=1584593373606&CODE_STATE=getMsg HTTP/1.1" 200 27
114.88.170.9 - - [19/Mar/2020:12:49:37 +0800] "GET /xingrg/kc/print/load_config.html?kc_code=cgsh HTTP/1.1" 200 1841
114.88.170.9 - - [19/Mar/2020:12:49:37 +0800] "GET /xingrg/kc/print/load_data.html?order_code=212020031901560&kc_code=cgsh&condition= HTTP/1.1" 200 887
116.238.181.252 - - [19/Mar/2020:12:49:38 +0800] "POST /xingrg/kc/base/wldb_order_operate.html HTTP/1.1" 200 37
116.238.181.252 - - [19/Mar/2020:12:49:39 +0800] "POST /xingrg/kc/base/wldb_order_operate.html HTTP/1.1" 200 12
116.238.181.252 - - [19/Mar/2020:12:49:39 +0800] "POST /xingrg/kc/base/wldb_order_operate.html HTTP/1.1" 200 5230
114.88.170.9 - - [19/Mar/2020:12:49:40 +0800] "GET /xingrg/javascript/jquery_tools/images/prev.gif HTTP/1.1" 404 1086
114.88.170.9 - - [19/Mar/2020:12:49:40 +0800] "GET /xingrg/javascript/jquery_tools/images/next.gif HTTP/1.1" 404 1086
116.238.181.252 - - [19/Mar/2020:12:49:40 +0800] "GET /xingrg/kc/base/wldb_order_info.html?code=422020031900509 HTTP/1.1" 200 26174
116.238.181.252 - - [19/Mar/2020:12:49:41 +0800] "GET /xingrg/javascript/easyui/themes/default/validatebox.css HTTP/1.1" 404 1104
116.238.181.252 - - [19/Mar/2020:12:49:41 +0800] "POST /xingrg/kc/base/wldb_order_operate.html HTTP/1.1" 200 3457
180.156.150.85 - - [19/Mar/2020:12:49:43 +0800] "POST /xingrg/kc/base/wldb_order_operate.html HTTP/1.1" 200 37
180.156.150.85 - - [19/Mar/2020:12:49:43 +0800] "POST /xingrg/kc/base/wldb_order_operate.html HTTP/1.1" 200 5073
180.156.150.85 - - [19/Mar/2020:12:49:44 +0800] "GET /xingrg/kc/base/wldb_order_info.html?code=422020031900520 HTTP/1.1" 200 30307
180.156.150.85 - - [19/Mar/2020:12:49:44 +0800] "GET /xingrg/javascript/easyui/themes/default/validatebox.css HTTP/1.1" 404 1104
180.156.150.85 - - [19/Mar/2020:12:49:44 +0800] "POST /xingrg/kc/base/wldb_order_operate.html HTTP/1.1" 200 5073
116.238.181.252 - - [19/Mar/2020:12:49:44 +0800] "GET /xingrg/kc/base/wldb_order_list.html HTTP/1.1" 200 19250
114.93.75.19 - - [19/Mar/2020:12:49:44 +0800] "GET /xingrg/all/function/internal_message.html?_=1584593381381&CODE_STATE=getMsg HTTP/1.1" 200 27
116.238.181.252 - - [19/Mar/2020:12:49:44 +0800] "POST /xingrg/kc/base/wldb_list_operate.html HTTP/1.1" 200 928
120.253.135.82 - - [19/Mar/2020:12:49:45 +0800] "GET /xingrg/all/function/internal_message.html?_=1584593126928&CODE_STATE=getMsg HTTP/1.1" 200 27
114.88.170.9 - - [19/Mar/2020:12:49:46 +0800] "GET /xingrg/kc/buy/cgsh_order_list.html HTTP/1.1" 200 42034
116.238.181.252 - - [19/Mar/2020:12:49:46 +0800] "GET /xingrg/kc/buy/cgsh_order_list.html HTTP/1.1" 200 42040
114.88.170.9 - - [19/Mar/2020:12:49:47 +0800] "POST /xingrg/kc/buy/cgsh_list_operate.html HTTP/1.1" 200 4970
116.238.181.252 - - [19/Mar/2020:12:49:47 +0800] "POST /xingrg/kc/buy/cgsh_list_operate.html HTTP/1.1" 200 876
114.88.170.9 - - [19/Mar/2020:12:49:49 +0800] "POST /xingrg/kc/buy/cgsh_list_operate.html HTTP/1.1" 200 568
114.88.170.9 - - [19/Mar/2020:12:49:49 +0800] "GET /xingrg/kc/buy/cgsh_order_info.html?code=212020031901548 HTTP/1.1" 200 57645
114.88.170.9 - - [19/Mar/2020:12:49:50 +0800] "GET /xingrg/javascript/easyui/themes/default/validatebox.css HTTP/1.1" 404 1104
114.88.170.9 - - [19/Mar/2020:12:49:50 +0800] "POST /xingrg/kc/buy/cgsh_order_operate.html HTTP/1.1" 200 12705
114.88.159.93 - - [19/Mar/2020:12:49:52 +0800] "GET /xingrg/all/function/internal_message.html?_=1584593113008&CODE_STATE=getMsg HTTP/1.1" 200 27
180.156.150.85 - - [19/Mar/2020:12:49:52 +0800] "GET /xingrg/check_reg.html?_=1584593391909 HTTP/1.1" 200 22
180.156.150.85 - - [19/Mar/2020:12:49:52 +0800] "GET /xingrg/all/function/internal_message.html?_=1584593391914&CODE_STATE=getMsg HTTP/1.1" 200 27
116.238.181.252 - - [19/Mar/2020:12:49:55 +0800] "GET /xingrg/all/function/internal_message.html?_=1584593396071&CODE_STATE=getMsg HTTP/1.1" 200 27
124.77.241.94 - - [19/Mar/2020:12:49:55 +0800] "GET /xingrg/all/function/internal_message.html?_=1584593407177&CODE_STATE=getMsg HTTP/1.1" 200 27
183.232.44.36 - - [19/Mar/2020:12:49:56 +0800] "GET /xingrg/all/function/internal_message.html?_=1584593375255&CODE_STATE=getMsg HTTP/1.1" 200 27
183.232.44.36 - - [19/Mar/2020:12:49:56 +0800] "GET /xingrg/check_reg.html?_=1584593375259 HTTP/1.1" 200 22
114.93.75.19 - - [19/Mar/2020:12:49:59 +0800] "GET /xingrg/all/function/internal_message.html?_=1584593395963&CODE_STATE=getMsg HTTP/1.1" 200 27
222.69.135.150 - - [19/Mar/2020:12:50:00 +0800] "GET /xingrg/all/function/internal_message.html?_=1584593287509&CODE_STATE=getMsg HTTP/1.1" 200 27
117.185.32.26 - - [19/Mar/2020:12:50:04 +0800] "GET /xingrg/kc/base/base_main.html HTTP/1.1" 200 12138
58.40.7.146 - - [19/Mar/2020:12:50:05 +0800] "GET /xingrg/all/function/internal_message.html?_=1584593402589&CODE_STATE=getMsg HTTP/1.1" 200 27
117.185.32.26 - - [19/Mar/2020:12:50:06 +0800] "GET /xingrg/kc/base/wldb_order_list.html HTTP/1.1" 200 19244
117.185.32.26 - - [19/Mar/2020:12:50:06 +0800] "POST /xingrg/kc/base/wldb_list_operate.html HTTP/1.1" 200 4177
117.185.32.26 - - [19/Mar/2020:12:50:07 +0800] "POST /xingrg/kc/base/wldb_list_operate.html HTTP/1.1" 200 4177
120.253.135.82 - - [19/Mar/2020:12:50:09 +0800] "GET /xingrg/all/function/internal_message.html?_=1584593540873&CODE_STATE=getMsg HTTP/1.1" 200 27
117.185.32.26 - - [19/Mar/2020:12:50:11 +0800] "GET /xingrg/kc/mdqp/qp_main.html HTTP/1.1" 200 10625
180.157.252.250 - - [19/Mar/2020:12:50:11 +0800] "GET /xingrg/all/function/internal_message.html?_=1584593400824&CODE_STATE=getMsg HTTP/1.1" 200 27
180.157.252.250 - - [19/Mar/2020:12:50:11 +0800] "GET /xingrg/check_reg.html?_=1584593400828 HTTP/1.1" 200 22
117.185.32.26 - - [19/Mar/2020:12:50:12 +0800] "GET /xingrg/kc/buy/buy_main.html HTTP/1.1" 200 12398
117.185.32.26 - - [19/Mar/2020:12:50:12 +0800] "GET /xingrg/css/new_ie.css HTTP/1.1" 404 1036
117.185.32.26 - - [19/Mar/2020:12:50:12 +0800] "GET /xingrg/images/yd/bt.gif HTTP/1.1" 404 1040
116.233.78.241 - - [19/Mar/2020:12:50:13 +0800] "GET /xingrg/all/function/internal_message.html?_=1584593482468&CODE_STATE=getMsg HTTP/1.1" 200 27
117.185.32.26 - - [19/Mar/2020:12:50:13 +0800] "GET /xingrg/kc/base/base_main.html HTTP/1.1" 200 12138
117.185.32.26 - - [19/Mar/2020:12:50:14 +0800] "GET /xingrg/kc/base/yddb_order_list.html HTTP/1.1" 200 16850
117.185.32.26 - - [19/Mar/2020:12:50:15 +0800] "POST /xingrg/kc/base/yddb_list_operate.html HTTP/1.1" 200 1217
101.81.124.227 - - [19/Mar/2020:12:50:16 +0800] "GET /xingrg/all/function/internal_message.html?_=1584593410954&CODE_STATE=getMsg HTTP/1.1" 200 27
117.185.32.26 - - [19/Mar/2020:12:50:16 +0800] "POST /xingrg/kc/base/yddb_list_operate.html HTTP/1.1" 200 1217
117.185.32.26 - - [19/Mar/2020:12:50:20 +0800] "POST /xingrg/kc/base/yddb_list_operate.html HTTP/1.1" 200 7346
114.93.75.19 - - [19/Mar/2020:12:50:21 +0800] "GET /xingrg/all/function/internal_message.html?_=1584593596866&CODE_STATE=getMsg HTTP/1.1" 200 27
114.88.170.9 - - [19/Mar/2020:12:50:25 +0800] "GET /xingrg/all/function/internal_message.html?_=1584593716616&CODE_STATE=getMsg HTTP/1.1" 200 27
114.88.159.93 - - [19/Mar/2020:12:50:32 +0800] "GET /xingrg/all/function/internal_message.html?_=1584593330307&CODE_STATE=getMsg HTTP/1.1" 200 27
116.228.172.94 - - [19/Mar/2020:12:50:35 +0800] "GET /xingrg/all/function/internal_message.html?_=1584593433606&CODE_STATE=getMsg HTTP/1.1" 200 27
114.93.75.19 - - [19/Mar/2020:12:50:42 +0800] "POST /xingrg/all/user/operate.html HTTP/1.1" 200 36
114.93.75.19 - - [19/Mar/2020:12:50:42 +0800] "GET /xingrg/javascript/jquery_easy_ui/themes/default/easyui.css HTTP/1.1" 304 -
114.93.75.19 - - [19/Mar/2020:12:50:42 +0800] "GET /xingrg/javascript/jquery_easy_ui/themes/icon.css HTTP/1.1" 304 -
114.93.75.19 - - [19/Mar/2020:12:50:42 +0800] "GET /xingrg/css/form.css HTTP/1.1" 304 -
114.93.75.19 - - [19/Mar/2020:12:50:42 +0800] "GET /xingrg/index.html?sysBaseUrl=http%3A%2F%2F117.131.15.22%3A18081%2Fxingrg%2F&costTime=34×tamp=1584503121442 HTTP/1.1" 200 17481
114.93.75.19 - - [19/Mar/2020:12:50:42 +0800] "GET /xingrg/javascript/jquery-1.4.2.min.js HTTP/1.1" 304 -
114.93.75.19 - - [19/Mar/2020:12:50:42 +0800] "GET /xingrg/javascript/jquery_easy_ui/jquery.easyui.min.js HTTP/1.1" 304 -
114.93.75.19 - - [19/Mar/2020:12:50:42 +0800] "GET /xingrg/javascript/jquery_easy_ui/easyui-lang-zh_CN.js HTTP/1.1" 304 -
114.93.75.19 - - [19/Mar/2020:12:50:42 +0800] "GET /xingrg/javascript/jquery.form.js HTTP/1.1" 304 -
114.93.75.19 - - [19/Mar/2020:12:50:42 +0800] "GET /xingrg/javascript/jquery.utils.js HTTP/1.1" 304 -
114.93.75.19 - - [19/Mar/2020:12:50:42 +0800] "GET /xingrg/javascript/jquery.timers.js HTTP/1.1" 304 -
114.93.75.19 - - [19/Mar/2020:12:50:42 +0800] "GET /xingrg/images/blue/jxLogo.png HTTP/1.1" 304 -
114.93.75.19 - - [19/Mar/2020:12:50:42 +0800] "GET /xingrg/javascript/jquery_easy_ui/themes/icons/settle_new.png HTTP/1.1" 304 -
114.93.75.19 - - [19/Mar/2020:12:50:42 +0800] "GET /xingrg/images/blue/navBackgound.jpg HTTP/1.1" 304 -
114.93.75.19 - - [19/Mar/2020:12:50:42 +0800] "POST /xingrg/all/common/load_tree.html?tree=area_rest_tree_json&manage=1 HTTP/1.1" 200 3079
114.93.75.19 - - [19/Mar/2020:12:50:42 +0800] "GET /xingrg/all/function/internal_message.html?_=1584593439482&CODE_STATE=count HTTP/1.1" 200 11
114.93.75.19 - - [19/Mar/2020:12:50:42 +0800] "GET /xingrg/check_reg.html?_=1584593439482 HTTP/1.1" 200 22
114.93.75.19 - - [19/Mar/2020:12:50:42 +0800] "GET /xingrg/javascript/jquery_easy_ui/themes/default/images/panel_tool_expand.gif HTTP/1.1" 304 -
114.93.75.19 - - [19/Mar/2020:12:50:42 +0800] "GET /xingrg/images/blue/pingpu.png HTTP/1.1" 304 -
114.93.75.19 - - [19/Mar/2020:12:50:42 +0800] "GET /xingrg/javascript/jquery_easy_ui/themes/default/images/tabs_leftarrow.png HTTP/1.1" 304 -
114.93.75.19 - - [19/Mar/2020:12:50:42 +0800] "GET /xingrg/javascript/jquery_easy_ui/themes/default/images/panel_tool_collapse.gif HTTP/1.1" 304 -
114.93.75.19 - - [19/Mar/2020:12:50:42 +0800] "GET /xingrg/javascript/jquery_easy_ui/themes/default/images/tabs_rightarrow.png HTTP/1.1" 304 -
114.93.75.19 - - [19/Mar/2020:12:50:42 +0800] "POST /xingrg/load_menu.html HTTP/1.1" 200 9945
117.185.32.26 - - [19/Mar/2020:12:50:44 +0800] "GET /xingrg/check_reg.html?_=1584593440431 HTTP/1.1" 200 22
114.93.75.19 - - [19/Mar/2020:12:50:44 +0800] "GET /xingrg/kc/report/report_main.html HTTP/1.1" 200 7337
120.253.135.82 - - [19/Mar/2020:12:50:45 +0800] "GET /xingrg/all/function/internal_message.html?_=1584593186952&CODE_STATE=getMsg HTTP/1.1" 200 27
114.93.75.19 - - [19/Mar/2020:12:50:45 +0800] "GET /xingrg/kc/base/crk_hz.html HTTP/1.1" 200 11239
114.93.75.19 - - [19/Mar/2020:12:50:45 +0800] "POST /xingrg/kc/cost/cost_operate.html?command=get_base_tree HTTP/1.1" 200 2930
114.93.75.19 - - [19/Mar/2020:12:50:45 +0800] "POST /xingrg/all/common/load_tree.html?tree=materiel_sort_tree_json HTTP/1.1" 200 8666
114.88.159.93 - - [19/Mar/2020:12:50:52 +0800] "GET /xingrg/all/function/internal_message.html?_=1584593172976&CODE_STATE=getMsg HTTP/1.1" 200 27
114.93.75.19 - - [19/Mar/2020:12:50:52 +0800] "GET /xingrg/kc/base/crk_hz.html?_=1584593449164&command=get_cost_id&end_date=2020-02-29&start_date=2020-01-01 HTTP/1.1" 200 51
114.93.75.19 - - [19/Mar/2020:12:50:52 +0800] "GET /xingrg/dwr/interface/AjaxReportQueryService.js HTTP/1.1" 200 13203
114.93.75.19 - - [19/Mar/2020:12:50:52 +0800] "GET /xingrg/dwr/engine.js HTTP/1.1" 200 43631
180.156.150.85 - - [19/Mar/2020:12:50:52 +0800] "GET /xingrg/all/function/internal_message.html?_=1584593451884&CODE_STATE=getMsg HTTP/1.1" 200 27
114.93.75.19 - - [19/Mar/2020:12:50:54 +0800] "GET /xingrg/all/report/report_query.html?isQuery=1&onlyBody=1&rh=99999&rw=1800&varString=start:20200101,cost_id:2509,mid:20200101&fileName=kc/base/crk_hz_type_by_base.xml&queryString=&queryText=ÈÕÆÚ£º2020-01-01ÖÁ2020-02-29&tableQueryString=materiel_table$sp1$$sp$before_table$sp1$$sp$crk_table$sp1$order_day%20between%2020200101%20and%2020200229 HTTP/1.1" 200 49333
116.238.181.252 - - [19/Mar/2020:12:50:55 +0800] "GET /xingrg/check_reg.html?_=1584593456088 HTTP/1.1" 200 22
116.238.181.252 - - [19/Mar/2020:12:50:55 +0800] "GET /xingrg/all/function/internal_message.html?_=1584593456085&CODE_STATE=getMsg HTTP/1.1" 200 27
114.93.75.19 - - [19/Mar/2020:12:50:55 +0800] "POST /xingrg/kc/base/yddb_list_operate.html HTTP/1.1" 200 278
124.77.241.94 - - [19/Mar/2020:12:50:55 +0800] "GET /xingrg/all/function/internal_message.html?_=1584593467192&CODE_STATE=getMsg HTTP/1.1" 200 27
183.232.44.36 - - [19/Mar/2020:12:50:56 +0800] "GET /xingrg/all/function/internal_message.html?_=1584593435275&CODE_STATE=getMsg HTTP/1.1" 200 27
114.93.75.19 - - [19/Mar/2020:12:50:59 +0800] "GET /xingrg/all/function/internal_message.html?_=1584593455963&CODE_STATE=getMsg HTTP/1.1" 200 27
222.69.135.150 - - [19/Mar/2020:12:51:00 +0800] "GET /xingrg/all/function/internal_message.html?_=1584593347521&CODE_STATE=getMsg HTTP/1.1" 200 27
114.93.75.19 - - [19/Mar/2020:12:51:05 +0800] "POST /xingrg/all/report/load_report_page.html HTTP/1.1" 200 765663
58.40.7.146 - - [19/Mar/2020:12:51:05 +0800] "GET /xingrg/all/function/internal_message.html?_=1584593462592&CODE_STATE=getMsg HTTP/1.1" 200 27
114.93.75.19 - - [19/Mar/2020:12:51:06 +0800] "GET /xingrg/servlets/image?cache=0.10202331745179505&image=px HTTP/1.1" 200 807
120.253.135.82 - - [19/Mar/2020:12:51:09 +0800] "GET /xingrg/all/function/internal_message.html?_=1584593600893&CODE_STATE=getMsg HTTP/1.1" 200 27
116.233.78.241 - - [19/Mar/2020:12:51:11 +0800] "GET /xingrg/check_reg.html?_=1584593542460 HTTP/1.1" 200 22
116.233.78.241 - - [19/Mar/2020:12:51:11 +0800] "GET /xingrg/all/function/internal_message.html?_=1584593542460&CODE_STATE=getMsg HTTP/1.1" 200 27
180.157.252.250 - - [19/Mar/2020:12:51:11 +0800] "GET /xingrg/all/function/internal_message.html?_=1584593460815&CODE_STATE=getMsg HTTP/1.1" 200 27
101.81.124.227 - - [19/Mar/2020:12:51:16 +0800] "GET /xingrg/all/function/internal_message.html?_=1584593470949&CODE_STATE=getMsg HTTP/1.1" 200 27
114.93.75.19 - - [19/Mar/2020:12:51:21 +0800] "GET /xingrg/all/function/internal_message.html?_=1584593656858&CODE_STATE=getMsg HTTP/1.1" 200 27
114.88.170.9 - - [19/Mar/2020:12:51:25 +0800] "GET /xingrg/all/function/internal_message.html?_=1584593776600&CODE_STATE=getMsg HTTP/1.1" 200 27
114.88.159.93 - - [19/Mar/2020:12:51:32 +0800] "GET /xingrg/all/function/internal_message.html?_=1584593390310&CODE_STATE=getMsg HTTP/1.1" 200 27
114.93.75.19 - - [19/Mar/2020:12:51:34 +0800] "GET /xingrg/kc/base/yddb_order_info.html?code=482020031800072 HTTP/1.1" 200 29382
114.93.75.19 - - [19/Mar/2020:12:51:34 +0800] "GET /xingrg/dwr/interface/AjaxComOrderService.js HTTP/1.1" 200 18264
114.93.75.19 - - [19/Mar/2020:12:51:34 +0800] "GET /xingrg/dwr/interface/AjaxYddbService.js HTTP/1.1" 200 13201
114.93.75.19 - - [19/Mar/2020:12:51:34 +0800] "GET /xingrg/dwr/engine.js HTTP/1.1" 200 43631
114.93.75.19 - - [19/Mar/2020:12:51:34 +0800] "POST /xingrg/dwr/call/plaincall/AjaxYddbService.loadMaterielItems.dwr HTTP/1.1" 200 819
116.228.172.94 - - [19/Mar/2020:12:51:35 +0800] "GET /xingrg/all/function/internal_message.html?_=1584593493606&CODE_STATE=getMsg HTTP/1.1" 200 27
114.93.75.19 - - [19/Mar/2020:12:51:44 +0800] "GET /xingrg/all/function/internal_message.html?_=1584593500691&CODE_STATE=getMsg HTTP/1.1" 200 27
120.253.135.82 - - [19/Mar/2020:12:51:45 +0800] "GET /xingrg/all/function/internal_message.html?_=1584593246955&CODE_STATE=getMsg HTTP/1.1" 200 27
114.88.159.93 - - [19/Mar/2020:12:51:52 +0800] "GET /xingrg/all/function/internal_message.html?_=1584593232955&CODE_STATE=getMsg HTTP/1.1" 200 27
180.156.150.85 - - [19/Mar/2020:12:51:52 +0800] "GET /xingrg/all/function/internal_message.html?_=1584593511888&CODE_STATE=getMsg HTTP/1.1" 200 27
222.69.135.150 - - [19/Mar/2020:12:51:53 +0800] "GET /xingrg/kc/buy/cgsh_order_add.html HTTP/1.1" 200 57648
222.69.135.150 - - [19/Mar/2020:12:51:53 +0800] "POST /xingrg/kc/buy/cgsh_order_operate.html HTTP/1.1" 200 8245
222.69.135.150 - - [19/Mar/2020:12:51:53 +0800] "GET /xingrg/javascript/easyui/themes/default/validatebox.css HTTP/1.1" 404 1104
116.238.181.252 - - [19/Mar/2020:12:51:55 +0800] "GET /xingrg/all/function/internal_message.html?_=1584593516057&CODE_STATE=getMsg HTTP/1.1" 200 27
124.77.241.94 - - [19/Mar/2020:12:51:56 +0800] "GET /xingrg/all/function/internal_message.html?_=1584593527367&CODE_STATE=getMsg HTTP/1.1" 200 27
183.232.44.36 - - [19/Mar/2020:12:51:56 +0800] "GET /xingrg/all/function/internal_message.html?_=1584593495289&CODE_STATE=getMsg HTTP/1.1" 200 27
114.93.75.19 - - [19/Mar/2020:12:51:59 +0800] "GET /xingrg/check_reg.html?_=1584593515962 HTTP/1.1" 200 22
114.93.75.19 - - [19/Mar/2020:12:51:59 +0800] "GET /xingrg/all/function/internal_message.html?_=1584593515963&CODE_STATE=getMsg HTTP/1.1" 200 27
222.69.135.150 - - [19/Mar/2020:12:52:00 +0800] "GET /xingrg/all/function/internal_message.html?_=1584593407520&CODE_STATE=getMsg HTTP/1.1" 200 27
222.69.135.150 - - [19/Mar/2020:12:52:01 +0800] "GET /xingrg/kc/buy/cgsh_order_operate.html?command=get_materiel&rest_code=00149&code=00101007077&supplier_code=00100205&order_time=2020-03-19 HTTP/1.1" 200 415
58.40.7.146 - - [19/Mar/2020:12:52:05 +0800] "GET /xingrg/all/function/internal_message.html?_=1584593522597&CODE_STATE=getMsg HTTP/1.1" 200 27
222.69.135.150 - - [19/Mar/2020:12:52:08 +0800] "POST /xingrg/kc/buy/cgsh_order_operate.html HTTP/1.1" 200 37
116.233.78.241 - - [19/Mar/2020:12:52:08 +0800] "GET /xingrg/all/function/internal_message.html?_=1584593602475&CODE_STATE=getMsg HTTP/1.1" 200 27
120.253.135.82 - - [19/Mar/2020:12:52:09 +0800] "GET /xingrg/all/function/internal_message.html?_=1584593660908&CODE_STATE=getMsg HTTP/1.1" 200 27
222.69.135.150 - - [19/Mar/2020:12:52:10 +0800] "POST /xingrg/kc/buy/cgsh_order_operate.html HTTP/1.1" 200 12
180.157.252.250 - - [19/Mar/2020:12:52:11 +0800] "GET /xingrg/all/function/internal_message.html?_=1584593520819&CODE_STATE=getMsg HTTP/1.1" 200 27
222.69.135.150 - - [19/Mar/2020:12:52:11 +0800] "GET /xingrg/kc/buy/cgsh_order_info.html?code=212020031901645 HTTP/1.1" 200 52551
222.69.135.150 - - [19/Mar/2020:12:52:12 +0800] "GET /xingrg/javascript/easyui/themes/default/validatebox.css HTTP/1.1" 404 1104
222.69.135.150 - - [19/Mar/2020:12:52:12 +0800] "POST /xingrg/kc/buy/cgsh_order_operate.html HTTP/1.1" 200 609
222.69.135.150 - - [19/Mar/2020:12:52:13 +0800] "GET /xingrg/kc/print/load_data.html?order_code=212020031901645&kc_code=cgsh&condition= HTTP/1.1" 200 692
58.221.95.50 - - [19/Mar/2020:12:52:14 +0800] "GET /xingrg/check_reg.html?_=1584593880264 HTTP/1.1" 200 22
101.81.124.227 - - [19/Mar/2020:12:52:16 +0800] "GET /xingrg/all/function/internal_message.html?_=1584593530961&CODE_STATE=getMsg HTTP/1.1" 200 27
101.81.124.227 - - [19/Mar/2020:12:52:16 +0800] "GET /xingrg/check_reg.html?_=1584593531072 HTTP/1.1" 200 22
