114.88.159.93 - - [19/Mar/2020:10:52:27 +0800] "GET /xingrg/system/rest/query_items.html?_=1584586245576&table=menu&page=1&rows=20&categoryId=&key=%25E5%25B8%25A6%25E9%25B1%25BC HTTP/1.1" 200 2131
116.238.181.252 - - [19/Mar/2020:10:52:28 +0800] "GET /xingrg/check_reg.html?_=1584586349315 HTTP/1.1" 200 22
116.238.181.252 - - [19/Mar/2020:10:52:28 +0800] "GET /xingrg/all/function/internal_message.html?_=1584586349318&CODE_STATE=getMsg HTTP/1.1" 200 27
114.88.159.93 - - [19/Mar/2020:10:52:29 +0800] "GET /xingrg/system/rest/query_items.html?_=1584586247441&table=menu&page=1&rows=20&categoryId=&key=%25E5%25B8%25A6%25E9%25B1%25BC HTTP/1.1" 200 2131
114.93.75.19 - - [19/Mar/2020:10:52:29 +0800] "GET /xingrg/all/function/internal_message.html?_=1584586348108&CODE_STATE=getMsg HTTP/1.1" 200 27
114.88.159.93 - - [19/Mar/2020:10:52:30 +0800] "GET /xingrg/all/function/internal_message.html?_=1584586248868&CODE_STATE=getMsg HTTP/1.1" 200 27
114.88.159.93 - - [19/Mar/2020:10:52:30 +0800] "GET /xingrg/check_reg.html?_=1584586248869 HTTP/1.1" 200 22
116.228.172.94 - - [19/Mar/2020:10:52:35 +0800] "GET /xingrg/all/function/internal_message.html?_=1584586353597&CODE_STATE=getMsg HTTP/1.1" 200 27
114.88.159.93 - - [19/Mar/2020:10:52:35 +0800] "GET /xingrg/system/rest/get_item.html?table=menu&id=1932&_=1584586254125 HTTP/1.1" 200 937
114.88.159.93 - - [19/Mar/2020:10:52:35 +0800] "GET /xingrg/system/rest/get_item.html?table=menu&target=menu_rest&id=1932&_=1584586254127 HTTP/1.1" 200 647
114.88.159.93 - - [19/Mar/2020:10:52:35 +0800] "GET /xingrg/system/rest/get_item.html?table=menu&target=cook_mode&id=1932&_=1584586254127 HTTP/1.1" 200 14725
114.88.159.93 - - [19/Mar/2020:10:52:36 +0800] "GET /xingrg/system/rest/get_infos.html?command=menu_img_show&id=1932 HTTP/1.1" 200 5
180.157.252.250 - - [19/Mar/2020:10:52:37 +0800] "GET /xingrg/check_reg.html?_=1584586347144 HTTP/1.1" 302 -
124.77.241.94 - - [19/Mar/2020:10:52:44 +0800] "GET /xingrg/check_reg.html?_=1584586375148 HTTP/1.1" 200 22
124.77.241.94 - - [19/Mar/2020:10:52:44 +0800] "GET /xingrg/all/function/internal_message.html?_=1584586375449&CODE_STATE=getMsg HTTP/1.1" 200 27
114.88.170.9 - - [19/Mar/2020:10:52:48 +0800] "GET /xingrg/check_reg.html?_=1584586365463 HTTP/1.1" 200 22
114.88.159.93 - - [19/Mar/2020:10:52:49 +0800] "GET /xingrg/system/rest/query_items.html?_=1584586267389&table=menu&page=1&rows=20&categoryId=&key=%25E5%25B0%258F%25E7%2599%25BD HTTP/1.1" 200 1206
114.88.159.93 - - [19/Mar/2020:10:52:50 +0800] "GET /xingrg/system/rest/query_items.html?_=1584586268799&table=menu&page=1&rows=20&categoryId=&key=%25E5%25B0%258F%25E7%2599%25BD HTTP/1.1" 200 1206
114.88.159.93 - - [19/Mar/2020:10:52:52 +0800] "GET /xingrg/system/rest/get_item.html?table=menu&id=1931&_=1584586270761 HTTP/1.1" 200 939
114.88.159.93 - - [19/Mar/2020:10:52:52 +0800] "GET /xingrg/system/rest/get_item.html?table=menu&target=menu_rest&id=1931&_=1584586270763 HTTP/1.1" 200 853
114.88.159.93 - - [19/Mar/2020:10:52:52 +0800] "GET /xingrg/system/rest/get_item.html?table=menu&target=cook_mode&id=1931&_=1584586270762 HTTP/1.1" 200 17346
114.88.159.93 - - [19/Mar/2020:10:52:52 +0800] "GET /xingrg/system/rest/get_infos.html?command=menu_img_show&id=1931 HTTP/1.1" 200 5
180.156.150.85 - - [19/Mar/2020:10:52:52 +0800] "GET /xingrg/all/function/internal_message.html?_=1584586371710&CODE_STATE=getMsg HTTP/1.1" 200 27
114.88.159.93 - - [19/Mar/2020:10:52:53 +0800] "GET /xingrg/check_reg.html?_=1584586094816 HTTP/1.1" 200 22
114.88.159.93 - - [19/Mar/2020:10:52:53 +0800] "GET /xingrg/all/function/internal_message.html?_=1584586094819&CODE_STATE=getMsg HTTP/1.1" 200 27
114.93.75.19 - - [19/Mar/2020:10:52:55 +0800] "GET /xingrg/all/function/internal_message.html?_=1584586372123&CODE_STATE=getMsg HTTP/1.1" 200 27
114.88.159.93 - - [19/Mar/2020:10:52:56 +0800] "GET /xingrg/system/rest/get_item.html?table=menu&target=menu_rest_detail&id=1931&sid=11&_=1584586274900 HTTP/1.1" 200 438
114.93.75.19 - - [19/Mar/2020:10:52:57 +0800] "GET /xingrg/all/function/internal_message.html?_=1584586374163&CODE_STATE=getMsg HTTP/1.1" 200 27
114.93.75.19 - - [19/Mar/2020:10:52:57 +0800] "GET /xingrg/check_reg.html?_=1584586374168 HTTP/1.1" 200 22
114.88.159.93 - - [19/Mar/2020:10:53:03 +0800] "POST /xingrg/system/rest/edit_item.html HTTP/1.1" 200 4
114.88.159.93 - - [19/Mar/2020:10:53:03 +0800] "GET /xingrg/system/rest/get_item.html?table=menu&target=menu_rest&id=1931&_=1584586281883 HTTP/1.1" 200 853
58.40.7.146 - - [19/Mar/2020:10:53:05 +0800] "GET /xingrg/all/function/internal_message.html?_=1584586382554&CODE_STATE=getMsg HTTP/1.1" 200 27
180.157.252.250 - - [19/Mar/2020:10:53:11 +0800] "GET /xingrg/all/function/internal_message.html?_=1584586380843&CODE_STATE=getMsg HTTP/1.1" 200 27
114.88.159.93 - - [19/Mar/2020:10:53:14 +0800] "GET /xingrg/system/rest/get_item.html?table=menu&target=menu_rest_detail&id=1931&sid=11&_=1584586292810 HTTP/1.1" 200 438
101.81.124.227 - - [19/Mar/2020:10:53:16 +0800] "GET /xingrg/all/function/internal_message.html?_=1584586390786&CODE_STATE=getMsg HTTP/1.1" 200 27
116.238.181.252 - - [19/Mar/2020:10:53:28 +0800] "GET /xingrg/all/function/internal_message.html?_=1584586409303&CODE_STATE=getMsg HTTP/1.1" 200 27
114.93.75.19 - - [19/Mar/2020:10:53:29 +0800] "GET /xingrg/check_reg.html?_=1584586408135 HTTP/1.1" 200 22
114.93.75.19 - - [19/Mar/2020:10:53:29 +0800] "GET /xingrg/all/function/internal_message.html?_=1584586408108&CODE_STATE=getMsg HTTP/1.1" 200 27
114.88.159.93 - - [19/Mar/2020:10:53:31 +0800] "GET /xingrg/all/function/internal_message.html?_=1584586310028&CODE_STATE=getMsg HTTP/1.1" 200 27
116.228.172.94 - - [19/Mar/2020:10:53:35 +0800] "GET /xingrg/check_reg.html?_=1584586413597 HTTP/1.1" 200 22
116.228.172.94 - - [19/Mar/2020:10:53:35 +0800] "GET /xingrg/all/function/internal_message.html?_=1584586413598&CODE_STATE=getMsg HTTP/1.1" 200 27
124.77.241.94 - - [19/Mar/2020:10:53:44 +0800] "GET /xingrg/all/function/internal_message.html?_=1584586435461&CODE_STATE=getMsg HTTP/1.1" 200 27
114.88.159.93 - - [19/Mar/2020:10:53:46 +0800] "GET /xingrg/system/rest/query_items.html?_=1584586325141&table=menu&page=1&rows=20&categoryId=&key=%25E6%259D%2582%25E9%25B1%25BC HTTP/1.1" 200 1755
114.88.159.93 - - [19/Mar/2020:10:53:49 +0800] "GET /xingrg/system/rest/query_items.html?_=1584586327616&table=menu&page=1&rows=20&categoryId=&key=%25E6%259D%2582%25E9%25B1%25BC HTTP/1.1" 200 1755
114.88.159.93 - - [19/Mar/2020:10:53:49 +0800] "GET /xingrg/system/rest/get_item.html?table=menu&id=1965&_=1584586327878 HTTP/1.1" 200 969
114.88.159.93 - - [19/Mar/2020:10:53:49 +0800] "GET /xingrg/system/rest/get_item.html?table=menu&target=cook_mode&id=1965&_=1584586327879 HTTP/1.1" 200 6235
114.88.159.93 - - [19/Mar/2020:10:53:49 +0800] "GET /xingrg/system/rest/get_item.html?table=menu&target=menu_rest&id=1965&_=1584586327880 HTTP/1.1" 200 762
114.88.159.93 - - [19/Mar/2020:10:53:49 +0800] "GET /xingrg/system/rest/get_infos.html?command=menu_img_show&id=1965 HTTP/1.1" 200 5
180.156.150.85 - - [19/Mar/2020:10:53:52 +0800] "GET /xingrg/all/function/internal_message.html?_=1584586431710&CODE_STATE=getMsg HTTP/1.1" 200 27
114.88.159.93 - - [19/Mar/2020:10:53:53 +0800] "GET /xingrg/all/function/internal_message.html?_=1584586154820&CODE_STATE=getMsg HTTP/1.1" 200 27
114.88.159.93 - - [19/Mar/2020:10:53:54 +0800] "GET /xingrg/system/rest/get_item.html?table=menu&id=1986&_=1584586332977 HTTP/1.1" 200 948
114.88.159.93 - - [19/Mar/2020:10:53:54 +0800] "GET /xingrg/system/rest/get_item.html?table=menu&target=cook_mode&id=1986&_=1584586332979 HTTP/1.1" 200 1306
114.88.159.93 - - [19/Mar/2020:10:53:54 +0800] "GET /xingrg/system/rest/get_item.html?table=menu&target=menu_rest&id=1986&_=1584586332980 HTTP/1.1" 200 368
114.88.159.93 - - [19/Mar/2020:10:53:54 +0800] "GET /xingrg/system/rest/get_infos.html?command=menu_img_show&id=1986 HTTP/1.1" 200 5
114.93.75.19 - - [19/Mar/2020:10:53:55 +0800] "GET /xingrg/all/function/internal_message.html?_=1584586432128&CODE_STATE=getMsg HTTP/1.1" 200 27
114.93.75.19 - - [19/Mar/2020:10:53:57 +0800] "GET /xingrg/all/function/internal_message.html?_=1584586434156&CODE_STATE=getMsg HTTP/1.1" 200 27
58.40.7.146 - - [19/Mar/2020:10:54:05 +0800] "GET /xingrg/all/function/internal_message.html?_=1584586442557&CODE_STATE=getMsg HTTP/1.1" 200 27
58.40.7.146 - - [19/Mar/2020:10:54:05 +0800] "GET /xingrg/check_reg.html?_=1584586442559 HTTP/1.1" 200 22
180.157.252.250 - - [19/Mar/2020:10:54:11 +0800] "GET /xingrg/all/function/internal_message.html?_=1584586440842&CODE_STATE=getMsg HTTP/1.1" 200 27
101.81.124.227 - - [19/Mar/2020:10:54:16 +0800] "GET /xingrg/all/function/internal_message.html?_=1584586450801&CODE_STATE=getMsg HTTP/1.1" 200 27
116.238.181.252 - - [19/Mar/2020:10:54:28 +0800] "GET /xingrg/all/function/internal_message.html?_=1584586469310&CODE_STATE=getMsg HTTP/1.1" 200 27
114.93.75.19 - - [19/Mar/2020:10:54:29 +0800] "GET /xingrg/all/function/internal_message.html?_=1584586468133&CODE_STATE=getMsg HTTP/1.1" 200 27
114.88.159.93 - - [19/Mar/2020:10:54:31 +0800] "GET /xingrg/all/function/internal_message.html?_=1584586370031&CODE_STATE=getMsg HTTP/1.1" 200 27
116.228.172.94 - - [19/Mar/2020:10:54:35 +0800] "GET /xingrg/all/function/internal_message.html?_=1584586473597&CODE_STATE=getMsg HTTP/1.1" 200 27
124.77.241.94 - - [19/Mar/2020:10:54:44 +0800] "GET /xingrg/all/function/internal_message.html?_=1584586495475&CODE_STATE=getMsg HTTP/1.1" 200 27
180.156.150.85 - - [19/Mar/2020:10:54:52 +0800] "GET /xingrg/all/function/internal_message.html?_=1584586491710&CODE_STATE=getMsg HTTP/1.1" 200 27
180.156.150.85 - - [19/Mar/2020:10:54:52 +0800] "GET /xingrg/check_reg.html?_=1584586491714 HTTP/1.1" 200 22
114.88.159.93 - - [19/Mar/2020:10:54:53 +0800] "GET /xingrg/all/function/internal_message.html?_=1584586214813&CODE_STATE=getMsg HTTP/1.1" 200 27
114.93.75.19 - - [19/Mar/2020:10:54:55 +0800] "GET /xingrg/check_reg.html?_=1584586492129 HTTP/1.1" 200 22
114.93.75.19 - - [19/Mar/2020:10:54:55 +0800] "GET /xingrg/all/function/internal_message.html?_=1584586492131&CODE_STATE=getMsg HTTP/1.1" 200 27
114.93.75.19 - - [19/Mar/2020:10:54:57 +0800] "GET /xingrg/all/function/internal_message.html?_=1584586494160&CODE_STATE=getMsg HTTP/1.1" 200 27
58.40.7.146 - - [19/Mar/2020:10:55:05 +0800] "GET /xingrg/all/function/internal_message.html?_=1584586502544&CODE_STATE=getMsg HTTP/1.1" 200 27
180.157.252.250 - - [19/Mar/2020:10:55:11 +0800] "GET /xingrg/all/function/internal_message.html?_=1584586500842&CODE_STATE=getMsg HTTP/1.1" 200 27
180.157.252.250 - - [19/Mar/2020:10:55:11 +0800] "GET /xingrg/check_reg.html?_=1584586500849 HTTP/1.1" 200 22
101.81.124.227 - - [19/Mar/2020:10:55:16 +0800] "GET /xingrg/all/function/internal_message.html?_=1584586510789&CODE_STATE=getMsg HTTP/1.1" 200 27
114.88.159.93 - - [19/Mar/2020:10:55:22 +0800] "POST /xingrg/services/DataTransmitService HTTP/1.1" 200 524
114.88.159.93 - - [19/Mar/2020:10:55:23 +0800] "POST /xingrg/services/DataTransmitService HTTP/1.1" 200 2135
114.88.159.93 - - [19/Mar/2020:10:55:23 +0800] "POST /xingrg/services/DataTransmitService HTTP/1.1" 200 2263
114.88.159.93 - - [19/Mar/2020:10:55:23 +0800] "POST /xingrg/services/DataTransmitService HTTP/1.1" 200 1435
114.88.159.93 - - [19/Mar/2020:10:55:25 +0800] "POST /xingrg/services/DataTransmitService HTTP/1.1" 200 164162
116.238.181.252 - - [19/Mar/2020:10:55:28 +0800] "GET /xingrg/all/function/internal_message.html?_=1584586529311&CODE_STATE=getMsg HTTP/1.1" 200 27
114.93.75.19 - - [19/Mar/2020:10:55:29 +0800] "GET /xingrg/all/function/internal_message.html?_=1584586528133&CODE_STATE=getMsg HTTP/1.1" 200 27
114.88.159.93 - - [19/Mar/2020:10:55:31 +0800] "GET /xingrg/all/function/internal_message.html?_=1584586430033&CODE_STATE=getMsg HTTP/1.1" 200 27
116.228.172.94 - - [19/Mar/2020:10:55:35 +0800] "GET /xingrg/all/function/internal_message.html?_=1584586533597&CODE_STATE=getMsg HTTP/1.1" 200 27
117.185.32.26 - - [19/Mar/2020:10:55:44 +0800] "GET /xingrg/check_reg.html?_=1584586540842 HTTP/1.1" 200 22
124.77.241.94 - - [19/Mar/2020:10:55:44 +0800] "GET /xingrg/all/function/internal_message.html?_=1584586555494&CODE_STATE=getMsg HTTP/1.1" 200 27
180.156.150.85 - - [19/Mar/2020:10:55:52 +0800] "GET /xingrg/all/function/internal_message.html?_=1584586551698&CODE_STATE=getMsg HTTP/1.1" 200 27
114.88.159.93 - - [19/Mar/2020:10:55:53 +0800] "GET /xingrg/all/function/internal_message.html?_=1584586274814&CODE_STATE=getMsg HTTP/1.1" 200 27
114.93.75.19 - - [19/Mar/2020:10:55:55 +0800] "GET /xingrg/all/function/internal_message.html?_=1584586552130&CODE_STATE=getMsg HTTP/1.1" 200 27
114.93.75.19 - - [19/Mar/2020:10:55:57 +0800] "GET /xingrg/all/function/internal_message.html?_=1584586554156&CODE_STATE=getMsg HTTP/1.1" 200 27
58.40.7.146 - - [19/Mar/2020:10:56:05 +0800] "GET /xingrg/all/function/internal_message.html?_=1584586562548&CODE_STATE=getMsg HTTP/1.1" 200 27
180.157.252.250 - - [19/Mar/2020:10:56:11 +0800] "GET /xingrg/all/function/internal_message.html?_=1584586560841&CODE_STATE=getMsg HTTP/1.1" 200 27
101.81.124.227 - - [19/Mar/2020:10:56:16 +0800] "GET /xingrg/all/function/internal_message.html?_=1584586570804&CODE_STATE=getMsg HTTP/1.1" 200 27
116.238.181.252 - - [19/Mar/2020:10:56:28 +0800] "GET /xingrg/all/function/internal_message.html?_=1584586589311&CODE_STATE=getMsg HTTP/1.1" 200 27
114.93.75.19 - - [19/Mar/2020:10:56:29 +0800] "GET /xingrg/all/function/internal_message.html?_=1584586588131&CODE_STATE=getMsg HTTP/1.1" 200 27
114.88.159.93 - - [19/Mar/2020:10:56:31 +0800] "GET /xingrg/all/function/internal_message.html?_=1584586490035&CODE_STATE=getMsg HTTP/1.1" 200 27
116.228.172.94 - - [19/Mar/2020:10:56:35 +0800] "GET /xingrg/all/function/internal_message.html?_=1584586593598&CODE_STATE=getMsg HTTP/1.1" 200 27
124.77.241.94 - - [19/Mar/2020:10:56:44 +0800] "GET /xingrg/all/function/internal_message.html?_=1584586615503&CODE_STATE=getMsg HTTP/1.1" 200 27
180.156.150.85 - - [19/Mar/2020:10:56:52 +0800] "GET /xingrg/all/function/internal_message.html?_=1584586611700&CODE_STATE=getMsg HTTP/1.1" 200 27
114.88.159.93 - - [19/Mar/2020:10:56:53 +0800] "GET /xingrg/all/function/internal_message.html?_=1584586334822&CODE_STATE=getMsg HTTP/1.1" 200 27
114.93.75.19 - - [19/Mar/2020:10:56:55 +0800] "GET /xingrg/all/function/internal_message.html?_=1584586612130&CODE_STATE=getMsg HTTP/1.1" 200 27
124.77.241.94 - - [19/Mar/2020:10:56:56 +0800] "GET /xingrg/kc/buy/cgsh_order_add.html HTTP/1.1" 200 57648
124.77.241.94 - - [19/Mar/2020:10:56:56 +0800] "GET /xingrg/javascript/json2.js HTTP/1.1" 304 -
124.77.241.94 - - [19/Mar/2020:10:56:56 +0800] "GET /xingrg/javascript/jquery_tools/order_manager.js HTTP/1.1" 304 -
124.77.241.94 - - [19/Mar/2020:10:56:56 +0800] "GET /xingrg/words/20200318144422_words.js HTTP/1.1" 304 -
124.77.241.94 - - [19/Mar/2020:10:56:56 +0800] "GET /xingrg/javascript/easyui/themes/icons/copy_new.png HTTP/1.1" 304 -
124.77.241.94 - - [19/Mar/2020:10:56:56 +0800] "GET /xingrg/javascript/easyui/themes/icons/template_new.png HTTP/1.1" 304 -
124.77.241.94 - - [19/Mar/2020:10:56:56 +0800] "GET /xingrg/javascript/easyui/themes/icons/ok.png HTTP/1.1" 304 -
124.77.241.94 - - [19/Mar/2020:10:56:57 +0800] "GET /xingrg/javascript/easyui/themes/icons/cancel.png HTTP/1.1" 304 -
124.77.241.94 - - [19/Mar/2020:10:56:57 +0800] "GET /xingrg/javascript/easyui/themes/default/images/menu_downarrow.png HTTP/1.1" 304 -
124.77.241.94 - - [19/Mar/2020:10:56:57 +0800] "GET /xingrg/javascript/easyui/themes/icons/print.png HTTP/1.1" 304 -
124.77.241.94 - - [19/Mar/2020:10:56:57 +0800] "POST /xingrg/kc/buy/cgsh_order_operate.html HTTP/1.1" 200 8245
124.77.241.94 - - [19/Mar/2020:10:56:57 +0800] "GET /xingrg/javascript/easyui/themes/icons/edit_remove.png HTTP/1.1" 304 -
124.77.241.94 - - [19/Mar/2020:10:56:57 +0800] "GET /xingrg/all/common/auto_word.html?type=employee&rest_code=00146 HTTP/1.1" 200 147
124.77.241.94 - - [19/Mar/2020:10:56:57 +0800] "GET /xingrg/all/common/auto_word.html?type=employee&rest_code=00146 HTTP/1.1" 200 147
124.77.241.94 - - [19/Mar/2020:10:56:57 +0800] "GET /xingrg/javascript/easyui/themes/default/validatebox.css HTTP/1.1" 404 1104
124.77.241.94 - - [19/Mar/2020:10:56:57 +0800] "GET /xingrg/javascript/easyui/plugins/jquery.validatebox.js HTTP/1.1" 304 -
124.77.241.94 - - [19/Mar/2020:10:56:57 +0800] "GET /xingrg/javascript/easyui/plugins/jquery.numberbox.js HTTP/1.1" 304 -
114.93.75.19 - - [19/Mar/2020:10:56:57 +0800] "GET /xingrg/all/function/internal_message.html?_=1584586614163&CODE_STATE=getMsg HTTP/1.1" 200 27
58.40.7.146 - - [19/Mar/2020:10:57:05 +0800] "GET /xingrg/all/function/internal_message.html?_=1584586622554&CODE_STATE=getMsg HTTP/1.1" 200 27
180.157.252.250 - - [19/Mar/2020:10:57:11 +0800] "GET /xingrg/all/function/internal_message.html?_=1584586620841&CODE_STATE=getMsg HTTP/1.1" 200 27
58.221.95.50 - - [19/Mar/2020:10:57:16 +0800] "GET /xingrg/check_reg.html?_=1584586980610 HTTP/1.1" 200 22
101.81.124.227 - - [19/Mar/2020:10:57:16 +0800] "GET /xingrg/check_reg.html?_=1584586630817 HTTP/1.1" 200 22
101.81.124.227 - - [19/Mar/2020:10:57:16 +0800] "GET /xingrg/all/function/internal_message.html?_=1584586630828&CODE_STATE=getMsg HTTP/1.1" 200 27
124.77.241.94 - - [19/Mar/2020:10:57:21 +0800] "GET /xingrg/javascript/auto/indicator.gif HTTP/1.1" 404 1066
124.77.241.94 - - [19/Mar/2020:10:57:23 +0800] "GET /xingrg/javascript/jquery_tools/images/prev.gif HTTP/1.1" 404 1086
124.77.241.94 - - [19/Mar/2020:10:57:23 +0800] "GET /xingrg/javascript/jquery_tools/images/next.gif HTTP/1.1" 404 1086
116.238.181.252 - - [19/Mar/2020:10:57:28 +0800] "GET /xingrg/all/function/internal_message.html?_=1584586649319&CODE_STATE=getMsg HTTP/1.1" 200 27
116.238.181.252 - - [19/Mar/2020:10:57:28 +0800] "GET /xingrg/check_reg.html?_=1584586649322 HTTP/1.1" 200 22
114.93.75.19 - - [19/Mar/2020:10:57:29 +0800] "GET /xingrg/all/function/internal_message.html?_=1584586648131&CODE_STATE=getMsg HTTP/1.1" 200 27
124.77.241.94 - - [19/Mar/2020:10:57:31 +0800] "GET /xingrg/kc/buy/cgsh_order_operate.html?command=get_materiel&rest_code=00146&code=00101008003&supplier_code=00100005&order_time=2020-03-19 HTTP/1.1" 200 430
114.88.159.93 - - [19/Mar/2020:10:57:31 +0800] "GET /xingrg/all/function/internal_message.html?_=1584586550038&CODE_STATE=getMsg HTTP/1.1" 200 27
114.88.159.93 - - [19/Mar/2020:10:57:31 +0800] "GET /xingrg/check_reg.html?_=1584586550038 HTTP/1.1" 200 22
116.228.172.94 - - [19/Mar/2020:10:57:35 +0800] "GET /xingrg/all/function/internal_message.html?_=1584586653597&CODE_STATE=getMsg HTTP/1.1" 200 27
180.157.252.250 - - [19/Mar/2020:10:57:37 +0800] "GET /xingrg/check_reg.html?_=1584586647155 HTTP/1.1" 302 -
124.77.241.94 - - [19/Mar/2020:10:57:44 +0800] "GET /xingrg/check_reg.html?_=1584586675142 HTTP/1.1" 200 22
124.77.241.94 - - [19/Mar/2020:10:57:44 +0800] "GET /xingrg/all/function/internal_message.html?_=1584586675516&CODE_STATE=getMsg HTTP/1.1" 200 27
124.77.241.94 - - [19/Mar/2020:10:57:47 +0800] "GET /xingrg/kc/buy/cgsh_order_operate.html?command=get_materiel&rest_code=00146&code=00101008338&supplier_code=00100005&order_time=2020-03-19 HTTP/1.1" 200 408
114.88.170.9 - - [19/Mar/2020:10:57:48 +0800] "GET /xingrg/check_reg.html?_=1584586665473 HTTP/1.1" 200 22
180.156.150.85 - - [19/Mar/2020:10:57:52 +0800] "GET /xingrg/all/function/internal_message.html?_=1584586671700&CODE_STATE=getMsg HTTP/1.1" 200 27
114.88.159.93 - - [19/Mar/2020:10:57:53 +0800] "GET /xingrg/check_reg.html?_=1584586394841 HTTP/1.1" 200 22
114.88.159.93 - - [19/Mar/2020:10:57:53 +0800] "GET /xingrg/all/function/internal_message.html?_=1584586394843&CODE_STATE=getMsg HTTP/1.1" 200 27
114.93.75.19 - - [19/Mar/2020:10:57:55 +0800] "GET /xingrg/all/function/internal_message.html?_=1584586672130&CODE_STATE=getMsg HTTP/1.1" 200 27
114.93.75.19 - - [19/Mar/2020:10:57:57 +0800] "GET /xingrg/all/function/internal_message.html?_=1584586674154&CODE_STATE=getMsg HTTP/1.1" 200 27
114.93.75.19 - - [19/Mar/2020:10:57:57 +0800] "GET /xingrg/check_reg.html?_=1584586674156 HTTP/1.1" 200 22
124.77.241.94 - - [19/Mar/2020:10:58:03 +0800] "GET /xingrg/kc/buy/cgsh_order_operate.html?command=get_materiel&rest_code=00146&code=00101008290&supplier_code=00100005&order_time=2020-03-19 HTTP/1.1" 200 416
58.40.7.146 - - [19/Mar/2020:10:58:05 +0800] "GET /xingrg/all/function/internal_message.html?_=1584586682555&CODE_STATE=getMsg HTTP/1.1" 200 27
180.157.252.250 - - [19/Mar/2020:10:58:11 +0800] "GET /xingrg/all/function/internal_message.html?_=1584586680840&CODE_STATE=getMsg HTTP/1.1" 200 27
124.77.241.94 - - [19/Mar/2020:10:58:13 +0800] "GET /xingrg/kc/buy/cgsh_order_operate.html?command=get_materiel&rest_code=00146&code=00101008356&supplier_code=00100005&order_time=2020-03-19 HTTP/1.1" 200 424
101.81.124.227 - - [19/Mar/2020:10:58:16 +0800] "GET /xingrg/all/function/internal_message.html?_=1584586690819&CODE_STATE=getMsg HTTP/1.1" 200 27
124.77.241.94 - - [19/Mar/2020:10:58:23 +0800] "GET /xingrg/kc/buy/cgsh_order_operate.html?command=get_materiel&rest_code=00146&code=00101008006&supplier_code=00100005&order_time=2020-03-19 HTTP/1.1" 200 432
116.238.181.252 - - [19/Mar/2020:10:58:28 +0800] "GET /xingrg/all/function/internal_message.html?_=1584586709324&CODE_STATE=getMsg HTTP/1.1" 200 27
114.93.75.19 - - [19/Mar/2020:10:58:29 +0800] "GET /xingrg/all/function/internal_message.html?_=1584586708130&CODE_STATE=getMsg HTTP/1.1" 200 27
114.93.75.19 - - [19/Mar/2020:10:58:29 +0800] "GET /xingrg/check_reg.html?_=1584586708131 HTTP/1.1" 200 22
124.77.241.94 - - [19/Mar/2020:10:58:30 +0800] "GET /xingrg/kc/buy/cgsh_order_operate.html?command=get_materiel&rest_code=00146&code=00101008131&supplier_code=00100005&order_time=2020-03-19 HTTP/1.1" 200 428
114.88.159.93 - - [19/Mar/2020:10:58:31 +0800] "GET /xingrg/all/function/internal_message.html?_=1584586610040&CODE_STATE=getMsg HTTP/1.1" 200 27
116.228.172.94 - - [19/Mar/2020:10:58:35 +0800] "GET /xingrg/check_reg.html?_=1584586713598 HTTP/1.1" 200 22
116.228.172.94 - - [19/Mar/2020:10:58:35 +0800] "GET /xingrg/all/function/internal_message.html?_=1584586713600&CODE_STATE=getMsg HTTP/1.1" 200 27
124.77.241.94 - - [19/Mar/2020:10:58:40 +0800] "GET /xingrg/kc/buy/cgsh_order_operate.html?command=get_materiel&rest_code=00146&code=00101008285&supplier_code=00100005&order_time=2020-03-19 HTTP/1.1" 200 413
124.77.241.94 - - [19/Mar/2020:10:58:44 +0800] "GET /xingrg/all/function/internal_message.html?_=1584586735530&CODE_STATE=getMsg HTTP/1.1" 200 27
180.156.150.85 - - [19/Mar/2020:10:58:52 +0800] "GET /xingrg/all/function/internal_message.html?_=1584586731702&CODE_STATE=getMsg HTTP/1.1" 200 27
114.88.159.93 - - [19/Mar/2020:10:58:53 +0800] "GET /xingrg/all/function/internal_message.html?_=1584586454849&CODE_STATE=getMsg HTTP/1.1" 200 27
114.93.75.19 - - [19/Mar/2020:10:58:55 +0800] "GET /xingrg/all/function/internal_message.html?_=1584586732127&CODE_STATE=getMsg HTTP/1.1" 200 27
124.77.241.94 - - [19/Mar/2020:10:58:55 +0800] "GET /xingrg/kc/buy/cgsh_order_operate.html?command=get_materiel&rest_code=00146&code=00101011003&supplier_code=00100005&order_time=2020-03-19 HTTP/1.1" 200 412
114.93.75.19 - - [19/Mar/2020:10:58:57 +0800] "GET /xingrg/all/function/internal_message.html?_=1584586734158&CODE_STATE=getMsg HTTP/1.1" 200 27
124.77.241.94 - - [19/Mar/2020:10:59:04 +0800] "GET /xingrg/kc/buy/cgsh_order_operate.html?command=get_materiel&rest_code=00146&code=00101016080&supplier_code=00100005&order_time=2020-03-19 HTTP/1.1" 200 408
58.40.7.146 - - [19/Mar/2020:10:59:05 +0800] "GET /xingrg/all/function/internal_message.html?_=1584586742559&CODE_STATE=getMsg HTTP/1.1" 200 27
58.40.7.146 - - [19/Mar/2020:10:59:05 +0800] "GET /xingrg/check_reg.html?_=1584586742561 HTTP/1.1" 200 22
180.157.252.250 - - [19/Mar/2020:10:59:11 +0800] "GET /xingrg/all/function/internal_message.html?_=1584586740840&CODE_STATE=getMsg HTTP/1.1" 200 27
101.81.124.227 - - [19/Mar/2020:10:59:16 +0800] "GET /xingrg/all/function/internal_message.html?_=1584586750818&CODE_STATE=getMsg HTTP/1.1" 200 27
124.77.241.94 - - [19/Mar/2020:10:59:28 +0800] "GET /xingrg/kc/buy/cgsh_order_operate.html?command=get_materiel&rest_code=00146&code=00101008274&supplier_code=00100005&order_time=2020-03-19 HTTP/1.1" 200 412
116.238.181.252 - - [19/Mar/2020:10:59:28 +0800] "GET /xingrg/all/function/internal_message.html?_=1584586769328&CODE_STATE=getMsg HTTP/1.1" 200 27
114.93.75.19 - - [19/Mar/2020:10:59:29 +0800] "GET /xingrg/all/function/internal_message.html?_=1584586768129&CODE_STATE=getMsg HTTP/1.1" 200 27
114.88.159.93 - - [19/Mar/2020:10:59:31 +0800] "GET /xingrg/all/function/internal_message.html?_=1584586670042&CODE_STATE=getMsg HTTP/1.1" 200 27
116.228.172.94 - - [19/Mar/2020:10:59:35 +0800] "GET /xingrg/all/function/internal_message.html?_=1584586773599&CODE_STATE=getMsg HTTP/1.1" 200 27
124.77.241.94 - - [19/Mar/2020:10:59:39 +0800] "GET /xingrg/kc/buy/cgsh_order_operate.html?command=get_materiel&rest_code=00146&code=00101008354&supplier_code=00100005&order_time=2020-03-19 HTTP/1.1" 200 429
124.77.241.94 - - [19/Mar/2020:10:59:44 +0800] "GET /xingrg/all/function/internal_message.html?_=1584586795543&CODE_STATE=getMsg HTTP/1.1" 200 27
180.156.150.85 - - [19/Mar/2020:10:59:52 +0800] "GET /xingrg/all/function/internal_message.html?_=1584586791701&CODE_STATE=getMsg HTTP/1.1" 200 27
180.156.150.85 - - [19/Mar/2020:10:59:52 +0800] "GET /xingrg/check_reg.html?_=1584586791704 HTTP/1.1" 200 22
114.88.159.93 - - [19/Mar/2020:10:59:53 +0800] "GET /xingrg/all/function/internal_message.html?_=1584586514838&CODE_STATE=getMsg HTTP/1.1" 200 27
114.93.75.19 - - [19/Mar/2020:10:59:55 +0800] "GET /xingrg/all/function/internal_message.html?_=1584586792131&CODE_STATE=getMsg HTTP/1.1" 200 27
114.93.75.19 - - [19/Mar/2020:10:59:55 +0800] "GET /xingrg/check_reg.html?_=1584586792133 HTTP/1.1" 200 22
114.93.75.19 - - [19/Mar/2020:10:59:57 +0800] "GET /xingrg/all/function/internal_message.html?_=1584586794165&CODE_STATE=getMsg HTTP/1.1" 200 27
124.77.241.94 - - [19/Mar/2020:11:00:03 +0800] "GET /xingrg/kc/buy/cgsh_order_operate.html?command=get_materiel&rest_code=00146&code=00101008095&supplier_code=00100005&order_time=2020-03-19 HTTP/1.1" 200 412
58.40.7.146 - - [19/Mar/2020:11:00:05 +0800] "GET /xingrg/all/function/internal_message.html?_=1584586802547&CODE_STATE=getMsg HTTP/1.1" 200 27
180.157.252.250 - - [19/Mar/2020:11:00:11 +0800] "GET /xingrg/all/function/internal_message.html?_=1584586800840&CODE_STATE=getMsg HTTP/1.1" 200 27
180.157.252.250 - - [19/Mar/2020:11:00:11 +0800] "GET /xingrg/check_reg.html?_=1584586800846 HTTP/1.1" 200 22
101.81.124.227 - - [19/Mar/2020:11:00:16 +0800] "GET /xingrg/all/function/internal_message.html?_=1584586810804&CODE_STATE=getMsg HTTP/1.1" 200 27
124.77.241.94 - - [19/Mar/2020:11:00:21 +0800] "GET /xingrg/kc/buy/cgsh_order_operate.html?command=get_materiel&rest_code=00146&code=00101008110&supplier_code=00100005&order_time=2020-03-19 HTTP/1.1" 200 409
116.238.181.252 - - [19/Mar/2020:11:00:28 +0800] "GET /xingrg/all/function/internal_message.html?_=1584586829328&CODE_STATE=getMsg HTTP/1.1" 200 27
114.93.75.19 - - [19/Mar/2020:11:00:29 +0800] "GET /xingrg/all/function/internal_message.html?_=1584586828129&CODE_STATE=getMsg HTTP/1.1" 200 27
114.88.159.93 - - [19/Mar/2020:11:00:31 +0800] "GET /xingrg/all/function/internal_message.html?_=1584586730045&CODE_STATE=getMsg HTTP/1.1" 200 27
116.228.172.94 - - [19/Mar/2020:11:00:35 +0800] "GET /xingrg/all/function/internal_message.html?_=1584586833598&CODE_STATE=getMsg HTTP/1.1" 200 27
117.185.32.26 - - [19/Mar/2020:11:00:44 +0800] "GET /xingrg/check_reg.html?_=1584586840816 HTTP/1.1" 200 22
124.77.241.94 - - [19/Mar/2020:11:00:44 +0800] "GET /xingrg/all/function/internal_message.html?_=1584586855557&CODE_STATE=getMsg HTTP/1.1" 200 27
124.77.241.94 - - [19/Mar/2020:11:00:49 +0800] "GET /xingrg/kc/buy/cgsh_order_operate.html?command=get_materiel&rest_code=00146&code=00101008096&supplier_code=00100005&order_time=2020-03-19 HTTP/1.1" 200 428
180.156.150.85 - - [19/Mar/2020:11:00:52 +0800] "GET /xingrg/all/function/internal_message.html?_=1584586851706&CODE_STATE=getMsg HTTP/1.1" 200 27
114.88.159.93 - - [19/Mar/2020:11:00:53 +0800] "GET /xingrg/all/function/internal_message.html?_=1584586574853&CODE_STATE=getMsg HTTP/1.1" 200 27
114.93.75.19 - - [19/Mar/2020:11:00:55 +0800] "GET /xingrg/all/function/internal_message.html?_=1584586852133&CODE_STATE=getMsg HTTP/1.1" 200 27
114.93.75.19 - - [19/Mar/2020:11:00:57 +0800] "GET /xingrg/all/function/internal_message.html?_=1584586854167&CODE_STATE=getMsg HTTP/1.1" 200 27
124.77.241.94 - - [19/Mar/2020:11:00:57 +0800] "GET /xingrg/kc/buy/cgsh_order_operate.html?command=get_materiel&rest_code=00146&code=00101008355&supplier_code=00100005&order_time=2020-03-19 HTTP/1.1" 200 424
58.40.7.146 - - [19/Mar/2020:11:01:05 +0800] "GET /xingrg/all/function/internal_message.html?_=1584586862550&CODE_STATE=getMsg HTTP/1.1" 200 27
180.157.252.250 - - [19/Mar/2020:11:01:11 +0800] "GET /xingrg/all/function/internal_message.html?_=1584586860838&CODE_STATE=getMsg HTTP/1.1" 200 27
101.81.124.227 - - [19/Mar/2020:11:01:16 +0800] "GET /xingrg/all/function/internal_message.html?_=1584586870814&CODE_STATE=getMsg HTTP/1.1" 200 27
124.77.241.94 - - [19/Mar/2020:11:01:17 +0800] "GET /xingrg/kc/buy/cgsh_order_operate.html?command=get_materiel&rest_code=00146&code=00101008196&supplier_code=00100005&order_time=2020-03-19 HTTP/1.1" 200 432
116.238.181.252 - - [19/Mar/2020:11:01:28 +0800] "GET /xingrg/all/function/internal_message.html?_=1584586889328&CODE_STATE=getMsg HTTP/1.1" 200 27
114.93.75.19 - - [19/Mar/2020:11:01:29 +0800] "GET /xingrg/all/function/internal_message.html?_=1584586888127&CODE_STATE=getMsg HTTP/1.1" 200 27
114.88.159.93 - - [19/Mar/2020:11:01:31 +0800] "GET /xingrg/all/function/internal_message.html?_=1584586790047&CODE_STATE=getMsg HTTP/1.1" 200 27
116.228.172.94 - - [19/Mar/2020:11:01:35 +0800] "GET /xingrg/all/function/internal_message.html?_=1584586893598&CODE_STATE=getMsg HTTP/1.1" 200 27
124.77.241.94 - - [19/Mar/2020:11:01:43 +0800] "GET /xingrg/kc/buy/cgsh_order_operate.html?command=get_materiel&rest_code=00146&code=00101008169&supplier_code=00100005&order_time=2020-03-19 HTTP/1.1" 200 412
124.77.241.94 - - [19/Mar/2020:11:01:44 +0800] "GET /xingrg/all/function/internal_message.html?_=1584586915571&CODE_STATE=getMsg HTTP/1.1" 200 27
124.77.241.94 - - [19/Mar/2020:11:01:46 +0800] "POST /xingrg/kc/buy/cgsh_order_operate.html HTTP/1.1" 200 2065
180.156.150.85 - - [19/Mar/2020:11:01:52 +0800] "GET /xingrg/all/function/internal_message.html?_=1584586911708&CODE_STATE=getMsg HTTP/1.1" 200 27
124.77.241.94 - - [19/Mar/2020:11:01:53 +0800] "GET /xingrg/kc/buy/cgsh_order_operate.html?command=get_materiel&rest_code=00146&code=00101008352&supplier_code=00100005&order_time=2020-03-19 HTTP/1.1" 200 427
114.88.159.93 - - [19/Mar/2020:11:01:53 +0800] "GET /xingrg/all/function/internal_message.html?_=1584586634845&CODE_STATE=getMsg HTTP/1.1" 200 27
114.93.75.19 - - [19/Mar/2020:11:01:55 +0800] "GET /xingrg/all/function/internal_message.html?_=1584586912132&CODE_STATE=getMsg HTTP/1.1" 200 27
114.93.75.19 - - [19/Mar/2020:11:01:57 +0800] "GET /xingrg/all/function/internal_message.html?_=1584586914153&CODE_STATE=getMsg HTTP/1.1" 200 27
58.40.7.146 - - [19/Mar/2020:11:02:05 +0800] "GET /xingrg/all/function/internal_message.html?_=1584586922555&CODE_STATE=getMsg HTTP/1.1" 200 27
124.77.241.94 - - [19/Mar/2020:11:02:05 +0800] "GET /xingrg/kc/buy/cgsh_order_operate.html?command=get_materiel&rest_code=00146&code=00101008283&supplier_code=00100005&order_time=2020-03-19 HTTP/1.1" 200 408
180.157.252.250 - - [19/Mar/2020:11:02:11 +0800] "GET /xingrg/all/function/internal_message.html?_=1584586920837&CODE_STATE=getMsg HTTP/1.1" 200 27
58.221.95.50 - - [19/Mar/2020:11:02:15 +0800] "GET /xingrg/check_reg.html?_=1584587280626 HTTP/1.1" 200 22
101.81.124.227 - - [19/Mar/2020:11:02:16 +0800] "GET /xingrg/all/function/internal_message.html?_=1584586930801&CODE_STATE=getMsg HTTP/1.1" 200 27
101.81.124.227 - - [19/Mar/2020:11:02:16 +0800] "GET /xingrg/check_reg.html?_=1584586930806 HTTP/1.1" 200 22
124.77.241.94 - - [19/Mar/2020:11:02:24 +0800] "GET /xingrg/kc/buy/cgsh_order_operate.html?command=get_materiel&rest_code=00146&code=00101015038&supplier_code=00100005&order_time=2020-03-19 HTTP/1.1" 200 419
116.238.181.252 - - [19/Mar/2020:11:02:28 +0800] "GET /xingrg/check_reg.html?_=1584586949327 HTTP/1.1" 200 22
116.238.181.252 - - [19/Mar/2020:11:02:28 +0800] "GET /xingrg/all/function/internal_message.html?_=1584586949330&CODE_STATE=getMsg HTTP/1.1" 200 27
114.93.75.19 - - [19/Mar/2020:11:02:29 +0800] "GET /xingrg/all/function/internal_message.html?_=1584586948126&CODE_STATE=getMsg HTTP/1.1" 200 27
114.88.159.93 - - [19/Mar/2020:11:02:31 +0800] "GET /xingrg/all/function/internal_message.html?_=1584586850050&CODE_STATE=getMsg HTTP/1.1" 200 27
114.88.159.93 - - [19/Mar/2020:11:02:31 +0800] "GET /xingrg/check_reg.html?_=1584586850050 HTTP/1.1" 200 22
116.228.172.94 - - [19/Mar/2020:11:02:35 +0800] "GET /xingrg/all/function/internal_message.html?_=1584586953598&CODE_STATE=getMsg HTTP/1.1" 200 27
124.77.241.94 - - [19/Mar/2020:11:02:37 +0800] "GET /xingrg/kc/buy/cgsh_order_operate.html?command=get_materiel&rest_code=00146&code=00101008102&supplier_code=00100005&order_time=2020-03-19 HTTP/1.1" 200 412
180.157.252.250 - - [19/Mar/2020:11:02:37 +0800] "GET /xingrg/check_reg.html?_=1584586947126 HTTP/1.1" 302 -
124.77.241.94 - - [19/Mar/2020:11:02:44 +0800] "GET /xingrg/check_reg.html?_=1584586975152 HTTP/1.1" 200 22
124.77.241.94 - - [19/Mar/2020:11:02:44 +0800] "GET /xingrg/all/function/internal_message.html?_=1584586975584&CODE_STATE=getMsg HTTP/1.1" 200 27
114.88.170.9 - - [19/Mar/2020:11:02:48 +0800] "GET /xingrg/check_reg.html?_=1584586965474 HTTP/1.1" 200 22
180.156.150.85 - - [19/Mar/2020:11:02:52 +0800] "GET /xingrg/all/function/internal_message.html?_=1584586971709&CODE_STATE=getMsg HTTP/1.1" 200 27
114.88.159.93 - - [19/Mar/2020:11:02:53 +0800] "GET /xingrg/all/function/internal_message.html?_=1584586694847&CODE_STATE=getMsg HTTP/1.1" 200 27
114.88.159.93 - - [19/Mar/2020:11:02:53 +0800] "GET /xingrg/check_reg.html?_=1584586694844 HTTP/1.1" 200 22
114.93.75.19 - - [19/Mar/2020:11:02:55 +0800] "GET /xingrg/all/function/internal_message.html?_=1584586972135&CODE_STATE=getMsg HTTP/1.1" 200 27
124.77.241.94 - - [19/Mar/2020:11:02:56 +0800] "GET /xingrg/kc/buy/cgsh_order_operate.html?command=get_materiel&rest_code=00146&code=00101009056&supplier_code=00100005&order_time=2020-03-19 HTTP/1.1" 200 413
114.93.75.19 - - [19/Mar/2020:11:02:57 +0800] "GET /xingrg/all/function/internal_message.html?_=1584586974157&CODE_STATE=getMsg HTTP/1.1" 200 27
114.93.75.19 - - [19/Mar/2020:11:02:57 +0800] "GET /xingrg/check_reg.html?_=1584586974163 HTTP/1.1" 200 22
124.77.241.94 - - [19/Mar/2020:11:03:00 +0800] "POST /xingrg/kc/buy/cgsh_order_operate.html HTTP/1.1" 200 2065
124.77.241.94 - - [19/Mar/2020:11:03:05 +0800] "GET /xingrg/kc/buy/cgsh_order_operate.html?command=get_materiel&rest_code=00146&code=00101008172&supplier_code=00100005&order_time=2020-03-19 HTTP/1.1" 200 412
58.40.7.146 - - [19/Mar/2020:11:03:05 +0800] "GET /xingrg/all/function/internal_message.html?_=1584586982558&CODE_STATE=getMsg HTTP/1.1" 200 27
180.157.252.250 - - [19/Mar/2020:11:03:11 +0800] "GET /xingrg/all/function/internal_message.html?_=1584586980838&CODE_STATE=getMsg HTTP/1.1" 200 27
101.81.124.227 - - [19/Mar/2020:11:03:16 +0800] "GET /xingrg/all/function/internal_message.html?_=1584586990805&CODE_STATE=getMsg HTTP/1.1" 200 27
124.77.241.94 - - [19/Mar/2020:11:03:19 +0800] "GET /xingrg/kc/buy/cgsh_order_operate.html?command=get_materiel&rest_code=00146&code=00101012051&supplier_code=00100005&order_time=2020-03-19 HTTP/1.1" 200 408
116.238.181.252 - - [19/Mar/2020:11:03:28 +0800] "GET /xingrg/all/function/internal_message.html?_=1584587009338&CODE_STATE=getMsg HTTP/1.1" 200 27
114.93.75.19 - - [19/Mar/2020:11:03:29 +0800] "GET /xingrg/all/function/internal_message.html?_=1584587008140&CODE_STATE=getMsg HTTP/1.1" 200 27
114.93.75.19 - - [19/Mar/2020:11:03:29 +0800] "GET /xingrg/check_reg.html?_=1584587008142 HTTP/1.1" 200 22
114.88.159.93 - - [19/Mar/2020:11:03:31 +0800] "GET /xingrg/all/function/internal_message.html?_=1584586910052&CODE_STATE=getMsg HTTP/1.1" 200 27
116.228.172.94 - - [19/Mar/2020:11:03:35 +0800] "GET /xingrg/check_reg.html?_=1584587013598 HTTP/1.1" 200 22
116.228.172.94 - - [19/Mar/2020:11:03:35 +0800] "GET /xingrg/all/function/internal_message.html?_=1584587013599&CODE_STATE=getMsg HTTP/1.1" 200 27
124.77.241.94 - - [19/Mar/2020:11:03:44 +0800] "GET /xingrg/all/function/internal_message.html?_=1584587035598&CODE_STATE=getMsg HTTP/1.1" 200 27
180.156.150.85 - - [19/Mar/2020:11:03:52 +0800] "GET /xingrg/all/function/internal_message.html?_=1584587031709&CODE_STATE=getMsg HTTP/1.1" 200 27
114.88.159.93 - - [19/Mar/2020:11:03:53 +0800] "GET /xingrg/all/function/internal_message.html?_=1584586754840&CODE_STATE=getMsg HTTP/1.1" 200 27
114.93.75.19 - - [19/Mar/2020:11:03:55 +0800] "GET /xingrg/all/function/internal_message.html?_=1584587032133&CODE_STATE=getMsg HTTP/1.1" 200 27
114.93.75.19 - - [19/Mar/2020:11:03:57 +0800] "GET /xingrg/all/function/internal_message.html?_=1584587034165&CODE_STATE=getMsg HTTP/1.1" 200 27
124.77.241.94 - - [19/Mar/2020:11:04:01 +0800] "POST /xingrg/kc/buy/cgsh_order_operate.html HTTP/1.1" 200 37
124.77.241.94 - - [19/Mar/2020:11:04:03 +0800] "POST /xingrg/kc/buy/cgsh_order_operate.html HTTP/1.1" 200 17432
58.40.7.146 - - [19/Mar/2020:11:04:05 +0800] "GET /xingrg/all/function/internal_message.html?_=1584587042562&CODE_STATE=getMsg HTTP/1.1" 200 27
58.40.7.146 - - [19/Mar/2020:11:04:05 +0800] "GET /xingrg/check_reg.html?_=1584587042565 HTTP/1.1" 200 22
180.156.150.85 - - [19/Mar/2020:11:04:06 +0800] "GET /xingrg/kc/base/wldb_order_list.html HTTP/1.1" 200 19244
180.156.150.85 - - [19/Mar/2020:11:04:07 +0800] "POST /xingrg/kc/base/wldb_list_operate.html HTTP/1.1" 200 928
180.157.252.250 - - [19/Mar/2020:11:04:11 +0800] "GET /xingrg/all/function/internal_message.html?_=1584587040839&CODE_STATE=getMsg HTTP/1.1" 200 27
180.156.150.85 - - [19/Mar/2020:11:04:13 +0800] "GET /xingrg/javascript/jquery_tools/images/prev.gif HTTP/1.1" 404 1086
180.156.150.85 - - [19/Mar/2020:11:04:13 +0800] "GET /xingrg/javascript/jquery_tools/images/next.gif HTTP/1.1" 404 1086
101.81.124.227 - - [19/Mar/2020:11:04:16 +0800] "GET /xingrg/all/function/internal_message.html?_=1584587050810&CODE_STATE=getMsg HTTP/1.1" 200 27
180.156.150.85 - - [19/Mar/2020:11:04:18 +0800] "POST /xingrg/kc/base/wldb_list_operate.html HTTP/1.1" 200 5656
180.156.150.85 - - [19/Mar/2020:11:04:21 +0800] "POST /xingrg/kc/base/wldb_list_operate.html HTTP/1.1" 200 570
180.156.150.85 - - [19/Mar/2020:11:04:21 +0800] "GET /xingrg/kc/base/wldb_order_info.html?code=422020031800476 HTTP/1.1" 200 26172
180.156.150.85 - - [19/Mar/2020:11:04:21 +0800] "GET /xingrg/javascript/easyui/themes/default/validatebox.css HTTP/1.1" 404 1104
180.156.150.85 - - [19/Mar/2020:11:04:22 +0800] "POST /xingrg/kc/base/wldb_order_operate.html HTTP/1.1" 200 9788
124.77.241.94 - - [19/Mar/2020:11:04:22 +0800] "POST /xingrg/kc/buy/cgsh_order_operate.html HTTP/1.1" 200 37
124.77.241.94 - - [19/Mar/2020:11:04:23 +0800] "POST /xingrg/kc/buy/cgsh_order_operate.html HTTP/1.1" 200 17432
124.77.241.94 - - [19/Mar/2020:11:04:26 +0800] "GET /xingrg/kc/print/load_config.html?kc_code=cgsh HTTP/1.1" 200 1841
124.77.241.94 - - [19/Mar/2020:11:04:26 +0800] "GET /xingrg/kc/print/load_data.html?order_code=212020031901582&kc_code=cgsh&condition= HTTP/1.1" 200 6294
116.238.181.252 - - [19/Mar/2020:11:04:28 +0800] "GET /xingrg/all/function/internal_message.html?_=1584587069338&CODE_STATE=getMsg HTTP/1.1" 200 27
114.93.75.19 - - [19/Mar/2020:11:04:29 +0800] "GET /xingrg/all/function/internal_message.html?_=1584587068140&CODE_STATE=getMsg HTTP/1.1" 200 27
114.88.159.93 - - [19/Mar/2020:11:04:31 +0800] "GET /xingrg/all/function/internal_message.html?_=1584586970054&CODE_STATE=getMsg HTTP/1.1" 200 27
116.228.172.94 - - [19/Mar/2020:11:04:35 +0800] "GET /xingrg/all/function/internal_message.html?_=1584587073598&CODE_STATE=getMsg HTTP/1.1" 200 27
116.233.78.241 - - [19/Mar/2020:11:04:43 +0800] "GET /xingrg/login.html HTTP/1.1" 200 7639
116.233.78.241 - - [19/Mar/2020:11:04:43 +0800] "GET /favicon.ico HTTP/1.1" 404 -
124.77.241.94 - - [19/Mar/2020:11:04:44 +0800] "GET /xingrg/all/function/internal_message.html?_=1584587095679&CODE_STATE=getMsg HTTP/1.1" 200 27
116.233.78.241 - - [19/Mar/2020:11:04:45 +0800] "POST /xingrg/login.do HTTP/1.1" 302 -
116.233.78.241 - - [19/Mar/2020:11:04:45 +0800] "GET /xingrg/index.html?sysBaseUrl=http%3A%2F%2F117.131.15.22%3A18081%2Fxingrg%2F&costTime=48×tamp=1584587085141 HTTP/1.1" 200 17151
116.233.78.241 - - [19/Mar/2020:11:04:45 +0800] "POST /xingrg/all/common/load_tree.html?tree=area_rest_tree_json&manage=1 HTTP/1.1" 200 342
116.233.78.241 - - [19/Mar/2020:11:04:45 +0800] "POST /xingrg/load_menu.html HTTP/1.1" 200 5124
116.233.78.241 - - [19/Mar/2020:11:04:45 +0800] "GET /xingrg/all/function/internal_message.html?_=1584587153423&CODE_STATE=count HTTP/1.1" 200 11
116.233.78.241 - - [19/Mar/2020:11:04:45 +0800] "GET /xingrg/check_reg.html?_=1584587153425 HTTP/1.1" 200 22
116.233.78.241 - - [19/Mar/2020:11:04:46 +0800] "GET /xingrg/kc/buy/buy_main.html HTTP/1.1" 200 12398
116.233.78.241 - - [19/Mar/2020:11:04:46 +0800] "GET /xingrg/css/new_ie.css HTTP/1.1" 404 1036
116.233.78.241 - - [19/Mar/2020:11:04:48 +0800] "GET /xingrg/kc/buy/cgsh_order_list.html HTTP/1.1" 200 42034
116.233.78.241 - - [19/Mar/2020:11:04:48 +0800] "POST /xingrg/kc/buy/cgsh_list_operate.html HTTP/1.1" 200 876
180.156.150.85 - - [19/Mar/2020:11:04:52 +0800] "GET /xingrg/check_reg.html?_=1584587091927 HTTP/1.1" 200 22
180.156.150.85 - - [19/Mar/2020:11:04:52 +0800] "GET /xingrg/all/function/internal_message.html?_=1584587091929&CODE_STATE=getMsg HTTP/1.1" 200 27
114.88.159.93 - - [19/Mar/2020:11:04:53 +0800] "GET /xingrg/all/function/internal_message.html?_=1584586814846&CODE_STATE=getMsg HTTP/1.1" 200 27
114.93.75.19 - - [19/Mar/2020:11:04:55 +0800] "GET /xingrg/all/function/internal_message.html?_=1584587092135&CODE_STATE=getMsg HTTP/1.1" 200 27
114.93.75.19 - - [19/Mar/2020:11:04:55 +0800] "GET /xingrg/check_reg.html?_=1584587092138 HTTP/1.1" 200 22
116.233.78.241 - - [19/Mar/2020:11:04:55 +0800] "GET /xingrg/kc/buy/buy_main.html HTTP/1.1" 200 12398
116.233.78.241 - - [19/Mar/2020:11:04:55 +0800] "GET /xingrg/css/new_ie.css HTTP/1.1" 404 1036
116.233.78.241 - - [19/Mar/2020:11:04:56 +0800] "GET /xingrg/kc/buy/cgsh_order_list.html HTTP/1.1" 200 42034
116.233.78.241 - - [19/Mar/2020:11:04:56 +0800] "POST /xingrg/kc/buy/cgsh_list_operate.html HTTP/1.1" 200 876
114.93.75.19 - - [19/Mar/2020:11:04:57 +0800] "GET /xingrg/all/function/internal_message.html?_=1584587094152&CODE_STATE=getMsg HTTP/1.1" 200 27
116.233.78.241 - - [19/Mar/2020:11:05:01 +0800] "GET /xingrg/javascript/jquery_tools/images/prev.gif HTTP/1.1" 404 1086
116.233.78.241 - - [19/Mar/2020:11:05:01 +0800] "GET /xingrg/javascript/jquery_tools/images/next.gif HTTP/1.1" 404 1086
58.40.7.146 - - [19/Mar/2020:11:05:05 +0800] "GET /xingrg/all/function/internal_message.html?_=1584587102550&CODE_STATE=getMsg HTTP/1.1" 200 27
180.157.252.250 - - [19/Mar/2020:11:05:11 +0800] "GET /xingrg/all/function/internal_message.html?_=1584587100837&CODE_STATE=getMsg HTTP/1.1" 200 27
180.157.252.250 - - [19/Mar/2020:11:05:11 +0800] "GET /xingrg/check_reg.html?_=1584587100841 HTTP/1.1" 200 22
101.81.124.227 - - [19/Mar/2020:11:05:16 +0800] "GET /xingrg/all/function/internal_message.html?_=1584587110801&CODE_STATE=getMsg HTTP/1.1" 200 27
116.233.78.241 - - [19/Mar/2020:11:05:23 +0800] "POST /xingrg/kc/buy/cgsh_list_operate.html HTTP/1.1" 200 5838
116.233.78.241 - - [19/Mar/2020:11:05:28 +0800] "GET /xingrg/javascript/auto/indicator.gif HTTP/1.1" 404 1066
116.238.181.252 - - [19/Mar/2020:11:05:28 +0800] "GET /xingrg/all/function/internal_message.html?_=1584587129346&CODE_STATE=getMsg HTTP/1.1" 200 27
114.93.75.19 - - [19/Mar/2020:11:05:29 +0800] "GET /xingrg/all/function/internal_message.html?_=1584587128139&CODE_STATE=getMsg HTTP/1.1" 200 27
124.77.241.94 - - [19/Mar/2020:11:05:29 +0800] "GET /xingrg/kc/buy/cgsh_order_add.html HTTP/1.1" 200 57648
124.77.241.94 - - [19/Mar/2020:11:05:30 +0800] "POST /xingrg/kc/buy/cgsh_order_operate.html HTTP/1.1" 200 8245
124.77.241.94 - - [19/Mar/2020:11:05:30 +0800] "GET /xingrg/javascript/easyui/themes/default/validatebox.css HTTP/1.1" 404 1104
114.88.159.93 - - [19/Mar/2020:11:05:31 +0800] "GET /xingrg/all/function/internal_message.html?_=1584587030057&CODE_STATE=getMsg HTTP/1.1" 200 27
116.228.172.94 - - [19/Mar/2020:11:05:35 +0800] "GET /xingrg/all/function/internal_message.html?_=1584587133598&CODE_STATE=getMsg HTTP/1.1" 200 27
116.233.78.241 - - [19/Mar/2020:11:05:38 +0800] "POST /xingrg/kc/buy/cgsh_list_operate.html HTTP/1.1" 200 5387
116.233.78.241 - - [19/Mar/2020:11:05:41 +0800] "GET /xingrg/all/function/internal_message.html?_=1584587213429&CODE_STATE=getMsg HTTP/1.1" 200 27
117.185.32.26 - - [19/Mar/2020:11:05:44 +0800] "GET /xingrg/check_reg.html?_=1584587140798 HTTP/1.1" 200 22
124.77.241.94 - - [19/Mar/2020:11:05:44 +0800] "GET /xingrg/all/function/internal_message.html?_=1584587155687&CODE_STATE=getMsg HTTP/1.1" 200 27
180.156.150.85 - - [19/Mar/2020:11:05:52 +0800] "GET /xingrg/all/function/internal_message.html?_=1584587151901&CODE_STATE=getMsg HTTP/1.1" 200 27
114.88.159.93 - - [19/Mar/2020:11:05:53 +0800] "GET /xingrg/all/function/internal_message.html?_=1584586874843&CODE_STATE=getMsg HTTP/1.1" 200 27
116.233.78.241 - - [19/Mar/2020:11:05:54 +0800] "POST /xingrg/kc/buy/cgsh_list_operate.html HTTP/1.1" 200 8303
114.93.75.19 - - [19/Mar/2020:11:05:55 +0800] "GET /xingrg/all/function/internal_message.html?_=1584587152137&CODE_STATE=getMsg HTTP/1.1" 200 27
114.93.75.19 - - [19/Mar/2020:11:05:57 +0800] "GET /xingrg/all/function/internal_message.html?_=1584587154156&CODE_STATE=getMsg HTTP/1.1" 200 27
58.40.7.146 - - [19/Mar/2020:11:06:05 +0800] "GET /xingrg/all/function/internal_message.html?_=1584587162554&CODE_STATE=getMsg HTTP/1.1" 200 27
180.157.252.250 - - [19/Mar/2020:11:06:11 +0800] "GET /xingrg/all/function/internal_message.html?_=1584587160835&CODE_STATE=getMsg HTTP/1.1" 200 27
101.81.124.227 - - [19/Mar/2020:11:06:16 +0800] "GET /xingrg/all/function/internal_message.html?_=1584587170804&CODE_STATE=getMsg HTTP/1.1" 200 27
116.238.181.252 - - [19/Mar/2020:11:06:28 +0800] "GET /xingrg/all/function/internal_message.html?_=1584587189348&CODE_STATE=getMsg HTTP/1.1" 200 27
114.93.75.19 - - [19/Mar/2020:11:06:29 +0800] "GET /xingrg/all/function/internal_message.html?_=1584587188138&CODE_STATE=getMsg HTTP/1.1" 200 27
114.88.159.93 - - [19/Mar/2020:11:06:31 +0800] "GET /xingrg/all/function/internal_message.html?_=1584587090059&CODE_STATE=getMsg HTTP/1.1" 200 27
116.228.172.94 - - [19/Mar/2020:11:06:35 +0800] "GET /xingrg/all/function/internal_message.html?_=1584587193599&CODE_STATE=getMsg HTTP/1.1" 200 27
116.233.78.241 - - [19/Mar/2020:11:06:38 +0800] "GET /xingrg/all/function/internal_message.html?_=1584587273421&CODE_STATE=getMsg HTTP/1.1" 200 27
124.77.241.94 - - [19/Mar/2020:11:06:44 +0800] "GET /xingrg/all/function/internal_message.html?_=1584587215701&CODE_STATE=getMsg HTTP/1.1" 200 27
180.156.150.85 - - [19/Mar/2020:11:06:52 +0800] "GET /xingrg/all/function/internal_message.html?_=1584587211882&CODE_STATE=getMsg HTTP/1.1" 200 27
114.88.159.93 - - [19/Mar/2020:11:06:53 +0800] "GET /xingrg/all/function/internal_message.html?_=1584586934850&CODE_STATE=getMsg HTTP/1.1" 200 27
114.93.75.19 - - [19/Mar/2020:11:06:55 +0800] "GET /xingrg/all/function/internal_message.html?_=1584587212136&CODE_STATE=getMsg HTTP/1.1" 200 27
114.93.75.19 - - [19/Mar/2020:11:06:57 +0800] "GET /xingrg/all/function/internal_message.html?_=1584587214159&CODE_STATE=getMsg HTTP/1.1" 200 27
58.40.7.146 - - [19/Mar/2020:11:07:05 +0800] "GET /xingrg/all/function/internal_message.html?_=1584587222560&CODE_STATE=getMsg HTTP/1.1" 200 27
180.157.252.250 - - [19/Mar/2020:11:07:11 +0800] "GET /xingrg/all/function/internal_message.html?_=1584587220836&CODE_STATE=getMsg HTTP/1.1" 200 27
58.221.95.50 - - [19/Mar/2020:11:07:15 +0800] "GET /xingrg/check_reg.html?_=1584587580599 HTTP/1.1" 200 22
101.81.124.227 - - [19/Mar/2020:11:07:16 +0800] "GET /xingrg/all/function/internal_message.html?_=1584587230803&CODE_STATE=getMsg HTTP/1.1" 200 27
101.81.124.227 - - [19/Mar/2020:11:07:16 +0800] "GET /xingrg/check_reg.html?_=1584587230805 HTTP/1.1" 200 22
116.238.181.252 - - [19/Mar/2020:11:07:28 +0800] "GET /xingrg/all/function/internal_message.html?_=1584587249353&CODE_STATE=getMsg HTTP/1.1" 200 27
116.238.181.252 - - [19/Mar/2020:11:07:28 +0800] "GET /xingrg/check_reg.html?_=1584587249350 HTTP/1.1" 200 22
114.93.75.19 - - [19/Mar/2020:11:07:29 +0800] "GET /xingrg/all/function/internal_message.html?_=1584587248138&CODE_STATE=getMsg HTTP/1.1" 200 27
114.88.159.93 - - [19/Mar/2020:11:07:31 +0800] "GET /xingrg/all/function/internal_message.html?_=1584587150061&CODE_STATE=getMsg HTTP/1.1" 200 27
114.88.159.93 - - [19/Mar/2020:11:07:31 +0800] "GET /xingrg/check_reg.html?_=1584587150062 HTTP/1.1" 200 22
116.228.172.94 - - [19/Mar/2020:11:07:35 +0800] "GET /xingrg/all/function/internal_message.html?_=1584587253598&CODE_STATE=getMsg HTTP/1.1" 200 27
116.233.78.241 - - [19/Mar/2020:11:07:36 +0800] "GET /xingrg/all/function/internal_message.html?_=1584587333437&CODE_STATE=getMsg HTTP/1.1" 200 27
180.157.252.250 - - [19/Mar/2020:11:07:37 +0800] "GET /xingrg/check_reg.html?_=1584587247138 HTTP/1.1" 302 -
124.77.241.94 - - [19/Mar/2020:11:07:44 +0800] "GET /xingrg/check_reg.html?_=1584587275152 HTTP/1.1" 200 22
124.77.241.94 - - [19/Mar/2020:11:07:44 +0800] "GET /xingrg/all/function/internal_message.html?_=1584587275714&CODE_STATE=getMsg HTTP/1.1" 200 27
