116.233.78.241 - - [19/Mar/2020:11:17:16 +0800] "GET /xingrg/kc/buy/cgsh_order_operate.html?command=get_materiel&rest_code=00109&code=00101008005&supplier_code=00100005&order_time=2020-03-19 HTTP/1.1" 200 433
124.77.241.94 - - [19/Mar/2020:11:17:17 +0800] "GET /xingrg/kc/buy/cgsh_order_operate.html?command=get_materiel&rest_code=00146&code=00101002034&supplier_code=00100091&order_time=2020-03-19 HTTP/1.1" 200 409
114.88.159.93 - - [19/Mar/2020:11:17:17 +0800] "GET /xingrg/kc/buy/cgsh_order_list.html HTTP/1.1" 200 42040
114.88.159.93 - - [19/Mar/2020:11:17:17 +0800] "POST /xingrg/kc/buy/cgsh_list_operate.html HTTP/1.1" 200 876
114.88.159.93 - - [19/Mar/2020:11:17:19 +0800] "GET /xingrg/kc/buy/cgsh_order_add.html HTTP/1.1" 200 57648
114.88.159.93 - - [19/Mar/2020:11:17:19 +0800] "GET /xingrg/javascript/easyui/themes/default/validatebox.css HTTP/1.1" 404 1104
114.88.159.93 - - [19/Mar/2020:11:17:19 +0800] "POST /xingrg/kc/buy/cgsh_order_operate.html HTTP/1.1" 200 8245
116.233.78.241 - - [19/Mar/2020:11:17:21 +0800] "GET /xingrg/kc/buy/cgsh_order_operate.html?command=get_materiel&rest_code=00109&code=00101008125&supplier_code=00100005&order_time=2020-03-19 HTTP/1.1" 200 413
124.77.241.94 - - [19/Mar/2020:11:17:24 +0800] "GET /xingrg/kc/buy/cgsh_order_operate.html?command=get_materiel&rest_code=00146&code=00101003037&supplier_code=00100091&order_time=2020-03-19 HTTP/1.1" 200 432
116.233.78.241 - - [19/Mar/2020:11:17:25 +0800] "GET /xingrg/kc/buy/cgsh_order_operate.html?command=get_materiel&rest_code=00109&code=00101008114&supplier_code=00100005&order_time=2020-03-19 HTTP/1.1" 200 429
114.88.170.9 - - [19/Mar/2020:11:17:28 +0800] "GET /xingrg/all/function/internal_message.html?_=1584588139615&CODE_STATE=getMsg HTTP/1.1" 200 27
114.88.159.93 - - [19/Mar/2020:11:17:28 +0800] "GET /xingrg/kc/buy/cgsh_order_operate.html?command=get_materiel&rest_code=00141&code=00101009045&supplier_code=00100022&order_time=2020-03-19 HTTP/1.1" 200 412
114.93.75.19 - - [19/Mar/2020:11:17:29 +0800] "GET /xingrg/all/function/internal_message.html?_=1584587848128&CODE_STATE=getMsg HTTP/1.1" 200 27
114.88.159.93 - - [19/Mar/2020:11:17:31 +0800] "GET /xingrg/all/function/internal_message.html?_=1584587750085&CODE_STATE=getMsg HTTP/1.1" 200 27
114.88.159.93 - - [19/Mar/2020:11:17:31 +0800] "GET /xingrg/check_reg.html?_=1584587750086 HTTP/1.1" 200 22
116.238.181.252 - - [19/Mar/2020:11:17:35 +0800] "GET /xingrg/all/function/internal_message.html?_=1584587856083&CODE_STATE=getMsg HTTP/1.1" 200 27
116.233.78.241 - - [19/Mar/2020:11:17:35 +0800] "GET /xingrg/kc/buy/cgsh_order_operate.html?command=get_materiel&rest_code=00109&code=00101008185&supplier_code=00100005&order_time=2020-03-19 HTTP/1.1" 200 408
116.228.172.94 - - [19/Mar/2020:11:17:35 +0800] "GET /xingrg/all/function/internal_message.html?_=1584587853599&CODE_STATE=getMsg HTTP/1.1" 200 27
180.157.252.250 - - [19/Mar/2020:11:17:37 +0800] "GET /xingrg/check_reg.html?_=1584587847127 HTTP/1.1" 302 -
114.88.159.93 - - [19/Mar/2020:11:17:38 +0800] "GET /xingrg/kc/buy/cgsh_order_operate.html?command=get_materiel&rest_code=00141&code=00101008418&supplier_code=00100022&order_time=2020-03-19 HTTP/1.1" 200 398
117.184.7.26 - - [19/Mar/2020:11:17:39 +0800] "POST /xingrg/login.do HTTP/1.1" 302 -
117.184.7.26 - - [19/Mar/2020:11:17:39 +0800] "GET /xingrg/index.html?sysBaseUrl=http%3A%2F%2F117.131.15.22%3A18081%2Fxingrg%2F&costTime=34×tamp=1584587859658 HTTP/1.1" 200 17157
117.184.7.26 - - [19/Mar/2020:11:17:40 +0800] "GET /favicon.ico HTTP/1.1" 404 -
117.184.7.26 - - [19/Mar/2020:11:17:40 +0800] "POST /xingrg/all/common/load_tree.html?tree=area_rest_tree_json&manage=1 HTTP/1.1" 200 470
117.184.7.26 - - [19/Mar/2020:11:17:40 +0800] "GET /xingrg/all/function/internal_message.html?_=1584587850120&CODE_STATE=count HTTP/1.1" 200 11
117.184.7.26 - - [19/Mar/2020:11:17:40 +0800] "GET /xingrg/check_reg.html?_=1584587850122 HTTP/1.1" 200 22
117.184.7.26 - - [19/Mar/2020:11:17:40 +0800] "POST /xingrg/load_menu.html HTTP/1.1" 200 5124
124.77.241.94 - - [19/Mar/2020:11:17:42 +0800] "POST /xingrg/kc/buy/cgsh_order_operate.html HTTP/1.1" 200 37
117.184.7.26 - - [19/Mar/2020:11:17:43 +0800] "POST /xingrg/all/user/operate.html HTTP/1.1" 200 36
117.184.7.26 - - [19/Mar/2020:11:17:43 +0800] "GET /xingrg/index.html?sysBaseUrl=http%3A%2F%2F117.131.15.22%3A18081%2Fxingrg%2F&costTime=34×tamp=1584587859658 HTTP/1.1" 200 17151
117.184.7.26 - - [19/Mar/2020:11:17:43 +0800] "GET /xingrg/javascript/jquery_easy_ui/themes/default/easyui.css HTTP/1.1" 304 -
117.184.7.26 - - [19/Mar/2020:11:17:43 +0800] "GET /xingrg/javascript/jquery_easy_ui/themes/icon.css HTTP/1.1" 304 -
117.184.7.26 - - [19/Mar/2020:11:17:43 +0800] "GET /xingrg/css/form.css HTTP/1.1" 304 -
117.184.7.26 - - [19/Mar/2020:11:17:43 +0800] "GET /xingrg/javascript/jquery-1.4.2.min.js HTTP/1.1" 304 -
117.184.7.26 - - [19/Mar/2020:11:17:43 +0800] "GET /xingrg/javascript/jquery_easy_ui/jquery.easyui.min.js HTTP/1.1" 304 -
117.184.7.26 - - [19/Mar/2020:11:17:43 +0800] "GET /xingrg/javascript/jquery_easy_ui/easyui-lang-zh_CN.js HTTP/1.1" 304 -
117.184.7.26 - - [19/Mar/2020:11:17:43 +0800] "GET /xingrg/javascript/jquery.form.js HTTP/1.1" 304 -
117.184.7.26 - - [19/Mar/2020:11:17:43 +0800] "GET /xingrg/javascript/jquery.utils.js HTTP/1.1" 304 -
117.184.7.26 - - [19/Mar/2020:11:17:43 +0800] "GET /xingrg/javascript/jquery.timers.js HTTP/1.1" 304 -
117.184.7.26 - - [19/Mar/2020:11:17:43 +0800] "GET /xingrg/images/blue/jxLogo.png HTTP/1.1" 304 -
117.184.7.26 - - [19/Mar/2020:11:17:43 +0800] "GET /xingrg/images/blue/navBackgound.jpg HTTP/1.1" 304 -
117.184.7.26 - - [19/Mar/2020:11:17:43 +0800] "GET /xingrg/javascript/jquery_easy_ui/themes/icons/settle_new.png HTTP/1.1" 304 -
117.184.7.26 - - [19/Mar/2020:11:17:43 +0800] "POST /xingrg/all/common/load_tree.html?tree=area_rest_tree_json&manage=1 HTTP/1.1" 200 470
117.184.7.26 - - [19/Mar/2020:11:17:43 +0800] "GET /xingrg/all/function/internal_message.html?_=1584587853121&CODE_STATE=count HTTP/1.1" 200 11
117.184.7.26 - - [19/Mar/2020:11:17:43 +0800] "GET /xingrg/check_reg.html?_=1584587853123 HTTP/1.1" 200 22
117.184.7.30 - - [19/Mar/2020:11:17:43 +0800] "GET /xingrg/images/blue/pingpu.png HTTP/1.1" 304 -
117.184.7.26 - - [19/Mar/2020:11:17:43 +0800] "POST /xingrg/load_menu.html HTTP/1.1" 200 5124
117.184.7.30 - - [19/Mar/2020:11:17:43 +0800] "GET /xingrg/javascript/jquery_easy_ui/themes/default/images/tabs_rightarrow.png HTTP/1.1" 304 -
117.184.7.30 - - [19/Mar/2020:11:17:43 +0800] "GET /xingrg/javascript/jquery_easy_ui/themes/default/images/panel_tool_collapse.gif HTTP/1.1" 304 -
117.184.7.30 - - [19/Mar/2020:11:17:43 +0800] "GET /xingrg/javascript/jquery_easy_ui/themes/default/images/tabs_leftarrow.png HTTP/1.1" 304 -
124.77.241.94 - - [19/Mar/2020:11:17:43 +0800] "POST /xingrg/kc/buy/cgsh_order_operate.html HTTP/1.1" 200 3848
124.77.241.94 - - [19/Mar/2020:11:17:44 +0800] "GET /xingrg/check_reg.html?_=1584587875241 HTTP/1.1" 200 22
124.77.241.94 - - [19/Mar/2020:11:17:45 +0800] "GET /xingrg/all/function/internal_message.html?_=1584587876097&CODE_STATE=getMsg HTTP/1.1" 200 27
124.77.241.94 - - [19/Mar/2020:11:17:46 +0800] "GET /xingrg/kc/print/load_data.html?order_code=212020031901590&kc_code=cgsh&condition= HTTP/1.1" 200 1204
114.88.170.9 - - [19/Mar/2020:11:17:48 +0800] "GET /xingrg/check_reg.html?_=1584587865509 HTTP/1.1" 200 22
180.156.150.85 - - [19/Mar/2020:11:17:52 +0800] "GET /xingrg/all/function/internal_message.html?_=1584587871722&CODE_STATE=getMsg HTTP/1.1" 200 27
114.88.159.93 - - [19/Mar/2020:11:17:54 +0800] "GET /xingrg/check_reg.html?_=1584587594898 HTTP/1.1" 200 22
114.88.159.93 - - [19/Mar/2020:11:17:54 +0800] "GET /xingrg/all/function/internal_message.html?_=1584587594901&CODE_STATE=getMsg HTTP/1.1" 200 27
114.93.75.19 - - [19/Mar/2020:11:17:55 +0800] "GET /xingrg/all/function/internal_message.html?_=1584587872143&CODE_STATE=getMsg HTTP/1.1" 200 27
114.93.75.19 - - [19/Mar/2020:11:17:57 +0800] "GET /xingrg/all/function/internal_message.html?_=1584587874165&CODE_STATE=getMsg HTTP/1.1" 200 27
114.93.75.19 - - [19/Mar/2020:11:17:57 +0800] "GET /xingrg/check_reg.html?_=1584587874166 HTTP/1.1" 200 22
114.88.159.93 - - [19/Mar/2020:11:17:57 +0800] "POST /xingrg/kc/buy/cgsh_order_operate.html HTTP/1.1" 200 37
114.88.159.93 - - [19/Mar/2020:11:17:59 +0800] "POST /xingrg/kc/buy/cgsh_order_operate.html HTTP/1.1" 200 12
116.233.78.241 - - [19/Mar/2020:11:18:00 +0800] "GET /xingrg/kc/buy/cgsh_order_operate.html?command=get_materiel&rest_code=00109&code=00101008176&supplier_code=00100005&order_time=2020-03-19 HTTP/1.1" 200 413
114.88.159.93 - - [19/Mar/2020:11:18:00 +0800] "GET /xingrg/kc/buy/cgsh_order_info.html?code=212020031901591 HTTP/1.1" 200 52551
114.88.159.93 - - [19/Mar/2020:11:18:01 +0800] "GET /xingrg/javascript/easyui/themes/default/validatebox.css HTTP/1.1" 404 1104
114.88.159.93 - - [19/Mar/2020:11:18:01 +0800] "POST /xingrg/kc/buy/cgsh_order_operate.html HTTP/1.1" 200 1197
124.77.241.94 - - [19/Mar/2020:11:18:02 +0800] "GET /xingrg/kc/buy/cgsh_order_add.html HTTP/1.1" 200 57648
124.77.241.94 - - [19/Mar/2020:11:18:03 +0800] "GET /xingrg/javascript/easyui/themes/default/validatebox.css HTTP/1.1" 404 1104
114.88.159.93 - - [19/Mar/2020:11:18:04 +0800] "GET /xingrg/kc/print/load_config.html?kc_code=cgsh HTTP/1.1" 200 1841
124.77.241.94 - - [19/Mar/2020:11:18:04 +0800] "POST /xingrg/kc/buy/cgsh_order_operate.html HTTP/1.1" 200 8245
114.88.159.93 - - [19/Mar/2020:11:18:05 +0800] "GET /xingrg/kc/print/load_data.html?order_code=212020031901591&kc_code=cgsh&condition= HTTP/1.1" 200 963
58.40.7.146 - - [19/Mar/2020:11:18:05 +0800] "GET /xingrg/all/function/internal_message.html?_=1584587882567&CODE_STATE=getMsg HTTP/1.1" 200 27
116.233.78.241 - - [19/Mar/2020:11:18:06 +0800] "GET /xingrg/kc/buy/cgsh_order_operate.html?command=get_materiel&rest_code=00109&code=00101008350&supplier_code=00100005&order_time=2020-03-19 HTTP/1.1" 200 426
114.88.170.9 - - [19/Mar/2020:11:18:08 +0800] "POST /xingrg/services/DataTransmitService HTTP/1.1" 200 524
116.233.78.241 - - [19/Mar/2020:11:18:09 +0800] "GET /xingrg/all/function/internal_message.html?_=1584587997035&CODE_STATE=getMsg HTTP/1.1" 200 27
180.157.252.250 - - [19/Mar/2020:11:18:11 +0800] "GET /xingrg/all/function/internal_message.html?_=1584587888223&CODE_STATE=getMsg HTTP/1.1" 200 27
116.233.78.241 - - [19/Mar/2020:11:18:11 +0800] "GET /xingrg/kc/buy/cgsh_order_operate.html?command=get_materiel&rest_code=00109&code=00101008290&supplier_code=00100005&order_time=2020-03-19 HTTP/1.1" 200 416
116.233.78.241 - - [19/Mar/2020:11:18:15 +0800] "GET /xingrg/kc/buy/cgsh_order_operate.html?command=get_materiel&rest_code=00109&code=00101008126&supplier_code=00100005&order_time=2020-03-19 HTTP/1.1" 200 412
101.81.124.227 - - [19/Mar/2020:11:18:16 +0800] "GET /xingrg/all/function/internal_message.html?_=1584587890841&CODE_STATE=getMsg HTTP/1.1" 200 27
124.77.241.94 - - [19/Mar/2020:11:18:19 +0800] "GET /xingrg/kc/buy/cgsh_order_operate.html?command=get_materiel&rest_code=00146&code=00101001125&supplier_code=00100319&order_time=2020-03-19 HTTP/1.1" 200 431
116.233.78.241 - - [19/Mar/2020:11:18:20 +0800] "GET /xingrg/kc/buy/cgsh_order_operate.html?command=get_materiel&rest_code=00109&code=00101008360&supplier_code=00100005&order_time=2020-03-19 HTTP/1.1" 200 413
116.233.78.241 - - [19/Mar/2020:11:18:25 +0800] "GET /xingrg/kc/buy/cgsh_order_operate.html?command=get_materiel&rest_code=00109&code=00101008338&supplier_code=00100005&order_time=2020-03-19 HTTP/1.1" 200 408
114.88.159.93 - - [19/Mar/2020:11:18:26 +0800] "GET /xingrg/kc/buy/cgsh_order_add.html HTTP/1.1" 200 57648
114.88.159.93 - - [19/Mar/2020:11:18:26 +0800] "POST /xingrg/kc/buy/cgsh_order_operate.html HTTP/1.1" 200 8245
114.88.159.93 - - [19/Mar/2020:11:18:27 +0800] "GET /xingrg/javascript/easyui/themes/default/validatebox.css HTTP/1.1" 404 1104
116.233.78.241 - - [19/Mar/2020:11:18:28 +0800] "POST /xingrg/kc/buy/cgsh_order_operate.html HTTP/1.1" 200 2065
114.88.170.9 - - [19/Mar/2020:11:18:28 +0800] "GET /xingrg/all/function/internal_message.html?_=1584588199597&CODE_STATE=getMsg HTTP/1.1" 200 27
114.93.75.19 - - [19/Mar/2020:11:18:29 +0800] "GET /xingrg/all/function/internal_message.html?_=1584587908152&CODE_STATE=getMsg HTTP/1.1" 200 27
114.93.75.19 - - [19/Mar/2020:11:18:29 +0800] "GET /xingrg/check_reg.html?_=1584587908153 HTTP/1.1" 200 22
116.233.78.241 - - [19/Mar/2020:11:18:30 +0800] "GET /xingrg/kc/buy/cgsh_order_operate.html?command=get_materiel&rest_code=00109&code=00101008274&supplier_code=00100005&order_time=2020-03-19 HTTP/1.1" 200 412
114.88.159.93 - - [19/Mar/2020:11:18:31 +0800] "GET /xingrg/all/function/internal_message.html?_=1584587810088&CODE_STATE=getMsg HTTP/1.1" 200 27
124.77.241.94 - - [19/Mar/2020:11:18:33 +0800] "POST /xingrg/kc/buy/cgsh_order_operate.html HTTP/1.1" 200 37
124.77.241.94 - - [19/Mar/2020:11:18:34 +0800] "POST /xingrg/kc/buy/cgsh_order_operate.html HTTP/1.1" 200 2662
116.238.181.252 - - [19/Mar/2020:11:18:35 +0800] "GET /xingrg/check_reg.html?_=1584587916101 HTTP/1.1" 200 22
116.238.181.252 - - [19/Mar/2020:11:18:35 +0800] "GET /xingrg/all/function/internal_message.html?_=1584587916106&CODE_STATE=getMsg HTTP/1.1" 200 27
116.233.78.241 - - [19/Mar/2020:11:18:35 +0800] "GET /xingrg/kc/buy/cgsh_order_operate.html?command=get_materiel&rest_code=00109&code=00101008298&supplier_code=00100005&order_time=2020-03-19 HTTP/1.1" 200 427
116.228.172.94 - - [19/Mar/2020:11:18:35 +0800] "GET /xingrg/check_reg.html?_=1584587913599 HTTP/1.1" 200 22
116.228.172.94 - - [19/Mar/2020:11:18:35 +0800] "GET /xingrg/all/function/internal_message.html?_=1584587913602&CODE_STATE=getMsg HTTP/1.1" 200 27
124.77.241.94 - - [19/Mar/2020:11:18:37 +0800] "GET /xingrg/kc/print/load_data.html?order_code=212020031901592&kc_code=cgsh&condition= HTTP/1.1" 200 691
116.233.78.241 - - [19/Mar/2020:11:18:40 +0800] "GET /xingrg/kc/buy/cgsh_order_operate.html?command=get_materiel&rest_code=00109&code=00101008088&supplier_code=00100005&order_time=2020-03-19 HTTP/1.1" 200 423
117.184.7.26 - - [19/Mar/2020:11:18:43 +0800] "GET /xingrg/all/function/internal_message.html?_=1584587913152&CODE_STATE=getMsg HTTP/1.1" 200 27
124.77.241.94 - - [19/Mar/2020:11:18:45 +0800] "GET /xingrg/all/function/internal_message.html?_=1584587936098&CODE_STATE=getMsg HTTP/1.1" 200 27
116.233.78.241 - - [19/Mar/2020:11:18:49 +0800] "GET /xingrg/kc/buy/cgsh_order_operate.html?command=get_materiel&rest_code=00109&code=00101008270&supplier_code=00100005&order_time=2020-03-19 HTTP/1.1" 200 412
114.88.159.93 - - [19/Mar/2020:11:18:50 +0800] "GET /xingrg/kc/buy/cgsh_order_operate.html?command=get_materiel&rest_code=00141&code=00101006109&supplier_code=00100012&order_time=2020-03-19 HTTP/1.1" 200 409
180.156.150.85 - - [19/Mar/2020:11:18:52 +0800] "GET /xingrg/all/function/internal_message.html?_=1584587931720&CODE_STATE=getMsg HTTP/1.1" 200 27
114.88.159.93 - - [19/Mar/2020:11:18:53 +0800] "GET /xingrg/all/function/internal_message.html?_=1584587654879&CODE_STATE=getMsg HTTP/1.1" 200 27
124.77.241.94 - - [19/Mar/2020:11:18:54 +0800] "GET /xingrg/kc/buy/cgsh_order_add.html HTTP/1.1" 200 57648
124.77.241.94 - - [19/Mar/2020:11:18:54 +0800] "POST /xingrg/kc/buy/cgsh_order_operate.html HTTP/1.1" 200 8245
124.77.241.94 - - [19/Mar/2020:11:18:54 +0800] "GET /xingrg/javascript/easyui/themes/default/validatebox.css HTTP/1.1" 404 1104
114.93.75.19 - - [19/Mar/2020:11:18:55 +0800] "GET /xingrg/all/function/internal_message.html?_=1584587932141&CODE_STATE=getMsg HTTP/1.1" 200 27
116.233.78.241 - - [19/Mar/2020:11:18:57 +0800] "POST /xingrg/kc/buy/cgsh_order_operate.html HTTP/1.1" 200 37
114.93.75.19 - - [19/Mar/2020:11:18:57 +0800] "GET /xingrg/all/function/internal_message.html?_=1584587934152&CODE_STATE=getMsg HTTP/1.1" 200 27
116.233.78.241 - - [19/Mar/2020:11:18:58 +0800] "POST /xingrg/kc/buy/cgsh_order_operate.html HTTP/1.1" 200 15666
116.233.78.241 - - [19/Mar/2020:11:19:00 +0800] "GET /xingrg/kc/print/load_config.html?kc_code=cgsh HTTP/1.1" 200 1841
116.233.78.241 - - [19/Mar/2020:11:19:00 +0800] "GET /xingrg/kc/print/load_data.html?order_code=212020031901593&kc_code=cgsh&condition= HTTP/1.1" 200 5621
58.40.7.146 - - [19/Mar/2020:11:19:05 +0800] "GET /xingrg/check_reg.html?_=1584587942553 HTTP/1.1" 200 22
58.40.7.146 - - [19/Mar/2020:11:19:05 +0800] "GET /xingrg/all/function/internal_message.html?_=1584587942556&CODE_STATE=getMsg HTTP/1.1" 200 27
114.88.159.93 - - [19/Mar/2020:11:19:06 +0800] "GET /xingrg/kc/buy/cgsh_order_operate.html?command=get_materiel&rest_code=00141&code=00101006087&supplier_code=00100012&order_time=2020-03-19 HTTP/1.1" 200 409
124.77.241.94 - - [19/Mar/2020:11:19:07 +0800] "GET /xingrg/kc/buy/cgsh_order_operate.html?command=get_materiel&rest_code=00146&code=00101004027&supplier_code=00100312&order_time=2020-03-19 HTTP/1.1" 200 409
116.233.78.241 - - [19/Mar/2020:11:19:10 +0800] "GET /xingrg/check_reg.html?_=1584588063002 HTTP/1.1" 200 22
116.233.78.241 - - [19/Mar/2020:11:19:10 +0800] "GET /xingrg/all/function/internal_message.html?_=1584588063003&CODE_STATE=getMsg HTTP/1.1" 200 27
180.157.252.250 - - [19/Mar/2020:11:19:11 +0800] "GET /xingrg/all/function/internal_message.html?_=1584587948222&CODE_STATE=getMsg HTTP/1.1" 200 27
101.81.124.227 - - [19/Mar/2020:11:19:16 +0800] "GET /xingrg/all/function/internal_message.html?_=1584587950823&CODE_STATE=getMsg HTTP/1.1" 200 27
124.77.241.94 - - [19/Mar/2020:11:19:20 +0800] "GET /xingrg/kc/buy/cgsh_order_operate.html?command=get_materiel&rest_code=00146&code=00101004057&supplier_code=00100312&order_time=2020-03-19 HTTP/1.1" 200 409
114.88.170.9 - - [19/Mar/2020:11:19:28 +0800] "GET /xingrg/all/function/internal_message.html?_=1584588259574&CODE_STATE=getMsg HTTP/1.1" 200 27
180.156.150.85 - - [19/Mar/2020:11:19:29 +0800] "GET /xingrg/kc/mdqp/pssh_order_list.html HTTP/1.1" 200 17603
180.156.150.85 - - [19/Mar/2020:11:19:29 +0800] "POST /xingrg/kc/mdqp/pssh_list_operate.html HTTP/1.1" 200 5463
114.93.75.19 - - [19/Mar/2020:11:19:29 +0800] "GET /xingrg/all/function/internal_message.html?_=1584587968153&CODE_STATE=getMsg HTTP/1.1" 200 27
117.184.7.26 - - [19/Mar/2020:11:19:30 +0800] "GET /xingrg/kc/buy/buy_main.html HTTP/1.1" 200 12398
117.184.7.26 - - [19/Mar/2020:11:19:30 +0800] "GET /xingrg/css/new_ie.css HTTP/1.1" 404 1036
117.184.7.30 - - [19/Mar/2020:11:19:30 +0800] "GET /xingrg/images/yd/bt.gif HTTP/1.1" 404 1040
117.184.7.30 - - [19/Mar/2020:11:19:31 +0800] "GET /xingrg/kc/buy/cgsh_order_list.html HTTP/1.1" 200 42034
114.88.159.93 - - [19/Mar/2020:11:19:31 +0800] "GET /xingrg/all/function/internal_message.html?_=1584587870090&CODE_STATE=getMsg HTTP/1.1" 200 27
117.184.7.30 - - [19/Mar/2020:11:19:32 +0800] "POST /xingrg/kc/buy/cgsh_list_operate.html HTTP/1.1" 200 876
180.156.150.85 - - [19/Mar/2020:11:19:32 +0800] "POST /xingrg/kc/mdqp/pssh_list_operate.html HTTP/1.1" 200 259
180.156.150.85 - - [19/Mar/2020:11:19:32 +0800] "GET /xingrg/kc/mdqp/pssh_order_info.html?code=312020031700066 HTTP/1.1" 200 17302
180.156.150.85 - - [19/Mar/2020:11:19:32 +0800] "GET /xingrg/javascript/jquery_tools/jquery-1.4.2.min.js HTTP/1.1" 404 1094
180.156.150.85 - - [19/Mar/2020:11:19:33 +0800] "POST /xingrg/kc/mdqp/pssh_order_operate.html HTTP/1.1" 200 527
180.156.150.85 - - [19/Mar/2020:11:19:33 +0800] "GET /xingrg/all/common/auto_word.html?type=base&rest_code=00105&rest_code=00105 HTTP/1.1" 200 1603
180.156.150.85 - - [19/Mar/2020:11:19:33 +0800] "GET /xingrg/javascript/easyui/themes/default/validatebox.css HTTP/1.1" 404 1104
124.77.241.94 - - [19/Mar/2020:11:19:35 +0800] "GET /xingrg/kc/buy/cgsh_order_operate.html?command=get_materiel&rest_code=00146&code=00101004030&supplier_code=00100312&order_time=2020-03-19 HTTP/1.1" 200 424
116.238.181.252 - - [19/Mar/2020:11:19:35 +0800] "GET /xingrg/all/function/internal_message.html?_=1584587976100&CODE_STATE=getMsg HTTP/1.1" 200 27
116.228.172.94 - - [19/Mar/2020:11:19:35 +0800] "GET /xingrg/all/function/internal_message.html?_=1584587973600&CODE_STATE=getMsg HTTP/1.1" 200 27
117.184.7.30 - - [19/Mar/2020:11:19:43 +0800] "GET /xingrg/all/function/internal_message.html?_=1584587973142&CODE_STATE=getMsg HTTP/1.1" 200 27
180.156.150.85 - - [19/Mar/2020:11:19:44 +0800] "GET /xingrg/javascript/jquery_tools/images/next.gif HTTP/1.1" 404 1086
180.156.150.85 - - [19/Mar/2020:11:19:44 +0800] "GET /xingrg/javascript/jquery_tools/images/prev.gif HTTP/1.1" 404 1086
124.77.241.94 - - [19/Mar/2020:11:19:45 +0800] "GET /xingrg/all/function/internal_message.html?_=1584587996111&CODE_STATE=getMsg HTTP/1.1" 200 27
124.77.241.94 - - [19/Mar/2020:11:19:49 +0800] "GET /xingrg/kc/buy/cgsh_order_operate.html?command=get_materiel&rest_code=00146&code=00101004013&supplier_code=00100312&order_time=2020-03-19 HTTP/1.1" 200 415
117.184.7.30 - - [19/Mar/2020:11:19:51 +0800] "GET /xingrg/kc/buy/cgsh_order_add.html HTTP/1.1" 200 57645
117.184.7.30 - - [19/Mar/2020:11:19:51 +0800] "GET /xingrg/words/20200318144422_words.js HTTP/1.1" 304 -
117.184.7.30 - - [19/Mar/2020:11:19:51 +0800] "GET /xingrg/all/common/auto_word.html?type=employee&rest_code=00108 HTTP/1.1" 200 197
117.184.7.30 - - [19/Mar/2020:11:19:51 +0800] "GET /xingrg/all/common/auto_word.html?type=employee&rest_code=00108 HTTP/1.1" 200 197
117.184.7.30 - - [19/Mar/2020:11:19:51 +0800] "GET /xingrg/javascript/easyui/themes/default/validatebox.css HTTP/1.1" 404 1104
117.184.7.30 - - [19/Mar/2020:11:19:51 +0800] "POST /xingrg/kc/buy/cgsh_order_operate.html HTTP/1.1" 200 8245
114.88.159.93 - - [19/Mar/2020:11:19:51 +0800] "GET /xingrg/kc/buy/cgsh_order_operate.html?command=get_materiel&rest_code=00141&code=00101006073&supplier_code=00100012&order_time=2020-03-19 HTTP/1.1" 200 410
180.156.150.85 - - [19/Mar/2020:11:19:52 +0800] "GET /xingrg/all/function/internal_message.html?_=1584587991756&CODE_STATE=getMsg HTTP/1.1" 200 27
180.156.150.85 - - [19/Mar/2020:11:19:52 +0800] "GET /xingrg/check_reg.html?_=1584587991760 HTTP/1.1" 200 22
114.88.159.93 - - [19/Mar/2020:11:19:53 +0800] "GET /xingrg/all/function/internal_message.html?_=1584587714861&CODE_STATE=getMsg HTTP/1.1" 200 27
180.156.150.85 - - [19/Mar/2020:11:19:54 +0800] "POST /xingrg/kc/mdqp/pssh_order_operate.html HTTP/1.1" 200 37
117.184.7.30 - - [19/Mar/2020:11:19:54 +0800] "GET /xingrg/javascript/auto/indicator.gif HTTP/1.1" 404 1066
180.156.150.85 - - [19/Mar/2020:11:19:55 +0800] "POST /xingrg/kc/mdqp/pssh_order_operate.html HTTP/1.1" 200 527
114.93.75.19 - - [19/Mar/2020:11:19:55 +0800] "GET /xingrg/all/function/internal_message.html?_=1584587992141&CODE_STATE=getMsg HTTP/1.1" 200 27
114.93.75.19 - - [19/Mar/2020:11:19:55 +0800] "GET /xingrg/check_reg.html?_=1584587992143 HTTP/1.1" 200 22
117.184.7.30 - - [19/Mar/2020:11:19:55 +0800] "GET /xingrg/javascript/jquery_tools/images/prev.gif HTTP/1.1" 404 1086
117.184.7.30 - - [19/Mar/2020:11:19:55 +0800] "GET /xingrg/javascript/jquery_tools/images/next.gif HTTP/1.1" 404 1086
114.93.75.19 - - [19/Mar/2020:11:19:57 +0800] "GET /xingrg/all/function/internal_message.html?_=1584587994160&CODE_STATE=getMsg HTTP/1.1" 200 27
180.156.150.85 - - [19/Mar/2020:11:19:57 +0800] "POST /xingrg/kc/mdqp/pssh_order_operate.html HTTP/1.1" 200 37
180.156.150.85 - - [19/Mar/2020:11:19:57 +0800] "POST /xingrg/kc/mdqp/pssh_order_operate.html HTTP/1.1" 200 12
180.156.150.85 - - [19/Mar/2020:11:19:58 +0800] "GET /xingrg/kc/mdqp/pssh_order_info.html?code=312020031700066 HTTP/1.1" 200 14378
180.156.150.85 - - [19/Mar/2020:11:19:58 +0800] "GET /xingrg/javascript/jquery_tools/jquery-1.4.2.min.js HTTP/1.1" 404 1094
180.156.150.85 - - [19/Mar/2020:11:19:59 +0800] "GET /xingrg/javascript/easyui/themes/default/validatebox.css HTTP/1.1" 404 1104
180.156.150.85 - - [19/Mar/2020:11:19:59 +0800] "POST /xingrg/kc/mdqp/pssh_order_operate.html HTTP/1.1" 200 527
180.156.150.85 - - [19/Mar/2020:11:20:02 +0800] "GET /xingrg/kc/print/load_config.html?kc_code=pssh HTTP/1.1" 200 2290
180.156.150.85 - - [19/Mar/2020:11:20:02 +0800] "GET /xingrg/kc/print/load_data.html?order_code=312020031700066&kc_code=pssh&condition= HTTP/1.1" 200 659
117.184.7.30 - - [19/Mar/2020:11:20:02 +0800] "GET /xingrg/kc/buy/cgsh_order_operate.html?command=get_materiel&rest_code=00108&code=00101001037&supplier_code=00100090&order_time=2020-03-19 HTTP/1.1" 200 430
116.233.78.241 - - [19/Mar/2020:11:20:05 +0800] "GET /xingrg/all/function/internal_message.html?_=1584588119328&CODE_STATE=getMsg HTTP/1.1" 200 27
58.40.7.146 - - [19/Mar/2020:11:20:05 +0800] "GET /xingrg/all/function/internal_message.html?_=1584588002558&CODE_STATE=getMsg HTTP/1.1" 200 27
114.88.159.93 - - [19/Mar/2020:11:20:09 +0800] "GET /xingrg/kc/buy/cgsh_order_operate.html?command=get_materiel&rest_code=00141&code=00101006076&supplier_code=00100012&order_time=2020-03-19 HTTP/1.1" 200 409
124.77.241.94 - - [19/Mar/2020:11:20:09 +0800] "GET /xingrg/kc/buy/cgsh_order_operate.html?command=get_materiel&rest_code=00146&code=00101001013&supplier_code=00100312&order_time=2020-03-19 HTTP/1.1" 200 430
117.184.7.30 - - [19/Mar/2020:11:20:11 +0800] "GET /xingrg/kc/buy/cgsh_order_operate.html?command=get_materiel&rest_code=00108&code=00101001125&supplier_code=00100090&order_time=2020-03-19 HTTP/1.1" 200 432
180.157.252.250 - - [19/Mar/2020:11:20:11 +0800] "GET /xingrg/all/function/internal_message.html?_=1584588008220&CODE_STATE=getMsg HTTP/1.1" 200 27
180.157.252.250 - - [19/Mar/2020:11:20:11 +0800] "GET /xingrg/check_reg.html?_=1584588008223 HTTP/1.1" 200 22
101.81.124.227 - - [19/Mar/2020:11:20:16 +0800] "GET /xingrg/all/function/internal_message.html?_=1584588010839&CODE_STATE=getMsg HTTP/1.1" 200 27
180.156.150.85 - - [19/Mar/2020:11:20:19 +0800] "GET /xingrg/kc/mdqp/pssh_order_list.html HTTP/1.1" 200 17603
180.156.150.85 - - [19/Mar/2020:11:20:19 +0800] "POST /xingrg/kc/mdqp/pssh_list_operate.html HTTP/1.1" 200 5479
116.233.78.241 - - [19/Mar/2020:11:20:21 +0800] "GET /favicon.ico HTTP/1.1" 404 -
180.156.150.85 - - [19/Mar/2020:11:20:22 +0800] "POST /xingrg/kc/mdqp/pssh_list_operate.html HTTP/1.1" 200 258
180.156.150.85 - - [19/Mar/2020:11:20:22 +0800] "GET /xingrg/kc/mdqp/pssh_order_info.html?code=312020031800080 HTTP/1.1" 200 17289
180.156.150.85 - - [19/Mar/2020:11:20:22 +0800] "GET /xingrg/javascript/jquery_tools/jquery-1.4.2.min.js HTTP/1.1" 404 1094
180.156.150.85 - - [19/Mar/2020:11:20:23 +0800] "GET /xingrg/javascript/easyui/themes/default/validatebox.css HTTP/1.1" 404 1104
180.156.150.85 - - [19/Mar/2020:11:20:23 +0800] "POST /xingrg/kc/mdqp/pssh_order_operate.html HTTP/1.1" 200 536
124.77.241.94 - - [19/Mar/2020:11:20:23 +0800] "GET /xingrg/kc/buy/cgsh_order_operate.html?command=get_materiel&rest_code=00146&code=00101001138&supplier_code=00100312&order_time=2020-03-19 HTTP/1.1" 200 431
116.233.78.241 - - [19/Mar/2020:11:20:25 +0800] "GET /xingrg/kc/buy/cgsh_order_add.html HTTP/1.1" 200 57630
116.233.78.241 - - [19/Mar/2020:11:20:25 +0800] "POST /xingrg/kc/buy/cgsh_order_operate.html HTTP/1.1" 200 8245
116.233.78.241 - - [19/Mar/2020:11:20:26 +0800] "GET /xingrg/javascript/easyui/themes/default/validatebox.css HTTP/1.1" 404 1104
116.233.78.241 - - [19/Mar/2020:11:20:26 +0800] "GET /xingrg/all/common/auto_word.html?type=employee&rest_code=00109 HTTP/1.1" 200 255
116.233.78.241 - - [19/Mar/2020:11:20:26 +0800] "GET /xingrg/all/common/auto_word.html?type=employee&rest_code=00109 HTTP/1.1" 200 255
180.156.150.85 - - [19/Mar/2020:11:20:27 +0800] "POST /xingrg/all/common/load_combo.html?type=employee HTTP/1.1" 200 356
114.88.170.9 - - [19/Mar/2020:11:20:28 +0800] "GET /xingrg/all/function/internal_message.html?_=1584588319554&CODE_STATE=getMsg HTTP/1.1" 200 27
114.88.170.9 - - [19/Mar/2020:11:20:28 +0800] "GET /xingrg/check_reg.html?_=1584588319703 HTTP/1.1" 200 22
114.93.75.19 - - [19/Mar/2020:11:20:29 +0800] "GET /xingrg/all/function/internal_message.html?_=1584588028151&CODE_STATE=getMsg HTTP/1.1" 200 27
180.156.150.85 - - [19/Mar/2020:11:20:31 +0800] "POST /xingrg/kc/mdqp/pssh_order_operate.html HTTP/1.1" 200 37
114.88.159.93 - - [19/Mar/2020:11:20:31 +0800] "GET /xingrg/all/function/internal_message.html?_=1584587930093&CODE_STATE=getMsg HTTP/1.1" 200 27
180.156.150.85 - - [19/Mar/2020:11:20:32 +0800] "POST /xingrg/kc/mdqp/pssh_order_operate.html HTTP/1.1" 200 536
114.88.159.93 - - [19/Mar/2020:11:20:32 +0800] "GET /xingrg/kc/buy/cgsh_order_operate.html?command=get_materiel&rest_code=00141&code=00101006062&supplier_code=00100012&order_time=2020-03-19 HTTP/1.1" 200 409
116.238.181.252 - - [19/Mar/2020:11:20:35 +0800] "GET /xingrg/all/function/internal_message.html?_=1584588036092&CODE_STATE=getMsg HTTP/1.1" 200 27
116.228.172.94 - - [19/Mar/2020:11:20:35 +0800] "GET /xingrg/all/function/internal_message.html?_=1584588033599&CODE_STATE=getMsg HTTP/1.1" 200 27
180.156.150.85 - - [19/Mar/2020:11:20:35 +0800] "POST /xingrg/kc/mdqp/pssh_order_operate.html HTTP/1.1" 200 37
180.156.150.85 - - [19/Mar/2020:11:20:36 +0800] "POST /xingrg/kc/mdqp/pssh_order_operate.html HTTP/1.1" 200 12
124.77.241.94 - - [19/Mar/2020:11:20:36 +0800] "GET /xingrg/kc/buy/cgsh_order_operate.html?command=get_materiel&rest_code=00146&code=00101001016&supplier_code=00100312&order_time=2020-03-19 HTTP/1.1" 200 431
180.156.150.85 - - [19/Mar/2020:11:20:37 +0800] "GET /xingrg/kc/mdqp/pssh_order_info.html?code=312020031800080 HTTP/1.1" 200 14378
180.156.150.85 - - [19/Mar/2020:11:20:37 +0800] "GET /xingrg/javascript/jquery_tools/jquery-1.4.2.min.js HTTP/1.1" 404 1094
180.156.150.85 - - [19/Mar/2020:11:20:37 +0800] "POST /xingrg/kc/mdqp/pssh_order_operate.html HTTP/1.1" 200 536
180.156.150.85 - - [19/Mar/2020:11:20:37 +0800] "GET /xingrg/javascript/easyui/themes/default/validatebox.css HTTP/1.1" 404 1104
180.156.150.85 - - [19/Mar/2020:11:20:39 +0800] "GET /xingrg/kc/print/load_data.html?order_code=312020031800080&kc_code=pssh&condition= HTTP/1.1" 200 663
116.233.78.241 - - [19/Mar/2020:11:20:42 +0800] "GET /xingrg/kc/buy/cgsh_order_operate.html?command=get_materiel&rest_code=00109&code=00101001140&supplier_code=00100090&order_time=2020-03-19 HTTP/1.1" 200 431
117.184.7.30 - - [19/Mar/2020:11:20:43 +0800] "GET /xingrg/all/function/internal_message.html?_=1584588033131&CODE_STATE=getMsg HTTP/1.1" 200 27
117.185.32.26 - - [19/Mar/2020:11:20:44 +0800] "GET /xingrg/check_reg.html?_=1584588040738 HTTP/1.1" 200 22
124.77.241.94 - - [19/Mar/2020:11:20:45 +0800] "GET /xingrg/all/function/internal_message.html?_=1584588056155&CODE_STATE=getMsg HTTP/1.1" 200 27
117.184.7.30 - - [19/Mar/2020:11:20:46 +0800] "GET /xingrg/kc/buy/cgsh_order_operate.html?command=get_materiel&rest_code=00108&code=00101001073&supplier_code=00100090&order_time=2020-03-19 HTTP/1.1" 200 419
124.77.241.94 - - [19/Mar/2020:11:20:48 +0800] "GET /xingrg/kc/buy/cgsh_order_operate.html?command=get_materiel&rest_code=00146&code=00101005022&supplier_code=00100312&order_time=2020-03-19 HTTP/1.1" 200 417
116.233.78.241 - - [19/Mar/2020:11:20:50 +0800] "POST /xingrg/kc/buy/cgsh_order_operate.html HTTP/1.1" 200 37
116.233.78.241 - - [19/Mar/2020:11:20:51 +0800] "POST /xingrg/kc/buy/cgsh_order_operate.html HTTP/1.1" 200 2662
116.233.78.241 - - [19/Mar/2020:11:20:52 +0800] "GET /xingrg/kc/print/load_config.html?kc_code=cgsh HTTP/1.1" 200 1841
116.233.78.241 - - [19/Mar/2020:11:20:52 +0800] "GET /xingrg/kc/print/load_data.html?order_code=212020031901594&kc_code=cgsh&condition= HTTP/1.1" 200 730
180.156.150.85 - - [19/Mar/2020:11:20:52 +0800] "GET /xingrg/all/function/internal_message.html?_=1584588051757&CODE_STATE=getMsg HTTP/1.1" 200 27
114.88.159.93 - - [19/Mar/2020:11:20:53 +0800] "GET /xingrg/all/function/internal_message.html?_=1584587774828&CODE_STATE=getMsg HTTP/1.1" 200 27
114.93.75.19 - - [19/Mar/2020:11:20:55 +0800] "GET /xingrg/all/function/internal_message.html?_=1584588052143&CODE_STATE=getMsg HTTP/1.1" 200 27
116.233.78.241 - - [19/Mar/2020:11:20:56 +0800] "GET /xingrg/kc/buy/cgsh_order_add.html HTTP/1.1" 200 57630
116.233.78.241 - - [19/Mar/2020:11:20:56 +0800] "POST /xingrg/kc/buy/cgsh_order_operate.html HTTP/1.1" 200 8245
116.233.78.241 - - [19/Mar/2020:11:20:56 +0800] "GET /xingrg/all/common/auto_word.html?type=employee&rest_code=00109 HTTP/1.1" 200 255
116.233.78.241 - - [19/Mar/2020:11:20:56 +0800] "GET /xingrg/all/common/auto_word.html?type=employee&rest_code=00109 HTTP/1.1" 200 255
116.233.78.241 - - [19/Mar/2020:11:20:56 +0800] "GET /xingrg/javascript/easyui/themes/default/validatebox.css HTTP/1.1" 404 1104
114.93.75.19 - - [19/Mar/2020:11:20:57 +0800] "GET /xingrg/all/function/internal_message.html?_=1584588054165&CODE_STATE=getMsg HTTP/1.1" 200 27
116.233.78.241 - - [19/Mar/2020:11:21:03 +0800] "GET /xingrg/all/function/internal_message.html?_=1584588181020&CODE_STATE=getMsg HTTP/1.1" 200 27
117.184.7.30 - - [19/Mar/2020:11:21:05 +0800] "POST /xingrg/kc/buy/cgsh_order_operate.html HTTP/1.1" 200 37
58.40.7.146 - - [19/Mar/2020:11:21:05 +0800] "GET /xingrg/all/function/internal_message.html?_=1584588062564&CODE_STATE=getMsg HTTP/1.1" 200 27
116.233.78.241 - - [19/Mar/2020:11:21:05 +0800] "GET /xingrg/kc/buy/cgsh_order_operate.html?command=get_materiel&rest_code=00109&code=00101002006&supplier_code=00100091&order_time=2020-03-19 HTTP/1.1" 200 436
117.184.7.30 - - [19/Mar/2020:11:21:05 +0800] "POST /xingrg/kc/buy/cgsh_order_operate.html HTTP/1.1" 200 3859
117.184.7.30 - - [19/Mar/2020:11:21:07 +0800] "GET /xingrg/kc/print/load_config.html?kc_code=cgsh HTTP/1.1" 200 1841
117.184.7.30 - - [19/Mar/2020:11:21:07 +0800] "GET /xingrg/kc/print/load_data.html?order_code=212020031901595&kc_code=cgsh&condition= HTTP/1.1" 200 1194
180.157.252.250 - - [19/Mar/2020:11:21:11 +0800] "GET /xingrg/all/function/internal_message.html?_=1584588068221&CODE_STATE=getMsg HTTP/1.1" 200 27
116.233.78.241 - - [19/Mar/2020:11:21:16 +0800] "POST /xingrg/kc/buy/cgsh_order_operate.html HTTP/1.1" 200 37
114.88.159.93 - - [19/Mar/2020:11:21:16 +0800] "POST /xingrg/kc/buy/cgsh_order_operate.html HTTP/1.1" 200 88
101.81.124.227 - - [19/Mar/2020:11:21:16 +0800] "GET /xingrg/all/function/internal_message.html?_=1584588070839&CODE_STATE=getMsg HTTP/1.1" 200 27
116.233.78.241 - - [19/Mar/2020:11:21:17 +0800] "POST /xingrg/kc/buy/cgsh_order_operate.html HTTP/1.1" 200 2660
116.238.181.252 - - [19/Mar/2020:11:21:18 +0800] "POST /xingrg/all/user/operate.html HTTP/1.1" 200 36
116.238.181.252 - - [19/Mar/2020:11:21:18 +0800] "GET /xingrg/javascript/jquery_easy_ui/themes/default/easyui.css HTTP/1.1" 304 -
116.238.181.252 - - [19/Mar/2020:11:21:18 +0800] "GET /xingrg/index.html?sysBaseUrl=http%3A%2F%2F117.131.15.22%3A18081%2Fxingrg%2F&costTime=52×tamp=1584504576081 HTTP/1.1" 200 17157
116.238.181.252 - - [19/Mar/2020:11:21:18 +0800] "GET /xingrg/javascript/jquery_easy_ui/themes/icon.css HTTP/1.1" 304 -
116.238.181.252 - - [19/Mar/2020:11:21:18 +0800] "GET /xingrg/css/form.css HTTP/1.1" 304 -
116.238.181.252 - - [19/Mar/2020:11:21:18 +0800] "GET /xingrg/javascript/jquery-1.4.2.min.js HTTP/1.1" 304 -
116.238.181.252 - - [19/Mar/2020:11:21:18 +0800] "GET /xingrg/javascript/jquery_easy_ui/jquery.easyui.min.js HTTP/1.1" 304 -
116.238.181.252 - - [19/Mar/2020:11:21:18 +0800] "GET /xingrg/javascript/jquery_easy_ui/easyui-lang-zh_CN.js HTTP/1.1" 304 -
116.238.181.252 - - [19/Mar/2020:11:21:18 +0800] "GET /xingrg/javascript/jquery.form.js HTTP/1.1" 304 -
116.238.181.252 - - [19/Mar/2020:11:21:18 +0800] "GET /xingrg/javascript/jquery.utils.js HTTP/1.1" 304 -
116.233.78.241 - - [19/Mar/2020:11:21:18 +0800] "GET /xingrg/kc/print/load_config.html?kc_code=cgsh HTTP/1.1" 200 1841
116.238.181.252 - - [19/Mar/2020:11:21:18 +0800] "GET /xingrg/javascript/jquery.timers.js HTTP/1.1" 304 -
116.238.181.252 - - [19/Mar/2020:11:21:18 +0800] "GET /xingrg/images/blue/jxLogo.png HTTP/1.1" 304 -
116.238.181.252 - - [19/Mar/2020:11:21:18 +0800] "GET /xingrg/javascript/jquery_easy_ui/themes/icons/settle_new.png HTTP/1.1" 304 -
116.238.181.252 - - [19/Mar/2020:11:21:18 +0800] "GET /xingrg/images/blue/navBackgound.jpg HTTP/1.1" 304 -
116.238.181.252 - - [19/Mar/2020:11:21:18 +0800] "POST /xingrg/all/common/load_tree.html?tree=area_rest_tree_json&manage=1 HTTP/1.1" 200 476
116.238.181.252 - - [19/Mar/2020:11:21:18 +0800] "GET /xingrg/all/function/internal_message.html?_=1584588079611&CODE_STATE=count HTTP/1.1" 200 11
116.238.181.252 - - [19/Mar/2020:11:21:18 +0800] "GET /xingrg/check_reg.html?_=1584588079612 HTTP/1.1" 200 22
116.233.78.241 - - [19/Mar/2020:11:21:18 +0800] "GET /xingrg/kc/print/load_data.html?order_code=212020031901596&kc_code=cgsh&condition= HTTP/1.1" 200 730
116.238.181.252 - - [19/Mar/2020:11:21:18 +0800] "GET /xingrg/images/blue/pingpu.png HTTP/1.1" 304 -
116.238.181.252 - - [19/Mar/2020:11:21:18 +0800] "GET /xingrg/javascript/jquery_easy_ui/themes/default/images/tabs_rightarrow.png HTTP/1.1" 304 -
116.238.181.252 - - [19/Mar/2020:11:21:18 +0800] "GET /xingrg/javascript/jquery_easy_ui/themes/default/images/tabs_leftarrow.png HTTP/1.1" 304 -
116.238.181.252 - - [19/Mar/2020:11:21:18 +0800] "GET /xingrg/javascript/jquery_easy_ui/themes/default/images/panel_tool_collapse.gif HTTP/1.1" 304 -
116.238.181.252 - - [19/Mar/2020:11:21:18 +0800] "POST /xingrg/load_menu.html HTTP/1.1" 200 5124
114.88.159.93 - - [19/Mar/2020:11:21:20 +0800] "POST /xingrg/kc/buy/cgsh_order_operate.html HTTP/1.1" 200 37
116.238.181.252 - - [19/Mar/2020:11:21:22 +0800] "GET /xingrg/kc/buy/cgsh_order_list.html HTTP/1.1" 200 42040
116.233.78.241 - - [19/Mar/2020:11:21:22 +0800] "GET /xingrg/kc/buy/cgsh_order_add.html HTTP/1.1" 200 57630
124.77.241.94 - - [19/Mar/2020:11:21:22 +0800] "POST /xingrg/kc/buy/cgsh_order_operate.html HTTP/1.1" 200 37
114.88.159.93 - - [19/Mar/2020:11:21:22 +0800] "POST /xingrg/kc/buy/cgsh_order_operate.html HTTP/1.1" 200 12
116.233.78.241 - - [19/Mar/2020:11:21:22 +0800] "POST /xingrg/kc/buy/cgsh_order_operate.html HTTP/1.1" 200 8245
116.233.78.241 - - [19/Mar/2020:11:21:22 +0800] "GET /xingrg/all/common/auto_word.html?type=employee&rest_code=00109 HTTP/1.1" 200 255
116.238.181.252 - - [19/Mar/2020:11:21:22 +0800] "POST /xingrg/kc/buy/cgsh_list_operate.html HTTP/1.1" 200 876
116.233.78.241 - - [19/Mar/2020:11:21:22 +0800] "GET /xingrg/javascript/easyui/themes/default/validatebox.css HTTP/1.1" 404 1104
116.233.78.241 - - [19/Mar/2020:11:21:23 +0800] "GET /xingrg/all/common/auto_word.html?type=employee&rest_code=00109 HTTP/1.1" 200 255
124.77.241.94 - - [19/Mar/2020:11:21:23 +0800] "POST /xingrg/kc/buy/cgsh_order_operate.html HTTP/1.1" 200 6822
116.238.181.252 - - [19/Mar/2020:11:21:23 +0800] "GET /xingrg/kc/buy/cgsh_order_add.html HTTP/1.1" 200 58229
114.88.159.93 - - [19/Mar/2020:11:21:24 +0800] "GET /xingrg/kc/buy/cgsh_order_info.html?code=212020031901598 HTTP/1.1" 200 52553
116.238.181.252 - - [19/Mar/2020:11:21:24 +0800] "GET /xingrg/words/20200318144422_words.js HTTP/1.1" 304 -
116.238.181.252 - - [19/Mar/2020:11:21:24 +0800] "POST /xingrg/kc/buy/cgsh_order_operate.html HTTP/1.1" 200 8245
116.238.181.252 - - [19/Mar/2020:11:21:24 +0800] "GET /xingrg/javascript/easyui/themes/default/validatebox.css HTTP/1.1" 404 1104
114.88.159.93 - - [19/Mar/2020:11:21:24 +0800] "GET /xingrg/javascript/easyui/themes/default/validatebox.css HTTP/1.1" 404 1104
114.88.159.93 - - [19/Mar/2020:11:21:24 +0800] "POST /xingrg/kc/buy/cgsh_order_operate.html HTTP/1.1" 200 2957
114.88.159.93 - - [19/Mar/2020:11:21:26 +0800] "GET /xingrg/kc/print/load_data.html?order_code=212020031901598&kc_code=cgsh&condition= HTTP/1.1" 200 1691
124.77.241.94 - - [19/Mar/2020:11:21:27 +0800] "GET /xingrg/kc/print/load_data.html?order_code=212020031901599&kc_code=cgsh&condition= HTTP/1.1" 200 2275
114.88.170.9 - - [19/Mar/2020:11:21:28 +0800] "GET /xingrg/all/function/internal_message.html?_=1584588379530&CODE_STATE=getMsg HTTP/1.1" 200 27
114.93.75.19 - - [19/Mar/2020:11:21:29 +0800] "GET /xingrg/all/function/internal_message.html?_=1584588088151&CODE_STATE=getMsg HTTP/1.1" 200 27
116.238.181.252 - - [19/Mar/2020:11:21:30 +0800] "GET /xingrg/javascript/jquery_tools/images/next.gif HTTP/1.1" 404 1086
116.238.181.252 - - [19/Mar/2020:11:21:30 +0800] "GET /xingrg/javascript/jquery_tools/images/prev.gif HTTP/1.1" 404 1086
116.233.78.241 - - [19/Mar/2020:11:21:31 +0800] "GET /xingrg/kc/buy/cgsh_order_operate.html?command=get_materiel&rest_code=00109&code=00101018019&supplier_code=00100330&order_time=2020-03-19 HTTP/1.1" 200 441
114.88.159.93 - - [19/Mar/2020:11:21:31 +0800] "GET /xingrg/all/function/internal_message.html?_=1584587990095&CODE_STATE=getMsg HTTP/1.1" 200 27
114.88.159.93 - - [19/Mar/2020:11:21:32 +0800] "GET /xingrg/kc/buy/cgsh_order_add.html HTTP/1.1" 200 57648
114.88.159.93 - - [19/Mar/2020:11:21:33 +0800] "GET /xingrg/javascript/easyui/themes/default/validatebox.css HTTP/1.1" 404 1104
114.88.159.93 - - [19/Mar/2020:11:21:33 +0800] "POST /xingrg/kc/buy/cgsh_order_operate.html HTTP/1.1" 200 8245
116.228.172.94 - - [19/Mar/2020:11:21:35 +0800] "GET /xingrg/all/function/internal_message.html?_=1584588093600&CODE_STATE=getMsg HTTP/1.1" 200 27
116.233.78.241 - - [19/Mar/2020:11:21:38 +0800] "POST /xingrg/kc/buy/cgsh_order_operate.html HTTP/1.1" 200 37
116.233.78.241 - - [19/Mar/2020:11:21:38 +0800] "POST /xingrg/kc/buy/cgsh_order_operate.html HTTP/1.1" 200 2665
116.233.78.241 - - [19/Mar/2020:11:21:39 +0800] "GET /xingrg/kc/print/load_config.html?kc_code=cgsh HTTP/1.1" 200 1841
116.233.78.241 - - [19/Mar/2020:11:21:40 +0800] "GET /xingrg/kc/print/load_data.html?order_code=212020031901600&kc_code=cgsh&condition= HTTP/1.1" 200 678
124.77.241.94 - - [19/Mar/2020:11:21:40 +0800] "GET /xingrg/kc/buy/cgsh_order_add.html HTTP/1.1" 200 57648
124.77.241.94 - - [19/Mar/2020:11:21:40 +0800] "POST /xingrg/kc/buy/cgsh_order_operate.html HTTP/1.1" 200 8245
124.77.241.94 - - [19/Mar/2020:11:21:40 +0800] "GET /xingrg/javascript/easyui/themes/default/validatebox.css HTTP/1.1" 404 1104
117.184.7.30 - - [19/Mar/2020:11:21:43 +0800] "GET /xingrg/all/function/internal_message.html?_=1584588093140&CODE_STATE=getMsg HTTP/1.1" 200 27
124.77.241.94 - - [19/Mar/2020:11:21:45 +0800] "GET /xingrg/all/function/internal_message.html?_=1584588116169&CODE_STATE=getMsg HTTP/1.1" 200 27
116.233.78.241 - - [19/Mar/2020:11:21:49 +0800] "GET /xingrg/kc/buy/cgsh_order_add.html HTTP/1.1" 200 57630
116.233.78.241 - - [19/Mar/2020:11:21:49 +0800] "POST /xingrg/kc/buy/cgsh_order_operate.html HTTP/1.1" 200 8245
116.233.78.241 - - [19/Mar/2020:11:21:49 +0800] "GET /xingrg/all/common/auto_word.html?type=employee&rest_code=00109 HTTP/1.1" 200 255
116.233.78.241 - - [19/Mar/2020:11:21:49 +0800] "GET /xingrg/javascript/easyui/themes/default/validatebox.css HTTP/1.1" 404 1104
116.233.78.241 - - [19/Mar/2020:11:21:49 +0800] "GET /xingrg/all/common/auto_word.html?type=employee&rest_code=00109 HTTP/1.1" 200 255
180.156.150.85 - - [19/Mar/2020:11:21:52 +0800] "GET /xingrg/all/function/internal_message.html?_=1584588111759&CODE_STATE=getMsg HTTP/1.1" 200 27
114.88.159.93 - - [19/Mar/2020:11:21:53 +0800] "GET /xingrg/all/function/internal_message.html?_=1584587834816&CODE_STATE=getMsg HTTP/1.1" 200 27
114.93.75.19 - - [19/Mar/2020:11:21:55 +0800] "GET /xingrg/all/function/internal_message.html?_=1584588112144&CODE_STATE=getMsg HTTP/1.1" 200 27
116.238.181.252 - - [19/Mar/2020:11:21:56 +0800] "POST /xingrg/kc/buy/cgsh_list_operate.html HTTP/1.1" 200 5893
124.77.241.94 - - [19/Mar/2020:11:21:56 +0800] "GET /xingrg/kc/buy/cgsh_order_operate.html?command=get_materiel&rest_code=00146&code=00101013130&supplier_code=00100337&order_time=2020-03-19 HTTP/1.1" 200 412
114.93.75.19 - - [19/Mar/2020:11:21:57 +0800] "GET /xingrg/all/function/internal_message.html?_=1584588114155&CODE_STATE=getMsg HTTP/1.1" 200 27
116.233.78.241 - - [19/Mar/2020:11:21:58 +0800] "GET /xingrg/kc/buy/cgsh_order_operate.html?command=get_materiel&rest_code=00109&code=00101001075&supplier_code=00100319&order_time=2020-03-19 HTTP/1.1" 200 428
116.238.181.252 - - [19/Mar/2020:11:21:59 +0800] "GET /xingrg/javascript/auto/indicator.gif HTTP/1.1" 404 1066
116.233.78.241 - - [19/Mar/2020:11:22:02 +0800] "GET /xingrg/all/function/internal_message.html?_=1584588244169&CODE_STATE=getMsg HTTP/1.1" 200 27
58.40.7.146 - - [19/Mar/2020:11:22:05 +0800] "GET /xingrg/all/function/internal_message.html?_=1584588122568&CODE_STATE=getMsg HTTP/1.1" 200 27
116.238.181.252 - - [19/Mar/2020:11:22:06 +0800] "POST /xingrg/kc/buy/cgsh_list_operate.html HTTP/1.1" 200 2130
114.88.159.93 - - [19/Mar/2020:11:22:08 +0800] "GET /xingrg/kc/buy/cgsh_order_operate.html?command=get_materiel&rest_code=00141&code=00101016071&supplier_code=00100036&order_time=2020-03-19 HTTP/1.1" 200 416
180.157.252.250 - - [19/Mar/2020:11:22:11 +0800] "GET /xingrg/all/function/internal_message.html?_=1584588128220&CODE_STATE=getMsg HTTP/1.1" 200 27
124.77.241.94 - - [19/Mar/2020:11:22:13 +0800] "POST /xingrg/kc/buy/cgsh_order_operate.html HTTP/1.1" 200 37
116.233.78.241 - - [19/Mar/2020:11:22:13 +0800] "POST /xingrg/kc/buy/cgsh_order_operate.html HTTP/1.1" 200 88
124.77.241.94 - - [19/Mar/2020:11:22:15 +0800] "POST /xingrg/kc/buy/cgsh_order_operate.html HTTP/1.1" 200 2656
58.221.95.50 - - [19/Mar/2020:11:22:15 +0800] "GET /xingrg/check_reg.html?_=1584588480548 HTTP/1.1" 200 22
101.81.124.227 - - [19/Mar/2020:11:22:16 +0800] "GET /xingrg/check_reg.html?_=1584588130849 HTTP/1.1" 200 22
101.81.124.227 - - [19/Mar/2020:11:22:16 +0800] "GET /xingrg/all/function/internal_message.html?_=1584588130852&CODE_STATE=getMsg HTTP/1.1" 200 27
116.233.78.241 - - [19/Mar/2020:11:22:17 +0800] "POST /xingrg/kc/buy/cgsh_order_operate.html HTTP/1.1" 200 37
114.88.159.93 - - [19/Mar/2020:11:22:17 +0800] "GET /xingrg/kc/buy/cgsh_order_operate.html?command=get_materiel&rest_code=00141&code=00101016053&supplier_code=00100036&order_time=2020-03-19 HTTP/1.1" 200 408
116.233.78.241 - - [19/Mar/2020:11:22:18 +0800] "POST /xingrg/kc/buy/cgsh_order_operate.html HTTP/1.1" 200 2657
124.77.241.94 - - [19/Mar/2020:11:22:18 +0800] "GET /xingrg/kc/print/load_data.html?order_code=212020031901601&kc_code=cgsh&condition= HTTP/1.1" 200 674
116.238.181.252 - - [19/Mar/2020:11:22:18 +0800] "GET /xingrg/all/function/internal_message.html?_=1584588139621&CODE_STATE=getMsg HTTP/1.1" 200 27
116.233.78.241 - - [19/Mar/2020:11:22:19 +0800] "GET /xingrg/kc/print/load_config.html?kc_code=cgsh HTTP/1.1" 200 1841
116.233.78.241 - - [19/Mar/2020:11:22:19 +0800] "GET /xingrg/kc/print/load_data.html?order_code=212020031901603&kc_code=cgsh&condition= HTTP/1.1" 200 658
114.88.159.93 - - [19/Mar/2020:11:22:22 +0800] "GET /xingrg/kc/buy/cgsh_order_operate.html?command=get_materiel&rest_code=00141&code=00101012019&supplier_code=00100036&order_time=2020-03-19 HTTP/1.1" 200 412
116.233.78.241 - - [19/Mar/2020:11:22:23 +0800] "GET /xingrg/kc/buy/cgsh_order_add.html HTTP/1.1" 200 57630
116.233.78.241 - - [19/Mar/2020:11:22:23 +0800] "POST /xingrg/kc/buy/cgsh_order_operate.html HTTP/1.1" 200 8245
116.233.78.241 - - [19/Mar/2020:11:22:23 +0800] "GET /xingrg/all/common/auto_word.html?type=employee&rest_code=00109 HTTP/1.1" 200 255
116.233.78.241 - - [19/Mar/2020:11:22:23 +0800] "GET /xingrg/javascript/easyui/themes/default/validatebox.css HTTP/1.1" 404 1104
116.233.78.241 - - [19/Mar/2020:11:22:23 +0800] "GET /xingrg/all/common/auto_word.html?type=employee&rest_code=00109 HTTP/1.1" 200 255
114.88.170.9 - - [19/Mar/2020:11:22:28 +0800] "GET /xingrg/all/function/internal_message.html?_=1584588439506&CODE_STATE=getMsg HTTP/1.1" 200 27
114.88.159.93 - - [19/Mar/2020:11:22:29 +0800] "GET /xingrg/kc/buy/cgsh_order_operate.html?command=get_materiel&rest_code=00141&code=00101016105&supplier_code=00100036&order_time=2020-03-19 HTTP/1.1" 200 409
114.93.75.19 - - [19/Mar/2020:11:22:29 +0800] "GET /xingrg/all/function/internal_message.html?_=1584588148165&CODE_STATE=getMsg HTTP/1.1" 200 27
116.233.78.241 - - [19/Mar/2020:11:22:31 +0800] "GET /xingrg/kc/buy/cgsh_order_operate.html?command=get_materiel&rest_code=00109&code=00101004042&supplier_code=00100312&order_time=2020-03-19 HTTP/1.1" 200 417
114.88.159.93 - - [19/Mar/2020:11:22:31 +0800] "GET /xingrg/all/function/internal_message.html?_=1584588050097&CODE_STATE=getMsg HTTP/1.1" 200 27
114.88.159.93 - - [19/Mar/2020:11:22:31 +0800] "GET /xingrg/check_reg.html?_=1584588050097 HTTP/1.1" 200 22
116.228.172.94 - - [19/Mar/2020:11:22:35 +0800] "GET /xingrg/all/function/internal_message.html?_=1584588153599&CODE_STATE=getMsg HTTP/1.1" 200 27
180.157.252.250 - - [19/Mar/2020:11:22:37 +0800] "GET /xingrg/check_reg.html?_=1584588147099 HTTP/1.1" 302 -
124.77.241.94 - - [19/Mar/2020:11:22:39 +0800] "GET /xingrg/kc/buy/cgsh_order_add.html HTTP/1.1" 200 57648
124.77.241.94 - - [19/Mar/2020:11:22:40 +0800] "POST /xingrg/kc/buy/cgsh_order_operate.html HTTP/1.1" 200 8245
124.77.241.94 - - [19/Mar/2020:11:22:40 +0800] "GET /xingrg/javascript/easyui/themes/default/validatebox.css HTTP/1.1" 404 1104
117.184.7.30 - - [19/Mar/2020:11:22:43 +0800] "GET /xingrg/check_reg.html?_=1584588153143 HTTP/1.1" 200 22
117.184.7.26 - - [19/Mar/2020:11:22:43 +0800] "GET /xingrg/all/function/internal_message.html?_=1584588153144&CODE_STATE=getMsg HTTP/1.1" 200 27
124.77.241.94 - - [19/Mar/2020:11:22:44 +0800] "GET /xingrg/check_reg.html?_=1584588175252 HTTP/1.1" 200 22
116.233.78.241 - - [19/Mar/2020:11:22:44 +0800] "GET /xingrg/kc/buy/cgsh_order_operate.html?command=get_materiel&rest_code=00109&code=00101004030&supplier_code=00100312&order_time=2020-03-19 HTTP/1.1" 200 426
124.77.241.94 - - [19/Mar/2020:11:22:45 +0800] "GET /xingrg/all/function/internal_message.html?_=1584588176184&CODE_STATE=getMsg HTTP/1.1" 200 27
114.88.170.9 - - [19/Mar/2020:11:22:48 +0800] "GET /xingrg/check_reg.html?_=1584588165511 HTTP/1.1" 200 22
114.88.159.93 - - [19/Mar/2020:11:22:50 +0800] "GET /xingrg/kc/buy/cgsh_order_operate.html?command=get_materiel&rest_code=00141&code=00101011005&supplier_code=00100036&order_time=2020-03-19 HTTP/1.1" 200 429
180.156.150.85 - - [19/Mar/2020:11:22:52 +0800] "GET /xingrg/all/function/internal_message.html?_=1584588171745&CODE_STATE=getMsg HTTP/1.1" 200 27
114.88.159.93 - - [19/Mar/2020:11:22:53 +0800] "GET /xingrg/all/function/internal_message.html?_=1584587894789&CODE_STATE=getMsg HTTP/1.1" 200 27
