114.93.75.19 - - [19/Mar/2020:10:45:14 +0800] "GET /xingrg/all/report/report_query.html?isQuery=1&onlyBody=1&rh=99999&rw=1800&varString=start:20200101,cost_id:2517,mid:20200101&fileName=kc/base/crk_hz_type_by_base.xml&queryString=%20a.base_code%20in%20('0010400','0010401','0010403','0010405','0010406','0010407','0010410','0010413','0010414','0010416','0010417','0010418','0010420','0010421','0010422','0010423','0010424','0010426','0010437','0010438','0010439','0010440','0010441','0010442','0010443','0010444','0010642','0010643')%20%20and%20m.sort_code%20in%20('00101001','00101002','00101003','00101004','00101005','00101006','00101007','00101008','00101009','00101010','00101011','00101012','00101013','00101014','00101015','00101016','00101017','00101018','00101019','00101020','00101021','00101022','00101023','00101024','00101025','00101026','00101027','00101028','00101029','00101030','00101031','00101032','00101033','00101034','00101036','00101037','00101038','00101039')%20&queryText=ÈÕÆÚ£º2020-01-01ÖÁ2020-02-29%20²Ö¿â£ºº£ÏʳØ,ÔÁ²Ë,Àä²Ë,ÉÕ±,´ÌÉí,µãÐÄ,Ô±¹¤²Í,°Ę́,ÊÕÒø,ÓªÒµ²¿,´«²Ë²¿,ºóÇÚ²¿,¹¤³Ì²¿,²ÆÎñ²¿,×ܰì,ËÞÉá,ÍâÂô,¸£Àû,º£ÅÉ,Ôç²Í,ÍâÂôµµ¿Ú,ˮ̨,Â¥Ãæ,±£°²²¿,×°ÐÞ¿â,¿¾Ñ¼,¹ûÖ­¿â,²èË®¿â&tableQueryString=materiel_table$sp1$$sp$before_table$sp1$$sp$crk_table$sp1$order_day%20between%2020200101%20and%2020200229 HTTP/1.1" 200 50220
116.238.181.252 - - [19/Mar/2020:10:45:28 +0800] "GET /xingrg/all/function/internal_message.html?_=1584585929286&CODE_STATE=getMsg HTTP/1.1" 200 27
114.93.75.19 - - [19/Mar/2020:10:45:29 +0800] "POST /xingrg/all/report/load_report_page.html HTTP/1.1" 200 549017
114.93.75.19 - - [19/Mar/2020:10:45:29 +0800] "GET /xingrg/servlets/image?cache=0.7649935452858276&image=px HTTP/1.1" 200 807
114.93.75.19 - - [19/Mar/2020:10:45:29 +0800] "GET /xingrg/all/function/internal_message.html?_=1584585928115&CODE_STATE=getMsg HTTP/1.1" 200 27
101.81.124.227 - - [19/Mar/2020:10:45:32 +0800] "GET /xingrg/all/function/internal_message.html?_=1584585927036&CODE_STATE=getMsg HTTP/1.1" 200 27
114.88.170.9 - - [19/Mar/2020:10:45:33 +0800] "GET /xingrg/all/function/internal_message.html?_=1584586223720&CODE_STATE=getMsg HTTP/1.1" 200 27
116.228.172.94 - - [19/Mar/2020:10:45:35 +0800] "GET /xingrg/all/function/internal_message.html?_=1584585933596&CODE_STATE=getMsg HTTP/1.1" 200 27
114.88.159.93 - - [19/Mar/2020:10:45:41 +0800] "GET /xingrg/login.html?nsukey=zDojVVmzzLUjV%2F8MqYZZYu22DUtf2a9NFMWiAFeLv2HHUF8DUn3r4we0tuEeORKUmgsMSbqv986qbbpgqI0xBqyTaTadfx0wCGYOB13wl8RsPvH%2FGXHkAE7X1%2BGW%2BRQPj3bhy8ZFPeYlPXEAdS2biM1xq0vcYq41NfPDPXRcRslQRE320dldu5ORe8stuO3b4WwATm1ibUu9yCXayvjEqA%3D%3D HTTP/1.1" 200 7639
114.88.159.93 - - [19/Mar/2020:10:45:41 +0800] "GET /xingrg/images/blue/jxLogo.png HTTP/1.1" 200 6156
114.88.159.93 - - [19/Mar/2020:10:45:41 +0800] "GET /xingrg/images/blue/hj.png HTTP/1.1" 200 1014
114.88.159.93 - - [19/Mar/2020:10:45:41 +0800] "GET /xingrg/images/blue/login_bg.png HTTP/1.1" 200 22101
114.88.159.93 - - [19/Mar/2020:10:45:41 +0800] "GET /xingrg/images/blue/srbg.png HTTP/1.1" 200 138
117.185.32.26 - - [19/Mar/2020:10:45:44 +0800] "GET /xingrg/check_reg.html?_=1584585940864 HTTP/1.1" 200 22
124.77.241.94 - - [19/Mar/2020:10:45:44 +0800] "GET /xingrg/all/function/internal_message.html?_=1584585955358&CODE_STATE=getMsg HTTP/1.1" 200 27
180.156.150.85 - - [19/Mar/2020:10:45:52 +0800] "GET /xingrg/all/function/internal_message.html?_=1584585951691&CODE_STATE=getMsg HTTP/1.1" 200 27
114.88.159.93 - - [19/Mar/2020:10:45:53 +0800] "GET /xingrg/all/function/internal_message.html?_=1584585674821&CODE_STATE=getMsg HTTP/1.1" 200 27
114.93.75.19 - - [19/Mar/2020:10:45:55 +0800] "GET /xingrg/all/function/internal_message.html?_=1584585952123&CODE_STATE=getMsg HTTP/1.1" 200 27
114.93.75.19 - - [19/Mar/2020:10:45:57 +0800] "GET /xingrg/all/function/internal_message.html?_=1584585954156&CODE_STATE=getMsg HTTP/1.1" 200 27
58.40.7.146 - - [19/Mar/2020:10:46:05 +0800] "GET /xingrg/all/function/internal_message.html?_=1584585962541&CODE_STATE=getMsg HTTP/1.1" 200 27
114.88.159.93 - - [19/Mar/2020:10:46:06 +0800] "POST /xingrg/login.do HTTP/1.1" 302 -
114.88.159.93 - - [19/Mar/2020:10:46:06 +0800] "GET /xingrg/index.html?sysBaseUrl=http%3A%2F%2F117.131.15.22%3A18081%2Fxingrg%2F&costTime=35×tamp=1584585966012 HTTP/1.1" 200 17397
114.88.159.93 - - [19/Mar/2020:10:46:06 +0800] "GET /xingrg/javascript/jquery_easy_ui/themes/icon.css HTTP/1.1" 200 3949
114.88.159.93 - - [19/Mar/2020:10:46:06 +0800] "GET /xingrg/css/form.css HTTP/1.1" 200 893
114.88.159.93 - - [19/Mar/2020:10:46:06 +0800] "GET /xingrg/javascript/jquery-1.4.2.min.js HTTP/1.1" 200 72205
114.88.159.93 - - [19/Mar/2020:10:46:06 +0800] "GET /xingrg/javascript/jquery_easy_ui/jquery.easyui.min.js HTTP/1.1" 200 213662
114.88.159.93 - - [19/Mar/2020:10:46:06 +0800] "GET /xingrg/javascript/jquery_easy_ui/easyui-lang-zh_CN.js HTTP/1.1" 200 1900
114.88.159.93 - - [19/Mar/2020:10:46:06 +0800] "GET /xingrg/javascript/jquery_easy_ui/themes/default/easyui.css HTTP/1.1" 200 26500
114.88.159.93 - - [19/Mar/2020:10:46:06 +0800] "GET /xingrg/javascript/jquery.timers.js HTTP/1.1" 200 3532
114.88.159.93 - - [19/Mar/2020:10:46:06 +0800] "GET /xingrg/javascript/jquery.utils.js HTTP/1.1" 200 11805
114.88.159.93 - - [19/Mar/2020:10:46:06 +0800] "GET /xingrg/javascript/jquery.form.js HTTP/1.1" 200 23110
114.88.159.93 - - [19/Mar/2020:10:46:06 +0800] "GET /xingrg/javascript/jquery_easy_ui/themes/icons/settle_new.png HTTP/1.1" 200 826
114.88.159.93 - - [19/Mar/2020:10:46:06 +0800] "GET /xingrg/images/blue/navBackgound.jpg HTTP/1.1" 200 12378
114.88.159.93 - - [19/Mar/2020:10:46:06 +0800] "GET /xingrg/images/blue/pingpu.png HTTP/1.1" 200 231
114.88.159.93 - - [19/Mar/2020:10:46:06 +0800] "POST /xingrg/all/common/load_tree.html?tree=area_rest_tree_json&manage=1 HTTP/1.1" 200 3079
114.88.159.93 - - [19/Mar/2020:10:46:06 +0800] "GET /xingrg/javascript/jquery_easy_ui/themes/default/images/panel_tool_expand.gif HTTP/1.1" 200 247
114.88.159.93 - - [19/Mar/2020:10:46:06 +0800] "GET /xingrg/javascript/jquery_easy_ui/themes/default/images/panel_tool_collapse.gif HTTP/1.1" 200 246
114.88.159.93 - - [19/Mar/2020:10:46:06 +0800] "GET /xingrg/javascript/jquery_easy_ui/themes/default/images/tabs_rightarrow.png HTTP/1.1" 200 395
114.88.159.93 - - [19/Mar/2020:10:46:06 +0800] "GET /xingrg/javascript/jquery_easy_ui/themes/default/images/tabs_leftarrow.png HTTP/1.1" 200 389
114.88.159.93 - - [19/Mar/2020:10:46:06 +0800] "GET /xingrg/all/function/internal_message.html?_=1584585864428&CODE_STATE=count HTTP/1.1" 200 11
114.88.159.93 - - [19/Mar/2020:10:46:06 +0800] "GET /xingrg/check_reg.html?_=1584585864429 HTTP/1.1" 200 22
114.88.159.93 - - [19/Mar/2020:10:46:06 +0800] "POST /xingrg/load_menu.html HTTP/1.1" 200 9945
114.88.159.93 - - [19/Mar/2020:10:46:06 +0800] "GET /xingrg/javascript/jquery_easy_ui/themes/default/images/tree_arrows.gif HTTP/1.1" 200 1043
114.88.159.93 - - [19/Mar/2020:10:46:06 +0800] "GET /xingrg/javascript/jquery_easy_ui/themes/default/images/tree_folder_open.gif HTTP/1.1" 200 956
114.88.159.93 - - [19/Mar/2020:10:46:06 +0800] "GET /xingrg/javascript/jquery_easy_ui/themes/default/images/tree_folder.gif HTTP/1.1" 200 952
114.88.159.93 - - [19/Mar/2020:10:46:06 +0800] "GET /xingrg/javascript/jquery_easy_ui/themes/icons/search_new.png HTTP/1.1" 200 586
114.88.159.93 - - [19/Mar/2020:10:46:06 +0800] "GET /xingrg/javascript/jquery_easy_ui/themes/icons/storage_new.png HTTP/1.1" 200 853
114.88.159.93 - - [19/Mar/2020:10:46:06 +0800] "GET /xingrg/javascript/jquery_easy_ui/themes/icons/checkout_new.png HTTP/1.1" 200 744
114.88.159.93 - - [19/Mar/2020:10:46:06 +0800] "GET /xingrg/javascript/jquery_easy_ui/themes/icons/forms_new.png HTTP/1.1" 200 350
114.88.159.93 - - [19/Mar/2020:10:46:06 +0800] "GET /xingrg/javascript/jquery_easy_ui/themes/icons/setting_new.png HTTP/1.1" 200 450
114.88.159.93 - - [19/Mar/2020:10:46:06 +0800] "GET /xingrg/javascript/jquery_easy_ui/themes/icons/systemset_new.png HTTP/1.1" 200 606
180.157.252.250 - - [19/Mar/2020:10:46:11 +0800] "GET /xingrg/all/function/internal_message.html?_=1584585960847&CODE_STATE=getMsg HTTP/1.1" 200 27
116.238.181.252 - - [19/Mar/2020:10:46:28 +0800] "GET /xingrg/all/function/internal_message.html?_=1584585989286&CODE_STATE=getMsg HTTP/1.1" 200 27
114.93.75.19 - - [19/Mar/2020:10:46:29 +0800] "GET /xingrg/all/function/internal_message.html?_=1584585988115&CODE_STATE=getMsg HTTP/1.1" 200 27
101.81.124.227 - - [19/Mar/2020:10:46:32 +0800] "GET /xingrg/check_reg.html?_=1584585987010 HTTP/1.1" 200 22
101.81.124.227 - - [19/Mar/2020:10:46:32 +0800] "GET /xingrg/all/function/internal_message.html?_=1584585987013&CODE_STATE=getMsg HTTP/1.1" 200 27
114.88.170.9 - - [19/Mar/2020:10:46:33 +0800] "GET /xingrg/all/function/internal_message.html?_=1584586283699&CODE_STATE=getMsg HTTP/1.1" 200 27
116.228.172.94 - - [19/Mar/2020:10:46:35 +0800] "GET /xingrg/all/function/internal_message.html?_=1584585993597&CODE_STATE=getMsg HTTP/1.1" 200 27
124.77.241.94 - - [19/Mar/2020:10:46:44 +0800] "GET /xingrg/all/function/internal_message.html?_=1584586015366&CODE_STATE=getMsg HTTP/1.1" 200 27
180.156.150.85 - - [19/Mar/2020:10:46:52 +0800] "GET /xingrg/all/function/internal_message.html?_=1584586011695&CODE_STATE=getMsg HTTP/1.1" 200 27
114.88.159.93 - - [19/Mar/2020:10:46:53 +0800] "GET /xingrg/all/function/internal_message.html?_=1584585734810&CODE_STATE=getMsg HTTP/1.1" 200 27
114.93.75.19 - - [19/Mar/2020:10:46:55 +0800] "GET /xingrg/all/function/internal_message.html?_=1584586012122&CODE_STATE=getMsg HTTP/1.1" 200 27
114.93.75.19 - - [19/Mar/2020:10:46:57 +0800] "GET /xingrg/all/function/internal_message.html?_=1584586014160&CODE_STATE=getMsg HTTP/1.1" 200 27
58.40.7.146 - - [19/Mar/2020:10:47:05 +0800] "GET /xingrg/all/function/internal_message.html?_=1584586022544&CODE_STATE=getMsg HTTP/1.1" 200 27
114.88.159.93 - - [19/Mar/2020:10:47:06 +0800] "GET /xingrg/all/function/internal_message.html?_=1584585924678&CODE_STATE=getMsg HTTP/1.1" 200 27
180.157.252.250 - - [19/Mar/2020:10:47:11 +0800] "GET /xingrg/all/function/internal_message.html?_=1584586020848&CODE_STATE=getMsg HTTP/1.1" 200 27
101.81.124.227 - - [19/Mar/2020:10:47:13 +0800] "GET /xingrg/javascript/jquery_easy_ui/themes/default/images/button_a_bg.gif HTTP/1.1" 200 1194
101.81.124.227 - - [19/Mar/2020:10:47:13 +0800] "GET /xingrg/javascript/jquery_easy_ui/themes/default/images/panel_title.png HTTP/1.1" 200 266
101.81.124.227 - - [19/Mar/2020:10:47:13 +0800] "GET /xingrg/javascript/jquery_easy_ui/themes/default/images/button_span_bg.gif HTTP/1.1" 200 2061
101.81.124.227 - - [19/Mar/2020:10:47:13 +0800] "GET /xingrg/javascript/jquery_easy_ui/themes/default/images/panel_tools.gif HTTP/1.1" 200 737
101.81.124.227 - - [19/Mar/2020:10:47:13 +0800] "GET /xingrg/javascript/jquery_easy_ui/themes/icons/ok.png HTTP/1.1" 200 883
114.88.159.93 - - [19/Mar/2020:10:47:14 +0800] "GET /xingrg/login.html?nsukey=wln%2FUtx06QHRZRP3MjHb2hgQyfBPOZmW3aDVzMEVCOPssS9I07tFwTGI2OrbMdDTw3pefCZ%2Bz6HpzcNTGgL23%2FsuR%2ByaRwvp3Wen17ajp%2FkSBhXFlZS%2FGoenoefk8w1f42%2FxhvnU5FTWVdL%2BzeDIg3pH2wVu%2FZkctiJO10xU%2B%2FK1oTrNoZQpC6%2B3VxtfalrAC0hmrb52cmRR4IxoStfshw%3D%3D HTTP/1.1" 200 7639
58.221.95.50 - - [19/Mar/2020:10:47:15 +0800] "GET /xingrg/check_reg.html?_=1584586380665 HTTP/1.1" 200 22
101.81.124.227 - - [19/Mar/2020:10:47:15 +0800] "POST /xingrg/all/user/operate.html HTTP/1.1" 200 36
101.81.124.227 - - [19/Mar/2020:10:47:15 +0800] "GET /xingrg/index.html?sysBaseUrl=http%3A%2F%2F117.131.15.22%3A18081%2Fxingrg%2F&costTime=33×tamp=1579924058753 HTTP/1.1" 200 17155
101.81.124.227 - - [19/Mar/2020:10:47:15 +0800] "GET /xingrg/javascript/jquery_easy_ui/themes/default/easyui.css HTTP/1.1" 304 -
101.81.124.227 - - [19/Mar/2020:10:47:15 +0800] "GET /xingrg/javascript/jquery_easy_ui/themes/icon.css HTTP/1.1" 304 -
101.81.124.227 - - [19/Mar/2020:10:47:15 +0800] "GET /xingrg/css/form.css HTTP/1.1" 304 -
101.81.124.227 - - [19/Mar/2020:10:47:15 +0800] "GET /xingrg/javascript/jquery-1.4.2.min.js HTTP/1.1" 304 -
101.81.124.227 - - [19/Mar/2020:10:47:15 +0800] "GET /xingrg/javascript/jquery_easy_ui/jquery.easyui.min.js HTTP/1.1" 304 -
101.81.124.227 - - [19/Mar/2020:10:47:16 +0800] "GET /xingrg/javascript/jquery_easy_ui/easyui-lang-zh_CN.js HTTP/1.1" 304 -
101.81.124.227 - - [19/Mar/2020:10:47:16 +0800] "GET /xingrg/javascript/jquery.form.js HTTP/1.1" 304 -
101.81.124.227 - - [19/Mar/2020:10:47:16 +0800] "GET /xingrg/javascript/jquery.utils.js HTTP/1.1" 304 -
101.81.124.227 - - [19/Mar/2020:10:47:16 +0800] "GET /xingrg/javascript/jquery.timers.js HTTP/1.1" 304 -
101.81.124.227 - - [19/Mar/2020:10:47:16 +0800] "GET /xingrg/images/blue/jxLogo.png HTTP/1.1" 304 -
101.81.124.227 - - [19/Mar/2020:10:47:16 +0800] "GET /xingrg/images/blue/navBackgound.jpg HTTP/1.1" 304 -
101.81.124.227 - - [19/Mar/2020:10:47:16 +0800] "GET /xingrg/javascript/jquery_easy_ui/themes/icons/settle_new.png HTTP/1.1" 304 -
101.81.124.227 - - [19/Mar/2020:10:47:16 +0800] "GET /xingrg/all/function/internal_message.html?_=1584586030765&CODE_STATE=count HTTP/1.1" 200 11
101.81.124.227 - - [19/Mar/2020:10:47:16 +0800] "POST /xingrg/all/common/load_tree.html?tree=area_rest_tree_json&manage=1 HTTP/1.1" 200 467
101.81.124.227 - - [19/Mar/2020:10:47:16 +0800] "GET /xingrg/check_reg.html?_=1584586030767 HTTP/1.1" 200 22
101.81.124.227 - - [19/Mar/2020:10:47:16 +0800] "GET /xingrg/javascript/jquery_easy_ui/themes/default/images/tabs_leftarrow.png HTTP/1.1" 304 -
101.81.124.227 - - [19/Mar/2020:10:47:16 +0800] "POST /xingrg/load_menu.html HTTP/1.1" 200 5124
101.81.124.227 - - [19/Mar/2020:10:47:16 +0800] "GET /xingrg/javascript/jquery_easy_ui/themes/default/images/tabs_rightarrow.png HTTP/1.1" 304 -
101.81.124.227 - - [19/Mar/2020:10:47:16 +0800] "GET /xingrg/javascript/jquery_easy_ui/themes/default/images/panel_tool_collapse.gif HTTP/1.1" 304 -
101.81.124.227 - - [19/Mar/2020:10:47:16 +0800] "GET /xingrg/images/blue/pingpu.png HTTP/1.1" 304 -
101.81.124.227 - - [19/Mar/2020:10:47:16 +0800] "GET /xingrg/javascript/jquery_easy_ui/themes/default/images/tree_arrows.gif HTTP/1.1" 304 -
101.81.124.227 - - [19/Mar/2020:10:47:16 +0800] "GET /xingrg/javascript/jquery_easy_ui/themes/default/images/tree_folder_open.gif HTTP/1.1" 304 -
101.81.124.227 - - [19/Mar/2020:10:47:16 +0800] "GET /xingrg/javascript/jquery_easy_ui/themes/icons/search_new.png HTTP/1.1" 304 -
101.81.124.227 - - [19/Mar/2020:10:47:16 +0800] "GET /xingrg/javascript/jquery_easy_ui/themes/icons/storage_new.png HTTP/1.1" 304 -
101.81.124.227 - - [19/Mar/2020:10:47:16 +0800] "GET /xingrg/javascript/jquery_easy_ui/themes/icons/forms_new.png HTTP/1.1" 304 -
101.81.124.227 - - [19/Mar/2020:10:47:16 +0800] "GET /xingrg/javascript/jquery_easy_ui/themes/default/images/tree_file.gif HTTP/1.1" 304 -
101.81.124.227 - - [19/Mar/2020:10:47:16 +0800] "GET /xingrg/javascript/jquery_easy_ui/themes/default/images/tree_folder.gif HTTP/1.1" 304 -
101.81.124.227 - - [19/Mar/2020:10:47:18 +0800] "GET /xingrg/kc/buy/buy_main.html HTTP/1.1" 200 12398
101.81.124.227 - - [19/Mar/2020:10:47:18 +0800] "GET /xingrg/css/new_ie.css HTTP/1.1" 404 1036
101.81.124.227 - - [19/Mar/2020:10:47:19 +0800] "GET /xingrg/kc/base/base_main.html HTTP/1.1" 200 12138
114.88.159.93 - - [19/Mar/2020:10:47:20 +0800] "GET /xingrg/login.html?nsukey=%2BtKODstd6%2B4Vxq98eT0sCsSXty9hci0qDdA%2FG1nUIzkRp4kGdsSZ9RYgcuhOCJbn8RZ%2FzCpX3768bHRMzF88%2BDvVIJU%2FxRbGTt7jjTEKS8ePnhPzHJw92U1mEnFsZbGc6a4UezxLuxozE6lja4fmx%2B60U8bfHdHB0olTOHy9gLA%3D HTTP/1.1" 200 7639
101.81.124.227 - - [19/Mar/2020:10:47:20 +0800] "GET /xingrg/kc/base/wldb_order_list.html HTTP/1.1" 200 19248
101.81.124.227 - - [19/Mar/2020:10:47:21 +0800] "POST /xingrg/kc/base/wldb_list_operate.html HTTP/1.1" 200 928
101.81.124.227 - - [19/Mar/2020:10:47:22 +0800] "GET /xingrg/kc/base/wldb_order_add.html HTTP/1.1" 200 30290
101.81.124.227 - - [19/Mar/2020:10:47:23 +0800] "GET /xingrg/all/common/auto_word.html?type=base&rest_code=00153 HTTP/1.1" 200 551
101.81.124.227 - - [19/Mar/2020:10:47:23 +0800] "GET /xingrg/all/common/auto_word.html?type=base&rest_code=00153 HTTP/1.1" 200 551
101.81.124.227 - - [19/Mar/2020:10:47:23 +0800] "POST /xingrg/kc/base/wldb_order_operate.html HTTP/1.1" 200 6806
101.81.124.227 - - [19/Mar/2020:10:47:23 +0800] "GET /xingrg/javascript/easyui/themes/default/validatebox.css HTTP/1.1" 404 1104
101.81.124.227 - - [19/Mar/2020:10:47:25 +0800] "POST /xingrg/all/common/load_combo.html?type=base HTTP/1.1" 200 978
114.88.159.93 - - [19/Mar/2020:10:47:25 +0800] "POST /xingrg/login.do HTTP/1.1" 302 -
114.88.159.93 - - [19/Mar/2020:10:47:25 +0800] "GET /xingrg/index.html?sysBaseUrl=http%3A%2F%2F117.131.15.22%3A18081%2Fxingrg%2F&costTime=35×tamp=1584586045583 HTTP/1.1" 200 17397
114.88.159.93 - - [19/Mar/2020:10:47:25 +0800] "POST /xingrg/all/common/load_tree.html?tree=area_rest_tree_json&manage=1 HTTP/1.1" 200 3079
114.88.159.93 - - [19/Mar/2020:10:47:25 +0800] "GET /xingrg/all/function/internal_message.html?_=1584585944015&CODE_STATE=count HTTP/1.1" 200 11
114.88.159.93 - - [19/Mar/2020:10:47:25 +0800] "GET /xingrg/check_reg.html?_=1584585944016 HTTP/1.1" 200 22
114.88.159.93 - - [19/Mar/2020:10:47:25 +0800] "POST /xingrg/load_menu.html HTTP/1.1" 200 9945
101.81.124.227 - - [19/Mar/2020:10:47:27 +0800] "POST /xingrg/all/common/load_combo.html?type=base HTTP/1.1" 200 978
116.238.181.252 - - [19/Mar/2020:10:47:28 +0800] "GET /xingrg/all/function/internal_message.html?_=1584586049286&CODE_STATE=getMsg HTTP/1.1" 200 27
116.238.181.252 - - [19/Mar/2020:10:47:28 +0800] "GET /xingrg/check_reg.html?_=1584586049286 HTTP/1.1" 200 22
114.88.159.93 - - [19/Mar/2020:10:47:29 +0800] "POST /xingrg/load_menu.html HTTP/1.1" 200 10062
114.88.159.93 - - [19/Mar/2020:10:47:29 +0800] "GET /xingrg/javascript/jquery_easy_ui/themes/default/images/tree_file.gif HTTP/1.1" 200 118
114.93.75.19 - - [19/Mar/2020:10:47:29 +0800] "GET /xingrg/all/function/internal_message.html?_=1584586048104&CODE_STATE=getMsg HTTP/1.1" 200 27
114.88.170.9 - - [19/Mar/2020:10:47:33 +0800] "GET /xingrg/all/function/internal_message.html?_=1584586343674&CODE_STATE=getMsg HTTP/1.1" 200 27
114.88.159.93 - - [19/Mar/2020:10:47:33 +0800] "GET /xingrg/javascript/jquery_easy_ui/themes/default/images/tabs_close.gif HTTP/1.1" 200 829
114.88.159.93 - - [19/Mar/2020:10:47:33 +0800] "GET /xingrg/css/table.css HTTP/1.1" 200 3684
114.88.159.93 - - [19/Mar/2020:10:47:33 +0800] "GET /xingrg/dwr/interface/AjaxGetFirstChart.js HTTP/1.1" 200 631
114.88.159.93 - - [19/Mar/2020:10:47:33 +0800] "GET /xingrg/javascript/jquery.shich.js HTTP/1.1" 200 4857
114.88.159.93 - - [19/Mar/2020:10:47:33 +0800] "GET /xingrg/javascript/convert.js HTTP/1.1" 200 1239
114.88.159.93 - - [19/Mar/2020:10:47:33 +0800] "GET /xingrg/dwr/util.js HTTP/1.1" 200 35990
114.88.159.93 - - [19/Mar/2020:10:47:33 +0800] "GET /xingrg/dwr/engine.js HTTP/1.1" 200 43631
114.88.159.93 - - [19/Mar/2020:10:47:33 +0800] "GET /xingrg/javascript/Calendar.js HTTP/1.1" 200 31561
114.88.159.93 - - [19/Mar/2020:10:47:33 +0800] "GET /xingrg/system/rest/list_page.html?p=menu HTTP/1.1" 200 110805
114.88.159.93 - - [19/Mar/2020:10:47:34 +0800] "GET /xingrg/javascript/jquery_easy_ui/themes/icons/search.png HTTP/1.1" 200 813
114.88.159.93 - - [19/Mar/2020:10:47:34 +0800] "GET /xingrg/javascript/jquery_easy_ui/themes/icons/edit_add.png HTTP/1.1" 200 1088
114.88.159.93 - - [19/Mar/2020:10:47:34 +0800] "GET /xingrg/javascript/jquery_easy_ui/themes/icons/pencil.png HTTP/1.1" 200 713
114.88.159.93 - - [19/Mar/2020:10:47:34 +0800] "GET /xingrg/javascript/jquery_easy_ui/themes/icons/edit_remove.png HTTP/1.1" 200 625
114.88.159.93 - - [19/Mar/2020:10:47:34 +0800] "GET /xingrg/javascript/jquery_easy_ui/themes/icons/check_new.png HTTP/1.1" 200 3224
114.88.159.93 - - [19/Mar/2020:10:47:34 +0800] "GET /xingrg/javascript/jquery_easy_ui/themes/icons/uncheck_new.png HTTP/1.1" 200 3197
114.88.159.93 - - [19/Mar/2020:10:47:34 +0800] "GET /xingrg/javascript/jquery_easy_ui/themes/default/images/datagrid_header_bg.gif HTTP/1.1" 200 97
114.88.159.93 - - [19/Mar/2020:10:47:34 +0800] "GET /xingrg/javascript/jquery_easy_ui/themes/default/images/pagination_prev.gif HTTP/1.1" 200 879
114.88.159.93 - - [19/Mar/2020:10:47:34 +0800] "GET /xingrg/javascript/jquery_easy_ui/themes/default/images/pagination_first.gif HTTP/1.1" 200 925
114.88.159.93 - - [19/Mar/2020:10:47:34 +0800] "GET /xingrg/javascript/jquery_easy_ui/themes/default/images/pagination_next.gif HTTP/1.1" 200 875
114.88.159.93 - - [19/Mar/2020:10:47:34 +0800] "GET /xingrg/javascript/jquery_easy_ui/themes/default/images/pagination_last.gif HTTP/1.1" 200 923
114.88.159.93 - - [19/Mar/2020:10:47:34 +0800] "GET /xingrg/javascript/jquery_easy_ui/themes/default/images/pagination_load.png HTTP/1.1" 200 827
114.88.159.93 - - [19/Mar/2020:10:47:34 +0800] "GET /xingrg/javascript/jquery_easy_ui/themes/default/images/pagination_loading.gif HTTP/1.1" 200 1737
114.88.159.93 - - [19/Mar/2020:10:47:34 +0800] "GET /xingrg/images/control/ajaxLoader.gif HTTP/1.1" 200 4659
114.88.159.93 - - [19/Mar/2020:10:47:34 +0800] "GET /xingrg/system/rest/query_items.html?_=1584585952528&table=menu&page=1&rows=20&categoryId=&key= HTTP/1.1" 200 4723
114.88.170.9 - - [19/Mar/2020:10:47:34 +0800] "GET /xingrg/check_reg.html?_=1584586345383 HTTP/1.1" 200 22
116.228.172.94 - - [19/Mar/2020:10:47:35 +0800] "GET /xingrg/all/function/internal_message.html?_=1584586053597&CODE_STATE=getMsg HTTP/1.1" 200 27
180.157.252.250 - - [19/Mar/2020:10:47:37 +0800] "GET /xingrg/check_reg.html?_=1584586047174 HTTP/1.1" 302 -
114.88.159.93 - - [19/Mar/2020:10:47:40 +0800] "GET /xingrg/system/rest/query_items.html?_=1584585958970&table=menu&page=1&rows=20&categoryId=&key=%25E8%2580%2581%25E8%2599%258E%25E6%2596%2591 HTTP/1.1" 200 3693
114.88.159.93 - - [19/Mar/2020:10:47:43 +0800] "GET /xingrg/system/rest/query_items.html?_=1584585961181&table=menu&page=1&rows=20&categoryId=&key=%25E8%2580%2581%25E8%2599%258E%25E6%2596%2591 HTTP/1.1" 200 3693
114.88.159.93 - - [19/Mar/2020:10:47:43 +0800] "GET /xingrg/javascript/jquery_easy_ui/themes/default/images/button_span_bg.gif HTTP/1.1" 200 2061
114.88.159.93 - - [19/Mar/2020:10:47:43 +0800] "GET /xingrg/javascript/jquery_easy_ui/themes/default/images/button_a_bg.gif HTTP/1.1" 200 1194
114.88.159.93 - - [19/Mar/2020:10:47:43 +0800] "GET /xingrg/javascript/jquery_easy_ui/themes/icons/ok.png HTTP/1.1" 200 883
114.88.159.93 - - [19/Mar/2020:10:47:43 +0800] "GET /xingrg/javascript/jquery_easy_ui/themes/default/images/panel_tools.gif HTTP/1.1" 200 737
114.88.159.93 - - [19/Mar/2020:10:47:43 +0800] "GET /xingrg/javascript/jquery_easy_ui/themes/default/images/panel_title.png HTTP/1.1" 200 266
114.88.159.93 - - [19/Mar/2020:10:47:43 +0800] "GET /xingrg/system/rest/get_item.html?table=menu&id=1909&_=1584585961718 HTTP/1.1" 200 941
114.88.159.93 - - [19/Mar/2020:10:47:43 +0800] "GET /xingrg/system/rest/get_item.html?table=menu&target=menu_rest&id=1909&_=1584585961720 HTTP/1.1" 200 950
114.88.159.93 - - [19/Mar/2020:10:47:43 +0800] "GET /xingrg/system/rest/get_item.html?table=menu&target=cook_mode&id=1909&_=1584585961720 HTTP/1.1" 200 11038
114.88.159.93 - - [19/Mar/2020:10:47:43 +0800] "GET /xingrg/javascript/jquery_easy_ui/themes/default/images/validatebox_warning.png HTTP/1.1" 200 921
114.88.159.93 - - [19/Mar/2020:10:47:43 +0800] "GET /xingrg/javascript/jquery_easy_ui/themes/default/images/validatebox_pointer.gif HTTP/1.1" 200 82
114.88.159.93 - - [19/Mar/2020:10:47:43 +0800] "GET /xingrg/system/rest/get_infos.html?command=menu_img_show&id=1909 HTTP/1.1" 200 5
124.77.241.94 - - [19/Mar/2020:10:47:44 +0800] "GET /xingrg/check_reg.html?_=1584586075135 HTTP/1.1" 200 22
124.77.241.94 - - [19/Mar/2020:10:47:44 +0800] "GET /xingrg/all/function/internal_message.html?_=1584586075381&CODE_STATE=getMsg HTTP/1.1" 200 27
114.88.159.93 - - [19/Mar/2020:10:47:47 +0800] "GET /xingrg/system/rest/get_item.html?table=menu&target=menu_rest_detail&id=1909&sid=11&_=1584585965668 HTTP/1.1" 200 428
114.88.170.9 - - [19/Mar/2020:10:47:48 +0800] "GET /xingrg/check_reg.html?_=1584586065462 HTTP/1.1" 200 22
180.156.150.85 - - [19/Mar/2020:10:47:52 +0800] "GET /xingrg/all/function/internal_message.html?_=1584586071690&CODE_STATE=getMsg HTTP/1.1" 200 27
114.88.159.93 - - [19/Mar/2020:10:47:53 +0800] "GET /xingrg/all/function/internal_message.html?_=1584585794811&CODE_STATE=getMsg HTTP/1.1" 200 27
114.88.159.93 - - [19/Mar/2020:10:47:53 +0800] "GET /xingrg/check_reg.html?_=1584585794813 HTTP/1.1" 200 22
114.88.159.93 - - [19/Mar/2020:10:47:54 +0800] "POST /xingrg/system/rest/edit_item.html HTTP/1.1" 200 4
114.88.159.93 - - [19/Mar/2020:10:47:54 +0800] "GET /xingrg/system/rest/get_item.html?table=menu&target=menu_rest&id=1909&_=1584585973079 HTTP/1.1" 200 950
114.93.75.19 - - [19/Mar/2020:10:47:55 +0800] "GET /xingrg/all/function/internal_message.html?_=1584586072123&CODE_STATE=getMsg HTTP/1.1" 200 27
114.93.75.19 - - [19/Mar/2020:10:47:57 +0800] "GET /xingrg/check_reg.html?_=1584586074164 HTTP/1.1" 200 22
114.93.75.19 - - [19/Mar/2020:10:47:57 +0800] "GET /xingrg/all/function/internal_message.html?_=1584586074169&CODE_STATE=getMsg HTTP/1.1" 200 27
101.81.124.227 - - [19/Mar/2020:10:47:58 +0800] "GET /xingrg/javascript/auto/indicator.gif HTTP/1.1" 404 1066
114.88.159.93 - - [19/Mar/2020:10:47:59 +0800] "GET /xingrg/system/rest/get_item.html?table=menu&id=1909&_=1584585977483 HTTP/1.1" 200 941
114.88.159.93 - - [19/Mar/2020:10:47:59 +0800] "GET /xingrg/system/rest/get_item.html?table=menu&target=menu_rest&id=1909&_=1584585977485 HTTP/1.1" 200 950
114.88.159.93 - - [19/Mar/2020:10:47:59 +0800] "GET /xingrg/system/rest/get_item.html?table=menu&target=cook_mode&id=1909&_=1584585977484 HTTP/1.1" 200 11038
114.88.159.93 - - [19/Mar/2020:10:47:59 +0800] "GET /xingrg/system/rest/get_infos.html?command=menu_img_show&id=1909 HTTP/1.1" 200 5
101.81.124.227 - - [19/Mar/2020:10:47:59 +0800] "GET /xingrg/kc/base/wldb_order_operate.html?command=get_materiel&rest_code=00153&base_code=0010656&code=00102001137 HTTP/1.1" 200 431
58.40.7.146 - - [19/Mar/2020:10:48:05 +0800] "GET /xingrg/all/function/internal_message.html?_=1584586082551&CODE_STATE=getMsg HTTP/1.1" 200 27
114.88.159.93 - - [19/Mar/2020:10:48:10 +0800] "GET /xingrg/system/rest/query_items.html?_=1584585988577&table=menu&page=1&rows=20&categoryId=&key=%25E5%25A5%25A5%25E9%25BE%2599 HTTP/1.1" 200 1262
180.157.252.250 - - [19/Mar/2020:10:48:11 +0800] "GET /xingrg/all/function/internal_message.html?_=1584586080847&CODE_STATE=getMsg HTTP/1.1" 200 27
114.88.159.93 - - [19/Mar/2020:10:48:11 +0800] "GET /xingrg/system/rest/query_items.html?_=1584585989975&table=menu&page=1&rows=20&categoryId=&key=%25E5%25A5%25A5%25E9%25BE%2599 HTTP/1.1" 200 1262
114.88.159.93 - - [19/Mar/2020:10:48:12 +0800] "GET /xingrg/system/rest/get_item.html?table=menu&id=6799&_=1584585990282 HTTP/1.1" 200 965
114.88.159.93 - - [19/Mar/2020:10:48:12 +0800] "GET /xingrg/system/rest/get_item.html?table=menu&target=cook_mode&id=6799&_=1584585990283 HTTP/1.1" 200 53
114.88.159.93 - - [19/Mar/2020:10:48:12 +0800] "GET /xingrg/system/rest/get_item.html?table=menu&target=menu_rest&id=6799&_=1584585990283 HTTP/1.1" 200 53
114.88.159.93 - - [19/Mar/2020:10:48:12 +0800] "GET /xingrg/system/rest/get_infos.html?command=menu_img_show&id=6799 HTTP/1.1" 200 5
101.81.124.227 - - [19/Mar/2020:10:48:16 +0800] "GET /xingrg/all/function/internal_message.html?_=1584586090795&CODE_STATE=getMsg HTTP/1.1" 200 27
114.88.159.93 - - [19/Mar/2020:10:48:18 +0800] "GET /xingrg/system/rest/get_item.html?table=menu&id=1981&_=1584585996371 HTTP/1.1" 200 965
114.88.159.93 - - [19/Mar/2020:10:48:18 +0800] "GET /xingrg/system/rest/get_item.html?table=menu&target=menu_rest&id=1981&_=1584585996372 HTTP/1.1" 200 871
114.88.159.93 - - [19/Mar/2020:10:48:18 +0800] "GET /xingrg/system/rest/get_item.html?table=menu&target=cook_mode&id=1981&_=1584585996372 HTTP/1.1" 200 23096
114.88.159.93 - - [19/Mar/2020:10:48:18 +0800] "GET /xingrg/system/rest/get_infos.html?command=menu_img_show&id=1981 HTTP/1.1" 200 5
114.88.159.93 - - [19/Mar/2020:10:48:20 +0800] "GET /xingrg/system/rest/get_item.html?table=menu&target=menu_rest_detail&id=1981&sid=11&_=1584585999076 HTTP/1.1" 200 428
114.88.159.93 - - [19/Mar/2020:10:48:26 +0800] "GET /xingrg/all/function/internal_message.html?_=1584586004902&CODE_STATE=getMsg HTTP/1.1" 200 27
114.88.159.93 - - [19/Mar/2020:10:48:27 +0800] "POST /xingrg/system/rest/edit_item.html HTTP/1.1" 200 4
114.88.159.93 - - [19/Mar/2020:10:48:27 +0800] "GET /xingrg/system/rest/get_item.html?table=menu&target=menu_rest&id=1981&_=1584586005638 HTTP/1.1" 200 871
116.238.181.252 - - [19/Mar/2020:10:48:28 +0800] "GET /xingrg/all/function/internal_message.html?_=1584586109293&CODE_STATE=getMsg HTTP/1.1" 200 27
114.93.75.19 - - [19/Mar/2020:10:48:29 +0800] "GET /xingrg/all/function/internal_message.html?_=1584586108112&CODE_STATE=getMsg HTTP/1.1" 200 27
114.93.75.19 - - [19/Mar/2020:10:48:29 +0800] "GET /xingrg/check_reg.html?_=1584586108113 HTTP/1.1" 200 22
114.88.170.9 - - [19/Mar/2020:10:48:33 +0800] "GET /xingrg/all/function/internal_message.html?_=1584586403645&CODE_STATE=getMsg HTTP/1.1" 200 27
116.228.172.94 - - [19/Mar/2020:10:48:35 +0800] "GET /xingrg/check_reg.html?_=1584586113597 HTTP/1.1" 200 22
116.228.172.94 - - [19/Mar/2020:10:48:35 +0800] "GET /xingrg/all/function/internal_message.html?_=1584586113598&CODE_STATE=getMsg HTTP/1.1" 200 27
114.88.159.93 - - [19/Mar/2020:10:48:38 +0800] "GET /xingrg/system/rest/query_items.html?_=1584586016513&table=menu&page=1&rows=20&categoryId=&key=%25E4%25B8%259C%25E6%2598%259F HTTP/1.1" 200 3750
114.88.159.93 - - [19/Mar/2020:10:48:42 +0800] "GET /xingrg/system/rest/query_items.html?_=1584586020427&table=menu&page=1&rows=20&categoryId=&key=%25E4%25B8%259C%25E6%2598%259F HTTP/1.1" 200 3750
114.88.159.93 - - [19/Mar/2020:10:48:42 +0800] "GET /xingrg/system/rest/get_item.html?table=menu&id=1903&_=1584586020666 HTTP/1.1" 200 997
114.88.159.93 - - [19/Mar/2020:10:48:42 +0800] "GET /xingrg/system/rest/get_item.html?table=menu&target=menu_rest&id=1903&_=1584586020670 HTTP/1.1" 200 1168
114.88.159.93 - - [19/Mar/2020:10:48:42 +0800] "GET /xingrg/system/rest/get_item.html?table=menu&target=cook_mode&id=1903&_=1584586020669 HTTP/1.1" 200 12632
114.88.159.93 - - [19/Mar/2020:10:48:42 +0800] "GET /xingrg/system/rest/get_infos.html?command=menu_img_show&id=1903 HTTP/1.1" 200 5
124.77.241.94 - - [19/Mar/2020:10:48:44 +0800] "GET /xingrg/all/function/internal_message.html?_=1584586135395&CODE_STATE=getMsg HTTP/1.1" 200 27
180.156.150.85 - - [19/Mar/2020:10:48:52 +0800] "GET /xingrg/all/function/internal_message.html?_=1584586131697&CODE_STATE=getMsg HTTP/1.1" 200 27
114.88.159.93 - - [19/Mar/2020:10:48:53 +0800] "GET /xingrg/all/function/internal_message.html?_=1584585854813&CODE_STATE=getMsg HTTP/1.1" 200 27
114.93.75.19 - - [19/Mar/2020:10:48:55 +0800] "GET /xingrg/all/function/internal_message.html?_=1584586132125&CODE_STATE=getMsg HTTP/1.1" 200 27
114.88.159.93 - - [19/Mar/2020:10:48:57 +0800] "GET /xingrg/system/rest/query_items.html?_=1584586035279&table=menu&page=1&rows=20&categoryId=&key=%25E6%2596%2591%25E8%258A%2582%25E8%2599%25BE HTTP/1.1" 200 1897
114.93.75.19 - - [19/Mar/2020:10:48:57 +0800] "GET /xingrg/all/function/internal_message.html?_=1584586134156&CODE_STATE=getMsg HTTP/1.1" 200 27
114.88.159.93 - - [19/Mar/2020:10:48:59 +0800] "GET /xingrg/system/rest/query_items.html?_=1584586038040&table=menu&page=1&rows=20&categoryId=&key=%25E6%2596%2591%25E8%258A%2582%25E8%2599%25BE HTTP/1.1" 200 1897
114.88.159.93 - - [19/Mar/2020:10:49:00 +0800] "GET /xingrg/system/rest/get_item.html?table=menu&id=1996&_=1584586038316 HTTP/1.1" 200 956
114.88.159.93 - - [19/Mar/2020:10:49:00 +0800] "GET /xingrg/system/rest/get_item.html?table=menu&target=menu_rest&id=1996&_=1584586038317 HTTP/1.1" 200 866
114.88.159.93 - - [19/Mar/2020:10:49:00 +0800] "GET /xingrg/system/rest/get_item.html?table=menu&target=cook_mode&id=1996&_=1584586038317 HTTP/1.1" 200 14339
114.88.159.93 - - [19/Mar/2020:10:49:00 +0800] "GET /xingrg/system/rest/get_infos.html?command=menu_img_show&id=1996 HTTP/1.1" 200 5
58.40.7.146 - - [19/Mar/2020:10:49:05 +0800] "GET /xingrg/all/function/internal_message.html?_=1584586142553&CODE_STATE=getMsg HTTP/1.1" 200 27
58.40.7.146 - - [19/Mar/2020:10:49:05 +0800] "GET /xingrg/check_reg.html?_=1584586142555 HTTP/1.1" 200 22
180.157.252.250 - - [19/Mar/2020:10:49:11 +0800] "GET /xingrg/all/function/internal_message.html?_=1584586140846&CODE_STATE=getMsg HTTP/1.1" 200 27
101.81.124.227 - - [19/Mar/2020:10:49:16 +0800] "GET /xingrg/all/function/internal_message.html?_=1584586150780&CODE_STATE=getMsg HTTP/1.1" 200 27
114.88.159.93 - - [19/Mar/2020:10:49:16 +0800] "GET /xingrg/system/rest/query_items.html?_=1584586054529&table=menu&page=1&rows=20&categoryId=&key=%25E5%2585%25AB%25E7%2588%25AA%25E9%25B1%25BC HTTP/1.1" 200 1689
180.156.150.85 - - [19/Mar/2020:10:49:17 +0800] "POST /xingrg/kc/buy/cgsh_order_operate.html HTTP/1.1" 200 37
114.88.159.93 - - [19/Mar/2020:10:49:17 +0800] "GET /xingrg/system/rest/query_items.html?_=1584586056048&table=menu&page=1&rows=20&categoryId=&key=%25E5%2585%25AB%25E7%2588%25AA%25E9%25B1%25BC HTTP/1.1" 200 1689
180.156.150.85 - - [19/Mar/2020:10:49:18 +0800] "POST /xingrg/kc/buy/cgsh_order_operate.html HTTP/1.1" 200 19795
114.88.159.93 - - [19/Mar/2020:10:49:19 +0800] "GET /xingrg/system/rest/get_item.html?table=menu&id=2097&_=1584586057794 HTTP/1.1" 200 954
114.88.159.93 - - [19/Mar/2020:10:49:19 +0800] "GET /xingrg/system/rest/get_item.html?table=menu&target=menu_rest&id=2097&_=1584586057796 HTTP/1.1" 200 650
114.88.159.93 - - [19/Mar/2020:10:49:19 +0800] "GET /xingrg/system/rest/get_item.html?table=menu&target=cook_mode&id=2097&_=1584586057796 HTTP/1.1" 200 15165
114.88.159.93 - - [19/Mar/2020:10:49:19 +0800] "GET /xingrg/system/rest/get_infos.html?command=menu_img_show&id=2097 HTTP/1.1" 200 5
180.156.150.85 - - [19/Mar/2020:10:49:20 +0800] "GET /xingrg/kc/print/load_data.html?order_code=212020031901581&kc_code=cgsh&condition= HTTP/1.1" 200 7100
114.88.159.93 - - [19/Mar/2020:10:49:20 +0800] "GET /xingrg/javascript/jquery_easy_ui/themes/default/images/button_plain_hover.png HTTP/1.1" 200 252
114.88.159.93 - - [19/Mar/2020:10:49:24 +0800] "GET /xingrg/system/rest/get_item.html?table=menu&target=menu_rest_detail&id=2097&sid=11&_=1584586062916 HTTP/1.1" 200 426
114.88.159.93 - - [19/Mar/2020:10:49:27 +0800] "GET /xingrg/all/function/internal_message.html?_=1584586065866&CODE_STATE=getMsg HTTP/1.1" 200 27
116.238.181.252 - - [19/Mar/2020:10:49:28 +0800] "GET /xingrg/all/function/internal_message.html?_=1584586169296&CODE_STATE=getMsg HTTP/1.1" 200 27
114.93.75.19 - - [19/Mar/2020:10:49:29 +0800] "GET /xingrg/all/function/internal_message.html?_=1584586168111&CODE_STATE=getMsg HTTP/1.1" 200 27
114.88.159.93 - - [19/Mar/2020:10:49:32 +0800] "POST /xingrg/system/rest/edit_item.html HTTP/1.1" 200 4
114.88.159.93 - - [19/Mar/2020:10:49:32 +0800] "GET /xingrg/system/rest/get_item.html?table=menu&target=menu_rest&id=2097&_=1584586070343 HTTP/1.1" 200 650
114.88.170.9 - - [19/Mar/2020:10:49:33 +0800] "GET /xingrg/all/function/internal_message.html?_=1584586463617&CODE_STATE=getMsg HTTP/1.1" 200 27
116.228.172.94 - - [19/Mar/2020:10:49:35 +0800] "GET /xingrg/all/function/internal_message.html?_=1584586173597&CODE_STATE=getMsg HTTP/1.1" 200 27
114.88.159.93 - - [19/Mar/2020:10:49:41 +0800] "GET /xingrg/system/rest/query_items.html?_=1584586079933&table=menu&page=1&rows=20&categoryId=&key=%25E7%25AC%258B%25E5%25A3%25B3%25E9%25B1%25BC HTTP/1.1" 200 2460
114.88.159.93 - - [19/Mar/2020:10:49:43 +0800] "GET /xingrg/system/rest/query_items.html?_=1584586081567&table=menu&page=1&rows=20&categoryId=&key=%25E7%25AC%258B%25E5%25A3%25B3%25E9%25B1%25BC HTTP/1.1" 200 2460
124.77.241.94 - - [19/Mar/2020:10:49:44 +0800] "GET /xingrg/all/function/internal_message.html?_=1584586195408&CODE_STATE=getMsg HTTP/1.1" 200 27
114.88.159.93 - - [19/Mar/2020:10:49:44 +0800] "GET /xingrg/system/rest/get_item.html?table=menu&id=1940&_=1584586083207 HTTP/1.1" 200 966
114.88.159.93 - - [19/Mar/2020:10:49:44 +0800] "GET /xingrg/system/rest/get_item.html?table=menu&target=menu_rest&id=1940&_=1584586083210 HTTP/1.1" 200 870
114.88.159.93 - - [19/Mar/2020:10:49:45 +0800] "GET /xingrg/system/rest/get_item.html?table=menu&target=cook_mode&id=1940&_=1584586083209 HTTP/1.1" 200 10495
114.88.159.93 - - [19/Mar/2020:10:49:45 +0800] "GET /xingrg/system/rest/get_infos.html?command=menu_img_show&id=1940 HTTP/1.1" 200 5
180.156.150.85 - - [19/Mar/2020:10:49:52 +0800] "GET /xingrg/all/function/internal_message.html?_=1584586191703&CODE_STATE=getMsg HTTP/1.1" 200 27
180.156.150.85 - - [19/Mar/2020:10:49:52 +0800] "GET /xingrg/check_reg.html?_=1584586191737 HTTP/1.1" 200 22
114.88.159.93 - - [19/Mar/2020:10:49:53 +0800] "GET /xingrg/all/function/internal_message.html?_=1584585914822&CODE_STATE=getMsg HTTP/1.1" 200 27
114.93.75.19 - - [19/Mar/2020:10:49:55 +0800] "GET /xingrg/check_reg.html?_=1584586192125 HTTP/1.1" 200 22
114.93.75.19 - - [19/Mar/2020:10:49:55 +0800] "GET /xingrg/all/function/internal_message.html?_=1584586192130&CODE_STATE=getMsg HTTP/1.1" 200 27
114.93.75.19 - - [19/Mar/2020:10:49:57 +0800] "GET /xingrg/all/function/internal_message.html?_=1584586194157&CODE_STATE=getMsg HTTP/1.1" 200 27
114.88.159.93 - - [19/Mar/2020:10:50:02 +0800] "GET /xingrg/system/rest/query_items.html?_=1584586100837&table=menu&page=1&rows=20&categoryId=&key=%25E6%259C%2589%25E8%2586%258F HTTP/1.1" 200 964
114.88.159.93 - - [19/Mar/2020:10:50:04 +0800] "GET /xingrg/system/rest/query_items.html?_=1584586102807&table=menu&page=1&rows=20&categoryId=&key=%25E6%259C%2589%25E8%2586%258F HTTP/1.1" 200 964
114.88.159.93 - - [19/Mar/2020:10:50:04 +0800] "GET /xingrg/system/rest/get_item.html?table=menu&id=1999&_=1584586103096 HTTP/1.1" 200 942
114.88.159.93 - - [19/Mar/2020:10:50:04 +0800] "GET /xingrg/system/rest/get_item.html?table=menu&target=menu_rest&id=1999&_=1584586103097 HTTP/1.1" 200 458
114.88.159.93 - - [19/Mar/2020:10:50:04 +0800] "GET /xingrg/system/rest/get_item.html?table=menu&target=cook_mode&id=1999&_=1584586103097 HTTP/1.1" 200 7864
114.88.159.93 - - [19/Mar/2020:10:50:04 +0800] "GET /xingrg/system/rest/get_infos.html?command=menu_img_show&id=1999 HTTP/1.1" 200 5
58.40.7.146 - - [19/Mar/2020:10:50:05 +0800] "GET /xingrg/all/function/internal_message.html?_=1584586202541&CODE_STATE=getMsg HTTP/1.1" 200 27
180.157.252.250 - - [19/Mar/2020:10:50:11 +0800] "GET /xingrg/all/function/internal_message.html?_=1584586200845&CODE_STATE=getMsg HTTP/1.1" 200 27
180.157.252.250 - - [19/Mar/2020:10:50:11 +0800] "GET /xingrg/check_reg.html?_=1584586200850 HTTP/1.1" 200 22
101.81.124.227 - - [19/Mar/2020:10:50:16 +0800] "GET /xingrg/all/function/internal_message.html?_=1584586210777&CODE_STATE=getMsg HTTP/1.1" 200 27
114.88.159.93 - - [19/Mar/2020:10:50:17 +0800] "GET /xingrg/system/rest/query_items.html?_=1584586115995&table=menu&page=1&rows=20&categoryId=&key=%25E5%25AF%258C%25E8%25B4%25B5%2520 HTTP/1.1" 200 21
114.88.159.93 - - [19/Mar/2020:10:50:19 +0800] "GET /xingrg/system/rest/query_items.html?_=1584586117905&table=menu&page=1&rows=20&categoryId=&key=%25E5%25AF%258C%25E8%25B4%25B5 HTTP/1.1" 200 4361
114.88.159.93 - - [19/Mar/2020:10:50:22 +0800] "GET /xingrg/system/rest/query_items.html?_=1584586120972&table=menu&page=1&rows=20&categoryId=&key=%25E5%25AF%258C%25E8%25B4%25B5 HTTP/1.1" 200 4361
114.88.159.93 - - [19/Mar/2020:10:50:26 +0800] "GET /xingrg/system/rest/get_item.html?table=menu&id=1993&_=1584586124654 HTTP/1.1" 200 941
114.88.159.93 - - [19/Mar/2020:10:50:26 +0800] "GET /xingrg/system/rest/get_item.html?table=menu&target=menu_rest&id=1993&_=1584586124657 HTTP/1.1" 200 949
114.88.159.93 - - [19/Mar/2020:10:50:26 +0800] "GET /xingrg/system/rest/get_item.html?table=menu&target=cook_mode&id=1993&_=1584586124656 HTTP/1.1" 200 10386
114.88.159.93 - - [19/Mar/2020:10:50:26 +0800] "GET /xingrg/system/rest/get_infos.html?command=menu_img_show&id=1993 HTTP/1.1" 200 5
180.156.150.85 - - [19/Mar/2020:10:50:27 +0800] "POST /xingrg/services/DataTransmitService HTTP/1.1" 401 565
180.156.150.85 - - [19/Mar/2020:10:50:27 +0800] "POST /xingrg/services/DataTransmitService HTTP/1.1" 200 478
180.156.150.85 - - [19/Mar/2020:10:50:27 +0800] "POST /xingrg/services/DataTransmitService HTTP/1.1" 200 1320
180.156.150.85 - - [19/Mar/2020:10:50:27 +0800] "POST /xingrg/services/DataTransmitService HTTP/1.1" 200 478
180.156.150.85 - - [19/Mar/2020:10:50:27 +0800] "POST /xingrg/services/DataTransmitService HTTP/1.1" 200 1320
180.156.150.85 - - [19/Mar/2020:10:50:27 +0800] "POST /xingrg/services/DataTransmitService HTTP/1.1" 200 524
180.156.150.85 - - [19/Mar/2020:10:50:27 +0800] "POST /xingrg/services/DataTransmitService HTTP/1.1" 200 2407
180.156.150.85 - - [19/Mar/2020:10:50:28 +0800] "POST /xingrg/services/DataTransmitService HTTP/1.1" 200 2295
116.238.181.252 - - [19/Mar/2020:10:50:28 +0800] "GET /xingrg/all/function/internal_message.html?_=1584586229296&CODE_STATE=getMsg HTTP/1.1" 200 27
114.88.159.93 - - [19/Mar/2020:10:50:28 +0800] "GET /xingrg/all/function/internal_message.html?_=1584586126709&CODE_STATE=getMsg HTTP/1.1" 200 27
180.156.150.85 - - [19/Mar/2020:10:50:28 +0800] "POST /xingrg/services/DataTransmitService HTTP/1.1" 200 1487
180.156.150.85 - - [19/Mar/2020:10:50:29 +0800] "POST /xingrg/services/DataTransmitService HTTP/1.1" 200 39563
180.156.150.85 - - [19/Mar/2020:10:50:29 +0800] "POST /xingrg/services/DataTransmitService HTTP/1.1" 200 18477
114.93.75.19 - - [19/Mar/2020:10:50:29 +0800] "GET /xingrg/all/function/internal_message.html?_=1584586228110&CODE_STATE=getMsg HTTP/1.1" 200 27
114.88.159.93 - - [19/Mar/2020:10:50:32 +0800] "GET /xingrg/system/rest/get_item.html?table=menu&target=menu_rest_detail&id=1993&sid=11&_=1584586131156 HTTP/1.1" 200 428
116.228.172.94 - - [19/Mar/2020:10:50:35 +0800] "GET /xingrg/all/function/internal_message.html?_=1584586233597&CODE_STATE=getMsg HTTP/1.1" 200 27
114.88.159.93 - - [19/Mar/2020:10:50:40 +0800] "POST /xingrg/system/rest/edit_item.html HTTP/1.1" 200 4
114.88.159.93 - - [19/Mar/2020:10:50:40 +0800] "GET /xingrg/system/rest/get_item.html?table=menu&target=menu_rest&id=1993&_=1584586138568 HTTP/1.1" 200 949
117.185.32.26 - - [19/Mar/2020:10:50:44 +0800] "GET /xingrg/check_reg.html?_=1584586240837 HTTP/1.1" 200 22
124.77.241.94 - - [19/Mar/2020:10:50:44 +0800] "GET /xingrg/all/function/internal_message.html?_=1584586255427&CODE_STATE=getMsg HTTP/1.1" 200 27
180.156.150.85 - - [19/Mar/2020:10:50:52 +0800] "GET /xingrg/all/function/internal_message.html?_=1584586251708&CODE_STATE=getMsg HTTP/1.1" 200 27
114.88.159.93 - - [19/Mar/2020:10:50:53 +0800] "GET /xingrg/all/function/internal_message.html?_=1584585974817&CODE_STATE=getMsg HTTP/1.1" 200 27
114.93.75.19 - - [19/Mar/2020:10:50:55 +0800] "GET /xingrg/all/function/internal_message.html?_=1584586252128&CODE_STATE=getMsg HTTP/1.1" 200 27
114.93.75.19 - - [19/Mar/2020:10:50:57 +0800] "GET /xingrg/all/function/internal_message.html?_=1584586254160&CODE_STATE=getMsg HTTP/1.1" 200 27
114.88.159.93 - - [19/Mar/2020:10:50:59 +0800] "GET /xingrg/system/rest/query_items.html?_=1584586156560&table=menu&page=1&rows=20&categoryId=&key=%25E5%25B8%259D%25E7%258E%258B%25E8%259F%25B9 HTTP/1.1" 200 4160
114.88.159.93 - - [19/Mar/2020:10:51:00 +0800] "GET /xingrg/system/rest/query_items.html?_=1584586158961&table=menu&page=1&rows=20&categoryId=&key=%25E5%25B8%259D%25E7%258E%258B%25E8%259F%25B9 HTTP/1.1" 200 4160
114.88.159.93 - - [19/Mar/2020:10:51:01 +0800] "GET /xingrg/system/rest/get_item.html?table=menu&id=2023&_=1584586159956 HTTP/1.1" 200 953
114.88.159.93 - - [19/Mar/2020:10:51:01 +0800] "GET /xingrg/system/rest/get_item.html?table=menu&target=menu_rest&id=2023&_=1584586159958 HTTP/1.1" 200 949
114.88.159.93 - - [19/Mar/2020:10:51:01 +0800] "GET /xingrg/system/rest/get_item.html?table=menu&target=cook_mode&id=2023&_=1584586159958 HTTP/1.1" 200 27807
114.88.159.93 - - [19/Mar/2020:10:51:01 +0800] "GET /xingrg/system/rest/get_infos.html?command=menu_img_show&id=2023 HTTP/1.1" 200 5
58.40.7.146 - - [19/Mar/2020:10:51:05 +0800] "GET /xingrg/all/function/internal_message.html?_=1584586262545&CODE_STATE=getMsg HTTP/1.1" 200 27
180.157.252.250 - - [19/Mar/2020:10:51:11 +0800] "GET /xingrg/all/function/internal_message.html?_=1584586260844&CODE_STATE=getMsg HTTP/1.1" 200 27
101.81.124.227 - - [19/Mar/2020:10:51:16 +0800] "GET /xingrg/all/function/internal_message.html?_=1584586270786&CODE_STATE=getMsg HTTP/1.1" 200 27
114.88.159.93 - - [19/Mar/2020:10:51:19 +0800] "GET /xingrg/system/rest/query_items.html?_=1584586177921&table=menu&page=1&rows=20&categoryId=&key=%25E8%258A%25B1%25E8%259E%25BA HTTP/1.1" 200 1050
114.88.159.93 - - [19/Mar/2020:10:51:21 +0800] "GET /xingrg/system/rest/query_items.html?_=1584586179825&table=menu&page=1&rows=20&categoryId=&key=%25E8%258A%25B1%25E8%259E%25BA HTTP/1.1" 200 1050
114.88.159.93 - - [19/Mar/2020:10:51:22 +0800] "GET /xingrg/system/rest/get_item.html?table=menu&id=2054&_=1584586181212 HTTP/1.1" 200 1006
114.88.159.93 - - [19/Mar/2020:10:51:23 +0800] "GET /xingrg/system/rest/get_item.html?table=menu&target=menu_rest&id=2054&_=1584586181214 HTTP/1.1" 200 868
114.88.159.93 - - [19/Mar/2020:10:51:23 +0800] "GET /xingrg/system/rest/get_item.html?table=menu&target=cook_mode&id=2054&_=1584586181213 HTTP/1.1" 200 10645
114.88.159.93 - - [19/Mar/2020:10:51:23 +0800] "GET /xingrg/system/rest/get_infos.html?command=menu_img_show&id=2054 HTTP/1.1" 200 5
116.238.181.252 - - [19/Mar/2020:10:51:28 +0800] "GET /xingrg/all/function/internal_message.html?_=1584586289314&CODE_STATE=getMsg HTTP/1.1" 200 27
114.88.159.93 - - [19/Mar/2020:10:51:29 +0800] "GET /xingrg/all/function/internal_message.html?_=1584586187681&CODE_STATE=getMsg HTTP/1.1" 200 27
114.93.75.19 - - [19/Mar/2020:10:51:29 +0800] "GET /xingrg/all/function/internal_message.html?_=1584586288110&CODE_STATE=getMsg HTTP/1.1" 200 27
114.88.159.93 - - [19/Mar/2020:10:51:34 +0800] "GET /xingrg/system/rest/query_items.html?_=1584586192495&table=menu&page=1&rows=20&categoryId=&key=%25E8%2586%258F%25E8%259F%25B9 HTTP/1.1" 200 1734
114.88.159.93 - - [19/Mar/2020:10:51:35 +0800] "GET /xingrg/system/rest/query_items.html?_=1584586193731&table=menu&page=1&rows=20&categoryId=&key=%25E8%2586%258F%25E8%259F%25B9 HTTP/1.1" 200 1734
114.88.159.93 - - [19/Mar/2020:10:51:35 +0800] "GET /xingrg/system/rest/get_item.html?table=menu&id=2013&_=1584586194006 HTTP/1.1" 200 970
116.228.172.94 - - [19/Mar/2020:10:51:35 +0800] "GET /xingrg/all/function/internal_message.html?_=1584586293597&CODE_STATE=getMsg HTTP/1.1" 200 27
114.88.159.93 - - [19/Mar/2020:10:51:35 +0800] "GET /xingrg/system/rest/get_item.html?table=menu&target=menu_rest&id=2013&_=1584586194008 HTTP/1.1" 200 874
114.88.159.93 - - [19/Mar/2020:10:51:35 +0800] "GET /xingrg/system/rest/get_item.html?table=menu&target=cook_mode&id=2013&_=1584586194008 HTTP/1.1" 200 15971
114.88.159.93 - - [19/Mar/2020:10:51:35 +0800] "GET /xingrg/system/rest/get_infos.html?command=menu_img_show&id=2013 HTTP/1.1" 200 5
114.88.159.93 - - [19/Mar/2020:10:51:40 +0800] "GET /xingrg/system/rest/get_item.html?table=menu&target=menu_rest_detail&id=2013&sid=11&_=1584586198579 HTTP/1.1" 200 429
124.77.241.94 - - [19/Mar/2020:10:51:44 +0800] "GET /xingrg/all/function/internal_message.html?_=1584586315435&CODE_STATE=getMsg HTTP/1.1" 200 27
180.156.150.85 - - [19/Mar/2020:10:51:52 +0800] "GET /xingrg/all/function/internal_message.html?_=1584586311709&CODE_STATE=getMsg HTTP/1.1" 200 27
114.88.159.93 - - [19/Mar/2020:10:51:53 +0800] "GET /xingrg/all/function/internal_message.html?_=1584586034815&CODE_STATE=getMsg HTTP/1.1" 200 27
114.88.159.93 - - [19/Mar/2020:10:51:54 +0800] "POST /xingrg/system/rest/edit_item.html HTTP/1.1" 200 4
114.88.159.93 - - [19/Mar/2020:10:51:54 +0800] "GET /xingrg/system/rest/get_item.html?table=menu&target=menu_rest&id=2013&_=1584586213140 HTTP/1.1" 200 874
114.93.75.19 - - [19/Mar/2020:10:51:55 +0800] "GET /xingrg/all/function/internal_message.html?_=1584586312123&CODE_STATE=getMsg HTTP/1.1" 200 27
114.93.75.19 - - [19/Mar/2020:10:51:57 +0800] "GET /xingrg/all/function/internal_message.html?_=1584586314160&CODE_STATE=getMsg HTTP/1.1" 200 27
58.40.7.146 - - [19/Mar/2020:10:52:05 +0800] "GET /xingrg/all/function/internal_message.html?_=1584586322552&CODE_STATE=getMsg HTTP/1.1" 200 27
114.88.159.93 - - [19/Mar/2020:10:52:11 +0800] "GET /xingrg/system/rest/query_items.html?_=1584586229370&table=menu&page=1&rows=20&categoryId=&key=%25E6%25AF%258D%25E5%258D%25B7 HTTP/1.1" 200 2236
180.157.252.250 - - [19/Mar/2020:10:52:11 +0800] "GET /xingrg/all/function/internal_message.html?_=1584586320844&CODE_STATE=getMsg HTTP/1.1" 200 27
114.88.159.93 - - [19/Mar/2020:10:52:12 +0800] "GET /xingrg/system/rest/query_items.html?_=1584586230909&table=menu&page=1&rows=20&categoryId=&key=%25E6%25AF%258D%25E5%258D%25B7 HTTP/1.1" 200 2236
114.88.159.93 - - [19/Mar/2020:10:52:12 +0800] "GET /xingrg/system/rest/get_item.html?table=menu&id=2084&_=1584586231177 HTTP/1.1" 200 971
114.88.159.93 - - [19/Mar/2020:10:52:12 +0800] "GET /xingrg/system/rest/get_item.html?table=menu&target=menu_rest&id=2084&_=1584586231180 HTTP/1.1" 200 1236
114.88.159.93 - - [19/Mar/2020:10:52:12 +0800] "GET /xingrg/system/rest/get_item.html?table=menu&target=cook_mode&id=2084&_=1584586231179 HTTP/1.1" 200 9370
114.88.159.93 - - [19/Mar/2020:10:52:13 +0800] "GET /xingrg/system/rest/get_infos.html?command=menu_img_show&id=2084 HTTP/1.1" 200 5
58.221.95.50 - - [19/Mar/2020:10:52:15 +0800] "GET /xingrg/check_reg.html?_=1584586680640 HTTP/1.1" 200 22
101.81.124.227 - - [19/Mar/2020:10:52:16 +0800] "GET /xingrg/check_reg.html?_=1584586330798 HTTP/1.1" 200 22
101.81.124.227 - - [19/Mar/2020:10:52:16 +0800] "GET /xingrg/all/function/internal_message.html?_=1584586330800&CODE_STATE=getMsg HTTP/1.1" 200 27
