58.40.7.146 - - [19/Mar/2020:10:22:05 +0800] "GET /xingrg/all/function/internal_message.html?_=1584584522543&CODE_STATE=getMsg HTTP/1.1" 200 27
124.77.241.94 - - [19/Mar/2020:10:22:09 +0800] "GET /xingrg/all/function/internal_message.html?_=1584584540284&CODE_STATE=getMsg HTTP/1.1" 200 27
180.157.252.250 - - [19/Mar/2020:10:22:11 +0800] "GET /xingrg/all/function/internal_message.html?_=1584584528022&CODE_STATE=getMsg HTTP/1.1" 200 27
222.69.135.150 - - [19/Mar/2020:10:22:14 +0800] "POST /xingrg/services/DataTransmitService HTTP/1.1" 200 524
222.69.135.150 - - [19/Mar/2020:10:22:14 +0800] "POST /xingrg/services/DataTransmitService HTTP/1.1" 200 501
101.81.124.227 - - [19/Mar/2020:10:22:14 +0800] "GET /xingrg/kc/buy/cgsh_order_operate.html?command=get_materiel&rest_code=00107&code=00101008213&supplier_code=00100006&order_time=2020-03-19 HTTP/1.1" 200 428
58.221.95.50 - - [19/Mar/2020:10:22:14 +0800] "GET /xingrg/check_reg.html?_=1584584879896 HTTP/1.1" 200 22
180.156.150.85 - - [19/Mar/2020:10:22:17 +0800] "GET /xingrg/kc/buy/cgsh_order_operate.html?command=get_materiel&rest_code=00105&code=00101006084&supplier_code=00100013&order_time=2020-03-19 HTTP/1.1" 200 433
101.81.124.227 - - [19/Mar/2020:10:22:24 +0800] "GET /xingrg/kc/buy/cgsh_order_operate.html?command=get_materiel&rest_code=00107&code=00101008172&supplier_code=00100006&order_time=2020-03-19 HTTP/1.1" 200 412
222.69.135.150 - - [19/Mar/2020:10:22:24 +0800] "POST /xingrg/services/DataTransmitService HTTP/1.1" 200 524
222.69.135.150 - - [19/Mar/2020:10:22:24 +0800] "POST /xingrg/services/DataTransmitService HTTP/1.1" 200 501
222.69.135.150 - - [19/Mar/2020:10:22:24 +0800] "POST /xingrg/services/DataTransmitService HTTP/1.1" 200 501
222.69.135.150 - - [19/Mar/2020:10:22:26 +0800] "POST /xingrg/services/DataTransmitService HTTP/1.1" 200 501
222.69.135.150 - - [19/Mar/2020:10:22:27 +0800] "POST /xingrg/services/DataTransmitService HTTP/1.1" 200 501
222.69.135.150 - - [19/Mar/2020:10:22:27 +0800] "POST /xingrg/services/DataTransmitService HTTP/1.1" 200 501
222.69.135.150 - - [19/Mar/2020:10:22:27 +0800] "POST /xingrg/services/DataTransmitService HTTP/1.1" 200 501
222.69.135.150 - - [19/Mar/2020:10:22:27 +0800] "POST /xingrg/services/DataTransmitService HTTP/1.1" 200 501
222.69.135.150 - - [19/Mar/2020:10:22:27 +0800] "POST /xingrg/services/DataTransmitService HTTP/1.1" 200 501
222.69.135.150 - - [19/Mar/2020:10:22:28 +0800] "POST /xingrg/services/DataTransmitService HTTP/1.1" 200 412
116.238.181.252 - - [19/Mar/2020:10:22:28 +0800] "GET /xingrg/check_reg.html?_=1584584549225 HTTP/1.1" 200 22
116.238.181.252 - - [19/Mar/2020:10:22:28 +0800] "GET /xingrg/all/function/internal_message.html?_=1584584549222&CODE_STATE=getMsg HTTP/1.1" 200 27
180.162.232.172 - - [19/Mar/2020:10:22:31 +0800] "POST /xingrg/services/DataTransmitService HTTP/1.1" 200 524
180.156.150.85 - - [19/Mar/2020:10:22:32 +0800] "GET /xingrg/kc/buy/cgsh_order_operate.html?command=get_materiel&rest_code=00105&code=00101006063&supplier_code=00100013&order_time=2020-03-19 HTTP/1.1" 200 433
180.157.252.250 - - [19/Mar/2020:10:22:37 +0800] "GET /xingrg/check_reg.html?_=1584584547189 HTTP/1.1" 302 -
116.228.172.94 - - [19/Mar/2020:10:22:37 +0800] "GET /xingrg/all/function/internal_message.html?_=1584584553612&CODE_STATE=getMsg HTTP/1.1" 200 27
114.88.170.9 - - [19/Mar/2020:10:22:37 +0800] "GET /xingrg/check_reg.html?_=1584584845446 HTTP/1.1" 200 22
101.81.124.227 - - [19/Mar/2020:10:22:39 +0800] "GET /xingrg/kc/buy/cgsh_order_operate.html?command=get_materiel&rest_code=00107&code=00102010460&supplier_code=00100006&order_time=2020-03-19 HTTP/1.1" 200 408
101.81.124.227 - - [19/Mar/2020:10:22:40 +0800] "GET /xingrg/kc/buy/cgsh_order_operate.html?command=get_materiel&rest_code=00107&code=00101008042&supplier_code=00100006&order_time=2020-03-19 HTTP/1.1" 200 416
222.69.135.150 - - [19/Mar/2020:10:22:41 +0800] "GET /xingrg/all/function/internal_message.html?_=1584584552413&CODE_STATE=getMsg HTTP/1.1" 200 27
114.88.170.9 - - [19/Mar/2020:10:22:42 +0800] "GET /xingrg/all/function/internal_message.html?_=1584584844171&CODE_STATE=getMsg HTTP/1.1" 200 27
114.93.75.19 - - [19/Mar/2020:10:22:42 +0800] "GET /xingrg/index.html?timestamp=1551676399445&sysBaseUrl=http%3A%2F%2F117.131.15.22%3A18081%2Fxingrg%2F&costTime=9 HTTP/1.1" 302 -
114.93.75.19 - - [19/Mar/2020:10:22:42 +0800] "GET /xingrg/login.html HTTP/1.1" 200 7639
114.93.75.19 - - [19/Mar/2020:10:22:43 +0800] "GET /favicon.ico HTTP/1.1" 404 -
114.93.75.19 - - [19/Mar/2020:10:22:46 +0800] "POST /xingrg/login.do HTTP/1.1" 302 -
114.93.75.19 - - [19/Mar/2020:10:22:46 +0800] "GET /xingrg/index.html?sysBaseUrl=http%3A%2F%2F117.131.15.22%3A18081%2Fxingrg%2F&costTime=34×tamp=1584584566523 HTTP/1.1" 200 17481
114.93.75.19 - - [19/Mar/2020:10:22:46 +0800] "GET /favicon.ico HTTP/1.1" 404 -
114.93.75.19 - - [19/Mar/2020:10:22:47 +0800] "POST /xingrg/all/common/load_tree.html?tree=area_rest_tree_json&manage=1 HTTP/1.1" 200 3079
114.93.75.19 - - [19/Mar/2020:10:22:47 +0800] "GET /xingrg/all/function/internal_message.html?_=1584584562685&CODE_STATE=count HTTP/1.1" 200 11
114.93.75.19 - - [19/Mar/2020:10:22:47 +0800] "GET /xingrg/check_reg.html?_=1584584562686 HTTP/1.1" 200 22
114.93.75.19 - - [19/Mar/2020:10:22:47 +0800] "POST /xingrg/load_menu.html HTTP/1.1" 200 11550
114.88.170.9 - - [19/Mar/2020:10:22:48 +0800] "GET /xingrg/check_reg.html?_=1584584565428 HTTP/1.1" 200 22
114.93.75.19 - - [19/Mar/2020:10:22:49 +0800] "POST /xingrg/load_menu.html HTTP/1.1" 200 10683
101.81.124.227 - - [19/Mar/2020:10:22:49 +0800] "GET /xingrg/kc/buy/cgsh_order_operate.html?command=get_materiel&rest_code=00107&code=00101008027&supplier_code=00100006&order_time=2020-03-19 HTTP/1.1" 200 425
114.93.75.19 - - [19/Mar/2020:10:22:50 +0800] "GET /xingrg/javascript/multi_select/jqueryMultiSelect.css HTTP/1.1" 304 -
114.93.75.19 - - [19/Mar/2020:10:22:50 +0800] "GET /xingrg/javascript/calendar/timePicker.css HTTP/1.1" 304 -
114.93.75.19 - - [19/Mar/2020:10:22:50 +0800] "GET /xingrg/javascript/bigrid/fix.css HTTP/1.1" 304 -
114.93.75.19 - - [19/Mar/2020:10:22:50 +0800] "GET /xingrg/dwr/interface/AjaxReportQueryService.js HTTP/1.1" 200 13203
114.93.75.19 - - [19/Mar/2020:10:22:50 +0800] "GET /xingrg/dwr/util.js HTTP/1.1" 304 -
114.93.75.19 - - [19/Mar/2020:10:22:50 +0800] "GET /xingrg/javascript/jqueryMultiSelect.js HTTP/1.1" 304 -
114.93.75.19 - - [19/Mar/2020:10:22:50 +0800] "GET /xingrg/javascript/calendar/jquery.timePicker.min.js HTTP/1.1" 304 -
114.93.75.19 - - [19/Mar/2020:10:22:50 +0800] "GET /xingrg/dwr/engine.js HTTP/1.1" 200 43631
114.93.75.19 - - [19/Mar/2020:10:22:50 +0800] "GET /xingrg/javascript/bigrid/fix.js HTTP/1.1" 304 -
114.93.75.19 - - [19/Mar/2020:10:22:51 +0800] "GET /xingrg/all/report/report_query.html?fileName=dma/new_5.0/yingye/order_list.xml HTTP/1.1" 200 55251
114.93.75.19 - - [19/Mar/2020:10:22:51 +0800] "GET /xingrg/images/control/loading.gif HTTP/1.1" 304 -
114.93.75.19 - - [19/Mar/2020:10:22:51 +0800] "GET /xingrg/images/blue/button/advanceover.gif HTTP/1.1" 304 -
114.93.75.19 - - [19/Mar/2020:10:22:51 +0800] "GET /xingrg/images/blue/button/advance2over.gif HTTP/1.1" 304 -
114.93.75.19 - - [19/Mar/2020:10:22:51 +0800] "GET /xingrg/images/blue/button/back2over.gif HTTP/1.1" 304 -
114.93.75.19 - - [19/Mar/2020:10:22:51 +0800] "GET /xingrg/images/blue/button/backover.gif HTTP/1.1" 304 -
114.93.75.19 - - [19/Mar/2020:10:22:51 +0800] "GET /xingrg/javascript/jquery_easy_ui/themes/icons/help.png HTTP/1.1" 304 -
114.93.75.19 - - [19/Mar/2020:10:22:51 +0800] "GET /xingrg/javascript/jquery_easy_ui/themes/default/images/menu.gif HTTP/1.1" 304 -
114.93.75.19 - - [19/Mar/2020:10:22:51 +0800] "POST /xingrg/dwr/call/plaincall/AjaxReportQueryService.getFixDate.dwr HTTP/1.1" 200 111
114.93.75.19 - - [19/Mar/2020:10:22:51 +0800] "GET /xingrg/javascript/jquery_easy_ui/themes/default/images/menu_rightarrow.png HTTP/1.1" 304 -
114.93.75.19 - - [19/Mar/2020:10:22:51 +0800] "POST /xingrg/all/common/load_tree.html?tree=area_station_tree_json&manage=1 HTTP/1.1" 200 2981
114.93.75.19 - - [19/Mar/2020:10:22:51 +0800] "GET /xingrg/javascript/jquery_easy_ui/themes/default/images/combo_arrow_dot.gif HTTP/1.1" 304 -
114.93.75.19 - - [19/Mar/2020:10:22:51 +0800] "POST /xingrg/dwr/call/plaincall/AjaxReportQueryService.getInitString.dwr HTTP/1.1" 200 76
114.93.75.19 - - [19/Mar/2020:10:22:51 +0800] "GET /xingrg/javascript/multi_select/dropdown.gif HTTP/1.1" 304 -
101.81.124.227 - - [19/Mar/2020:10:22:52 +0800] "GET /xingrg/check_reg.html?_=1584584566915 HTTP/1.1" 200 22
101.81.124.227 - - [19/Mar/2020:10:22:52 +0800] "GET /xingrg/all/function/internal_message.html?_=1584584566918&CODE_STATE=getMsg HTTP/1.1" 200 27
180.156.150.85 - - [19/Mar/2020:10:22:52 +0800] "GET /xingrg/all/function/internal_message.html?_=1584584571705&CODE_STATE=getMsg HTTP/1.1" 200 27
114.93.75.19 - - [19/Mar/2020:10:22:53 +0800] "POST /xingrg/dwr/call/plaincall/AjaxReportQueryService.getFixDate.dwr HTTP/1.1" 200 111
114.88.159.93 - - [19/Mar/2020:10:22:53 +0800] "GET /xingrg/check_reg.html?_=1584584294764 HTTP/1.1" 200 22
114.88.159.93 - - [19/Mar/2020:10:22:53 +0800] "GET /xingrg/all/function/internal_message.html?_=1584584294762&CODE_STATE=getMsg HTTP/1.1" 200 27
114.93.75.19 - - [19/Mar/2020:10:22:54 +0800] "POST /xingrg/dwr/call/plaincall/AjaxReportQueryService.refreshCache.dwr HTTP/1.1" 200 78
114.93.75.19 - - [19/Mar/2020:10:22:55 +0800] "POST /xingrg/all/report/load_report_page.html HTTP/1.1" 200 214358
114.93.75.19 - - [19/Mar/2020:10:22:55 +0800] "GET /xingrg/images/blue/button/back2.gif HTTP/1.1" 304 -
114.93.75.19 - - [19/Mar/2020:10:22:55 +0800] "GET /xingrg/images/blue/button/back.gif HTTP/1.1" 304 -
114.93.75.19 - - [19/Mar/2020:10:22:55 +0800] "GET /xingrg/servlets/image?cache=0.473610563872503&image=px HTTP/1.1" 200 807
114.93.75.19 - - [19/Mar/2020:10:22:57 +0800] "GET /xingrg/check_reg.html?_=1584584574154 HTTP/1.1" 200 22
114.93.75.19 - - [19/Mar/2020:10:22:57 +0800] "GET /xingrg/all/function/internal_message.html?_=1584584574167&CODE_STATE=getMsg HTTP/1.1" 200 27
114.93.75.19 - - [19/Mar/2020:10:22:58 +0800] "POST /xingrg/all/report/load_report_page.html HTTP/1.1" 200 213438
114.93.75.19 - - [19/Mar/2020:10:22:58 +0800] "GET /xingrg/servlets/image?cache=0.9246666063841009&image=px HTTP/1.1" 200 807
101.81.124.227 - - [19/Mar/2020:10:23:02 +0800] "POST /xingrg/kc/buy/cgsh_order_operate.html HTTP/1.1" 200 37
114.93.75.19 - - [19/Mar/2020:10:23:02 +0800] "POST /xingrg/all/report/load_report_page.html HTTP/1.1" 200 213438
114.93.75.19 - - [19/Mar/2020:10:23:03 +0800] "GET /xingrg/servlets/image?cache=0.8086459956342159&image=px HTTP/1.1" 200 807
101.81.124.227 - - [19/Mar/2020:10:23:04 +0800] "POST /xingrg/kc/buy/cgsh_order_operate.html HTTP/1.1" 200 12
58.40.7.146 - - [19/Mar/2020:10:23:05 +0800] "GET /xingrg/all/function/internal_message.html?_=1584584582545&CODE_STATE=getMsg HTTP/1.1" 200 27
101.81.124.227 - - [19/Mar/2020:10:23:08 +0800] "GET /xingrg/kc/buy/cgsh_order_info.html?code=212020031901571 HTTP/1.1" 200 52996
101.81.124.227 - - [19/Mar/2020:10:23:09 +0800] "GET /xingrg/javascript/easyui/themes/default/validatebox.css HTTP/1.1" 404 1104
101.81.124.227 - - [19/Mar/2020:10:23:09 +0800] "POST /xingrg/kc/buy/cgsh_order_operate.html HTTP/1.1" 200 9471
124.77.241.94 - - [19/Mar/2020:10:23:10 +0800] "GET /xingrg/all/function/internal_message.html?_=1584584600954&CODE_STATE=getMsg HTTP/1.1" 200 27
180.157.252.250 - - [19/Mar/2020:10:23:11 +0800] "GET /xingrg/all/function/internal_message.html?_=1584584588019&CODE_STATE=getMsg HTTP/1.1" 200 27
101.81.124.227 - - [19/Mar/2020:10:23:18 +0800] "GET /xingrg/kc/print/load_config.html?kc_code=cgsh HTTP/1.1" 200 1841
101.81.124.227 - - [19/Mar/2020:10:23:18 +0800] "GET /xingrg/kc/print/load_data.html?order_code=212020031901571&kc_code=cgsh&condition= HTTP/1.1" 200 4050
180.156.150.85 - - [19/Mar/2020:10:23:27 +0800] "POST /xingrg/kc/buy/cgsh_order_operate.html HTTP/1.1" 200 37
180.156.150.85 - - [19/Mar/2020:10:23:28 +0800] "POST /xingrg/kc/buy/cgsh_order_operate.html HTTP/1.1" 200 3248
116.238.181.252 - - [19/Mar/2020:10:23:28 +0800] "GET /xingrg/all/function/internal_message.html?_=1584584609229&CODE_STATE=getMsg HTTP/1.1" 200 27
180.156.150.85 - - [19/Mar/2020:10:23:29 +0800] "GET /xingrg/kc/print/load_data.html?order_code=212020031901572&kc_code=cgsh&condition= HTTP/1.1" 200 954
114.88.170.9 - - [19/Mar/2020:10:23:33 +0800] "GET /xingrg/all/function/internal_message.html?_=1584584904143&CODE_STATE=getMsg HTTP/1.1" 200 27
116.228.172.94 - - [19/Mar/2020:10:23:35 +0800] "GET /xingrg/check_reg.html?_=1584584613596 HTTP/1.1" 200 22
116.228.172.94 - - [19/Mar/2020:10:23:35 +0800] "GET /xingrg/all/function/internal_message.html?_=1584584613596&CODE_STATE=getMsg HTTP/1.1" 200 27
180.156.150.85 - - [19/Mar/2020:10:23:36 +0800] "GET /xingrg/kc/buy/cgsh_order_add.html HTTP/1.1" 200 57642
180.156.150.85 - - [19/Mar/2020:10:23:37 +0800] "POST /xingrg/kc/buy/cgsh_order_operate.html HTTP/1.1" 200 8245
180.156.150.85 - - [19/Mar/2020:10:23:37 +0800] "GET /xingrg/javascript/easyui/themes/default/validatebox.css HTTP/1.1" 404 1104
222.69.135.150 - - [19/Mar/2020:10:23:41 +0800] "GET /xingrg/all/function/internal_message.html?_=1584584612393&CODE_STATE=getMsg HTTP/1.1" 200 27
114.93.75.19 - - [19/Mar/2020:10:23:47 +0800] "GET /xingrg/all/function/internal_message.html?_=1584584622692&CODE_STATE=getMsg HTTP/1.1" 200 27
180.156.150.85 - - [19/Mar/2020:10:23:48 +0800] "GET /xingrg/kc/buy/cgsh_order_operate.html?command=get_materiel&rest_code=00105&code=00101016030&supplier_code=00100034&order_time=2020-03-19 HTTP/1.1" 200 429
101.81.124.227 - - [19/Mar/2020:10:23:52 +0800] "GET /xingrg/all/function/internal_message.html?_=1584584626926&CODE_STATE=getMsg HTTP/1.1" 200 27
180.156.150.85 - - [19/Mar/2020:10:23:52 +0800] "GET /xingrg/all/function/internal_message.html?_=1584584631659&CODE_STATE=getMsg HTTP/1.1" 200 27
114.88.159.93 - - [19/Mar/2020:10:23:53 +0800] "GET /xingrg/all/function/internal_message.html?_=1584584354764&CODE_STATE=getMsg HTTP/1.1" 200 27
114.93.75.19 - - [19/Mar/2020:10:23:57 +0800] "GET /xingrg/all/function/internal_message.html?_=1584584634158&CODE_STATE=getMsg HTTP/1.1" 200 27
58.40.7.146 - - [19/Mar/2020:10:24:05 +0800] "GET /xingrg/check_reg.html?_=1584584642532 HTTP/1.1" 200 22
58.40.7.146 - - [19/Mar/2020:10:24:05 +0800] "GET /xingrg/all/function/internal_message.html?_=1584584642536&CODE_STATE=getMsg HTTP/1.1" 200 27
124.77.241.94 - - [19/Mar/2020:10:24:10 +0800] "GET /xingrg/all/function/internal_message.html?_=1584584660967&CODE_STATE=getMsg HTTP/1.1" 200 27
180.157.252.250 - - [19/Mar/2020:10:24:11 +0800] "GET /xingrg/all/function/internal_message.html?_=1584584648017&CODE_STATE=getMsg HTTP/1.1" 200 27
180.156.150.85 - - [19/Mar/2020:10:24:11 +0800] "GET /xingrg/kc/buy/cgsh_order_operate.html?command=get_materiel&rest_code=00105&code=00101016017&supplier_code=00100034&order_time=2020-03-19 HTTP/1.1" 200 408
114.88.170.9 - - [19/Mar/2020:10:24:21 +0800] "POST /xingrg/services/DataTransmitService HTTP/1.1" 200 524
180.156.150.85 - - [19/Mar/2020:10:24:22 +0800] "GET /xingrg/kc/buy/cgsh_order_operate.html?command=get_materiel&rest_code=00105&code=00101012029&supplier_code=00100034&order_time=2020-03-19 HTTP/1.1" 200 412
116.238.181.252 - - [19/Mar/2020:10:24:28 +0800] "GET /xingrg/all/function/internal_message.html?_=1584584669232&CODE_STATE=getMsg HTTP/1.1" 200 27
114.88.170.9 - - [19/Mar/2020:10:24:33 +0800] "GET /xingrg/all/function/internal_message.html?_=1584584964116&CODE_STATE=getMsg HTTP/1.1" 200 27
180.156.150.85 - - [19/Mar/2020:10:24:34 +0800] "POST /xingrg/kc/buy/cgsh_order_operate.html HTTP/1.1" 200 37
116.228.172.94 - - [19/Mar/2020:10:24:35 +0800] "GET /xingrg/all/function/internal_message.html?_=1584584673595&CODE_STATE=getMsg HTTP/1.1" 200 27
180.156.150.85 - - [19/Mar/2020:10:24:36 +0800] "POST /xingrg/kc/buy/cgsh_order_operate.html HTTP/1.1" 200 3833
180.156.150.85 - - [19/Mar/2020:10:24:38 +0800] "POST /xingrg/kc/buy/cgsh_order_operate.html HTTP/1.1" 200 37
180.156.150.85 - - [19/Mar/2020:10:24:39 +0800] "POST /xingrg/kc/buy/cgsh_order_operate.html HTTP/1.1" 200 3833
222.69.135.150 - - [19/Mar/2020:10:24:41 +0800] "GET /xingrg/check_reg.html?_=1584584671859 HTTP/1.1" 200 22
222.69.135.150 - - [19/Mar/2020:10:24:41 +0800] "GET /xingrg/all/function/internal_message.html?_=1584584672367&CODE_STATE=getMsg HTTP/1.1" 200 27
180.156.150.85 - - [19/Mar/2020:10:24:42 +0800] "GET /xingrg/kc/print/load_data.html?order_code=212020031901573&kc_code=cgsh&condition= HTTP/1.1" 200 1157
180.156.150.85 - - [19/Mar/2020:10:24:45 +0800] "GET /xingrg/kc/buy/cgsh_order_list.html HTTP/1.1" 200 42034
180.157.252.250 - - [19/Mar/2020:10:24:45 +0800] "POST /xingrg/services/DataTransmitService HTTP/1.1" 200 524
180.157.252.250 - - [19/Mar/2020:10:24:45 +0800] "POST /xingrg/services/DataTransmitService HTTP/1.1" 200 2059
180.157.252.250 - - [19/Mar/2020:10:24:46 +0800] "POST /xingrg/services/DataTransmitService HTTP/1.1" 200 2295
180.157.252.250 - - [19/Mar/2020:10:24:46 +0800] "POST /xingrg/services/DataTransmitService HTTP/1.1" 200 1447
180.157.252.250 - - [19/Mar/2020:10:24:46 +0800] "POST /xingrg/services/DataTransmitService HTTP/1.1" 200 136852
180.156.150.85 - - [19/Mar/2020:10:24:46 +0800] "POST /xingrg/kc/buy/cgsh_list_operate.html HTTP/1.1" 200 5145
114.93.75.19 - - [19/Mar/2020:10:24:47 +0800] "GET /xingrg/all/function/internal_message.html?_=1584584682694&CODE_STATE=getMsg HTTP/1.1" 200 27
101.81.124.227 - - [19/Mar/2020:10:24:52 +0800] "GET /xingrg/all/function/internal_message.html?_=1584584686922&CODE_STATE=getMsg HTTP/1.1" 200 27
180.156.150.85 - - [19/Mar/2020:10:24:52 +0800] "GET /xingrg/all/function/internal_message.html?_=1584584691671&CODE_STATE=getMsg HTTP/1.1" 200 27
180.156.150.85 - - [19/Mar/2020:10:24:52 +0800] "GET /xingrg/check_reg.html?_=1584584691673 HTTP/1.1" 200 22
180.156.150.85 - - [19/Mar/2020:10:24:52 +0800] "POST /xingrg/kc/buy/cgsh_list_operate.html HTTP/1.1" 200 1879
114.88.159.93 - - [19/Mar/2020:10:24:53 +0800] "GET /xingrg/all/function/internal_message.html?_=1584584414770&CODE_STATE=getMsg HTTP/1.1" 200 27
180.156.150.85 - - [19/Mar/2020:10:24:55 +0800] "POST /xingrg/kc/buy/cgsh_list_operate.html HTTP/1.1" 200 5145
114.93.75.19 - - [19/Mar/2020:10:24:57 +0800] "GET /xingrg/all/function/internal_message.html?_=1584584694188&CODE_STATE=getMsg HTTP/1.1" 200 27
58.40.7.146 - - [19/Mar/2020:10:25:05 +0800] "GET /xingrg/all/function/internal_message.html?_=1584584702539&CODE_STATE=getMsg HTTP/1.1" 200 27
58.40.7.146 - - [19/Mar/2020:10:25:10 +0800] "POST /xingrg/services/DataTransmitService HTTP/1.1" 200 524
124.77.241.94 - - [19/Mar/2020:10:25:10 +0800] "GET /xingrg/all/function/internal_message.html?_=1584584721651&CODE_STATE=getMsg HTTP/1.1" 200 27
180.157.252.250 - - [19/Mar/2020:10:25:11 +0800] "GET /xingrg/all/function/internal_message.html?_=1584584708022&CODE_STATE=getMsg HTTP/1.1" 200 27
180.157.252.250 - - [19/Mar/2020:10:25:11 +0800] "GET /xingrg/check_reg.html?_=1584584708028 HTTP/1.1" 200 22
180.156.150.85 - - [19/Mar/2020:10:25:18 +0800] "GET /xingrg/kc/buy/cgsh_order_add.html HTTP/1.1" 200 57642
180.156.150.85 - - [19/Mar/2020:10:25:18 +0800] "POST /xingrg/kc/buy/cgsh_order_operate.html HTTP/1.1" 200 8245
180.156.150.85 - - [19/Mar/2020:10:25:19 +0800] "GET /xingrg/javascript/easyui/themes/default/validatebox.css HTTP/1.1" 404 1104
114.93.75.19 - - [19/Mar/2020:10:25:26 +0800] "POST /xingrg/dwr/call/plaincall/AjaxReportQueryService.queryInitializeString.dwr HTTP/1.1" 200 215
114.93.75.19 - - [19/Mar/2020:10:25:27 +0800] "POST /xingrg/dwr/call/plaincall/AjaxReportQueryService.refreshCache.dwr HTTP/1.1" 200 78
114.93.75.19 - - [19/Mar/2020:10:25:28 +0800] "POST /xingrg/all/report/load_report_page.html HTTP/1.1" 200 134674
114.93.75.19 - - [19/Mar/2020:10:25:28 +0800] "GET /xingrg/servlets/image?cache=0.9850251589655226&image=px HTTP/1.1" 200 807
116.238.181.252 - - [19/Mar/2020:10:25:28 +0800] "GET /xingrg/all/function/internal_message.html?_=1584584729232&CODE_STATE=getMsg HTTP/1.1" 200 27
114.88.170.9 - - [19/Mar/2020:10:25:33 +0800] "GET /xingrg/all/function/internal_message.html?_=1584585024096&CODE_STATE=getMsg HTTP/1.1" 200 27
180.157.252.250 - - [19/Mar/2020:10:25:35 +0800] "POST /xingrg/services/DataTransmitService HTTP/1.1" 401 565
180.157.252.250 - - [19/Mar/2020:10:25:35 +0800] "POST /xingrg/services/DataTransmitService HTTP/1.1" 200 478
180.157.252.250 - - [19/Mar/2020:10:25:35 +0800] "POST /xingrg/services/DataTransmitService HTTP/1.1" 200 1320
180.157.252.250 - - [19/Mar/2020:10:25:35 +0800] "POST /xingrg/services/DataTransmitService HTTP/1.1" 200 478
180.157.252.250 - - [19/Mar/2020:10:25:35 +0800] "POST /xingrg/services/DataTransmitService HTTP/1.1" 200 1320
180.157.252.250 - - [19/Mar/2020:10:25:35 +0800] "POST /xingrg/services/DataTransmitService HTTP/1.1" 200 524
180.157.252.250 - - [19/Mar/2020:10:25:35 +0800] "POST /xingrg/services/DataTransmitService HTTP/1.1" 200 2059
180.157.252.250 - - [19/Mar/2020:10:25:35 +0800] "POST /xingrg/services/DataTransmitService HTTP/1.1" 200 39563
180.157.252.250 - - [19/Mar/2020:10:25:35 +0800] "POST /xingrg/services/DataTransmitService HTTP/1.1" 200 18477
116.228.172.94 - - [19/Mar/2020:10:25:35 +0800] "GET /xingrg/all/function/internal_message.html?_=1584584733595&CODE_STATE=getMsg HTTP/1.1" 200 27
222.69.135.150 - - [19/Mar/2020:10:25:41 +0800] "GET /xingrg/all/function/internal_message.html?_=1584584732337&CODE_STATE=getMsg HTTP/1.1" 200 27
117.185.32.26 - - [19/Mar/2020:10:25:44 +0800] "GET /xingrg/check_reg.html?_=1584584740910 HTTP/1.1" 200 22
114.93.75.19 - - [19/Mar/2020:10:25:47 +0800] "GET /xingrg/all/function/internal_message.html?_=1584584742696&CODE_STATE=getMsg HTTP/1.1" 200 27
180.156.150.85 - - [19/Mar/2020:10:25:50 +0800] "GET /xingrg/kc/buy/cgsh_order_operate.html?command=get_materiel&rest_code=00105&code=00101008256&supplier_code=00100203&order_time=2020-03-19 HTTP/1.1" 200 429
101.81.124.227 - - [19/Mar/2020:10:25:52 +0800] "GET /xingrg/all/function/internal_message.html?_=1584584746933&CODE_STATE=getMsg HTTP/1.1" 200 27
180.156.150.85 - - [19/Mar/2020:10:25:52 +0800] "GET /xingrg/all/function/internal_message.html?_=1584584751667&CODE_STATE=getMsg HTTP/1.1" 200 27
114.88.159.93 - - [19/Mar/2020:10:25:53 +0800] "GET /xingrg/all/function/internal_message.html?_=1584584474760&CODE_STATE=getMsg HTTP/1.1" 200 27
114.93.75.19 - - [19/Mar/2020:10:25:57 +0800] "GET /xingrg/all/function/internal_message.html?_=1584584754163&CODE_STATE=getMsg HTTP/1.1" 200 27
58.40.7.146 - - [19/Mar/2020:10:26:05 +0800] "GET /xingrg/all/function/internal_message.html?_=1584584762543&CODE_STATE=getMsg HTTP/1.1" 200 27
180.157.252.250 - - [19/Mar/2020:10:26:11 +0800] "GET /xingrg/all/function/internal_message.html?_=1584584768016&CODE_STATE=getMsg HTTP/1.1" 200 27
180.156.150.85 - - [19/Mar/2020:10:26:11 +0800] "GET /xingrg/kc/buy/cgsh_order_operate.html?command=get_materiel&rest_code=00105&code=00101008312&supplier_code=00100203&order_time=2020-03-19 HTTP/1.1" 200 428
180.156.150.85 - - [19/Mar/2020:10:26:19 +0800] "GET /xingrg/kc/buy/cgsh_order_operate.html?command=get_materiel&rest_code=00105&code=00101008088&supplier_code=00100203&order_time=2020-03-19 HTTP/1.1" 200 423
116.238.181.252 - - [19/Mar/2020:10:26:28 +0800] "GET /xingrg/all/function/internal_message.html?_=1584584789237&CODE_STATE=getMsg HTTP/1.1" 200 27
180.156.150.85 - - [19/Mar/2020:10:26:33 +0800] "GET /xingrg/kc/buy/cgsh_order_operate.html?command=get_materiel&rest_code=00105&code=00101008197&supplier_code=00100203&order_time=2020-03-19 HTTP/1.1" 200 432
114.88.170.9 - - [19/Mar/2020:10:26:33 +0800] "GET /xingrg/all/function/internal_message.html?_=1584585084075&CODE_STATE=getMsg HTTP/1.1" 200 27
116.228.172.94 - - [19/Mar/2020:10:26:35 +0800] "GET /xingrg/all/function/internal_message.html?_=1584584793596&CODE_STATE=getMsg HTTP/1.1" 200 27
180.156.150.85 - - [19/Mar/2020:10:26:40 +0800] "GET /xingrg/kc/buy/cgsh_order_operate.html?command=get_materiel&rest_code=00105&code=00101008006&supplier_code=00100203&order_time=2020-03-19 HTTP/1.1" 200 432
222.69.135.150 - - [19/Mar/2020:10:26:41 +0800] "GET /xingrg/all/function/internal_message.html?_=1584584792323&CODE_STATE=getMsg HTTP/1.1" 200 27
180.156.150.85 - - [19/Mar/2020:10:26:46 +0800] "GET /xingrg/kc/buy/cgsh_order_operate.html?command=get_materiel&rest_code=00105&code=00101008131&supplier_code=00100203&order_time=2020-03-19 HTTP/1.1" 200 428
114.93.75.19 - - [19/Mar/2020:10:26:47 +0800] "GET /xingrg/all/function/internal_message.html?_=1584584802701&CODE_STATE=getMsg HTTP/1.1" 200 27
180.156.150.85 - - [19/Mar/2020:10:26:52 +0800] "GET /xingrg/kc/buy/cgsh_order_operate.html?command=get_materiel&rest_code=00105&code=00101008353&supplier_code=00100203&order_time=2020-03-19 HTTP/1.1" 200 424
101.81.124.227 - - [19/Mar/2020:10:26:52 +0800] "GET /xingrg/all/function/internal_message.html?_=1584584806928&CODE_STATE=getMsg HTTP/1.1" 200 27
180.156.150.85 - - [19/Mar/2020:10:26:52 +0800] "GET /xingrg/all/function/internal_message.html?_=1584584811670&CODE_STATE=getMsg HTTP/1.1" 200 27
114.88.159.93 - - [19/Mar/2020:10:26:53 +0800] "GET /xingrg/all/function/internal_message.html?_=1584584534774&CODE_STATE=getMsg HTTP/1.1" 200 27
114.93.75.19 - - [19/Mar/2020:10:26:57 +0800] "GET /xingrg/all/function/internal_message.html?_=1584584814167&CODE_STATE=getMsg HTTP/1.1" 200 27
180.156.150.85 - - [19/Mar/2020:10:26:58 +0800] "GET /xingrg/kc/buy/cgsh_order_operate.html?command=get_materiel&rest_code=00105&code=00101008105&supplier_code=00100203&order_time=2020-03-19 HTTP/1.1" 200 428
58.40.7.146 - - [19/Mar/2020:10:27:05 +0800] "GET /xingrg/all/function/internal_message.html?_=1584584822545&CODE_STATE=getMsg HTTP/1.1" 200 27
180.156.150.85 - - [19/Mar/2020:10:27:05 +0800] "GET /xingrg/kc/buy/cgsh_order_operate.html?command=get_materiel&rest_code=00105&code=00101008185&supplier_code=00100203&order_time=2020-03-19 HTTP/1.1" 200 408
180.157.252.250 - - [19/Mar/2020:10:27:11 +0800] "GET /xingrg/all/function/internal_message.html?_=1584584820843&CODE_STATE=getMsg HTTP/1.1" 200 27
58.221.95.50 - - [19/Mar/2020:10:27:14 +0800] "GET /xingrg/check_reg.html?_=1584585179884 HTTP/1.1" 200 22
116.238.181.252 - - [19/Mar/2020:10:27:28 +0800] "GET /xingrg/all/function/internal_message.html?_=1584584849237&CODE_STATE=getMsg HTTP/1.1" 200 27
116.238.181.252 - - [19/Mar/2020:10:27:28 +0800] "GET /xingrg/check_reg.html?_=1584584849240 HTTP/1.1" 200 22
180.156.150.85 - - [19/Mar/2020:10:27:28 +0800] "GET /xingrg/kc/buy/cgsh_order_operate.html?command=get_materiel&rest_code=00105&code=00101008103&supplier_code=00100203&order_time=2020-03-19 HTTP/1.1" 200 417
114.88.170.9 - - [19/Mar/2020:10:27:33 +0800] "GET /xingrg/all/function/internal_message.html?_=1584585144055&CODE_STATE=getMsg HTTP/1.1" 200 27
114.88.170.9 - - [19/Mar/2020:10:27:34 +0800] "GET /xingrg/check_reg.html?_=1584585145419 HTTP/1.1" 200 22
114.93.75.19 - - [19/Mar/2020:10:27:35 +0800] "POST /xingrg/dwr/call/plaincall/AjaxReportQueryService.queryInitializeString.dwr HTTP/1.1" 200 151
116.228.172.94 - - [19/Mar/2020:10:27:35 +0800] "GET /xingrg/all/function/internal_message.html?_=1584584853595&CODE_STATE=getMsg HTTP/1.1" 200 27
114.93.75.19 - - [19/Mar/2020:10:27:36 +0800] "POST /xingrg/dwr/call/plaincall/AjaxReportQueryService.refreshCache.dwr HTTP/1.1" 200 78
114.93.75.19 - - [19/Mar/2020:10:27:36 +0800] "POST /xingrg/all/report/load_report_page.html HTTP/1.1" 200 29566
124.77.241.94 - - [19/Mar/2020:10:27:36 +0800] "GET /favicon.ico HTTP/1.1" 404 -
114.93.75.19 - - [19/Mar/2020:10:27:36 +0800] "GET /xingrg/servlets/image?cache=0.15420114594194467&image=px HTTP/1.1" 200 807
180.157.252.250 - - [19/Mar/2020:10:27:37 +0800] "GET /xingrg/check_reg.html?_=1584584847200 HTTP/1.1" 302 -
124.77.241.94 - - [19/Mar/2020:10:27:38 +0800] "GET /xingrg/login.html HTTP/1.1" 200 7639
124.77.241.94 - - [19/Mar/2020:10:27:39 +0800] "GET /xingrg/images/blue/jxLogo.png HTTP/1.1" 304 -
124.77.241.94 - - [19/Mar/2020:10:27:39 +0800] "GET /xingrg/images/blue/login_bg.png HTTP/1.1" 304 -
124.77.241.94 - - [19/Mar/2020:10:27:39 +0800] "GET /xingrg/images/blue/hj.png HTTP/1.1" 304 -
124.77.241.94 - - [19/Mar/2020:10:27:39 +0800] "GET /xingrg/images/blue/srbg.png HTTP/1.1" 304 -
124.77.241.94 - - [19/Mar/2020:10:27:40 +0800] "GET /favicon.ico HTTP/1.1" 404 -
222.69.135.150 - - [19/Mar/2020:10:27:41 +0800] "GET /xingrg/all/function/internal_message.html?_=1584584852309&CODE_STATE=getMsg HTTP/1.1" 200 27
124.77.241.94 - - [19/Mar/2020:10:27:41 +0800] "POST /xingrg/login.do HTTP/1.1" 302 -
124.77.241.94 - - [19/Mar/2020:10:27:42 +0800] "GET /xingrg/javascript/jquery_easy_ui/themes/default/easyui.css HTTP/1.1" 304 -
124.77.241.94 - - [19/Mar/2020:10:27:42 +0800] "GET /xingrg/javascript/jquery_easy_ui/themes/icon.css HTTP/1.1" 304 -
124.77.241.94 - - [19/Mar/2020:10:27:42 +0800] "GET /xingrg/css/form.css HTTP/1.1" 304 -
124.77.241.94 - - [19/Mar/2020:10:27:42 +0800] "GET /xingrg/index.html?sysBaseUrl=http%3A%2F%2F117.131.15.22%3A18081%2Fxingrg%2F&costTime=35×tamp=1584584861991 HTTP/1.1" 200 17157
124.77.241.94 - - [19/Mar/2020:10:27:42 +0800] "GET /xingrg/javascript/jquery-1.4.2.min.js HTTP/1.1" 304 -
124.77.241.94 - - [19/Mar/2020:10:27:42 +0800] "GET /xingrg/javascript/jquery_easy_ui/jquery.easyui.min.js HTTP/1.1" 304 -
124.77.241.94 - - [19/Mar/2020:10:27:42 +0800] "GET /xingrg/javascript/jquery_easy_ui/easyui-lang-zh_CN.js HTTP/1.1" 304 -
124.77.241.94 - - [19/Mar/2020:10:27:42 +0800] "GET /xingrg/javascript/jquery.form.js HTTP/1.1" 304 -
124.77.241.94 - - [19/Mar/2020:10:27:42 +0800] "GET /favicon.ico HTTP/1.1" 404 -
124.77.241.94 - - [19/Mar/2020:10:27:42 +0800] "GET /xingrg/javascript/jquery.utils.js HTTP/1.1" 304 -
124.77.241.94 - - [19/Mar/2020:10:27:42 +0800] "GET /xingrg/javascript/jquery.timers.js HTTP/1.1" 304 -
124.77.241.94 - - [19/Mar/2020:10:27:43 +0800] "GET /xingrg/images/blue/navBackgound.jpg HTTP/1.1" 304 -
124.77.241.94 - - [19/Mar/2020:10:27:43 +0800] "GET /xingrg/javascript/jquery_easy_ui/themes/icons/settle_new.png HTTP/1.1" 304 -
124.77.241.94 - - [19/Mar/2020:10:27:43 +0800] "POST /xingrg/all/common/load_tree.html?tree=area_rest_tree_json&manage=1 HTTP/1.1" 200 470
124.77.241.94 - - [19/Mar/2020:10:27:43 +0800] "GET /xingrg/images/blue/pingpu.png HTTP/1.1" 304 -
124.77.241.94 - - [19/Mar/2020:10:27:43 +0800] "GET /xingrg/javascript/jquery_easy_ui/themes/default/images/tabs_leftarrow.png HTTP/1.1" 304 -
124.77.241.94 - - [19/Mar/2020:10:27:43 +0800] "GET /xingrg/javascript/jquery_easy_ui/themes/default/images/tabs_rightarrow.png HTTP/1.1" 304 -
124.77.241.94 - - [19/Mar/2020:10:27:43 +0800] "GET /xingrg/javascript/jquery_easy_ui/themes/default/images/panel_tool_collapse.gif HTTP/1.1" 304 -
124.77.241.94 - - [19/Mar/2020:10:27:44 +0800] "GET /xingrg/all/function/internal_message.html?_=1584584875112&CODE_STATE=count HTTP/1.1" 200 11
124.77.241.94 - - [19/Mar/2020:10:27:44 +0800] "GET /xingrg/check_reg.html?_=1584584875113 HTTP/1.1" 200 22
124.77.241.94 - - [19/Mar/2020:10:27:44 +0800] "POST /xingrg/load_menu.html HTTP/1.1" 200 5124
124.77.241.94 - - [19/Mar/2020:10:27:44 +0800] "GET /xingrg/javascript/jquery_easy_ui/themes/default/images/tree_arrows.gif HTTP/1.1" 304 -
124.77.241.94 - - [19/Mar/2020:10:27:44 +0800] "GET /xingrg/javascript/jquery_easy_ui/themes/icons/search_new.png HTTP/1.1" 304 -
124.77.241.94 - - [19/Mar/2020:10:27:44 +0800] "GET /xingrg/javascript/jquery_easy_ui/themes/default/images/tree_folder_open.gif HTTP/1.1" 304 -
124.77.241.94 - - [19/Mar/2020:10:27:44 +0800] "GET /xingrg/javascript/jquery_easy_ui/themes/default/images/tree_folder.gif HTTP/1.1" 304 -
124.77.241.94 - - [19/Mar/2020:10:27:44 +0800] "GET /xingrg/javascript/jquery_easy_ui/themes/icons/storage_new.png HTTP/1.1" 304 -
124.77.241.94 - - [19/Mar/2020:10:27:44 +0800] "GET /xingrg/javascript/jquery_easy_ui/themes/icons/forms_new.png HTTP/1.1" 304 -
124.77.241.94 - - [19/Mar/2020:10:27:44 +0800] "GET /xingrg/javascript/jquery_easy_ui/themes/default/images/tree_file.gif HTTP/1.1" 304 -
117.185.32.26 - - [19/Mar/2020:10:27:46 +0800] "POST /xingrg/kc/buy/cgsh_list_operate.html HTTP/1.1" 200 5791
114.93.75.19 - - [19/Mar/2020:10:27:47 +0800] "GET /xingrg/check_reg.html?_=1584584862690 HTTP/1.1" 200 22
114.93.75.19 - - [19/Mar/2020:10:27:47 +0800] "GET /xingrg/all/function/internal_message.html?_=1584584862691&CODE_STATE=getMsg HTTP/1.1" 200 27
117.185.32.26 - - [19/Mar/2020:10:27:47 +0800] "GET /xingrg/kc/buy/buy_main.html HTTP/1.1" 200 12398
117.185.32.26 - - [19/Mar/2020:10:27:47 +0800] "GET /xingrg/css/new_ie.css HTTP/1.1" 404 1036
117.185.32.26 - - [19/Mar/2020:10:27:48 +0800] "GET /xingrg/images/yd/bt.gif HTTP/1.1" 404 1040
180.156.150.85 - - [19/Mar/2020:10:27:48 +0800] "GET /xingrg/kc/buy/cgsh_order_operate.html?command=get_materiel&rest_code=00105&code=00101001061&supplier_code=00100203&order_time=2020-03-19 HTTP/1.1" 200 437
114.88.170.9 - - [19/Mar/2020:10:27:48 +0800] "GET /xingrg/check_reg.html?_=1584584865434 HTTP/1.1" 200 22
124.77.241.94 - - [19/Mar/2020:10:27:48 +0800] "GET /xingrg/kc/base/check_order_list.html HTTP/1.1" 200 16369
124.77.241.94 - - [19/Mar/2020:10:27:48 +0800] "GET /xingrg/javascript/jquery_easy_ui/themes/default/images/tabs_close.gif HTTP/1.1" 304 -
124.77.241.94 - - [19/Mar/2020:10:27:48 +0800] "GET /xingrg/css/base.css HTTP/1.1" 304 -
124.77.241.94 - - [19/Mar/2020:10:27:48 +0800] "GET /xingrg/css/site.css HTTP/1.1" 304 -
124.77.241.94 - - [19/Mar/2020:10:27:48 +0800] "GET /xingrg/javascript/jquery_tools/datebox.css HTTP/1.1" 304 -
124.77.241.94 - - [19/Mar/2020:10:27:48 +0800] "GET /xingrg/javascript/jquery_tools/fix.css HTTP/1.1" 304 -
124.77.241.94 - - [19/Mar/2020:10:27:48 +0800] "GET /xingrg/javascript/easyui/themes/icon.css HTTP/1.1" 304 -
124.77.241.94 - - [19/Mar/2020:10:27:48 +0800] "GET /xingrg/javascript/easyui/themes/default/easyui.css HTTP/1.1" 304 -
124.77.241.94 - - [19/Mar/2020:10:27:48 +0800] "GET /xingrg/javascript/jquery_tools/jquery.tools.hotkey.js HTTP/1.1" 304 -
124.77.241.94 - - [19/Mar/2020:10:27:48 +0800] "GET /xingrg/javascript/jquery_tools/jquery.tools.table.js HTTP/1.1" 304 -
124.77.241.94 - - [19/Mar/2020:10:27:48 +0800] "GET /xingrg/javascript/jquery_tools/list_manager.js HTTP/1.1" 304 -
124.77.241.94 - - [19/Mar/2020:10:27:48 +0800] "GET /xingrg/javascript/auto/jquery.autocomplete.css HTTP/1.1" 304 -
124.77.241.94 - - [19/Mar/2020:10:27:48 +0800] "GET /xingrg/javascript/auto/jquery.autocomplete.js HTTP/1.1" 304 -
124.77.241.94 - - [19/Mar/2020:10:27:48 +0800] "GET /xingrg/javascript/jquery_tools/jquery.tools.min.js HTTP/1.1" 304 -
124.77.241.94 - - [19/Mar/2020:10:27:48 +0800] "GET /xingrg/javascript/easyui/easyloader.js HTTP/1.1" 304 -
124.77.241.94 - - [19/Mar/2020:10:27:48 +0800] "GET /xingrg/javascript/jquery_tools/table.css HTTP/1.1" 304 -
124.77.241.94 - - [19/Mar/2020:10:27:48 +0800] "GET /xingrg/javascript/jquery.cookie.js HTTP/1.1" 304 -
124.77.241.94 - - [19/Mar/2020:10:27:48 +0800] "GET /xingrg/javascript/jquery_tools/jquery.tools.extend.js HTTP/1.1" 304 -
117.185.32.26 - - [19/Mar/2020:10:27:48 +0800] "GET /xingrg/kc/buy/cgsh_order_list.html HTTP/1.1" 200 42034
117.185.32.26 - - [19/Mar/2020:10:27:50 +0800] "POST /xingrg/kc/buy/cgsh_list_operate.html HTTP/1.1" 200 1697
124.77.241.94 - - [19/Mar/2020:10:27:50 +0800] "GET /xingrg/javascript/easyui/themes/icons/edit_add_new.png HTTP/1.1" 304 -
124.77.241.94 - - [19/Mar/2020:10:27:50 +0800] "GET /xingrg/javascript/easyui/themes/icons/cance_new.png HTTP/1.1" 304 -
124.77.241.94 - - [19/Mar/2020:10:27:50 +0800] "GET /xingrg/javascript/easyui/themes/icons/check_new.png HTTP/1.1" 304 -
124.77.241.94 - - [19/Mar/2020:10:27:50 +0800] "GET /xingrg/javascript/easyui/themes/icons/field_new.png HTTP/1.1" 304 -
124.77.241.94 - - [19/Mar/2020:10:27:50 +0800] "GET /xingrg/images/control/ajaxLoader.gif HTTP/1.1" 304 -
124.77.241.94 - - [19/Mar/2020:10:27:50 +0800] "GET /xingrg/javascript/easyui/plugins/jquery.parser.js HTTP/1.1" 304 -
124.77.241.94 - - [19/Mar/2020:10:27:50 +0800] "POST /xingrg/kc/base/check_list_operate.html HTTP/1.1" 200 1884
117.185.32.26 - - [19/Mar/2020:10:27:51 +0800] "POST /xingrg/kc/buy/cgsh_list_operate.html HTTP/1.1" 200 563
117.185.32.26 - - [19/Mar/2020:10:27:51 +0800] "GET /xingrg/kc/buy/cgsh_order_info.html?code=212020031901550 HTTP/1.1" 200 57657
117.185.32.26 - - [19/Mar/2020:10:27:52 +0800] "GET /xingrg/javascript/easyui/themes/default/validatebox.css HTTP/1.1" 404 1104
101.81.124.227 - - [19/Mar/2020:10:27:52 +0800] "GET /xingrg/check_reg.html?_=1584584866923 HTTP/1.1" 200 22
117.185.32.26 - - [19/Mar/2020:10:27:52 +0800] "POST /xingrg/kc/buy/cgsh_order_operate.html HTTP/1.1" 200 10349
101.81.124.227 - - [19/Mar/2020:10:27:52 +0800] "GET /xingrg/all/function/internal_message.html?_=1584584866928&CODE_STATE=getMsg HTTP/1.1" 200 27
180.156.150.85 - - [19/Mar/2020:10:27:52 +0800] "GET /xingrg/all/function/internal_message.html?_=1584584871671&CODE_STATE=getMsg HTTP/1.1" 200 27
114.88.159.93 - - [19/Mar/2020:10:27:53 +0800] "GET /xingrg/check_reg.html?_=1584584594771 HTTP/1.1" 200 22
114.88.159.93 - - [19/Mar/2020:10:27:53 +0800] "GET /xingrg/all/function/internal_message.html?_=1584584594773&CODE_STATE=getMsg HTTP/1.1" 200 27
114.93.75.19 - - [19/Mar/2020:10:27:57 +0800] "GET /xingrg/check_reg.html?_=1584584874151 HTTP/1.1" 200 22
114.93.75.19 - - [19/Mar/2020:10:27:57 +0800] "GET /xingrg/all/function/internal_message.html?_=1584584874156&CODE_STATE=getMsg HTTP/1.1" 200 27
124.77.241.94 - - [19/Mar/2020:10:27:57 +0800] "GET /xingrg/kc/base/check_order_info.html?code=452020031800140 HTTP/1.1" 200 26257
124.77.241.94 - - [19/Mar/2020:10:27:57 +0800] "GET /xingrg/css/blue.css HTTP/1.1" 304 -
124.77.241.94 - - [19/Mar/2020:10:27:57 +0800] "GET /xingrg/css/table.css HTTP/1.1" 304 -
124.77.241.94 - - [19/Mar/2020:10:27:57 +0800] "GET /xingrg/javascript/pic_change.js HTTP/1.1" 304 -
124.77.241.94 - - [19/Mar/2020:10:27:57 +0800] "GET /xingrg/dwr/interface/AjaxCheckService.js HTTP/1.1" 200 14003
124.77.241.94 - - [19/Mar/2020:10:27:57 +0800] "GET /xingrg/javascript/AjaxInfoList.js HTTP/1.1" 304 -
124.77.241.94 - - [19/Mar/2020:10:27:57 +0800] "GET /xingrg/dwr/util.js HTTP/1.1" 304 -
124.77.241.94 - - [19/Mar/2020:10:27:57 +0800] "GET /xingrg/javascript/Calendar.js HTTP/1.1" 304 -
124.77.241.94 - - [19/Mar/2020:10:27:57 +0800] "GET /xingrg/javascript/myfunction.js HTTP/1.1" 304 -
124.77.241.94 - - [19/Mar/2020:10:27:57 +0800] "GET /xingrg/javascript/convert.js HTTP/1.1" 304 -
124.77.241.94 - - [19/Mar/2020:10:27:57 +0800] "GET /xingrg/dwr/interface/AjaxComOrderService.js HTTP/1.1" 200 18264
124.77.241.94 - - [19/Mar/2020:10:27:57 +0800] "GET /xingrg/javascript/print/LodopFuncs.js HTTP/1.1" 304 -
124.77.241.94 - - [19/Mar/2020:10:27:57 +0800] "GET /xingrg/javascript/print/kc_print.js HTTP/1.1" 304 -
124.77.241.94 - - [19/Mar/2020:10:27:57 +0800] "GET /xingrg/dwr/engine.js HTTP/1.1" 200 43631
124.77.241.94 - - [19/Mar/2020:10:27:58 +0800] "GET /xingrg/javascript/jquery_easy_ui/themes/icons/check_new.png HTTP/1.1" 304 -
124.77.241.94 - - [19/Mar/2020:10:27:58 +0800] "GET /xingrg/javascript/jquery_easy_ui/themes/icons/cance_new.png HTTP/1.1" 304 -
124.77.241.94 - - [19/Mar/2020:10:27:58 +0800] "GET /xingrg/javascript/jquery_easy_ui/themes/icons/print.png HTTP/1.1" 304 -
124.77.241.94 - - [19/Mar/2020:10:27:58 +0800] "GET /xingrg/javascript/jquery_easy_ui/themes/default/images/menu_downarrow.png HTTP/1.1" 304 -
124.77.241.94 - - [19/Mar/2020:10:27:58 +0800] "GET /xingrg/javascript/jquery_easy_ui/themes/icons/back_new.png HTTP/1.1" 304 -
124.77.241.94 - - [19/Mar/2020:10:27:58 +0800] "POST /xingrg/dwr/call/plaincall/AjaxCheckService.loadOrderItems.dwr HTTP/1.1" 200 6056
124.77.241.94 - - [19/Mar/2020:10:27:58 +0800] "GET /xingrg/javascript/jquery_easy_ui/themes/icons/no.png HTTP/1.1" 304 -
117.185.32.26 - - [19/Mar/2020:10:28:04 +0800] "POST /xingrg/kc/buy/cgsh_order_operate.html HTTP/1.1" 200 37
58.40.7.146 - - [19/Mar/2020:10:28:05 +0800] "GET /xingrg/all/function/internal_message.html?_=1584584882533&CODE_STATE=getMsg HTTP/1.1" 200 27
117.185.32.26 - - [19/Mar/2020:10:28:05 +0800] "POST /xingrg/kc/buy/cgsh_order_operate.html HTTP/1.1" 200 12
117.185.32.26 - - [19/Mar/2020:10:28:07 +0800] "GET /xingrg/kc/buy/cgsh_order_info.html?code=212020031901550 HTTP/1.1" 200 52555
117.185.32.26 - - [19/Mar/2020:10:28:07 +0800] "GET /xingrg/javascript/easyui/themes/default/validatebox.css HTTP/1.1" 404 1104
124.77.241.94 - - [19/Mar/2020:10:28:07 +0800] "GET /xingrg/javascript/jquery_easy_ui/themes/icons/area.png HTTP/1.1" 304 -
124.77.241.94 - - [19/Mar/2020:10:28:07 +0800] "GET /xingrg/javascript/jquery_easy_ui/themes/icons/rest.png HTTP/1.1" 304 -
124.77.241.94 - - [19/Mar/2020:10:28:07 +0800] "GET /xingrg/javascript/jquery_tools/images/prev.gif HTTP/1.1" 404 1086
124.77.241.94 - - [19/Mar/2020:10:28:07 +0800] "GET /xingrg/javascript/jquery_tools/images/next.gif HTTP/1.1" 404 1086
117.185.32.26 - - [19/Mar/2020:10:28:07 +0800] "POST /xingrg/kc/buy/cgsh_order_operate.html HTTP/1.1" 200 8293
117.185.32.26 - - [19/Mar/2020:10:28:09 +0800] "GET /xingrg/kc/print/load_config.html?kc_code=cgsh HTTP/1.1" 200 1841
117.185.32.26 - - [19/Mar/2020:10:28:09 +0800] "GET /xingrg/kc/print/load_data.html?order_code=212020031901550&kc_code=cgsh&condition= HTTP/1.1" 200 3663
180.157.252.250 - - [19/Mar/2020:10:28:11 +0800] "GET /xingrg/all/function/internal_message.html?_=1584584880847&CODE_STATE=getMsg HTTP/1.1" 200 27
180.156.150.85 - - [19/Mar/2020:10:28:16 +0800] "GET /xingrg/kc/buy/cgsh_order_operate.html?command=get_materiel&rest_code=00105&code=00101008176&supplier_code=00100203&order_time=2020-03-19 HTTP/1.1" 200 413
114.93.75.19 - - [19/Mar/2020:10:28:20 +0800] "GET /xingrg/index.html?timestamp=1557821620754&sysBaseUrl=http%3A%2F%2F117.131.15.22%3A18081%2Fxingrg%2F&costTime=12 HTTP/1.1" 302 -
114.93.75.19 - - [19/Mar/2020:10:28:20 +0800] "GET /xingrg/login.html HTTP/1.1" 200 7639
114.93.75.19 - - [19/Mar/2020:10:28:20 +0800] "GET /favicon.ico HTTP/1.1" 404 -
124.77.241.94 - - [19/Mar/2020:10:28:22 +0800] "POST /xingrg/dwr/call/plaincall/AjaxCheckService.setItemNumber.dwr HTTP/1.1" 200 76
180.156.150.85 - - [19/Mar/2020:10:28:22 +0800] "GET /xingrg/kc/buy/cgsh_order_operate.html?command=get_materiel&rest_code=00105&code=00101008261&supplier_code=00100203&order_time=2020-03-19 HTTP/1.1" 200 408
124.77.241.94 - - [19/Mar/2020:10:28:24 +0800] "POST /xingrg/dwr/call/plaincall/AjaxCheckService.setItemNumber.dwr HTTP/1.1" 200 76
114.93.75.19 - - [19/Mar/2020:10:28:24 +0800] "POST /xingrg/login.do HTTP/1.1" 302 -
114.93.75.19 - - [19/Mar/2020:10:28:24 +0800] "GET /xingrg/index.html?sysBaseUrl=http%3A%2F%2F117.131.15.22%3A18081%2Fxingrg%2F&costTime=39×tamp=1584584904576 HTTP/1.1" 200 17481
114.93.75.19 - - [19/Mar/2020:10:28:24 +0800] "GET /favicon.ico HTTP/1.1" 404 -
114.93.75.19 - - [19/Mar/2020:10:28:25 +0800] "POST /xingrg/all/common/load_tree.html?tree=area_rest_tree_json&manage=1 HTTP/1.1" 200 3079
114.93.75.19 - - [19/Mar/2020:10:28:25 +0800] "GET /xingrg/all/function/internal_message.html?_=1584584903936&CODE_STATE=count HTTP/1.1" 200 11
114.93.75.19 - - [19/Mar/2020:10:28:25 +0800] "GET /xingrg/check_reg.html?_=1584584903937 HTTP/1.1" 200 22
114.93.75.19 - - [19/Mar/2020:10:28:25 +0800] "POST /xingrg/load_menu.html HTTP/1.1" 200 11550
116.238.181.252 - - [19/Mar/2020:10:28:28 +0800] "GET /xingrg/all/function/internal_message.html?_=1584584909244&CODE_STATE=getMsg HTTP/1.1" 200 27
180.156.150.85 - - [19/Mar/2020:10:28:28 +0800] "GET /xingrg/kc/buy/cgsh_order_operate.html?command=get_materiel&rest_code=00105&code=00101008210&supplier_code=00100203&order_time=2020-03-19 HTTP/1.1" 200 408
114.93.75.19 - - [19/Mar/2020:10:28:29 +0800] "POST /xingrg/all/user/operate.html HTTP/1.1" 200 36
114.93.75.19 - - [19/Mar/2020:10:28:29 +0800] "GET /xingrg/javascript/jquery_easy_ui/themes/default/easyui.css HTTP/1.1" 304 -
114.93.75.19 - - [19/Mar/2020:10:28:29 +0800] "GET /xingrg/javascript/jquery_easy_ui/themes/icon.css HTTP/1.1" 304 -
114.93.75.19 - - [19/Mar/2020:10:28:29 +0800] "GET /xingrg/css/form.css HTTP/1.1" 304 -
114.93.75.19 - - [19/Mar/2020:10:28:29 +0800] "GET /xingrg/javascript/jquery-1.4.2.min.js HTTP/1.1" 304 -
114.93.75.19 - - [19/Mar/2020:10:28:29 +0800] "GET /xingrg/javascript/jquery_easy_ui/easyui-lang-zh_CN.js HTTP/1.1" 304 -
114.93.75.19 - - [19/Mar/2020:10:28:29 +0800] "GET /xingrg/javascript/jquery.form.js HTTP/1.1" 304 -
114.93.75.19 - - [19/Mar/2020:10:28:29 +0800] "GET /xingrg/javascript/jquery_easy_ui/jquery.easyui.min.js HTTP/1.1" 304 -
114.93.75.19 - - [19/Mar/2020:10:28:29 +0800] "GET /xingrg/javascript/jquery.utils.js HTTP/1.1" 304 -
114.93.75.19 - - [19/Mar/2020:10:28:29 +0800] "GET /xingrg/javascript/jquery.timers.js HTTP/1.1" 304 -
114.93.75.19 - - [19/Mar/2020:10:28:29 +0800] "GET /xingrg/images/blue/jxLogo.png HTTP/1.1" 304 -
114.93.75.19 - - [19/Mar/2020:10:28:29 +0800] "GET /xingrg/index.html?sysBaseUrl=http%3A%2F%2F117.131.15.22%3A18081%2Fxingrg%2F&costTime=39×tamp=1584584904576 HTTP/1.1" 200 17481
114.93.75.19 - - [19/Mar/2020:10:28:29 +0800] "GET /xingrg/images/blue/navBackgound.jpg HTTP/1.1" 304 -
114.93.75.19 - - [19/Mar/2020:10:28:29 +0800] "GET /xingrg/javascript/jquery_easy_ui/themes/icons/settle_new.png HTTP/1.1" 304 -
114.93.75.19 - - [19/Mar/2020:10:28:29 +0800] "POST /xingrg/all/common/load_tree.html?tree=area_rest_tree_json&manage=1 HTTP/1.1" 200 3079
114.93.75.19 - - [19/Mar/2020:10:28:29 +0800] "GET /xingrg/all/function/internal_message.html?_=1584584908097&CODE_STATE=count HTTP/1.1" 200 11
114.93.75.19 - - [19/Mar/2020:10:28:29 +0800] "GET /xingrg/check_reg.html?_=1584584908099 HTTP/1.1" 200 22
114.93.75.19 - - [19/Mar/2020:10:28:29 +0800] "GET /xingrg/javascript/jquery_easy_ui/themes/default/images/tabs_leftarrow.png HTTP/1.1" 304 -
114.93.75.19 - - [19/Mar/2020:10:28:29 +0800] "GET /xingrg/javascript/jquery_easy_ui/themes/default/images/panel_tool_collapse.gif HTTP/1.1" 304 -
114.93.75.19 - - [19/Mar/2020:10:28:29 +0800] "GET /xingrg/javascript/jquery_easy_ui/themes/default/images/panel_tool_expand.gif HTTP/1.1" 304 -
114.93.75.19 - - [19/Mar/2020:10:28:29 +0800] "GET /xingrg/javascript/jquery_easy_ui/themes/default/images/tabs_rightarrow.png HTTP/1.1" 304 -
114.93.75.19 - - [19/Mar/2020:10:28:29 +0800] "GET /xingrg/images/blue/pingpu.png HTTP/1.1" 304 -
114.93.75.19 - - [19/Mar/2020:10:28:29 +0800] "POST /xingrg/load_menu.html HTTP/1.1" 200 9945
114.93.75.19 - - [19/Mar/2020:10:28:30 +0800] "GET /xingrg/kc/report/report_main.html HTTP/1.1" 200 7337
114.93.75.19 - - [19/Mar/2020:10:28:32 +0800] "GET /xingrg/kc/base/crk_hz.html HTTP/1.1" 200 11239
114.93.75.19 - - [19/Mar/2020:10:28:32 +0800] "POST /xingrg/kc/cost/cost_operate.html?command=get_base_tree HTTP/1.1" 200 2246
114.93.75.19 - - [19/Mar/2020:10:28:32 +0800] "POST /xingrg/all/common/load_tree.html?tree=materiel_sort_tree_json HTTP/1.1" 200 8666
114.88.170.9 - - [19/Mar/2020:10:28:33 +0800] "GET /xingrg/all/function/internal_message.html?_=1584585204033&CODE_STATE=getMsg HTTP/1.1" 200 27
180.156.150.85 - - [19/Mar/2020:10:28:33 +0800] "GET /xingrg/kc/buy/cgsh_order_operate.html?command=get_materiel&rest_code=00105&code=00101008027&supplier_code=00100203&order_time=2020-03-19 HTTP/1.1" 200 425
114.93.75.19 - - [19/Mar/2020:10:28:35 +0800] "GET /xingrg/all/common/get_data_part.html?part=previousMonth&_=1584584914193 HTTP/1.1" 200 41
116.228.172.94 - - [19/Mar/2020:10:28:35 +0800] "GET /xingrg/check_reg.html?_=1584584913595 HTTP/1.1" 200 22
116.228.172.94 - - [19/Mar/2020:10:28:35 +0800] "GET /xingrg/all/function/internal_message.html?_=1584584913596&CODE_STATE=getMsg HTTP/1.1" 200 27
114.93.75.19 - - [19/Mar/2020:10:28:40 +0800] "GET /xingrg/kc/base/crk_hz.html?_=1584584918547&command=get_cost_id&end_date=2020-02-29&start_date=2020-01-01 HTTP/1.1" 200 51
114.93.75.19 - - [19/Mar/2020:10:28:40 +0800] "GET /xingrg/all/report/report_query.html?isQuery=1&onlyBody=1&rh=99999&rw=1800&varString=start:20200101,cost_id:2513,mid:20200101&fileName=kc/base/crk_hz_type_by_base.xml&queryString=%20m.sort_code%20in%20('00101001','00101002','00101003','00101004','00101005','00101006','00101007','00101008','00101009','00101010','00101011','00101012','00101013','00101014','00101015','00101016','00101017','00101018','00101019','00101020','00101021','00101022','00101023','00101024','00101025','00101026','00101027','00101028','00101029','00101030','00101031','00101032','00101033','00101034','00101036','00101037','00101038','00101039')%20&queryText=ÈÕÆÚ£º2020-01-01ÖÁ2020-02-29&tableQueryString=materiel_table$sp1$$sp$before_table$sp1$$sp$crk_table$sp1$order_day%20between%2020200101%20and%2020200229 HTTP/1.1" 200 49770
114.93.75.19 - - [19/Mar/2020:10:28:40 +0800] "GET /xingrg/dwr/util.js HTTP/1.1" 304 -
114.93.75.19 - - [19/Mar/2020:10:28:40 +0800] "GET /xingrg/dwr/interface/AjaxReportQueryService.js HTTP/1.1" 200 13203
114.93.75.19 - - [19/Mar/2020:10:28:40 +0800] "GET /xingrg/dwr/engine.js HTTP/1.1" 200 43631
222.69.135.150 - - [19/Mar/2020:10:28:41 +0800] "GET /xingrg/all/function/internal_message.html?_=1584584912282&CODE_STATE=getMsg HTTP/1.1" 200 27
117.185.32.26 - - [19/Mar/2020:10:28:43 +0800] "GET /xingrg/kc/print/load_data.html?order_code=212020031901550&kc_code=cgsh HTTP/1.1" 200 3663
124.77.241.94 - - [19/Mar/2020:10:28:44 +0800] "GET /xingrg/all/function/internal_message.html?_=1584584935122&CODE_STATE=getMsg HTTP/1.1" 200 27
180.156.150.85 - - [19/Mar/2020:10:28:44 +0800] "GET /xingrg/kc/buy/cgsh_order_operate.html?command=get_materiel&rest_code=00105&code=00101008132&supplier_code=00100203&order_time=2020-03-19 HTTP/1.1" 200 408
114.93.75.19 - - [19/Mar/2020:10:28:50 +0800] "POST /xingrg/all/report/load_report_page.html HTTP/1.1" 200 645282
114.93.75.19 - - [19/Mar/2020:10:28:51 +0800] "GET /xingrg/servlets/image?cache=0.06336886999163516&image=px HTTP/1.1" 200 807
