114.93.75.19 - - [18/Mar/2020:09:32:57 +0800] "GET /xingrg/system/rest/get_infos.html?command=menu_img_show&id=7192 HTTP/1.1" 200 5
116.238.181.252 - - [18/Mar/2020:09:33:00 +0800] "GET /xingrg/all/function/internal_message.html?_=1584495182091&CODE_STATE=getMsg HTTP/1.1" 200 27
117.131.5.26 - - [18/Mar/2020:09:33:08 +0800] "GET /xingrg/all/function/internal_message.html?_=1584495203281&CODE_STATE=getMsg HTTP/1.1" 200 27
124.77.241.94 - - [18/Mar/2020:09:33:12 +0800] "GET /xingrg/all/function/internal_message.html?_=1584495199666&CODE_STATE=getMsg HTTP/1.1" 200 27
114.93.75.19 - - [18/Mar/2020:09:33:13 +0800] "GET /xingrg/all/function/internal_message.html?_=1584495196593&CODE_STATE=getMsg HTTP/1.1" 200 27
114.93.75.19 - - [18/Mar/2020:09:33:14 +0800] "GET /xingrg/all/function/internal_message.html?_=1584495370367&CODE_STATE=getMsg HTTP/1.1" 200 27
116.238.181.252 - - [18/Mar/2020:09:33:19 +0800] "GET /xingrg/kc/buy/cgsh_order_operate.html?command=get_materiel&rest_code=00150&code=00101008049&supplier_code=00100007&order_time=2020-03-18 HTTP/1.1" 200 408
120.253.135.82 - - [18/Mar/2020:09:33:22 +0800] "GET /xingrg/all/function/internal_message.html?_=1584495322139&CODE_STATE=getMsg HTTP/1.1" 200 27
116.238.181.252 - - [18/Mar/2020:09:33:29 +0800] "GET /xingrg/kc/buy/cgsh_order_operate.html?command=get_materiel&rest_code=00150&code=00101008370&supplier_code=00100007&order_time=2020-03-18 HTTP/1.1" 200 412
114.88.170.9 - - [18/Mar/2020:09:33:31 +0800] "GET /xingrg/all/function/internal_message.html?_=1584495501402&CODE_STATE=getMsg HTTP/1.1" 302 -
114.93.75.19 - - [18/Mar/2020:09:33:31 +0800] "GET /xingrg/system/rest/query_items.html?_=1584495215198&table=menu&page=1&rows=20&categoryId=&key=72 HTTP/1.1" 200 4653
114.93.75.19 - - [18/Mar/2020:09:33:34 +0800] "GET /xingrg/system/rest/query_items.html?_=1584495218325&table=menu&page=1&rows=20&categoryId=&key=72 HTTP/1.1" 200 4653
120.253.135.82 - - [18/Mar/2020:09:33:39 +0800] "GET /xingrg/all/function/internal_message.html?_=1584494961712&CODE_STATE=getMsg HTTP/1.1" 200 27
114.93.75.19 - - [18/Mar/2020:09:33:39 +0800] "GET /xingrg/javascript/jquery_easy_ui/themes/default/images/datagrid_sort_asc.gif HTTP/1.1" 304 -
114.93.75.19 - - [18/Mar/2020:09:33:39 +0800] "GET /xingrg/system/rest/query_items.html?_=1584495223321&table=menu&page=1&rows=20&sort=id&order=asc&categoryId=&key=72 HTTP/1.1" 200 4824
222.69.134.233 - - [18/Mar/2020:09:33:40 +0800] "GET /xingrg/all/function/internal_message.html?_=1584495215396&CODE_STATE=getMsg HTTP/1.1" 200 27
116.238.181.252 - - [18/Mar/2020:09:33:40 +0800] "GET /xingrg/kc/buy/cgsh_order_operate.html?command=get_materiel&rest_code=00150&code=00101008300&supplier_code=00100007&order_time=2020-03-18 HTTP/1.1" 200 412
114.93.75.19 - - [18/Mar/2020:09:33:40 +0800] "GET /xingrg/javascript/jquery_easy_ui/themes/default/images/datagrid_sort_desc.gif HTTP/1.1" 200 833
114.93.75.19 - - [18/Mar/2020:09:33:40 +0800] "GET /xingrg/system/rest/query_items.html?_=1584495223885&table=menu&page=1&rows=20&sort=id&order=desc&categoryId=&key=72 HTTP/1.1" 200 4772
117.185.32.26 - - [18/Mar/2020:09:33:41 +0800] "GET /xingrg/all/function/internal_message.html?_=1584495219109&CODE_STATE=getMsg HTTP/1.1" 200 27
114.93.75.19 - - [18/Mar/2020:09:33:41 +0800] "GET /xingrg/all/function/internal_message.html?_=1584495219060&CODE_STATE=getMsg HTTP/1.1" 200 27
58.40.7.146 - - [18/Mar/2020:09:33:44 +0800] "GET /xingrg/all/function/internal_message.html?_=1584495222484&CODE_STATE=getMsg HTTP/1.1" 200 27
116.238.181.252 - - [18/Mar/2020:09:33:46 +0800] "GET /xingrg/kc/buy/cgsh_order_operate.html?command=get_materiel&rest_code=00150&code=00101008356&supplier_code=00100007&order_time=2020-03-18 HTTP/1.1" 200 408
114.93.75.19 - - [18/Mar/2020:09:33:46 +0800] "GET /xingrg/system/rest/query_items.html?_=1584495229678&table=menu&page=1&rows=20&sort=id&order=asc&categoryId=&key=72 HTTP/1.1" 200 4824
114.93.75.19 - - [18/Mar/2020:09:33:51 +0800] "GET /xingrg/system/rest/query_items.html?_=1584495235195&table=menu&page=1&rows=20&sort=id&order=desc&categoryId=&key=72 HTTP/1.1" 200 4772
116.238.181.252 - - [18/Mar/2020:09:34:00 +0800] "GET /xingrg/check_reg.html?_=1584495242088 HTTP/1.1" 200 22
116.238.181.252 - - [18/Mar/2020:09:34:00 +0800] "GET /xingrg/all/function/internal_message.html?_=1584495242091&CODE_STATE=getMsg HTTP/1.1" 200 27
117.131.5.26 - - [18/Mar/2020:09:34:08 +0800] "GET /xingrg/all/function/internal_message.html?_=1584495263281&CODE_STATE=getMsg HTTP/1.1" 200 27
114.93.75.19 - - [18/Mar/2020:09:34:10 +0800] "GET /xingrg/javascript/jquery_easy_ui/themes/default/images/button_plain_hover.png HTTP/1.1" 304 -
114.93.75.19 - - [18/Mar/2020:09:34:10 +0800] "GET /xingrg/javascript/jquery_easy_ui/themes/default/images/button_plain_hover.png HTTP/1.1" 304 -
114.93.75.19 - - [18/Mar/2020:09:34:11 +0800] "GET /xingrg/system/rest/query_items.html?_=1584495254858&table=menu&page=2&rows=20&sort=id&order=desc&categoryId=&key=72 HTTP/1.1" 200 4852
124.77.241.94 - - [18/Mar/2020:09:34:12 +0800] "GET /xingrg/all/function/internal_message.html?_=1584495260138&CODE_STATE=getMsg HTTP/1.1" 200 27
114.93.75.19 - - [18/Mar/2020:09:34:13 +0800] "GET /xingrg/all/function/internal_message.html?_=1584495256607&CODE_STATE=getMsg HTTP/1.1" 200 27
114.93.75.19 - - [18/Mar/2020:09:34:14 +0800] "GET /xingrg/all/function/internal_message.html?_=1584495430338&CODE_STATE=getMsg HTTP/1.1" 200 27
124.77.241.94 - - [18/Mar/2020:09:34:18 +0800] "GET /xingrg/check_reg.html?_=1584495265735 HTTP/1.1" 200 22
114.93.75.19 - - [18/Mar/2020:09:34:21 +0800] "GET /xingrg/system/rest/query_items.html?_=1584495264510&table=menu&page=3&rows=20&sort=id&order=desc&categoryId=&key=72 HTTP/1.1" 200 4846
120.253.135.82 - - [18/Mar/2020:09:34:22 +0800] "GET /xingrg/all/function/internal_message.html?_=1584495382150&CODE_STATE=getMsg HTTP/1.1" 200 27
114.88.170.9 - - [18/Mar/2020:09:34:31 +0800] "GET /xingrg/all/function/internal_message.html?_=1584495561383&CODE_STATE=getMsg HTTP/1.1" 302 -
114.88.170.9 - - [18/Mar/2020:09:34:32 +0800] "GET /xingrg/check_reg.html?_=1584495562747 HTTP/1.1" 302 -
180.156.150.85 - - [18/Mar/2020:09:34:34 +0800] "GET /favicon.ico HTTP/1.1" 404 -
120.253.135.82 - - [18/Mar/2020:09:34:39 +0800] "GET /xingrg/all/function/internal_message.html?_=1584495021725&CODE_STATE=getMsg HTTP/1.1" 200 27
222.69.134.233 - - [18/Mar/2020:09:34:40 +0800] "GET /xingrg/all/function/internal_message.html?_=1584495275365&CODE_STATE=getMsg HTTP/1.1" 200 27
114.93.75.19 - - [18/Mar/2020:09:34:41 +0800] "GET /xingrg/system/rest/query_items.html?_=1584495284412&table=menu&page=4&rows=20&sort=id&order=desc&categoryId=&key=72 HTTP/1.1" 200 4685
117.185.32.26 - - [18/Mar/2020:09:34:41 +0800] "GET /xingrg/all/function/internal_message.html?_=1584495279095&CODE_STATE=getMsg HTTP/1.1" 200 27
114.93.75.19 - - [18/Mar/2020:09:34:41 +0800] "GET /xingrg/all/function/internal_message.html?_=1584495279076&CODE_STATE=getMsg HTTP/1.1" 200 27
58.40.7.146 - - [18/Mar/2020:09:34:44 +0800] "GET /xingrg/all/function/internal_message.html?_=1584495282472&CODE_STATE=getMsg HTTP/1.1" 200 27
114.93.75.19 - - [18/Mar/2020:09:34:45 +0800] "GET /xingrg/system/rest/query_items.html?_=1584495289255&table=menu&page=5&rows=20&sort=id&order=desc&categoryId=&key=72 HTTP/1.1" 200 4693
116.238.181.252 - - [18/Mar/2020:09:34:48 +0800] "POST /xingrg/kc/buy/cgsh_order_operate.html HTTP/1.1" 200 37
116.238.181.252 - - [18/Mar/2020:09:34:50 +0800] "POST /xingrg/kc/buy/cgsh_order_operate.html HTTP/1.1" 200 12
116.238.181.252 - - [18/Mar/2020:09:34:51 +0800] "GET /xingrg/kc/buy/cgsh_order_info.html?code=212020031801449 HTTP/1.1" 200 53133
116.238.181.252 - - [18/Mar/2020:09:34:51 +0800] "GET /xingrg/javascript/easyui/themes/default/validatebox.css HTTP/1.1" 404 1104
116.238.181.252 - - [18/Mar/2020:09:34:52 +0800] "POST /xingrg/kc/buy/cgsh_order_operate.html HTTP/1.1" 200 2376
116.238.181.252 - - [18/Mar/2020:09:34:53 +0800] "GET /xingrg/kc/print/load_config.html?kc_code=cgsh HTTP/1.1" 200 1841
116.238.181.252 - - [18/Mar/2020:09:34:53 +0800] "GET /xingrg/kc/print/load_data.html?order_code=212020031801449&kc_code=cgsh&condition= HTTP/1.1" 200 1436
116.238.181.252 - - [18/Mar/2020:09:35:00 +0800] "GET /xingrg/all/function/internal_message.html?_=1584495302084&CODE_STATE=getMsg HTTP/1.1" 200 27
117.131.5.26 - - [18/Mar/2020:09:35:08 +0800] "GET /xingrg/all/function/internal_message.html?_=1584495323281&CODE_STATE=getMsg HTTP/1.1" 200 27
114.93.75.19 - - [18/Mar/2020:09:35:12 +0800] "GET /xingrg/check_reg.html?_=1584495487611 HTTP/1.1" 200 22
124.77.241.94 - - [18/Mar/2020:09:35:12 +0800] "GET /xingrg/all/function/internal_message.html?_=1584495320145&CODE_STATE=getMsg HTTP/1.1" 200 27
114.93.75.19 - - [18/Mar/2020:09:35:13 +0800] "GET /xingrg/all/function/internal_message.html?_=1584495316621&CODE_STATE=getMsg HTTP/1.1" 200 27
114.93.75.19 - - [18/Mar/2020:09:35:14 +0800] "GET /xingrg/all/function/internal_message.html?_=1584495490314&CODE_STATE=getMsg HTTP/1.1" 200 27
114.93.75.19 - - [18/Mar/2020:09:35:21 +0800] "GET /xingrg/system/rest/get_item.html?table=menu&id=7207&_=1584495324453 HTTP/1.1" 200 946
114.93.75.19 - - [18/Mar/2020:09:35:21 +0800] "GET /xingrg/system/rest/get_item.html?table=menu&target=menu_rest&id=7207&_=1584495324464 HTTP/1.1" 200 62
114.93.75.19 - - [18/Mar/2020:09:35:21 +0800] "GET /xingrg/system/rest/get_item.html?table=menu&target=cook_mode&id=7207&_=1584495324461 HTTP/1.1" 200 62
120.253.135.82 - - [18/Mar/2020:09:35:21 +0800] "GET /xingrg/check_reg.html?_=1584495441796 HTTP/1.1" 200 22
114.93.75.19 - - [18/Mar/2020:09:35:21 +0800] "GET /xingrg/system/rest/get_infos.html?command=menu_img_show&id=7207 HTTP/1.1" 200 5
120.253.135.82 - - [18/Mar/2020:09:35:22 +0800] "GET /xingrg/all/function/internal_message.html?_=1584495442165&CODE_STATE=getMsg HTTP/1.1" 200 27
114.88.170.9 - - [18/Mar/2020:09:35:31 +0800] "GET /xingrg/all/function/internal_message.html?_=1584495621357&CODE_STATE=getMsg HTTP/1.1" 302 -
120.253.135.82 - - [18/Mar/2020:09:35:39 +0800] "GET /xingrg/all/function/internal_message.html?_=1584495081744&CODE_STATE=getMsg HTTP/1.1" 200 27
222.69.134.233 - - [18/Mar/2020:09:35:40 +0800] "GET /xingrg/all/function/internal_message.html?_=1584495335351&CODE_STATE=getMsg HTTP/1.1" 200 27
222.69.134.233 - - [18/Mar/2020:09:35:40 +0800] "GET /xingrg/check_reg.html?_=1584495336030 HTTP/1.1" 200 22
117.185.32.26 - - [18/Mar/2020:09:35:41 +0800] "GET /xingrg/all/function/internal_message.html?_=1584495339098&CODE_STATE=getMsg HTTP/1.1" 200 27
117.185.32.26 - - [18/Mar/2020:09:35:41 +0800] "GET /xingrg/check_reg.html?_=1584495339102 HTTP/1.1" 200 22
114.93.75.19 - - [18/Mar/2020:09:35:41 +0800] "GET /xingrg/all/function/internal_message.html?_=1584495339061&CODE_STATE=getMsg HTTP/1.1" 200 27
114.93.75.19 - - [18/Mar/2020:09:35:41 +0800] "GET /xingrg/check_reg.html?_=1584495339064 HTTP/1.1" 200 22
58.40.7.146 - - [18/Mar/2020:09:35:44 +0800] "GET /xingrg/all/function/internal_message.html?_=1584495342475&CODE_STATE=getMsg HTTP/1.1" 200 27
116.238.181.252 - - [18/Mar/2020:09:36:00 +0800] "GET /xingrg/all/function/internal_message.html?_=1584495362085&CODE_STATE=getMsg HTTP/1.1" 200 27
114.88.170.9 - - [18/Mar/2020:09:36:01 +0800] "GET /xingrg/check_reg.html?_=1584495357977 HTTP/1.1" 200 22
117.131.5.26 - - [18/Mar/2020:09:36:08 +0800] "GET /xingrg/all/function/internal_message.html?_=1584495383296&CODE_STATE=getMsg HTTP/1.1" 200 27
124.77.241.94 - - [18/Mar/2020:09:36:12 +0800] "GET /xingrg/all/function/internal_message.html?_=1584495380159&CODE_STATE=getMsg HTTP/1.1" 200 27
114.93.75.19 - - [18/Mar/2020:09:36:13 +0800] "GET /xingrg/all/function/internal_message.html?_=1584495376639&CODE_STATE=getMsg HTTP/1.1" 200 27
114.93.75.19 - - [18/Mar/2020:09:36:14 +0800] "GET /xingrg/all/function/internal_message.html?_=1584495550300&CODE_STATE=getMsg HTTP/1.1" 200 27
120.253.135.82 - - [18/Mar/2020:09:36:22 +0800] "GET /xingrg/all/function/internal_message.html?_=1584495502178&CODE_STATE=getMsg HTTP/1.1" 200 27
124.77.241.94 - - [18/Mar/2020:09:36:24 +0800] "GET /xingrg/javascript/easyui/themes/default/images/button_plain_hover.png HTTP/1.1" 304 -
114.88.170.9 - - [18/Mar/2020:09:36:31 +0800] "GET /xingrg/all/function/internal_message.html?_=1584495681339&CODE_STATE=getMsg HTTP/1.1" 302 -
124.77.241.94 - - [18/Mar/2020:09:36:33 +0800] "POST /xingrg/kc/buy/cgsh_list_operate.html HTTP/1.1" 200 4
124.77.241.94 - - [18/Mar/2020:09:36:36 +0800] "POST /xingrg/kc/buy/cgsh_list_operate.html HTTP/1.1" 200 876
120.253.135.82 - - [18/Mar/2020:09:36:39 +0800] "GET /xingrg/all/function/internal_message.html?_=1584495141752&CODE_STATE=getMsg HTTP/1.1" 200 27
222.69.134.233 - - [18/Mar/2020:09:36:40 +0800] "GET /xingrg/all/function/internal_message.html?_=1584495395332&CODE_STATE=getMsg HTTP/1.1" 200 27
117.185.32.26 - - [18/Mar/2020:09:36:41 +0800] "GET /xingrg/all/function/internal_message.html?_=1584495399102&CODE_STATE=getMsg HTTP/1.1" 200 27
114.93.75.19 - - [18/Mar/2020:09:36:41 +0800] "GET /xingrg/all/function/internal_message.html?_=1584495399065&CODE_STATE=getMsg HTTP/1.1" 200 27
58.40.7.146 - - [18/Mar/2020:09:36:44 +0800] "GET /xingrg/all/function/internal_message.html?_=1584495402481&CODE_STATE=getMsg HTTP/1.1" 200 27
116.238.181.252 - - [18/Mar/2020:09:37:00 +0800] "GET /xingrg/all/function/internal_message.html?_=1584495422099&CODE_STATE=getMsg HTTP/1.1" 200 27
117.131.5.26 - - [18/Mar/2020:09:37:08 +0800] "GET /xingrg/check_reg.html?_=1584495442718 HTTP/1.1" 200 22
117.131.5.26 - - [18/Mar/2020:09:37:08 +0800] "GET /xingrg/all/function/internal_message.html?_=1584495443296&CODE_STATE=getMsg HTTP/1.1" 200 27
124.77.241.94 - - [18/Mar/2020:09:37:12 +0800] "GET /xingrg/all/function/internal_message.html?_=1584495440173&CODE_STATE=getMsg HTTP/1.1" 200 27
114.93.75.19 - - [18/Mar/2020:09:37:13 +0800] "GET /xingrg/check_reg.html?_=1584495436585 HTTP/1.1" 200 22
114.93.75.19 - - [18/Mar/2020:09:37:13 +0800] "GET /xingrg/all/function/internal_message.html?_=1584495436648&CODE_STATE=getMsg HTTP/1.1" 200 27
114.93.75.19 - - [18/Mar/2020:09:37:14 +0800] "GET /xingrg/all/function/internal_message.html?_=1584495610271&CODE_STATE=getMsg HTTP/1.1" 200 27
58.221.95.50 - - [18/Mar/2020:09:37:19 +0800] "GET /xingrg/check_reg.html?_=1584495784486 HTTP/1.1" 200 22
120.253.135.82 - - [18/Mar/2020:09:37:22 +0800] "GET /xingrg/all/function/internal_message.html?_=1584495562191&CODE_STATE=getMsg HTTP/1.1" 200 27
114.88.170.9 - - [18/Mar/2020:09:37:31 +0800] "GET /xingrg/all/function/internal_message.html?_=1584495741329&CODE_STATE=getMsg HTTP/1.1" 302 -
180.157.252.250 - - [18/Mar/2020:09:37:38 +0800] "GET /xingrg/check_reg.html?_=1584495449142 HTTP/1.1" 302 -
120.253.135.82 - - [18/Mar/2020:09:37:38 +0800] "GET /xingrg/check_reg.html?_=1584495201355 HTTP/1.1" 200 22
120.253.135.82 - - [18/Mar/2020:09:37:39 +0800] "GET /xingrg/all/function/internal_message.html?_=1584495201765&CODE_STATE=getMsg HTTP/1.1" 200 27
222.69.134.233 - - [18/Mar/2020:09:37:40 +0800] "GET /xingrg/all/function/internal_message.html?_=1584495455318&CODE_STATE=getMsg HTTP/1.1" 200 27
117.185.32.26 - - [18/Mar/2020:09:37:41 +0800] "GET /xingrg/all/function/internal_message.html?_=1584495459104&CODE_STATE=getMsg HTTP/1.1" 200 27
114.93.75.19 - - [18/Mar/2020:09:37:41 +0800] "GET /xingrg/all/function/internal_message.html?_=1584495459066&CODE_STATE=getMsg HTTP/1.1" 200 27
58.40.7.146 - - [18/Mar/2020:09:37:44 +0800] "GET /xingrg/all/function/internal_message.html?_=1584495462481&CODE_STATE=getMsg HTTP/1.1" 200 27
58.40.7.146 - - [18/Mar/2020:09:37:44 +0800] "GET /xingrg/check_reg.html?_=1584495462484 HTTP/1.1" 200 22
116.238.181.252 - - [18/Mar/2020:09:38:00 +0800] "GET /xingrg/all/function/internal_message.html?_=1584495482094&CODE_STATE=getMsg HTTP/1.1" 200 27
117.131.5.26 - - [18/Mar/2020:09:38:08 +0800] "GET /xingrg/all/function/internal_message.html?_=1584495503296&CODE_STATE=getMsg HTTP/1.1" 200 27
124.77.241.94 - - [18/Mar/2020:09:38:12 +0800] "GET /xingrg/all/function/internal_message.html?_=1584495500185&CODE_STATE=getMsg HTTP/1.1" 200 27
114.93.75.19 - - [18/Mar/2020:09:38:13 +0800] "GET /xingrg/all/function/internal_message.html?_=1584495496661&CODE_STATE=getMsg HTTP/1.1" 200 27
114.93.75.19 - - [18/Mar/2020:09:38:14 +0800] "GET /xingrg/all/function/internal_message.html?_=1584495670243&CODE_STATE=getMsg HTTP/1.1" 200 27
120.253.135.82 - - [18/Mar/2020:09:38:22 +0800] "GET /xingrg/all/function/internal_message.html?_=1584495622207&CODE_STATE=getMsg HTTP/1.1" 200 27
114.88.170.9 - - [18/Mar/2020:09:38:31 +0800] "GET /xingrg/all/function/internal_message.html?_=1584495801280&CODE_STATE=getMsg HTTP/1.1" 302 -
120.253.135.82 - - [18/Mar/2020:09:38:39 +0800] "GET /xingrg/all/function/internal_message.html?_=1584495261780&CODE_STATE=getMsg HTTP/1.1" 200 27
222.69.134.233 - - [18/Mar/2020:09:38:40 +0800] "GET /xingrg/all/function/internal_message.html?_=1584495515303&CODE_STATE=getMsg HTTP/1.1" 200 27
117.185.32.26 - - [18/Mar/2020:09:38:41 +0800] "GET /xingrg/all/function/internal_message.html?_=1584495519106&CODE_STATE=getMsg HTTP/1.1" 200 27
114.93.75.19 - - [18/Mar/2020:09:38:41 +0800] "GET /xingrg/all/function/internal_message.html?_=1584495519065&CODE_STATE=getMsg HTTP/1.1" 200 27
58.40.7.146 - - [18/Mar/2020:09:38:44 +0800] "GET /xingrg/all/function/internal_message.html?_=1584495522487&CODE_STATE=getMsg HTTP/1.1" 200 27
116.238.181.252 - - [18/Mar/2020:09:39:00 +0800] "GET /xingrg/all/function/internal_message.html?_=1584495542096&CODE_STATE=getMsg HTTP/1.1" 200 27
116.238.181.252 - - [18/Mar/2020:09:39:00 +0800] "GET /xingrg/check_reg.html?_=1584495542102 HTTP/1.1" 200 22
101.81.124.227 - - [18/Mar/2020:09:39:05 +0800] "GET /xingrg/index.html?sysBaseUrl=http%3A%2F%2F117.131.15.22%3A18081%2Fxingrg%2F&costTime=33×tamp=1579924058753 HTTP/1.1" 200 17151
101.81.124.227 - - [18/Mar/2020:09:39:07 +0800] "POST /xingrg/all/common/load_tree.html?tree=area_rest_tree_json&manage=1 HTTP/1.1" 200 467
101.81.124.227 - - [18/Mar/2020:09:39:07 +0800] "GET /xingrg/all/function/internal_message.html?_=1584495543709&CODE_STATE=count HTTP/1.1" 200 11
101.81.124.227 - - [18/Mar/2020:09:39:07 +0800] "GET /xingrg/check_reg.html?_=1584495543719 HTTP/1.1" 200 22
101.81.124.227 - - [18/Mar/2020:09:39:07 +0800] "POST /xingrg/load_menu.html HTTP/1.1" 200 5124
117.131.5.26 - - [18/Mar/2020:09:39:08 +0800] "GET /xingrg/all/function/internal_message.html?_=1584495563296&CODE_STATE=getMsg HTTP/1.1" 200 27
101.81.124.227 - - [18/Mar/2020:09:39:12 +0800] "GET /xingrg/kc/buy/buy_main.html HTTP/1.1" 200 12398
101.81.124.227 - - [18/Mar/2020:09:39:12 +0800] "GET /xingrg/css/new_ie.css HTTP/1.1" 404 1036
101.81.124.227 - - [18/Mar/2020:09:39:13 +0800] "GET /xingrg/images/yd/bt.gif HTTP/1.1" 404 1040
124.77.241.94 - - [18/Mar/2020:09:39:13 +0800] "GET /xingrg/all/function/internal_message.html?_=1584495560615&CODE_STATE=getMsg HTTP/1.1" 200 27
114.93.75.19 - - [18/Mar/2020:09:39:13 +0800] "GET /xingrg/all/function/internal_message.html?_=1584495556675&CODE_STATE=getMsg HTTP/1.1" 200 27
101.81.124.227 - - [18/Mar/2020:09:39:13 +0800] "GET /xingrg/kc/buy/cgsh_order_list.html HTTP/1.1" 200 42034
114.93.75.19 - - [18/Mar/2020:09:39:14 +0800] "GET /xingrg/all/function/internal_message.html?_=1584495730239&CODE_STATE=getMsg HTTP/1.1" 200 27
101.81.124.227 - - [18/Mar/2020:09:39:15 +0800] "GET /xingrg/javascript/jquery_tools/images/prev.gif HTTP/1.1" 404 1086
101.81.124.227 - - [18/Mar/2020:09:39:15 +0800] "GET /xingrg/javascript/jquery_tools/images/next.gif HTTP/1.1" 404 1086
101.81.124.227 - - [18/Mar/2020:09:39:16 +0800] "POST /xingrg/kc/buy/cgsh_list_operate.html HTTP/1.1" 200 876
124.77.241.94 - - [18/Mar/2020:09:39:18 +0800] "GET /xingrg/check_reg.html?_=1584495565737 HTTP/1.1" 200 22
120.253.135.82 - - [18/Mar/2020:09:39:22 +0800] "GET /xingrg/all/function/internal_message.html?_=1584495682220&CODE_STATE=getMsg HTTP/1.1" 200 27
101.81.124.227 - - [18/Mar/2020:09:39:27 +0800] "GET /xingrg/javascript/easyui/themes/default/tree.css HTTP/1.1" 404 1090
101.81.124.227 - - [18/Mar/2020:09:39:28 +0800] "POST /xingrg/all/common/load_tree.html?tree=supplier_tree_json&manage=1 HTTP/1.1" 200 47142
114.88.170.9 - - [18/Mar/2020:09:39:31 +0800] "GET /xingrg/all/function/internal_message.html?_=1584495861275&CODE_STATE=getMsg HTTP/1.1" 302 -
101.81.124.227 - - [18/Mar/2020:09:39:32 +0800] "GET /xingrg/javascript/easyui/themes/default/images/tree_checkbox_0.gif HTTP/1.1" 200 168
114.88.170.9 - - [18/Mar/2020:09:39:32 +0800] "GET /xingrg/check_reg.html?_=1584495862745 HTTP/1.1" 302 -
101.81.124.227 - - [18/Mar/2020:09:39:35 +0800] "GET /xingrg/javascript/easyui/themes/default/images/tree_checkbox_1.gif HTTP/1.1" 200 174
101.81.124.227 - - [18/Mar/2020:09:39:35 +0800] "GET /xingrg/javascript/easyui/themes/default/images/tree_checkbox_2.gif HTTP/1.1" 200 181
101.81.124.227 - - [18/Mar/2020:09:39:37 +0800] "POST /xingrg/kc/buy/cgsh_list_operate.html HTTP/1.1" 200 5330
120.253.135.82 - - [18/Mar/2020:09:39:39 +0800] "GET /xingrg/all/function/internal_message.html?_=1584495321792&CODE_STATE=getMsg HTTP/1.1" 200 27
101.81.124.227 - - [18/Mar/2020:09:39:39 +0800] "POST /xingrg/kc/buy/cgsh_list_operate.html HTTP/1.1" 200 343
222.69.134.233 - - [18/Mar/2020:09:39:40 +0800] "GET /xingrg/all/function/internal_message.html?_=1584495575276&CODE_STATE=getMsg HTTP/1.1" 200 27
117.185.32.26 - - [18/Mar/2020:09:39:41 +0800] "GET /xingrg/all/function/internal_message.html?_=1584495579108&CODE_STATE=getMsg HTTP/1.1" 200 27
114.93.75.19 - - [18/Mar/2020:09:39:41 +0800] "GET /xingrg/all/function/internal_message.html?_=1584495579068&CODE_STATE=getMsg HTTP/1.1" 200 27
101.81.124.227 - - [18/Mar/2020:09:39:43 +0800] "POST /xingrg/kc/buy/cgsh_list_operate.html HTTP/1.1" 200 586
58.40.7.146 - - [18/Mar/2020:09:39:44 +0800] "GET /xingrg/all/function/internal_message.html?_=1584495582473&CODE_STATE=getMsg HTTP/1.1" 200 27
101.81.124.227 - - [18/Mar/2020:09:39:45 +0800] "POST /xingrg/kc/buy/cgsh_list_operate.html HTTP/1.1" 200 494
101.81.124.227 - - [18/Mar/2020:09:39:48 +0800] "GET /xingrg/kc/buy/buy_main.html HTTP/1.1" 200 12398
101.81.124.227 - - [18/Mar/2020:09:39:48 +0800] "GET /xingrg/css/new_ie.css HTTP/1.1" 404 1036
116.238.181.252 - - [18/Mar/2020:09:40:00 +0800] "GET /xingrg/all/function/internal_message.html?_=1584495602104&CODE_STATE=getMsg HTTP/1.1" 200 27
117.131.5.26 - - [18/Mar/2020:09:40:08 +0800] "GET /xingrg/all/function/internal_message.html?_=1584495623312&CODE_STATE=getMsg HTTP/1.1" 200 27
114.93.75.19 - - [18/Mar/2020:09:40:12 +0800] "GET /xingrg/check_reg.html?_=1584495787635 HTTP/1.1" 200 22
124.77.241.94 - - [18/Mar/2020:09:40:13 +0800] "GET /xingrg/all/function/internal_message.html?_=1584495620619&CODE_STATE=getMsg HTTP/1.1" 200 27
114.93.75.19 - - [18/Mar/2020:09:40:13 +0800] "GET /xingrg/all/function/internal_message.html?_=1584495616693&CODE_STATE=getMsg HTTP/1.1" 200 27
114.93.75.19 - - [18/Mar/2020:09:40:14 +0800] "GET /xingrg/all/function/internal_message.html?_=1584495790214&CODE_STATE=getMsg HTTP/1.1" 200 27
120.253.135.82 - - [18/Mar/2020:09:40:21 +0800] "GET /xingrg/check_reg.html?_=1584495741798 HTTP/1.1" 200 22
120.253.135.82 - - [18/Mar/2020:09:40:22 +0800] "GET /xingrg/all/function/internal_message.html?_=1584495742233&CODE_STATE=getMsg HTTP/1.1" 200 27
114.88.170.9 - - [18/Mar/2020:09:40:31 +0800] "GET /xingrg/all/function/internal_message.html?_=1584495921252&CODE_STATE=getMsg HTTP/1.1" 302 -
120.253.135.82 - - [18/Mar/2020:09:40:39 +0800] "GET /xingrg/all/function/internal_message.html?_=1584495381816&CODE_STATE=getMsg HTTP/1.1" 200 27
222.69.134.233 - - [18/Mar/2020:09:40:39 +0800] "GET /xingrg/all/function/internal_message.html?_=1584495635247&CODE_STATE=getMsg HTTP/1.1" 200 27
222.69.134.233 - - [18/Mar/2020:09:40:40 +0800] "GET /xingrg/check_reg.html?_=1584495636031 HTTP/1.1" 200 22
117.185.32.26 - - [18/Mar/2020:09:40:41 +0800] "GET /xingrg/check_reg.html?_=1584495639094 HTTP/1.1" 200 22
117.185.32.26 - - [18/Mar/2020:09:40:41 +0800] "GET /xingrg/all/function/internal_message.html?_=1584495639098&CODE_STATE=getMsg HTTP/1.1" 200 27
114.93.75.19 - - [18/Mar/2020:09:40:41 +0800] "GET /xingrg/all/function/internal_message.html?_=1584495639066&CODE_STATE=getMsg HTTP/1.1" 200 27
114.93.75.19 - - [18/Mar/2020:09:40:41 +0800] "GET /xingrg/check_reg.html?_=1584495639068 HTTP/1.1" 200 22
58.40.7.146 - - [18/Mar/2020:09:40:44 +0800] "GET /xingrg/all/function/internal_message.html?_=1584495642476&CODE_STATE=getMsg HTTP/1.1" 200 27
114.93.75.19 - - [18/Mar/2020:09:40:50 +0800] "GET /xingrg/kc/base/crk_hz.html?_=1584495826488&command=get_cost_id&end_date=2020-02-29&start_date=2020-02-01 HTTP/1.1" 200 51
114.93.75.19 - - [18/Mar/2020:09:40:51 +0800] "GET /xingrg/all/report/report_query.html?isQuery=1&onlyBody=1&rh=99999&rw=1800&varString=start:20200201,cost_id:2519,mid:20200101&fileName=kc/base/crk_hz_type_by_base.xml&queryString=%20m.sort_code%20in%20('00101001','00101002','00101003','00101004','00101005','00101006','00101007','00101008','00101009','00101010','00101011','00101012','00101013','00101014','00101015','00101016','00101017','00101018','00101019','00101020','00101021','00101022','00101023','00101024','00101025','00101026','00101027','00101028','00101029','00101030','00101031','00101032','00101033','00101034','00101036','00101037','00101038','00101039')%20&queryText=ÈÕÆÚ£º2020-02-01ÖÁ2020-02-29&tableQueryString=materiel_table$sp1$$sp$before_table$sp1$$sp$crk_table$sp1$order_day%20between%2020200201%20and%2020200229 HTTP/1.1" 200 49770
114.93.75.19 - - [18/Mar/2020:09:40:51 +0800] "GET /xingrg/dwr/interface/AjaxReportQueryService.js HTTP/1.1" 200 13203
114.93.75.19 - - [18/Mar/2020:09:40:51 +0800] "GET /xingrg/dwr/engine.js HTTP/1.1" 200 43631
114.93.75.19 - - [18/Mar/2020:09:40:53 +0800] "POST /xingrg/all/report/load_report_page.html HTTP/1.1" 200 643913
114.93.75.19 - - [18/Mar/2020:09:40:53 +0800] "GET /xingrg/servlets/image?cache=0.06972091955494919&image=px HTTP/1.1" 200 807
116.238.181.252 - - [18/Mar/2020:09:41:00 +0800] "GET /xingrg/all/function/internal_message.html?_=1584495662108&CODE_STATE=getMsg HTTP/1.1" 200 27
114.88.170.9 - - [18/Mar/2020:09:41:01 +0800] "GET /xingrg/check_reg.html?_=1584495657979 HTTP/1.1" 200 22
117.131.5.26 - - [18/Mar/2020:09:41:08 +0800] "GET /xingrg/all/function/internal_message.html?_=1584495683312&CODE_STATE=getMsg HTTP/1.1" 200 27
124.77.241.94 - - [18/Mar/2020:09:41:13 +0800] "GET /xingrg/all/function/internal_message.html?_=1584495680632&CODE_STATE=getMsg HTTP/1.1" 200 27
114.93.75.19 - - [18/Mar/2020:09:41:13 +0800] "GET /xingrg/all/function/internal_message.html?_=1584495676702&CODE_STATE=getMsg HTTP/1.1" 200 27
114.93.75.19 - - [18/Mar/2020:09:41:14 +0800] "GET /xingrg/all/function/internal_message.html?_=1584495850196&CODE_STATE=getMsg HTTP/1.1" 200 27
114.93.75.19 - - [18/Mar/2020:09:41:20 +0800] "GET /xingrg/all/report/report_query.html?isQuery=1&fileName=kc/base/crk_detail_by_small.xml&rh=99999&queryString=&queryText=%25E3%2580%2590%25E4%25BB%2593%25E5%25BA%2593%25E5%2590%258D%25E7%25A7%25B0%253A%25E7%25B2%25A4%25E8%258F%259C%25E3%2580%2591%25E3%2580%2590%25E4%25B8%259A%25E5%258A%25A1%25E7%25B1%25BB%25E5%259E%258B%25EF%25BC%259A%25E5%2586%2585%25E9%2583%25A8%25E8%25B0%2583%25E5%2585%25A5%25E3%2580%2591%2520%253F%253F%253F%253F%253F2020-02-01%253F%253F2020-02-29&tableQueryString=crk_table%2524sp1%2524order_day%2520between%252020200201%2520and%252020200229%2520and%2520(base_code%253D'0010385')%2520and%2520(src_order_type%2520in%2520(42))%2520and%2520(is_rk%2520in%2520(1)) HTTP/1.1" 200 53732
114.93.75.19 - - [18/Mar/2020:09:41:21 +0800] "GET /xingrg/dwr/interface/AjaxReportQueryService.js HTTP/1.1" 200 13203
114.93.75.19 - - [18/Mar/2020:09:41:21 +0800] "GET /xingrg/dwr/engine.js HTTP/1.1" 200 43631
120.253.135.82 - - [18/Mar/2020:09:41:22 +0800] "GET /xingrg/all/function/internal_message.html?_=1584495802246&CODE_STATE=getMsg HTTP/1.1" 200 27
114.93.75.19 - - [18/Mar/2020:09:41:22 +0800] "POST /xingrg/all/report/load_report_page.html HTTP/1.1" 200 25895
114.93.75.19 - - [18/Mar/2020:09:41:22 +0800] "GET /xingrg/servlets/image?cache=0.20341427092638675&image=px HTTP/1.1" 200 807
114.88.170.9 - - [18/Mar/2020:09:41:31 +0800] "GET /xingrg/all/function/internal_message.html?_=1584495981229&CODE_STATE=getMsg HTTP/1.1" 302 -
120.253.135.82 - - [18/Mar/2020:09:41:39 +0800] "GET /xingrg/all/function/internal_message.html?_=1584495441819&CODE_STATE=getMsg HTTP/1.1" 200 27
222.69.134.233 - - [18/Mar/2020:09:41:39 +0800] "GET /xingrg/all/function/internal_message.html?_=1584495695219&CODE_STATE=getMsg HTTP/1.1" 200 27
114.86.226.241 - - [18/Mar/2020:09:41:41 +0800] "GET /xingrg/login.html HTTP/1.1" 200 7639
117.185.32.26 - - [18/Mar/2020:09:41:41 +0800] "GET /xingrg/all/function/internal_message.html?_=1584495699100&CODE_STATE=getMsg HTTP/1.1" 200 27
114.93.75.19 - - [18/Mar/2020:09:41:41 +0800] "GET /xingrg/all/function/internal_message.html?_=1584495699067&CODE_STATE=getMsg HTTP/1.1" 200 27
114.86.226.241 - - [18/Mar/2020:09:41:41 +0800] "GET /favicon.ico HTTP/1.1" 404 -
114.86.226.241 - - [18/Mar/2020:09:41:43 +0800] "POST /xingrg/login.do HTTP/1.1" 302 -
114.86.226.241 - - [18/Mar/2020:09:41:43 +0800] "GET /xingrg/index.html?sysBaseUrl=http%3A%2F%2F117.131.15.22%3A18081%2Fxingrg%2F&costTime=48×tamp=1584495703077 HTTP/1.1" 200 17151
114.86.226.241 - - [18/Mar/2020:09:41:43 +0800] "POST /xingrg/all/common/load_tree.html?tree=area_rest_tree_json&manage=1 HTTP/1.1" 200 342
114.86.226.241 - - [18/Mar/2020:09:41:43 +0800] "GET /xingrg/all/function/internal_message.html?_=1584495719123&CODE_STATE=count HTTP/1.1" 200 11
114.86.226.241 - - [18/Mar/2020:09:41:43 +0800] "GET /xingrg/check_reg.html?_=1584495719124 HTTP/1.1" 200 22
114.86.226.241 - - [18/Mar/2020:09:41:43 +0800] "POST /xingrg/load_menu.html HTTP/1.1" 200 5124
58.40.7.146 - - [18/Mar/2020:09:41:44 +0800] "GET /xingrg/all/function/internal_message.html?_=1584495702479&CODE_STATE=getMsg HTTP/1.1" 200 27
114.86.226.241 - - [18/Mar/2020:09:41:45 +0800] "GET /xingrg/kc/buy/buy_main.html HTTP/1.1" 200 12398
114.86.226.241 - - [18/Mar/2020:09:41:45 +0800] "GET /xingrg/css/new_ie.css HTTP/1.1" 404 1036
114.86.226.241 - - [18/Mar/2020:09:41:46 +0800] "GET /xingrg/kc/base/base_main.html HTTP/1.1" 200 12138
114.86.226.241 - - [18/Mar/2020:09:41:46 +0800] "GET /xingrg/images/blue/button/wlsy.gif HTTP/1.1" 200 2536
114.86.226.241 - - [18/Mar/2020:09:41:46 +0800] "GET /xingrg/images/blue/button/ckpd.gif HTTP/1.1" 200 2051
114.86.226.241 - - [18/Mar/2020:09:41:46 +0800] "GET /xingrg/images/blue/button/top_left.jpg HTTP/1.1" 200 1632
114.86.226.241 - - [18/Mar/2020:09:41:46 +0800] "GET /xingrg/images/blue/button/down.jpg HTTP/1.1" 200 1560
114.86.226.241 - - [18/Mar/2020:09:41:46 +0800] "GET /xingrg/images/blue/button/top_right.jpg HTTP/1.1" 200 1708
114.86.226.241 - - [18/Mar/2020:09:41:46 +0800] "GET /xingrg/images/blue/button/left_ah.jpg HTTP/1.1" 200 1643
114.86.226.241 - - [18/Mar/2020:09:41:46 +0800] "GET /xingrg/images/blue/button/bottom_right.jpg HTTP/1.1" 200 1436
114.86.226.241 - - [18/Mar/2020:09:41:46 +0800] "GET /xingrg/images/blue/button/bottom_left.jpg HTTP/1.1" 200 1524
114.86.226.241 - - [18/Mar/2020:09:41:46 +0800] "GET /xingrg/images/blue/button/ckdb.gif HTTP/1.1" 200 1950
114.86.226.241 - - [18/Mar/2020:09:41:46 +0800] "GET /xingrg/images/blue/button/yddb.gif HTTP/1.1" 200 2040
114.86.226.241 - - [18/Mar/2020:09:41:47 +0800] "GET /xingrg/kc/base/wldb_order_list.html HTTP/1.1" 200 19244
114.86.226.241 - - [18/Mar/2020:09:41:48 +0800] "POST /xingrg/kc/base/wldb_list_operate.html HTTP/1.1" 200 2143
116.238.181.252 - - [18/Mar/2020:09:42:00 +0800] "GET /xingrg/all/function/internal_message.html?_=1584495722112&CODE_STATE=getMsg HTTP/1.1" 200 27
114.86.226.241 - - [18/Mar/2020:09:42:07 +0800] "POST /xingrg/kc/base/wldb_list_operate.html HTTP/1.1" 200 6058
117.131.5.26 - - [18/Mar/2020:09:42:08 +0800] "GET /xingrg/check_reg.html?_=1584495742749 HTTP/1.1" 200 22
117.131.5.26 - - [18/Mar/2020:09:42:08 +0800] "GET /xingrg/all/function/internal_message.html?_=1584495743312&CODE_STATE=getMsg HTTP/1.1" 200 27
114.86.226.241 - - [18/Mar/2020:09:42:10 +0800] "POST /xingrg/kc/base/wldb_list_operate.html HTTP/1.1" 200 501
114.93.75.19 - - [18/Mar/2020:09:42:13 +0800] "GET /xingrg/check_reg.html?_=1584495736596 HTTP/1.1" 200 22
114.93.75.19 - - [18/Mar/2020:09:42:13 +0800] "GET /xingrg/all/function/internal_message.html?_=1584495736716&CODE_STATE=getMsg HTTP/1.1" 200 27
124.77.241.94 - - [18/Mar/2020:09:42:13 +0800] "GET /xingrg/all/function/internal_message.html?_=1584495741059&CODE_STATE=getMsg HTTP/1.1" 200 27
114.93.75.19 - - [18/Mar/2020:09:42:14 +0800] "GET /xingrg/all/function/internal_message.html?_=1584495910169&CODE_STATE=getMsg HTTP/1.1" 200 27
114.88.170.9 - - [18/Mar/2020:09:42:16 +0800] "GET /xingrg/kc/buy/cgsh_order_list.html HTTP/1.1" 302 -
114.88.170.9 - - [18/Mar/2020:09:42:16 +0800] "GET /xingrg/login.html HTTP/1.1" 200 7639
114.88.170.9 - - [18/Mar/2020:09:42:16 +0800] "GET /xingrg/login.html HTTP/1.1" 200 7639
114.88.170.9 - - [18/Mar/2020:09:42:16 +0800] "GET /favicon.ico HTTP/1.1" 404 -
114.88.170.9 - - [18/Mar/2020:09:42:17 +0800] "POST /xingrg/login.do HTTP/1.1" 302 -
114.88.170.9 - - [18/Mar/2020:09:42:17 +0800] "GET /xingrg/index.html?sysBaseUrl=http%3A%2F%2F117.131.15.22%3A18081%2Fxingrg%2F&costTime=35×tamp=1584495737562 HTTP/1.1" 200 17151
114.88.170.9 - - [18/Mar/2020:09:42:17 +0800] "GET /favicon.ico HTTP/1.1" 404 -
114.88.170.9 - - [18/Mar/2020:09:42:17 +0800] "POST /xingrg/all/common/load_tree.html?tree=area_rest_tree_json&manage=1 HTTP/1.1" 200 342
114.88.170.9 - - [18/Mar/2020:09:42:17 +0800] "GET /xingrg/all/function/internal_message.html?_=1584496028187&CODE_STATE=count HTTP/1.1" 200 11
114.88.170.9 - - [18/Mar/2020:09:42:17 +0800] "GET /xingrg/check_reg.html?_=1584496028188 HTTP/1.1" 200 22
114.88.170.9 - - [18/Mar/2020:09:42:18 +0800] "POST /xingrg/load_menu.html HTTP/1.1" 200 5124
58.221.95.50 - - [18/Mar/2020:09:42:19 +0800] "GET /xingrg/check_reg.html?_=1584496084457 HTTP/1.1" 200 22
114.88.170.9 - - [18/Mar/2020:09:42:19 +0800] "GET /xingrg/kc/buy/cgsh_order_list.html HTTP/1.1" 200 42034
114.88.170.9 - - [18/Mar/2020:09:42:20 +0800] "POST /xingrg/kc/buy/cgsh_list_operate.html HTTP/1.1" 200 1687
120.253.135.82 - - [18/Mar/2020:09:42:22 +0800] "GET /xingrg/all/function/internal_message.html?_=1584495862259&CODE_STATE=getMsg HTTP/1.1" 200 27
114.86.226.241 - - [18/Mar/2020:09:42:27 +0800] "GET /xingrg/kc/base/base_main.html HTTP/1.1" 200 12138
114.86.226.241 - - [18/Mar/2020:09:42:28 +0800] "GET /xingrg/kc/buy/buy_main.html HTTP/1.1" 200 12398
114.86.226.241 - - [18/Mar/2020:09:42:28 +0800] "GET /xingrg/css/new_ie.css HTTP/1.1" 404 1036
114.86.226.241 - - [18/Mar/2020:09:42:29 +0800] "GET /xingrg/kc/buy/cgsh_order_list.html HTTP/1.1" 200 42034
114.86.226.241 - - [18/Mar/2020:09:42:30 +0800] "POST /xingrg/kc/buy/cgsh_list_operate.html HTTP/1.1" 200 5038
114.86.226.241 - - [18/Mar/2020:09:42:34 +0800] "POST /xingrg/kc/buy/cgsh_list_operate.html HTTP/1.1" 200 6268
114.93.75.19 - - [18/Mar/2020:09:42:37 +0800] "GET /xingrg/all/report/report_query.html?isQuery=1&fileName=kc/base/crk_detail_by_small.xml&rh=99999&queryString=&queryText=%25E3%2580%2590%25E4%25BB%2593%25E5%25BA%2593%25E5%2590%258D%25E7%25A7%25B0%253A%25E5%2586%25B7%25E8%258F%259C%25E3%2580%2591%25E3%2580%2590%25E4%25B8%259A%25E5%258A%25A1%25E7%25B1%25BB%25E5%259E%258B%25EF%25BC%259A%25E5%2586%2585%25E9%2583%25A8%25E8%25B0%2583%25E5%2585%25A5%25E3%2580%2591%2520%253F%253F%253F%253F%253F2020-02-01%253F%253F2020-02-29&tableQueryString=crk_table%2524sp1%2524order_day%2520between%252020200201%2520and%252020200229%2520and%2520(base_code%253D'0010387')%2520and%2520(src_order_type%2520in%2520(42))%2520and%2520(is_rk%2520in%2520(1)) HTTP/1.1" 200 53732
180.157.252.250 - - [18/Mar/2020:09:42:38 +0800] "GET /xingrg/check_reg.html?_=1584495749115 HTTP/1.1" 302 -
114.93.75.19 - - [18/Mar/2020:09:42:38 +0800] "GET /xingrg/dwr/interface/AjaxReportQueryService.js HTTP/1.1" 200 13203
114.93.75.19 - - [18/Mar/2020:09:42:38 +0800] "GET /xingrg/dwr/engine.js HTTP/1.1" 200 43631
120.253.135.82 - - [18/Mar/2020:09:42:38 +0800] "GET /xingrg/check_reg.html?_=1584495501361 HTTP/1.1" 200 22
114.93.75.19 - - [18/Mar/2020:09:42:39 +0800] "POST /xingrg/all/report/load_report_page.html HTTP/1.1" 200 19346
114.93.75.19 - - [18/Mar/2020:09:42:39 +0800] "GET /xingrg/servlets/image?cache=0.43509001961817506&image=px HTTP/1.1" 200 807
120.253.135.82 - - [18/Mar/2020:09:42:39 +0800] "GET /xingrg/all/function/internal_message.html?_=1584495501833&CODE_STATE=getMsg HTTP/1.1" 200 27
114.88.170.9 - - [18/Mar/2020:09:42:39 +0800] "GET /xingrg/kc/buy/cgsh_order_add.html HTTP/1.1" 200 57636
114.88.170.9 - - [18/Mar/2020:09:42:39 +0800] "GET /xingrg/words/20200317135402_words.js HTTP/1.1" 304 -
114.88.170.9 - - [18/Mar/2020:09:42:39 +0800] "POST /xingrg/kc/buy/cgsh_order_operate.html HTTP/1.1" 200 8245
222.69.134.233 - - [18/Mar/2020:09:42:39 +0800] "GET /xingrg/all/function/internal_message.html?_=1584495755190&CODE_STATE=getMsg HTTP/1.1" 200 27
114.88.170.9 - - [18/Mar/2020:09:42:39 +0800] "GET /xingrg/all/common/auto_word.html?type=employee&rest_code=00111 HTTP/1.1" 200 205
114.88.170.9 - - [18/Mar/2020:09:42:39 +0800] "GET /xingrg/all/common/auto_word.html?type=employee&rest_code=00111 HTTP/1.1" 200 205
114.88.170.9 - - [18/Mar/2020:09:42:39 +0800] "GET /xingrg/javascript/easyui/themes/default/validatebox.css HTTP/1.1" 404 1104
114.86.226.241 - - [18/Mar/2020:09:42:40 +0800] "GET /xingrg/all/function/internal_message.html?_=1584495779140&CODE_STATE=getMsg HTTP/1.1" 200 27
117.185.32.26 - - [18/Mar/2020:09:42:41 +0800] "GET /xingrg/all/function/internal_message.html?_=1584495759101&CODE_STATE=getMsg HTTP/1.1" 200 27
114.93.75.19 - - [18/Mar/2020:09:42:41 +0800] "GET /xingrg/all/function/internal_message.html?_=1584495759082&CODE_STATE=getMsg HTTP/1.1" 200 27
114.88.170.9 - - [18/Mar/2020:09:42:44 +0800] "GET /xingrg/javascript/auto/indicator.gif HTTP/1.1" 404 1066
58.40.7.146 - - [18/Mar/2020:09:42:44 +0800] "GET /xingrg/all/function/internal_message.html?_=1584495762485&CODE_STATE=getMsg HTTP/1.1" 200 27
58.40.7.146 - - [18/Mar/2020:09:42:44 +0800] "GET /xingrg/check_reg.html?_=1584495762487 HTTP/1.1" 200 22
114.88.170.9 - - [18/Mar/2020:09:42:46 +0800] "GET /xingrg/javascript/jquery_tools/images/next.gif HTTP/1.1" 404 1086
114.88.170.9 - - [18/Mar/2020:09:42:46 +0800] "GET /xingrg/javascript/jquery_tools/images/prev.gif HTTP/1.1" 404 1086
114.88.170.9 - - [18/Mar/2020:09:42:50 +0800] "GET /xingrg/kc/buy/cgsh_order_operate.html?command=get_materiel&rest_code=00111&code=00101008211&supplier_code=00100005&order_time=2020-03-18 HTTP/1.1" 200 412
114.93.75.19 - - [18/Mar/2020:09:42:52 +0800] "GET /xingrg/all/report/report_query.html?isQuery=1&fileName=kc/base/crk_detail_by_small.xml&rh=99999&queryString=&queryText=%25E3%2580%2590%25E4%25BB%2593%25E5%25BA%2593%25E5%2590%258D%25E7%25A7%25B0%253A%25E5%2588%25BA%25E8%25BA%25AB%25E3%2580%2591%25E3%2580%2590%25E4%25B8%259A%25E5%258A%25A1%25E7%25B1%25BB%25E5%259E%258B%25EF%25BC%259A%25E5%2586%2585%25E9%2583%25A8%25E8%25B0%2583%25E5%2585%25A5%25E3%2580%2591%2520%253F%253F%253F%253F%253F2020-02-01%253F%253F2020-02-29&tableQueryString=crk_table%2524sp1%2524order_day%2520between%252020200201%2520and%252020200229%2520and%2520(base_code%253D'0010389')%2520and%2520(src_order_type%2520in%2520(42))%2520and%2520(is_rk%2520in%2520(1)) HTTP/1.1" 200 53732
114.93.75.19 - - [18/Mar/2020:09:42:53 +0800] "GET /xingrg/dwr/interface/AjaxReportQueryService.js HTTP/1.1" 200 13203
114.93.75.19 - - [18/Mar/2020:09:42:53 +0800] "GET /xingrg/dwr/engine.js HTTP/1.1" 200 43631
114.93.75.19 - - [18/Mar/2020:09:42:54 +0800] "POST /xingrg/all/report/load_report_page.html HTTP/1.1" 200 11742
114.93.75.19 - - [18/Mar/2020:09:42:54 +0800] "GET /xingrg/servlets/image?cache=0.36992568169814277&image=px HTTP/1.1" 200 807
114.88.170.9 - - [18/Mar/2020:09:42:56 +0800] "GET /xingrg/kc/buy/cgsh_order_operate.html?command=get_materiel&rest_code=00111&code=00101008355&supplier_code=00100005&order_time=2020-03-18 HTTP/1.1" 200 408
116.238.181.252 - - [18/Mar/2020:09:43:00 +0800] "GET /xingrg/all/function/internal_message.html?_=1584495782115&CODE_STATE=getMsg HTTP/1.1" 200 27
114.88.170.9 - - [18/Mar/2020:09:43:01 +0800] "GET /xingrg/kc/buy/cgsh_order_operate.html?command=get_materiel&rest_code=00111&code=00101008091&supplier_code=00100005&order_time=2020-03-18 HTTP/1.1" 200 413
114.88.170.9 - - [18/Mar/2020:09:43:07 +0800] "GET /xingrg/kc/buy/cgsh_order_operate.html?command=get_materiel&rest_code=00111&code=00101008132&supplier_code=00100005&order_time=2020-03-18 HTTP/1.1" 200 408
117.131.5.26 - - [18/Mar/2020:09:43:08 +0800] "GET /xingrg/all/function/internal_message.html?_=1584495803312&CODE_STATE=getMsg HTTP/1.1" 200 27
114.88.170.9 - - [18/Mar/2020:09:43:11 +0800] "GET /xingrg/kc/buy/cgsh_order_operate.html?command=get_materiel&rest_code=00111&code=00101008354&supplier_code=00100005&order_time=2020-03-18 HTTP/1.1" 200 412
114.93.75.19 - - [18/Mar/2020:09:43:13 +0800] "GET /xingrg/all/function/internal_message.html?_=1584495796729&CODE_STATE=getMsg HTTP/1.1" 200 27
124.77.241.94 - - [18/Mar/2020:09:43:13 +0800] "GET /xingrg/all/function/internal_message.html?_=1584495801064&CODE_STATE=getMsg HTTP/1.1" 200 27
114.93.75.19 - - [18/Mar/2020:09:43:14 +0800] "GET /xingrg/all/function/internal_message.html?_=1584495970152&CODE_STATE=getMsg HTTP/1.1" 200 27
114.88.170.9 - - [18/Mar/2020:09:43:15 +0800] "GET /xingrg/kc/buy/cgsh_order_operate.html?command=get_materiel&rest_code=00111&code=00101008096&supplier_code=00100005&order_time=2020-03-18 HTTP/1.1" 200 412
114.88.170.9 - - [18/Mar/2020:09:43:18 +0800] "GET /xingrg/all/function/internal_message.html?_=1584496088239&CODE_STATE=getMsg HTTP/1.1" 200 27
114.88.170.9 - - [18/Mar/2020:09:43:21 +0800] "GET /xingrg/kc/buy/cgsh_order_operate.html?command=get_materiel&rest_code=00111&code=00101008290&supplier_code=00100005&order_time=2020-03-18 HTTP/1.1" 200 416
120.253.135.82 - - [18/Mar/2020:09:43:22 +0800] "GET /xingrg/all/function/internal_message.html?_=1584495922275&CODE_STATE=getMsg HTTP/1.1" 200 27
114.93.75.19 - - [18/Mar/2020:09:43:27 +0800] "GET /xingrg/all/report/report_query.html?isQuery=1&fileName=kc/base/crk_detail_by_small.xml&rh=99999&queryString=&queryText=%25E3%2580%2590%25E4%25BB%2593%25E5%25BA%2593%25E5%2590%258D%25E7%25A7%25B0%253A%25E6%25A5%25BC%25E9%259D%25A2%25E3%2580%2591%25E3%2580%2590%25E4%25B8%259A%25E5%258A%25A1%25E7%25B1%25BB%25E5%259E%258B%25EF%25BC%259A%25E5%2586%2585%25E9%2583%25A8%25E8%25B0%2583%25E5%2585%25A5%25E3%2580%2591%2520%253F%253F%253F%253F%253F2020-02-01%253F%253F2020-02-29&tableQueryString=crk_table%2524sp1%2524order_day%2520between%252020200201%2520and%252020200229%2520and%2520(base_code%253D'0010392')%2520and%2520(src_order_type%2520in%2520(42))%2520and%2520(is_rk%2520in%2520(1)) HTTP/1.1" 200 53732
114.93.75.19 - - [18/Mar/2020:09:43:28 +0800] "GET /xingrg/dwr/interface/AjaxReportQueryService.js HTTP/1.1" 200 13203
114.93.75.19 - - [18/Mar/2020:09:43:28 +0800] "GET /xingrg/dwr/engine.js HTTP/1.1" 200 43631
114.93.75.19 - - [18/Mar/2020:09:43:29 +0800] "POST /xingrg/all/report/load_report_page.html HTTP/1.1" 200 28116
114.93.75.19 - - [18/Mar/2020:09:43:29 +0800] "GET /xingrg/servlets/image?cache=0.993385921056401&image=px HTTP/1.1" 200 807
114.88.170.9 - - [18/Mar/2020:09:43:30 +0800] "GET /xingrg/kc/buy/cgsh_order_operate.html?command=get_materiel&rest_code=00111&code=00101008003&supplier_code=00100005&order_time=2020-03-18 HTTP/1.1" 200 431
114.93.75.19 - - [18/Mar/2020:09:43:35 +0800] "GET /xingrg/all/report/report_query.html?isQuery=1&fileName=kc/base/crk_detail_by_small.xml&rh=99999&queryString=&queryText=%25E3%2580%2590%25E4%25BB%2593%25E5%25BA%2593%25E5%2590%258D%25E7%25A7%25B0%253A%25E5%2590%25A7%25E5%258F%25B0%25E3%2580%2591%25E3%2580%2590%25E4%25B8%259A%25E5%258A%25A1%25E7%25B1%25BB%25E5%259E%258B%25EF%25BC%259A%25E5%2586%2585%25E9%2583%25A8%25E8%25B0%2583%25E5%2585%25A5%25E3%2580%2591%2520%253F%253F%253F%253F%253F2020-02-01%253F%253F2020-02-29&tableQueryString=crk_table%2524sp1%2524order_day%2520between%252020200201%2520and%252020200229%2520and%2520(base_code%253D'0010393')%2520and%2520(src_order_type%2520in%2520(42))%2520and%2520(is_rk%2520in%2520(1)) HTTP/1.1" 200 53732
114.93.75.19 - - [18/Mar/2020:09:43:36 +0800] "GET /xingrg/dwr/interface/AjaxReportQueryService.js HTTP/1.1" 200 13203
114.93.75.19 - - [18/Mar/2020:09:43:36 +0800] "GET /xingrg/dwr/engine.js HTTP/1.1" 200 43631
114.93.75.19 - - [18/Mar/2020:09:43:37 +0800] "POST /xingrg/all/report/load_report_page.html HTTP/1.1" 200 16052
114.93.75.19 - - [18/Mar/2020:09:43:37 +0800] "GET /xingrg/servlets/image?cache=0.5082382648512019&image=px HTTP/1.1" 200 807
114.86.226.241 - - [18/Mar/2020:09:43:38 +0800] "GET /xingrg/all/function/internal_message.html?_=1584495839133&CODE_STATE=getMsg HTTP/1.1" 200 27
114.88.170.9 - - [18/Mar/2020:09:43:38 +0800] "GET /xingrg/kc/buy/cgsh_order_operate.html?command=get_materiel&rest_code=00111&code=00101008361&supplier_code=00100005&order_time=2020-03-18 HTTP/1.1" 200 408
120.253.135.82 - - [18/Mar/2020:09:43:39 +0800] "GET /xingrg/all/function/internal_message.html?_=1584495561847&CODE_STATE=getMsg HTTP/1.1" 200 27
222.69.134.233 - - [18/Mar/2020:09:43:39 +0800] "GET /xingrg/all/function/internal_message.html?_=1584495815182&CODE_STATE=getMsg HTTP/1.1" 200 27
117.185.32.26 - - [18/Mar/2020:09:43:41 +0800] "GET /xingrg/all/function/internal_message.html?_=1584495819128&CODE_STATE=getMsg HTTP/1.1" 200 27
114.93.75.19 - - [18/Mar/2020:09:43:41 +0800] "GET /xingrg/all/function/internal_message.html?_=1584495819067&CODE_STATE=getMsg HTTP/1.1" 200 27
114.88.170.9 - - [18/Mar/2020:09:43:43 +0800] "GET /xingrg/kc/buy/cgsh_order_operate.html?command=get_materiel&rest_code=00111&code=00101008131&supplier_code=00100005&order_time=2020-03-18 HTTP/1.1" 200 428
58.40.7.146 - - [18/Mar/2020:09:43:44 +0800] "GET /xingrg/all/function/internal_message.html?_=1584495822489&CODE_STATE=getMsg HTTP/1.1" 200 27
114.88.170.9 - - [18/Mar/2020:09:43:47 +0800] "GET /xingrg/kc/buy/cgsh_order_operate.html?command=get_materiel&rest_code=00111&code=00101008295&supplier_code=00100005&order_time=2020-03-18 HTTP/1.1" 200 412
114.93.75.19 - - [18/Mar/2020:09:43:53 +0800] "GET /xingrg/all/report/report_query.html?isQuery=1&fileName=kc/base/crk_detail_by_small.xml&rh=99999&queryString=&queryText=%25E3%2580%2590%25E4%25BB%2593%25E5%25BA%2593%25E5%2590%258D%25E7%25A7%25B0%253A%25E5%2590%25A7%25E5%258F%25B0%25E3%2580%2591%25E3%2580%2590%25E4%25B8%259A%25E5%258A%25A1%25E7%25B1%25BB%25E5%259E%258B%25EF%25BC%259A%25E5%2586%2585%25E9%2583%25A8%25E8%25B0%2583%25E5%2587%25BA%25E3%2580%2591%2520%253F%253F%253F%253F%253F2020-02-01%253F%253F2020-02-29&tableQueryString=crk_table%2524sp1%2524order_day%2520between%252020200201%2520and%252020200229%2520and%2520(base_code%253D'0010393')%2520and%2520(src_order_type%2520in%2520(42))%2520and%2520(is_rk%2520in%2520(0)) HTTP/1.1" 200 53732
114.93.75.19 - - [18/Mar/2020:09:43:54 +0800] "GET /xingrg/dwr/interface/AjaxReportQueryService.js HTTP/1.1" 200 13203
114.93.75.19 - - [18/Mar/2020:09:43:54 +0800] "GET /xingrg/dwr/engine.js HTTP/1.1" 200 43631
114.93.75.19 - - [18/Mar/2020:09:43:55 +0800] "POST /xingrg/all/report/load_report_page.html HTTP/1.1" 200 13893
114.93.75.19 - - [18/Mar/2020:09:43:55 +0800] "GET /xingrg/servlets/image?cache=0.382407690056655&image=px HTTP/1.1" 200 807
116.238.181.252 - - [18/Mar/2020:09:44:00 +0800] "GET /xingrg/check_reg.html?_=1584495842116 HTTP/1.1" 200 22
116.238.181.252 - - [18/Mar/2020:09:44:00 +0800] "GET /xingrg/all/function/internal_message.html?_=1584495842121&CODE_STATE=getMsg HTTP/1.1" 200 27
117.131.5.26 - - [18/Mar/2020:09:44:08 +0800] "GET /xingrg/all/function/internal_message.html?_=1584495863312&CODE_STATE=getMsg HTTP/1.1" 200 27
114.93.75.19 - - [18/Mar/2020:09:44:13 +0800] "GET /xingrg/all/function/internal_message.html?_=1584495856743&CODE_STATE=getMsg HTTP/1.1" 200 27
124.77.241.94 - - [18/Mar/2020:09:44:14 +0800] "GET /xingrg/all/function/internal_message.html?_=1584495861499&CODE_STATE=getMsg HTTP/1.1" 200 27
114.93.75.19 - - [18/Mar/2020:09:44:14 +0800] "GET /xingrg/all/function/internal_message.html?_=1584496030132&CODE_STATE=getMsg HTTP/1.1" 200 27
114.88.170.9 - - [18/Mar/2020:09:44:17 +0800] "GET /xingrg/all/function/internal_message.html?_=1584496148191&CODE_STATE=getMsg HTTP/1.1" 200 27
124.77.241.94 - - [18/Mar/2020:09:44:18 +0800] "GET /xingrg/check_reg.html?_=1584495865751 HTTP/1.1" 200 22
120.253.135.82 - - [18/Mar/2020:09:44:22 +0800] "GET /xingrg/all/function/internal_message.html?_=1584495982286&CODE_STATE=getMsg HTTP/1.1" 200 27
114.86.226.241 - - [18/Mar/2020:09:44:35 +0800] "GET /xingrg/all/function/internal_message.html?_=1584495899148&CODE_STATE=getMsg HTTP/1.1" 200 27
120.253.135.82 - - [18/Mar/2020:09:44:39 +0800] "GET /xingrg/all/function/internal_message.html?_=1584495621861&CODE_STATE=getMsg HTTP/1.1" 200 27
222.69.134.233 - - [18/Mar/2020:09:44:39 +0800] "GET /xingrg/all/function/internal_message.html?_=1584495875166&CODE_STATE=getMsg HTTP/1.1" 200 27
117.185.32.26 - - [18/Mar/2020:09:44:41 +0800] "GET /xingrg/all/function/internal_message.html?_=1584495879129&CODE_STATE=getMsg HTTP/1.1" 200 27
114.93.75.19 - - [18/Mar/2020:09:44:41 +0800] "GET /xingrg/all/function/internal_message.html?_=1584495879067&CODE_STATE=getMsg HTTP/1.1" 200 27
114.88.170.9 - - [18/Mar/2020:09:44:43 +0800] "GET /xingrg/kc/buy/cgsh_order_operate.html?command=get_materiel&rest_code=00111&code=00101008196&supplier_code=00100005&order_time=2020-03-18 HTTP/1.1" 200 416
58.40.7.146 - - [18/Mar/2020:09:44:44 +0800] "GET /xingrg/all/function/internal_message.html?_=1584495882475&CODE_STATE=getMsg HTTP/1.1" 200 27
