180.157.252.250 - - [18/Mar/2020:10:16:13 +0800] "GET /xingrg/images/blue/srbg.png HTTP/1.1" 304 -
114.93.75.19 - - [18/Mar/2020:10:16:13 +0800] "GET /xingrg/all/function/internal_message.html?_=1584497777178&CODE_STATE=getMsg HTTP/1.1" 200 27
180.157.252.250 - - [18/Mar/2020:10:16:14 +0800] "GET /favicon.ico HTTP/1.1" 404 -
124.77.241.94 - - [18/Mar/2020:10:16:16 +0800] "GET /xingrg/system/rest/query_items.html?_=1584497771849&table=menu&page=1&rows=20&categoryId=&key=%25E6%25AF%258D%25E5%258D%25B7 HTTP/1.1" 200 2236
114.93.75.19 - - [18/Mar/2020:10:16:18 +0800] "GET /favicon.ico HTTP/1.1" 404 -
124.77.241.94 - - [18/Mar/2020:10:16:19 +0800] "GET /xingrg/all/function/internal_message.html?_=1584497786522&CODE_STATE=getMsg HTTP/1.1" 200 27
124.77.241.94 - - [18/Mar/2020:10:16:19 +0800] "GET /xingrg/system/rest/get_item.html?table=menu&id=2084&_=1584497775904 HTTP/1.1" 200 971
124.77.241.94 - - [18/Mar/2020:10:16:20 +0800] "GET /xingrg/system/rest/get_item.html?table=menu&target=menu_rest&id=2084&_=1584497775912 HTTP/1.1" 200 1236
124.77.241.94 - - [18/Mar/2020:10:16:20 +0800] "GET /xingrg/system/rest/get_item.html?table=menu&target=cook_mode&id=2084&_=1584497775911 HTTP/1.1" 200 9370
124.77.241.94 - - [18/Mar/2020:10:16:20 +0800] "GET /xingrg/system/rest/get_infos.html?command=menu_img_show&id=2084 HTTP/1.1" 200 5
114.93.75.19 - - [18/Mar/2020:10:16:20 +0800] "POST /xingrg/kc/cost/cost_operate.html HTTP/1.1" 200 4
114.93.75.19 - - [18/Mar/2020:10:16:23 +0800] "GET /xingrg/kc/cost/cost_page.html HTTP/1.1" 200 4084
114.93.75.19 - - [18/Mar/2020:10:16:23 +0800] "GET /xingrg/javascript/jquery_easy_ui/themes/default/easyui.css HTTP/1.1" 304 -
114.93.75.19 - - [18/Mar/2020:10:16:23 +0800] "GET /xingrg/css/blue.css HTTP/1.1" 304 -
114.93.75.19 - - [18/Mar/2020:10:16:23 +0800] "GET /xingrg/javascript/jquery_easy_ui/themes/icon.css HTTP/1.1" 304 -
114.93.75.19 - - [18/Mar/2020:10:16:23 +0800] "GET /xingrg/javascript/step/step.css HTTP/1.1" 304 -
114.93.75.19 - - [18/Mar/2020:10:16:23 +0800] "GET /xingrg/css/table.css HTTP/1.1" 304 -
114.93.75.19 - - [18/Mar/2020:10:16:23 +0800] "GET /xingrg/dwr/util.js HTTP/1.1" 304 -
114.93.75.19 - - [18/Mar/2020:10:16:23 +0800] "GET /xingrg/javascript/jquery-1.4.2.min.js HTTP/1.1" 304 -
114.93.75.19 - - [18/Mar/2020:10:16:23 +0800] "GET /xingrg/javascript/jquery_easy_ui/jquery.easyui.min.js HTTP/1.1" 304 -
114.93.75.19 - - [18/Mar/2020:10:16:23 +0800] "GET /xingrg/javascript/jquery.utils.js HTTP/1.1" 304 -
114.93.75.19 - - [18/Mar/2020:10:16:23 +0800] "GET /xingrg/javascript/jquery_easy_ui/easyui-lang-zh_CN.js HTTP/1.1" 304 -
114.93.75.19 - - [18/Mar/2020:10:16:23 +0800] "GET /xingrg/dwr/interface/AjaxReportQueryService.js HTTP/1.1" 200 13203
114.93.75.19 - - [18/Mar/2020:10:16:23 +0800] "GET /xingrg/dwr/engine.js HTTP/1.1" 200 43631
114.93.75.19 - - [18/Mar/2020:10:16:23 +0800] "GET /xingrg/images/control/ajaxLoader.gif HTTP/1.1" 304 -
180.157.252.250 - - [18/Mar/2020:10:16:25 +0800] "POST /xingrg/login.do HTTP/1.1" 302 -
180.157.252.250 - - [18/Mar/2020:10:16:25 +0800] "GET /xingrg/index.html?sysBaseUrl=http%3A%2F%2F117.131.15.22%3A18081%2Fxingrg%2F&costTime=35×tamp=1584497785439 HTTP/1.1" 200 17397
124.77.241.94 - - [18/Mar/2020:10:16:25 +0800] "GET /xingrg/system/rest/get_item.html?table=menu&target=menu_rest_detail&id=2084&sid=12&_=1584497781806 HTTP/1.1" 200 426
180.157.252.250 - - [18/Mar/2020:10:16:25 +0800] "GET /favicon.ico HTTP/1.1" 404 -
180.157.252.250 - - [18/Mar/2020:10:16:26 +0800] "POST /xingrg/all/common/load_tree.html?tree=area_rest_tree_json&manage=1 HTTP/1.1" 200 3079
180.157.252.250 - - [18/Mar/2020:10:16:26 +0800] "GET /xingrg/all/function/internal_message.html?_=1584497784031&CODE_STATE=count HTTP/1.1" 200 11
180.157.252.250 - - [18/Mar/2020:10:16:26 +0800] "GET /xingrg/check_reg.html?_=1584497784032 HTTP/1.1" 200 22
180.157.252.250 - - [18/Mar/2020:10:16:26 +0800] "POST /xingrg/load_menu.html HTTP/1.1" 200 9945
114.93.75.19 - - [18/Mar/2020:10:16:27 +0800] "GET /xingrg/index.html?timestamp=1557821620754&sysBaseUrl=http%3A%2F%2F117.131.15.22%3A18081%2Fxingrg%2F&costTime=12 HTTP/1.1" 302 -
114.93.75.19 - - [18/Mar/2020:10:16:27 +0800] "GET /xingrg/login.html HTTP/1.1" 200 7639
114.93.75.19 - - [18/Mar/2020:10:16:28 +0800] "GET /favicon.ico HTTP/1.1" 404 -
114.93.75.19 - - [18/Mar/2020:10:16:37 +0800] "POST /xingrg/login.do HTTP/1.1" 302 -
114.93.75.19 - - [18/Mar/2020:10:16:37 +0800] "GET /xingrg/index.html?sysBaseUrl=http%3A%2F%2F117.131.15.22%3A18081%2Fxingrg%2F&costTime=34×tamp=1584497797808 HTTP/1.1" 200 17481
114.93.75.19 - - [18/Mar/2020:10:16:38 +0800] "GET /favicon.ico HTTP/1.1" 404 -
114.93.75.19 - - [18/Mar/2020:10:16:38 +0800] "POST /xingrg/all/common/load_tree.html?tree=area_rest_tree_json&manage=1 HTTP/1.1" 200 3079
114.93.75.19 - - [18/Mar/2020:10:16:38 +0800] "GET /xingrg/check_reg.html?_=1584497796516 HTTP/1.1" 200 22
114.93.75.19 - - [18/Mar/2020:10:16:38 +0800] "GET /xingrg/all/function/internal_message.html?_=1584497796515&CODE_STATE=count HTTP/1.1" 200 11
114.93.75.19 - - [18/Mar/2020:10:16:38 +0800] "POST /xingrg/load_menu.html HTTP/1.1" 200 11550
222.69.134.233 - - [18/Mar/2020:10:16:39 +0800] "GET /xingrg/all/function/internal_message.html?_=1584497794467&CODE_STATE=getMsg HTTP/1.1" 200 27
117.185.32.26 - - [18/Mar/2020:10:16:41 +0800] "GET /xingrg/all/function/internal_message.html?_=1584497799153&CODE_STATE=getMsg HTTP/1.1" 200 27
114.93.75.19 - - [18/Mar/2020:10:16:41 +0800] "GET /xingrg/all/function/internal_message.html?_=1584497799097&CODE_STATE=getMsg HTTP/1.1" 200 27
114.93.75.19 - - [18/Mar/2020:10:16:42 +0800] "POST /xingrg/all/user/operate.html HTTP/1.1" 200 36
114.93.75.19 - - [18/Mar/2020:10:16:43 +0800] "GET /xingrg/index.html?sysBaseUrl=http%3A%2F%2F117.131.15.22%3A18081%2Fxingrg%2F&costTime=34×tamp=1584497797808 HTTP/1.1" 200 17481
180.157.252.250 - - [18/Mar/2020:10:16:43 +0800] "POST /xingrg/load_menu.html HTTP/1.1" 200 10062
114.93.75.19 - - [18/Mar/2020:10:16:43 +0800] "GET /xingrg/javascript/jquery_easy_ui/themes/default/easyui.css HTTP/1.1" 304 -
114.93.75.19 - - [18/Mar/2020:10:16:43 +0800] "GET /xingrg/javascript/jquery_easy_ui/themes/icon.css HTTP/1.1" 304 -
114.93.75.19 - - [18/Mar/2020:10:16:43 +0800] "GET /xingrg/css/form.css HTTP/1.1" 304 -
114.93.75.19 - - [18/Mar/2020:10:16:43 +0800] "GET /xingrg/javascript/jquery-1.4.2.min.js HTTP/1.1" 304 -
114.93.75.19 - - [18/Mar/2020:10:16:43 +0800] "GET /xingrg/javascript/jquery_easy_ui/jquery.easyui.min.js HTTP/1.1" 304 -
114.93.75.19 - - [18/Mar/2020:10:16:43 +0800] "GET /xingrg/javascript/jquery_easy_ui/easyui-lang-zh_CN.js HTTP/1.1" 304 -
114.93.75.19 - - [18/Mar/2020:10:16:43 +0800] "GET /xingrg/javascript/jquery.form.js HTTP/1.1" 304 -
114.93.75.19 - - [18/Mar/2020:10:16:43 +0800] "GET /xingrg/javascript/jquery.utils.js HTTP/1.1" 304 -
114.93.75.19 - - [18/Mar/2020:10:16:43 +0800] "GET /xingrg/javascript/jquery.timers.js HTTP/1.1" 304 -
114.93.75.19 - - [18/Mar/2020:10:16:43 +0800] "GET /xingrg/images/blue/jxLogo.png HTTP/1.1" 304 -
114.93.75.19 - - [18/Mar/2020:10:16:43 +0800] "GET /xingrg/images/blue/navBackgound.jpg HTTP/1.1" 304 -
114.93.75.19 - - [18/Mar/2020:10:16:43 +0800] "GET /xingrg/javascript/jquery_easy_ui/themes/icons/settle_new.png HTTP/1.1" 304 -
114.93.75.19 - - [18/Mar/2020:10:16:43 +0800] "POST /xingrg/all/common/load_tree.html?tree=area_rest_tree_json&manage=1 HTTP/1.1" 200 3079
114.93.75.19 - - [18/Mar/2020:10:16:43 +0800] "GET /xingrg/all/function/internal_message.html?_=1584497800961&CODE_STATE=count HTTP/1.1" 200 11
114.93.75.19 - - [18/Mar/2020:10:16:43 +0800] "GET /xingrg/check_reg.html?_=1584497800962 HTTP/1.1" 200 22
114.93.75.19 - - [18/Mar/2020:10:16:43 +0800] "GET /xingrg/javascript/jquery_easy_ui/themes/default/images/tabs_leftarrow.png HTTP/1.1" 304 -
114.93.75.19 - - [18/Mar/2020:10:16:43 +0800] "GET /xingrg/javascript/jquery_easy_ui/themes/default/images/panel_tool_expand.gif HTTP/1.1" 304 -
114.93.75.19 - - [18/Mar/2020:10:16:43 +0800] "GET /xingrg/javascript/jquery_easy_ui/themes/default/images/panel_tool_collapse.gif HTTP/1.1" 304 -
114.93.75.19 - - [18/Mar/2020:10:16:43 +0800] "GET /xingrg/javascript/jquery_easy_ui/themes/default/images/tabs_rightarrow.png HTTP/1.1" 304 -
114.93.75.19 - - [18/Mar/2020:10:16:43 +0800] "GET /xingrg/images/blue/pingpu.png HTTP/1.1" 304 -
114.93.75.19 - - [18/Mar/2020:10:16:43 +0800] "POST /xingrg/load_menu.html HTTP/1.1" 200 9945
58.40.7.146 - - [18/Mar/2020:10:16:44 +0800] "GET /xingrg/all/function/internal_message.html?_=1584497802489&CODE_STATE=getMsg HTTP/1.1" 200 27
120.253.135.82 - - [18/Mar/2020:10:16:44 +0800] "GET /xingrg/check_reg.html?_=1584497547537 HTTP/1.1" 200 22
180.157.252.250 - - [18/Mar/2020:10:16:46 +0800] "GET /xingrg/dwr/interface/AjaxGetFirstChart.js HTTP/1.1" 200 631
180.157.252.250 - - [18/Mar/2020:10:16:46 +0800] "GET /xingrg/system/rest/list_page.html?p=menu HTTP/1.1" 200 110805
180.157.252.250 - - [18/Mar/2020:10:16:47 +0800] "GET /xingrg/dwr/engine.js HTTP/1.1" 200 43631
180.157.252.250 - - [18/Mar/2020:10:16:48 +0800] "GET /xingrg/system/rest/query_items.html?_=1584497805505&table=menu&page=1&rows=20&categoryId=&key= HTTP/1.1" 200 4723
114.86.226.241 - - [18/Mar/2020:10:16:50 +0800] "GET /xingrg/all/function/internal_message.html?_=1584497886234&CODE_STATE=getMsg HTTP/1.1" 200 27
114.93.75.19 - - [18/Mar/2020:10:16:50 +0800] "GET /xingrg/kc/base/wlsy_order_list.html?syType=0 HTTP/1.1" 200 17613
114.93.75.19 - - [18/Mar/2020:10:16:52 +0800] "GET /xingrg/javascript/easyui/themes/icons/uncheck_new.png HTTP/1.1" 304 -
114.93.75.19 - - [18/Mar/2020:10:16:52 +0800] "GET /xingrg/javascript/easyui/themes/icons/check_new.png HTTP/1.1" 304 -
114.93.75.19 - - [18/Mar/2020:10:16:52 +0800] "GET /xingrg/javascript/easyui/themes/icons/cance_new.png HTTP/1.1" 304 -
114.93.75.19 - - [18/Mar/2020:10:16:52 +0800] "POST /xingrg/kc/base/wlsy_list_operate.html?syType=0 HTTP/1.1" 200 862
114.88.170.9 - - [18/Mar/2020:10:16:52 +0800] "GET /xingrg/all/function/internal_message.html?_=1584498102767&CODE_STATE=getMsg HTTP/1.1" 200 27
114.93.75.19 - - [18/Mar/2020:10:16:55 +0800] "GET /xingrg/all/function/internal_message.html?_=1584497991203&CODE_STATE=getMsg HTTP/1.1" 200 27
114.93.75.19 - - [18/Mar/2020:10:16:56 +0800] "POST /xingrg/kc/base/wlsy_list_operate.html?syType=0 HTTP/1.1" 200 2081
116.238.181.252 - - [18/Mar/2020:10:17:01 +0800] "GET /xingrg/all/function/internal_message.html?_=1584497822209&CODE_STATE=getMsg HTTP/1.1" 200 27
180.157.252.250 - - [18/Mar/2020:10:17:01 +0800] "GET /xingrg/system/rest/query_items.html?_=1584497818366&table=menu&page=1&rows=20&categoryId=&key=%25E8%2580%2581%25E8%2599%258E%25E6%2596%2591 HTTP/1.1" 200 3693
180.157.252.250 - - [18/Mar/2020:10:17:03 +0800] "GET /xingrg/system/rest/query_items.html?_=1584497820377&table=menu&page=1&rows=20&categoryId=&key=%25E8%2580%2581%25E8%2599%258E%25E6%2596%2591 HTTP/1.1" 200 3693
180.157.252.250 - - [18/Mar/2020:10:17:04 +0800] "GET /xingrg/system/rest/get_item.html?table=menu&id=1909&_=1584497821352 HTTP/1.1" 200 941
180.157.252.250 - - [18/Mar/2020:10:17:04 +0800] "GET /xingrg/system/rest/get_item.html?table=menu&target=menu_rest&id=1909&_=1584497821376 HTTP/1.1" 200 949
180.157.252.250 - - [18/Mar/2020:10:17:04 +0800] "GET /xingrg/system/rest/get_item.html?table=menu&target=cook_mode&id=1909&_=1584497821375 HTTP/1.1" 200 11038
180.157.252.250 - - [18/Mar/2020:10:17:04 +0800] "GET /xingrg/system/rest/get_infos.html?command=menu_img_show&id=1909 HTTP/1.1" 200 5
124.77.241.94 - - [18/Mar/2020:10:17:05 +0800] "POST /xingrg/system/rest/edit_item.html HTTP/1.1" 200 4
124.77.241.94 - - [18/Mar/2020:10:17:05 +0800] "GET /xingrg/system/rest/get_item.html?table=menu&target=menu_rest&id=2084&_=1584497821622 HTTP/1.1" 200 1236
114.93.75.19 - - [18/Mar/2020:10:17:06 +0800] "POST /xingrg/kc/base/wlsy_list_operate.html?syType=0 HTTP/1.1" 200 2081
180.157.252.250 - - [18/Mar/2020:10:17:07 +0800] "GET /xingrg/system/rest/get_item.html?table=menu&target=menu_rest_detail&id=1909&sid=14&_=1584497824480 HTTP/1.1" 200 426
114.93.75.19 - - [18/Mar/2020:10:17:07 +0800] "POST /xingrg/kc/base/wlsy_list_operate.html?syType=0 HTTP/1.1" 200 2081
180.156.150.85 - - [18/Mar/2020:10:17:08 +0800] "GET /xingrg/all/function/internal_message.html?_=1584497826948&CODE_STATE=getMsg HTTP/1.1" 200 27
117.131.5.26 - - [18/Mar/2020:10:17:08 +0800] "GET /xingrg/check_reg.html?_=1584497842890 HTTP/1.1" 200 22
120.253.135.82 - - [18/Mar/2020:10:17:08 +0800] "GET /xingrg/all/function/internal_message.html?_=1584497948911&CODE_STATE=getMsg HTTP/1.1" 200 27
117.131.5.26 - - [18/Mar/2020:10:17:08 +0800] "GET /xingrg/all/function/internal_message.html?_=1584497843468&CODE_STATE=getMsg HTTP/1.1" 200 27
114.93.75.19 - - [18/Mar/2020:10:17:13 +0800] "GET /xingrg/check_reg.html?_=1584497836639 HTTP/1.1" 200 22
124.77.241.94 - - [18/Mar/2020:10:17:13 +0800] "GET /xingrg/all/function/internal_message.html?_=1584497829283&CODE_STATE=getMsg HTTP/1.1" 200 27
114.93.75.19 - - [18/Mar/2020:10:17:13 +0800] "GET /xingrg/all/function/internal_message.html?_=1584497837191&CODE_STATE=getMsg HTTP/1.1" 200 27
180.157.252.250 - - [18/Mar/2020:10:17:13 +0800] "POST /xingrg/system/rest/edit_item.html HTTP/1.1" 200 4
180.157.252.250 - - [18/Mar/2020:10:17:13 +0800] "GET /xingrg/system/rest/get_item.html?table=menu&target=menu_rest&id=1909&_=1584497831123 HTTP/1.1" 200 949
114.93.75.19 - - [18/Mar/2020:10:17:14 +0800] "GET /xingrg/kc/base/wlsy_order_list.html?syType=1 HTTP/1.1" 200 17613
114.93.75.19 - - [18/Mar/2020:10:17:14 +0800] "POST /xingrg/kc/base/wlsy_list_operate.html?syType=1 HTTP/1.1" 200 862
114.93.75.19 - - [18/Mar/2020:10:17:15 +0800] "POST /xingrg/kc/base/wlsy_list_operate.html?syType=1 HTTP/1.1" 200 862
114.93.75.19 - - [18/Mar/2020:10:17:18 +0800] "POST /xingrg/kc/base/wlsy_list_operate.html?syType=1 HTTP/1.1" 200 3612
58.221.95.50 - - [18/Mar/2020:10:17:18 +0800] "GET /xingrg/check_reg.html?_=1584498184340 HTTP/1.1" 200 22
124.77.241.94 - - [18/Mar/2020:10:17:19 +0800] "GET /xingrg/all/function/internal_message.html?_=1584497846962&CODE_STATE=getMsg HTTP/1.1" 200 27
114.93.75.19 - - [18/Mar/2020:10:17:20 +0800] "POST /xingrg/kc/base/wlsy_list_operate.html?syType=1 HTTP/1.1" 200 580
180.157.252.250 - - [18/Mar/2020:10:17:20 +0800] "GET /xingrg/system/rest/query_items.html?_=1584497837551&table=menu&page=1&rows=20&categoryId=&key=%25E6%259D%2582%25E9%25B1%25BC HTTP/1.1" 200 1755
114.93.75.19 - - [18/Mar/2020:10:17:20 +0800] "POST /xingrg/kc/base/wlsy_list_operate.html?syType=1 HTTP/1.1" 200 565
180.157.252.250 - - [18/Mar/2020:10:17:21 +0800] "GET /xingrg/system/rest/query_items.html?_=1584497839189&table=menu&page=1&rows=20&categoryId=&key=%25E6%259D%2582%25E9%25B1%25BC HTTP/1.1" 200 1755
180.157.252.250 - - [18/Mar/2020:10:17:22 +0800] "GET /xingrg/system/rest/get_item.html?table=menu&id=1965&_=1584497839623 HTTP/1.1" 200 969
180.157.252.250 - - [18/Mar/2020:10:17:22 +0800] "GET /xingrg/system/rest/get_item.html?table=menu&target=cook_mode&id=1965&_=1584497839639 HTTP/1.1" 200 6235
180.157.252.250 - - [18/Mar/2020:10:17:22 +0800] "GET /xingrg/system/rest/get_item.html?table=menu&target=menu_rest&id=1965&_=1584497839640 HTTP/1.1" 200 762
180.157.252.250 - - [18/Mar/2020:10:17:22 +0800] "GET /xingrg/system/rest/get_infos.html?command=menu_img_show&id=1965 HTTP/1.1" 200 5
114.93.75.19 - - [18/Mar/2020:10:17:23 +0800] "GET /xingrg/javascript/easyui/themes/default/images/button_plain_hover.png HTTP/1.1" 304 -
180.157.252.250 - - [18/Mar/2020:10:17:24 +0800] "GET /xingrg/system/rest/get_item.html?table=menu&target=menu_rest_detail&id=1965&sid=14&_=1584497842058 HTTP/1.1" 200 426
180.157.252.250 - - [18/Mar/2020:10:17:26 +0800] "GET /xingrg/all/function/internal_message.html?_=1584497844046&CODE_STATE=getMsg HTTP/1.1" 200 27
114.93.75.19 - - [18/Mar/2020:10:17:27 +0800] "POST /xingrg/kc/base/wlsy_list_operate.html?syType=1 HTTP/1.1" 200 4
114.93.75.19 - - [18/Mar/2020:10:17:28 +0800] "POST /xingrg/kc/base/wlsy_list_operate.html?syType=1 HTTP/1.1" 200 3462
180.157.252.250 - - [18/Mar/2020:10:17:30 +0800] "POST /xingrg/system/rest/edit_item.html HTTP/1.1" 200 4
180.157.252.250 - - [18/Mar/2020:10:17:30 +0800] "GET /xingrg/system/rest/get_item.html?table=menu&target=menu_rest&id=1965&_=1584497847656 HTTP/1.1" 200 762
114.93.75.19 - - [18/Mar/2020:10:17:31 +0800] "POST /xingrg/kc/base/wlsy_list_operate.html?syType=1 HTTP/1.1" 200 351
124.77.241.94 - - [18/Mar/2020:10:17:31 +0800] "GET /xingrg/system/rest/query_items.html?_=1584497847302&table=menu&page=1&rows=20&categoryId=&key=xbc HTTP/1.1" 200 4573
124.77.241.94 - - [18/Mar/2020:10:17:33 +0800] "GET /xingrg/system/rest/query_items.html?_=1584497849401&table=menu&page=1&rows=20&categoryId=&key=xbc HTTP/1.1" 200 4573
124.77.241.94 - - [18/Mar/2020:10:17:34 +0800] "GET /xingrg/system/rest/get_item.html?table=menu&id=1931&_=1584497849986 HTTP/1.1" 200 939
124.77.241.94 - - [18/Mar/2020:10:17:34 +0800] "GET /xingrg/system/rest/get_item.html?table=menu&target=menu_rest&id=1931&_=1584497849996 HTTP/1.1" 200 853
124.77.241.94 - - [18/Mar/2020:10:17:34 +0800] "GET /xingrg/system/rest/get_item.html?table=menu&target=cook_mode&id=1931&_=1584497849994 HTTP/1.1" 200 17346
124.77.241.94 - - [18/Mar/2020:10:17:34 +0800] "GET /xingrg/system/rest/get_infos.html?command=menu_img_show&id=1931 HTTP/1.1" 200 5
180.157.252.250 - - [18/Mar/2020:10:17:38 +0800] "GET /xingrg/check_reg.html?_=1584497849095 HTTP/1.1" 302 -
124.77.241.94 - - [18/Mar/2020:10:17:38 +0800] "GET /xingrg/system/rest/get_item.html?table=menu&target=menu_rest_detail&id=1931&sid=12&_=1584497854619 HTTP/1.1" 200 436
180.157.252.250 - - [18/Mar/2020:10:17:38 +0800] "GET /xingrg/system/rest/query_items.html?_=1584497856039&table=menu&page=1&rows=20&categoryId=&key=%25E8%258A%25B1%25E8%259E%25BA HTTP/1.1" 200 1050
222.69.134.233 - - [18/Mar/2020:10:17:39 +0800] "GET /xingrg/all/function/internal_message.html?_=1584497854453&CODE_STATE=getMsg HTTP/1.1" 200 27
180.157.252.250 - - [18/Mar/2020:10:17:40 +0800] "GET /xingrg/system/rest/query_items.html?_=1584497857850&table=menu&page=1&rows=20&categoryId=&key=%25E8%258A%25B1%25E8%259E%25BA HTTP/1.1" 200 1050
117.185.32.26 - - [18/Mar/2020:10:17:41 +0800] "GET /xingrg/all/function/internal_message.html?_=1584497859154&CODE_STATE=getMsg HTTP/1.1" 200 27
114.93.75.19 - - [18/Mar/2020:10:17:41 +0800] "GET /xingrg/all/function/internal_message.html?_=1584497859097&CODE_STATE=getMsg HTTP/1.1" 200 27
180.157.252.250 - - [18/Mar/2020:10:17:42 +0800] "GET /xingrg/system/rest/get_item.html?table=menu&id=2054&_=1584497859904 HTTP/1.1" 200 1006
180.157.252.250 - - [18/Mar/2020:10:17:42 +0800] "GET /xingrg/system/rest/get_item.html?table=menu&target=menu_rest&id=2054&_=1584497859920 HTTP/1.1" 200 868
180.157.252.250 - - [18/Mar/2020:10:17:42 +0800] "GET /xingrg/system/rest/get_item.html?table=menu&target=cook_mode&id=2054&_=1584497859919 HTTP/1.1" 200 10645
180.157.252.250 - - [18/Mar/2020:10:17:43 +0800] "GET /xingrg/system/rest/get_infos.html?command=menu_img_show&id=2054 HTTP/1.1" 200 5
114.93.75.19 - - [18/Mar/2020:10:17:43 +0800] "GET /xingrg/all/function/internal_message.html?_=1584497860972&CODE_STATE=getMsg HTTP/1.1" 200 27
58.40.7.146 - - [18/Mar/2020:10:17:44 +0800] "GET /xingrg/all/function/internal_message.html?_=1584497862493&CODE_STATE=getMsg HTTP/1.1" 200 27
58.40.7.146 - - [18/Mar/2020:10:17:44 +0800] "GET /xingrg/check_reg.html?_=1584497862496 HTTP/1.1" 200 22
180.157.252.250 - - [18/Mar/2020:10:17:45 +0800] "GET /xingrg/system/rest/get_item.html?table=menu&target=menu_rest_detail&id=2054&sid=14&_=1584497862894 HTTP/1.1" 200 427
114.86.226.241 - - [18/Mar/2020:10:17:49 +0800] "GET /xingrg/all/function/internal_message.html?_=1584497946225&CODE_STATE=getMsg HTTP/1.1" 200 27
114.88.170.9 - - [18/Mar/2020:10:17:52 +0800] "GET /xingrg/all/function/internal_message.html?_=1584498162770&CODE_STATE=getMsg HTTP/1.1" 200 27
180.157.252.250 - - [18/Mar/2020:10:17:53 +0800] "POST /xingrg/system/rest/edit_item.html HTTP/1.1" 200 4
180.157.252.250 - - [18/Mar/2020:10:17:53 +0800] "GET /xingrg/system/rest/get_item.html?table=menu&target=menu_rest&id=2054&_=1584497870988 HTTP/1.1" 200 868
114.93.75.19 - - [18/Mar/2020:10:17:55 +0800] "GET /xingrg/all/function/internal_message.html?_=1584498051215&CODE_STATE=getMsg HTTP/1.1" 200 27
116.238.181.252 - - [18/Mar/2020:10:18:01 +0800] "GET /xingrg/all/function/internal_message.html?_=1584497882209&CODE_STATE=getMsg HTTP/1.1" 200 27
180.157.252.250 - - [18/Mar/2020:10:18:01 +0800] "GET /xingrg/system/rest/query_items.html?_=1584497878341&table=menu&page=1&rows=20&categoryId=&key=%25E6%25AF%258D%25E5%258D%25B7 HTTP/1.1" 200 2236
180.157.252.250 - - [18/Mar/2020:10:18:03 +0800] "GET /xingrg/system/rest/query_items.html?_=1584497880711&table=menu&page=1&rows=20&categoryId=&key=%25E6%25AF%258D%25E5%258D%25B7 HTTP/1.1" 200 2236
180.157.252.250 - - [18/Mar/2020:10:18:03 +0800] "GET /xingrg/system/rest/get_item.html?table=menu&id=2084&_=1584497881143 HTTP/1.1" 200 971
180.157.252.250 - - [18/Mar/2020:10:18:03 +0800] "GET /xingrg/system/rest/get_item.html?table=menu&target=menu_rest&id=2084&_=1584497881161 HTTP/1.1" 200 1236
180.157.252.250 - - [18/Mar/2020:10:18:03 +0800] "GET /xingrg/system/rest/get_item.html?table=menu&target=cook_mode&id=2084&_=1584497881158 HTTP/1.1" 200 9370
180.157.252.250 - - [18/Mar/2020:10:18:04 +0800] "GET /xingrg/system/rest/get_infos.html?command=menu_img_show&id=2084 HTTP/1.1" 200 5
180.157.252.250 - - [18/Mar/2020:10:18:08 +0800] "GET /xingrg/system/rest/get_item.html?table=menu&target=menu_rest_detail&id=2084&sid=14&_=1584497885332 HTTP/1.1" 200 426
180.156.150.85 - - [18/Mar/2020:10:18:08 +0800] "GET /xingrg/all/function/internal_message.html?_=1584497886936&CODE_STATE=getMsg HTTP/1.1" 200 27
120.253.135.82 - - [18/Mar/2020:10:18:08 +0800] "GET /xingrg/all/function/internal_message.html?_=1584498008911&CODE_STATE=getMsg HTTP/1.1" 200 27
117.131.5.26 - - [18/Mar/2020:10:18:08 +0800] "GET /xingrg/all/function/internal_message.html?_=1584497903468&CODE_STATE=getMsg HTTP/1.1" 200 27
180.157.252.250 - - [18/Mar/2020:10:18:13 +0800] "POST /xingrg/system/rest/edit_item.html HTTP/1.1" 200 4
180.157.252.250 - - [18/Mar/2020:10:18:13 +0800] "GET /xingrg/system/rest/get_item.html?table=menu&target=menu_rest&id=2084&_=1584497890343 HTTP/1.1" 200 1236
124.77.241.94 - - [18/Mar/2020:10:18:13 +0800] "GET /xingrg/all/function/internal_message.html?_=1584497889292&CODE_STATE=getMsg HTTP/1.1" 200 27
114.93.75.19 - - [18/Mar/2020:10:18:13 +0800] "GET /xingrg/all/function/internal_message.html?_=1584497897206&CODE_STATE=getMsg HTTP/1.1" 200 27
124.77.241.94 - - [18/Mar/2020:10:18:15 +0800] "POST /xingrg/system/rest/edit_item.html HTTP/1.1" 200 4
124.77.241.94 - - [18/Mar/2020:10:18:15 +0800] "GET /xingrg/system/rest/get_item.html?table=menu&target=menu_rest&id=1931&_=1584497890974 HTTP/1.1" 200 853
124.77.241.94 - - [18/Mar/2020:10:18:19 +0800] "GET /xingrg/all/function/internal_message.html?_=1584497906969&CODE_STATE=getMsg HTTP/1.1" 200 27
180.157.252.250 - - [18/Mar/2020:10:18:22 +0800] "GET /xingrg/system/rest/query_items.html?_=1584497899567&table=menu&page=1&rows=20&categoryId=&key=%25E5%25B0%258F%25E7%2599%25BD HTTP/1.1" 200 1206
180.157.252.250 - - [18/Mar/2020:10:18:24 +0800] "GET /xingrg/system/rest/query_items.html?_=1584497901522&table=menu&page=1&rows=20&categoryId=&key=%25E5%25B0%258F%25E7%2599%25BD HTTP/1.1" 200 1206
180.157.252.250 - - [18/Mar/2020:10:18:24 +0800] "GET /xingrg/system/rest/get_item.html?table=menu&id=1931&_=1584497902064 HTTP/1.1" 200 939
180.157.252.250 - - [18/Mar/2020:10:18:24 +0800] "GET /xingrg/system/rest/get_item.html?table=menu&target=menu_rest&id=1931&_=1584497902082 HTTP/1.1" 200 853
180.157.252.250 - - [18/Mar/2020:10:18:24 +0800] "GET /xingrg/system/rest/get_item.html?table=menu&target=cook_mode&id=1931&_=1584497902081 HTTP/1.1" 200 17346
180.157.252.250 - - [18/Mar/2020:10:18:25 +0800] "GET /xingrg/system/rest/get_infos.html?command=menu_img_show&id=1931 HTTP/1.1" 200 5
180.157.252.250 - - [18/Mar/2020:10:18:26 +0800] "GET /xingrg/all/function/internal_message.html?_=1584497904046&CODE_STATE=getMsg HTTP/1.1" 200 27
180.157.252.250 - - [18/Mar/2020:10:18:27 +0800] "GET /xingrg/system/rest/get_item.html?table=menu&target=menu_rest_detail&id=1931&sid=14&_=1584497904754 HTTP/1.1" 200 436
124.77.241.94 - - [18/Mar/2020:10:18:29 +0800] "GET /xingrg/system/rest/query_items.html?_=1584497905338&table=menu&page=1&rows=20&categoryId=&key=1932 HTTP/1.1" 200 253
124.77.241.94 - - [18/Mar/2020:10:18:31 +0800] "GET /xingrg/system/rest/query_items.html?_=1584497906968&table=menu&page=1&rows=20&categoryId=&key=1932 HTTP/1.1" 200 253
124.77.241.94 - - [18/Mar/2020:10:18:31 +0800] "GET /xingrg/system/rest/get_item.html?table=menu&id=1932&_=1584497907403 HTTP/1.1" 200 937
124.77.241.94 - - [18/Mar/2020:10:18:31 +0800] "GET /xingrg/system/rest/get_item.html?table=menu&target=menu_rest&id=1932&_=1584497907413 HTTP/1.1" 200 647
124.77.241.94 - - [18/Mar/2020:10:18:31 +0800] "GET /xingrg/system/rest/get_item.html?table=menu&target=cook_mode&id=1932&_=1584497907411 HTTP/1.1" 200 14725
124.77.241.94 - - [18/Mar/2020:10:18:31 +0800] "GET /xingrg/system/rest/get_infos.html?command=menu_img_show&id=1932 HTTP/1.1" 200 5
180.157.252.250 - - [18/Mar/2020:10:18:32 +0800] "POST /xingrg/system/rest/edit_item.html HTTP/1.1" 200 4
180.157.252.250 - - [18/Mar/2020:10:18:32 +0800] "GET /xingrg/system/rest/get_item.html?table=menu&target=menu_rest&id=1931&_=1584497910066 HTTP/1.1" 200 853
124.77.241.94 - - [18/Mar/2020:10:18:34 +0800] "GET /xingrg/system/rest/get_item.html?table=menu&target=menu_rest_detail&id=1932&sid=12&_=1584497910003 HTTP/1.1" 200 426
222.69.134.233 - - [18/Mar/2020:10:18:39 +0800] "GET /xingrg/all/function/internal_message.html?_=1584497914439&CODE_STATE=getMsg HTTP/1.1" 200 27
114.88.170.9 - - [18/Mar/2020:10:18:39 +0800] "GET /xingrg/kc/buy/cgsh_order_add.html HTTP/1.1" 200 57636
114.88.170.9 - - [18/Mar/2020:10:18:39 +0800] "POST /xingrg/kc/buy/cgsh_order_operate.html HTTP/1.1" 200 8245
114.88.170.9 - - [18/Mar/2020:10:18:39 +0800] "GET /xingrg/javascript/easyui/themes/default/validatebox.css HTTP/1.1" 404 1104
117.185.32.26 - - [18/Mar/2020:10:18:41 +0800] "GET /xingrg/all/function/internal_message.html?_=1584497919155&CODE_STATE=getMsg HTTP/1.1" 200 27
114.93.75.19 - - [18/Mar/2020:10:18:41 +0800] "GET /xingrg/all/function/internal_message.html?_=1584497919096&CODE_STATE=getMsg HTTP/1.1" 200 27
114.93.75.19 - - [18/Mar/2020:10:18:43 +0800] "GET /xingrg/all/function/internal_message.html?_=1584497920968&CODE_STATE=getMsg HTTP/1.1" 200 27
58.40.7.146 - - [18/Mar/2020:10:18:44 +0800] "GET /xingrg/all/function/internal_message.html?_=1584497922499&CODE_STATE=getMsg HTTP/1.1" 200 27
124.77.241.94 - - [18/Mar/2020:10:18:44 +0800] "POST /xingrg/system/rest/edit_item.html HTTP/1.1" 200 4
124.77.241.94 - - [18/Mar/2020:10:18:44 +0800] "GET /xingrg/system/rest/get_item.html?table=menu&target=menu_rest&id=1932&_=1584497920816 HTTP/1.1" 200 647
114.86.226.241 - - [18/Mar/2020:10:18:46 +0800] "GET /xingrg/all/function/internal_message.html?_=1584498006234&CODE_STATE=getMsg HTTP/1.1" 200 27
58.40.7.146 - - [18/Mar/2020:10:18:48 +0800] "GET /xingrg/login.html HTTP/1.1" 200 7639
58.40.7.146 - - [18/Mar/2020:10:18:49 +0800] "GET /xingrg/images/blue/jxLogo.png HTTP/1.1" 200 6156
114.88.170.9 - - [18/Mar/2020:10:18:49 +0800] "GET /xingrg/kc/buy/cgsh_order_operate.html?command=get_materiel&rest_code=00111&code=00101005037&supplier_code=00100042&order_time=2020-03-18 HTTP/1.1" 200 429
58.40.7.146 - - [18/Mar/2020:10:18:49 +0800] "GET /xingrg/images/blue/login_bg.png HTTP/1.1" 200 22101
58.40.7.146 - - [18/Mar/2020:10:18:49 +0800] "GET /xingrg/images/blue/srbg.png HTTP/1.1" 200 138
58.40.7.146 - - [18/Mar/2020:10:18:49 +0800] "GET /xingrg/images/blue/hj.png HTTP/1.1" 200 1014
58.40.7.146 - - [18/Mar/2020:10:18:50 +0800] "GET /favicon.ico HTTP/1.1" 404 -
114.88.170.9 - - [18/Mar/2020:10:18:52 +0800] "GET /xingrg/all/function/internal_message.html?_=1584498222807&CODE_STATE=getMsg HTTP/1.1" 200 27
180.157.252.250 - - [18/Mar/2020:10:18:53 +0800] "GET /xingrg/system/rest/query_items.html?_=1584497931173&table=menu&page=1&rows=20&categoryId=&key=%25E5%25B8%25A6%25E9%25B1%25BC HTTP/1.1" 200 2131
114.93.75.19 - - [18/Mar/2020:10:18:55 +0800] "GET /xingrg/all/function/internal_message.html?_=1584498111204&CODE_STATE=getMsg HTTP/1.1" 200 27
180.157.252.250 - - [18/Mar/2020:10:18:56 +0800] "GET /xingrg/system/rest/query_items.html?_=1584497933248&table=menu&page=1&rows=20&categoryId=&key=%25E5%25B8%25A6%25E9%25B1%25BC HTTP/1.1" 200 2131
180.157.252.250 - - [18/Mar/2020:10:18:56 +0800] "GET /xingrg/system/rest/get_item.html?table=menu&id=1932&_=1584497933725 HTTP/1.1" 200 937
180.157.252.250 - - [18/Mar/2020:10:18:56 +0800] "GET /xingrg/system/rest/get_item.html?table=menu&target=menu_rest&id=1932&_=1584497933745 HTTP/1.1" 200 647
180.157.252.250 - - [18/Mar/2020:10:18:56 +0800] "GET /xingrg/system/rest/get_item.html?table=menu&target=cook_mode&id=1932&_=1584497933743 HTTP/1.1" 200 14725
180.157.252.250 - - [18/Mar/2020:10:18:57 +0800] "GET /xingrg/system/rest/get_infos.html?command=menu_img_show&id=1932 HTTP/1.1" 200 5
180.157.252.250 - - [18/Mar/2020:10:18:59 +0800] "GET /xingrg/system/rest/get_item.html?table=menu&target=menu_rest_detail&id=1932&sid=14&_=1584497936762 HTTP/1.1" 200 426
116.238.181.252 - - [18/Mar/2020:10:19:01 +0800] "GET /xingrg/all/function/internal_message.html?_=1584497942210&CODE_STATE=getMsg HTTP/1.1" 200 27
116.238.181.252 - - [18/Mar/2020:10:19:01 +0800] "GET /xingrg/check_reg.html?_=1584497942213 HTTP/1.1" 200 22
114.88.170.9 - - [18/Mar/2020:10:19:02 +0800] "GET /xingrg/kc/buy/cgsh_order_operate.html?command=get_materiel&rest_code=00111&code=00101001127&supplier_code=00100042&order_time=2020-03-18 HTTP/1.1" 200 429
58.40.7.146 - - [18/Mar/2020:10:19:03 +0800] "POST /xingrg/login.do HTTP/1.1" 302 -
58.40.7.146 - - [18/Mar/2020:10:19:03 +0800] "GET /xingrg/javascript/jquery_easy_ui/themes/icon.css HTTP/1.1" 200 3949
58.40.7.146 - - [18/Mar/2020:10:19:03 +0800] "GET /xingrg/css/form.css HTTP/1.1" 200 893
58.40.7.146 - - [18/Mar/2020:10:19:03 +0800] "GET /xingrg/javascript/jquery-1.4.2.min.js HTTP/1.1" 200 72205
58.40.7.146 - - [18/Mar/2020:10:19:03 +0800] "GET /xingrg/javascript/jquery_easy_ui/jquery.easyui.min.js HTTP/1.1" 200 213662
58.40.7.146 - - [18/Mar/2020:10:19:03 +0800] "GET /xingrg/javascript/jquery_easy_ui/easyui-lang-zh_CN.js HTTP/1.1" 200 1900
58.40.7.146 - - [18/Mar/2020:10:19:03 +0800] "GET /xingrg/javascript/jquery.timers.js HTTP/1.1" 200 3532
58.40.7.146 - - [18/Mar/2020:10:19:03 +0800] "GET /xingrg/javascript/jquery.utils.js HTTP/1.1" 200 11805
58.40.7.146 - - [18/Mar/2020:10:19:03 +0800] "GET /xingrg/javascript/jquery.form.js HTTP/1.1" 200 23110
58.40.7.146 - - [18/Mar/2020:10:19:03 +0800] "GET /xingrg/javascript/jquery_easy_ui/themes/default/easyui.css HTTP/1.1" 200 26500
58.40.7.146 - - [18/Mar/2020:10:19:03 +0800] "GET /favicon.ico HTTP/1.1" 404 -
58.40.7.146 - - [18/Mar/2020:10:19:03 +0800] "GET /xingrg/images/blue/navBackgound.jpg HTTP/1.1" 200 12378
58.40.7.146 - - [18/Mar/2020:10:19:03 +0800] "GET /xingrg/index.html?sysBaseUrl=http%3A%2F%2F117.131.15.22%3A18081%2Fxingrg%2F&costTime=35×tamp=1584497943568 HTTP/1.1" 200 17397
58.40.7.146 - - [18/Mar/2020:10:19:03 +0800] "GET /xingrg/javascript/jquery_easy_ui/themes/icons/settle_new.png HTTP/1.1" 200 826
58.40.7.146 - - [18/Mar/2020:10:19:04 +0800] "POST /xingrg/all/common/load_tree.html?tree=area_rest_tree_json&manage=1 HTTP/1.1" 200 476
58.40.7.146 - - [18/Mar/2020:10:19:04 +0800] "GET /xingrg/check_reg.html?_=1584497941976 HTTP/1.1" 200 22
58.40.7.146 - - [18/Mar/2020:10:19:04 +0800] "GET /xingrg/all/function/internal_message.html?_=1584497941975&CODE_STATE=count HTTP/1.1" 200 11
58.40.7.146 - - [18/Mar/2020:10:19:04 +0800] "GET /xingrg/images/blue/pingpu.png HTTP/1.1" 200 231
58.40.7.146 - - [18/Mar/2020:10:19:04 +0800] "GET /xingrg/javascript/jquery_easy_ui/themes/default/images/tabs_leftarrow.png HTTP/1.1" 200 389
58.40.7.146 - - [18/Mar/2020:10:19:04 +0800] "GET /xingrg/javascript/jquery_easy_ui/themes/default/images/tabs_rightarrow.png HTTP/1.1" 200 395
58.40.7.146 - - [18/Mar/2020:10:19:04 +0800] "GET /xingrg/javascript/jquery_easy_ui/themes/default/images/panel_tool_expand.gif HTTP/1.1" 200 247
58.40.7.146 - - [18/Mar/2020:10:19:04 +0800] "GET /xingrg/javascript/jquery_easy_ui/themes/default/images/panel_tool_collapse.gif HTTP/1.1" 200 246
58.40.7.146 - - [18/Mar/2020:10:19:04 +0800] "POST /xingrg/load_menu.html HTTP/1.1" 200 9945
58.40.7.146 - - [18/Mar/2020:10:19:04 +0800] "GET /xingrg/javascript/jquery_easy_ui/themes/default/images/tree_arrows.gif HTTP/1.1" 200 1043
58.40.7.146 - - [18/Mar/2020:10:19:04 +0800] "GET /xingrg/javascript/jquery_easy_ui/themes/default/images/tree_folder_open.gif HTTP/1.1" 200 956
58.40.7.146 - - [18/Mar/2020:10:19:04 +0800] "GET /xingrg/javascript/jquery_easy_ui/themes/icons/search_new.png HTTP/1.1" 200 586
58.40.7.146 - - [18/Mar/2020:10:19:04 +0800] "GET /xingrg/javascript/jquery_easy_ui/themes/default/images/tree_folder.gif HTTP/1.1" 200 952
58.40.7.146 - - [18/Mar/2020:10:19:04 +0800] "GET /xingrg/javascript/jquery_easy_ui/themes/icons/storage_new.png HTTP/1.1" 200 853
58.40.7.146 - - [18/Mar/2020:10:19:04 +0800] "GET /xingrg/javascript/jquery_easy_ui/themes/icons/checkout_new.png HTTP/1.1" 200 744
58.40.7.146 - - [18/Mar/2020:10:19:04 +0800] "GET /xingrg/javascript/jquery_easy_ui/themes/icons/forms_new.png HTTP/1.1" 200 350
58.40.7.146 - - [18/Mar/2020:10:19:04 +0800] "GET /xingrg/javascript/jquery_easy_ui/themes/icons/setting_new.png HTTP/1.1" 200 450
58.40.7.146 - - [18/Mar/2020:10:19:04 +0800] "GET /xingrg/javascript/jquery_easy_ui/themes/icons/systemset_new.png HTTP/1.1" 200 606
58.40.7.146 - - [18/Mar/2020:10:19:04 +0800] "GET /xingrg/javascript/jquery_easy_ui/themes/default/images/tree_file.gif HTTP/1.1" 200 118
180.157.252.250 - - [18/Mar/2020:10:19:06 +0800] "POST /xingrg/system/rest/edit_item.html HTTP/1.1" 200 4
180.157.252.250 - - [18/Mar/2020:10:19:06 +0800] "GET /xingrg/system/rest/get_item.html?table=menu&target=menu_rest&id=1932&_=1584497943997 HTTP/1.1" 200 647
180.156.150.85 - - [18/Mar/2020:10:19:08 +0800] "GET /xingrg/all/function/internal_message.html?_=1584497946938&CODE_STATE=getMsg HTTP/1.1" 200 27
180.156.150.85 - - [18/Mar/2020:10:19:08 +0800] "GET /xingrg/check_reg.html?_=1584497946941 HTTP/1.1" 200 22
58.40.7.146 - - [18/Mar/2020:10:19:08 +0800] "POST /xingrg/load_menu.html HTTP/1.1" 200 10062
120.253.135.82 - - [18/Mar/2020:10:19:08 +0800] "GET /xingrg/check_reg.html?_=1584498068799 HTTP/1.1" 200 22
117.131.5.26 - - [18/Mar/2020:10:19:08 +0800] "GET /xingrg/all/function/internal_message.html?_=1584497963468&CODE_STATE=getMsg HTTP/1.1" 200 27
120.253.135.82 - - [18/Mar/2020:10:19:08 +0800] "GET /xingrg/all/function/internal_message.html?_=1584498068925&CODE_STATE=getMsg HTTP/1.1" 200 27
58.40.7.146 - - [18/Mar/2020:10:19:12 +0800] "GET /xingrg/javascript/jquery_easy_ui/themes/default/images/tabs_close.gif HTTP/1.1" 200 829
58.40.7.146 - - [18/Mar/2020:10:19:13 +0800] "GET /xingrg/javascript/multi_select/jqueryMultiSelect.css HTTP/1.1" 200 951
58.40.7.146 - - [18/Mar/2020:10:19:13 +0800] "GET /xingrg/css/blue.css HTTP/1.1" 200 15949
58.40.7.146 - - [18/Mar/2020:10:19:13 +0800] "GET /xingrg/javascript/calendar/timePicker.css HTTP/1.1" 200 523
58.40.7.146 - - [18/Mar/2020:10:19:13 +0800] "GET /xingrg/javascript/bigrid/fix.css HTTP/1.1" 200 1702
58.40.7.146 - - [18/Mar/2020:10:19:13 +0800] "GET /xingrg/javascript/pic_change.js HTTP/1.1" 200 4739
58.40.7.146 - - [18/Mar/2020:10:19:13 +0800] "GET /xingrg/dwr/interface/AjaxReportQueryService.js HTTP/1.1" 200 13203
58.40.7.146 - - [18/Mar/2020:10:19:13 +0800] "GET /xingrg/javascript/myfunction.js HTTP/1.1" 200 24559
58.40.7.146 - - [18/Mar/2020:10:19:13 +0800] "GET /xingrg/dwr/engine.js HTTP/1.1" 200 43631
58.40.7.146 - - [18/Mar/2020:10:19:13 +0800] "GET /xingrg/javascript/calendar/jquery.timePicker.min.js HTTP/1.1" 200 2997
58.40.7.146 - - [18/Mar/2020:10:19:13 +0800] "GET /xingrg/all/report/report_query.html?fileName=dma/new_5.0/yingye/order_list.xml HTTP/1.1" 200 55251
58.40.7.146 - - [18/Mar/2020:10:19:13 +0800] "GET /xingrg/javascript/jqueryMultiSelect.js HTTP/1.1" 200 11866
58.40.7.146 - - [18/Mar/2020:10:19:13 +0800] "GET /xingrg/javascript/bigrid/fix.js HTTP/1.1" 200 6439
58.40.7.146 - - [18/Mar/2020:10:19:13 +0800] "GET /xingrg/javascript/Calendar.js HTTP/1.1" 200 31561
58.40.7.146 - - [18/Mar/2020:10:19:13 +0800] "GET /xingrg/dwr/util.js HTTP/1.1" 200 35990
124.77.241.94 - - [18/Mar/2020:10:19:13 +0800] "GET /xingrg/check_reg.html?_=1584497949288 HTTP/1.1" 200 22
124.77.241.94 - - [18/Mar/2020:10:19:13 +0800] "GET /xingrg/all/function/internal_message.html?_=1584497949289&CODE_STATE=getMsg HTTP/1.1" 200 27
58.40.7.146 - - [18/Mar/2020:10:19:13 +0800] "GET /xingrg/images/blue/button/advanceover.gif HTTP/1.1" 200 1347
58.40.7.146 - - [18/Mar/2020:10:19:13 +0800] "GET /xingrg/images/blue/button/advance2over.gif HTTP/1.1" 200 1336
58.40.7.146 - - [18/Mar/2020:10:19:13 +0800] "GET /xingrg/images/blue/button/back2over.gif HTTP/1.1" 200 1335
58.40.7.146 - - [18/Mar/2020:10:19:13 +0800] "GET /xingrg/images/blue/button/backover.gif HTTP/1.1" 200 1348
58.40.7.146 - - [18/Mar/2020:10:19:13 +0800] "GET /xingrg/images/control/loading.gif HTTP/1.1" 200 13463
58.40.7.146 - - [18/Mar/2020:10:19:13 +0800] "GET /xingrg/javascript/jquery_easy_ui/themes/icons/help.png HTTP/1.1" 200 1187
114.93.75.19 - - [18/Mar/2020:10:19:13 +0800] "GET /xingrg/all/function/internal_message.html?_=1584497957218&CODE_STATE=getMsg HTTP/1.1" 200 27
58.40.7.146 - - [18/Mar/2020:10:19:14 +0800] "GET /xingrg/javascript/jquery_easy_ui/themes/default/images/menu_downarrow.png HTTP/1.1" 200 173
58.40.7.146 - - [18/Mar/2020:10:19:14 +0800] "GET /xingrg/javascript/jquery_easy_ui/themes/default/images/button_a_bg.gif HTTP/1.1" 200 1194
58.40.7.146 - - [18/Mar/2020:10:19:14 +0800] "GET /xingrg/javascript/jquery_easy_ui/themes/default/images/menu.gif HTTP/1.1" 200 834
58.40.7.146 - - [18/Mar/2020:10:19:14 +0800] "GET /xingrg/javascript/jquery_easy_ui/themes/icons/print.png HTTP/1.1" 200 1057
58.40.7.146 - - [18/Mar/2020:10:19:14 +0800] "GET /xingrg/javascript/jquery_easy_ui/themes/icons/pencil.png HTTP/1.1" 200 713
58.40.7.146 - - [18/Mar/2020:10:19:14 +0800] "GET /xingrg/javascript/jquery_easy_ui/themes/default/images/menu_rightarrow.png HTTP/1.1" 200 3617
58.40.7.146 - - [18/Mar/2020:10:19:14 +0800] "POST /xingrg/dwr/call/plaincall/AjaxReportQueryService.getFixDate.dwr HTTP/1.1" 200 111
58.40.7.146 - - [18/Mar/2020:10:19:14 +0800] "GET /xingrg/javascript/jquery_easy_ui/themes/default/images/combo_arrow_dot.gif HTTP/1.1" 200 79
58.40.7.146 - - [18/Mar/2020:10:19:14 +0800] "POST /xingrg/all/common/load_tree.html?tree=area_station_tree_json&manage=1 HTTP/1.1" 200 468
58.40.7.146 - - [18/Mar/2020:10:19:14 +0800] "GET /xingrg/javascript/jquery_easy_ui/themes/default/images/tree_checkbox_0.gif HTTP/1.1" 200 168
58.40.7.146 - - [18/Mar/2020:10:19:14 +0800] "GET /xingrg/javascript/jquery_easy_ui/themes/icons/rest.png HTTP/1.1" 200 695
58.40.7.146 - - [18/Mar/2020:10:19:14 +0800] "POST /xingrg/dwr/call/plaincall/AjaxReportQueryService.getInitString.dwr HTTP/1.1" 200 76
58.40.7.146 - - [18/Mar/2020:10:19:14 +0800] "GET /xingrg/javascript/multi_select/dropdown.gif HTTP/1.1" 200 61
58.40.7.146 - - [18/Mar/2020:10:19:15 +0800] "GET /xingrg/javascript/jquery_easy_ui/themes/icons/area.png HTTP/1.1" 200 262
58.40.7.146 - - [18/Mar/2020:10:19:17 +0800] "POST /xingrg/dwr/call/plaincall/AjaxReportQueryService.getFixDate.dwr HTTP/1.1" 200 111
114.88.170.9 - - [18/Mar/2020:10:19:18 +0800] "GET /xingrg/kc/buy/cgsh_order_operate.html?command=get_materiel&rest_code=00111&code=00101001125&supplier_code=00100042&order_time=2020-03-18 HTTP/1.1" 200 415
124.77.241.94 - - [18/Mar/2020:10:19:19 +0800] "GET /xingrg/check_reg.html?_=1584497966927 HTTP/1.1" 200 22
124.77.241.94 - - [18/Mar/2020:10:19:19 +0800] "GET /xingrg/all/function/internal_message.html?_=1584497966983&CODE_STATE=getMsg HTTP/1.1" 200 27
180.157.252.250 - - [18/Mar/2020:10:19:21 +0800] "GET /xingrg/system/rest/query_items.html?_=1584497958648&table=menu&page=1&rows=20&categoryId=&key=%25E6%25B5%25B7%25E9%25B2%25AB%25E9%25B1%25BC HTTP/1.1" 200 692
58.40.7.146 - - [18/Mar/2020:10:19:22 +0800] "GET /xingrg/javascript/jquery_easy_ui/themes/default/images/tree_checkbox_1.gif HTTP/1.1" 200 174
58.40.7.146 - - [18/Mar/2020:10:19:22 +0800] "GET /xingrg/javascript/jquery_easy_ui/themes/default/images/tree_checkbox_2.gif HTTP/1.1" 200 181
58.40.7.146 - - [18/Mar/2020:10:19:22 +0800] "POST /xingrg/dwr/call/plaincall/AjaxReportQueryService.queryInitializeString.dwr HTTP/1.1" 200 76
180.157.252.250 - - [18/Mar/2020:10:19:23 +0800] "GET /xingrg/system/rest/query_items.html?_=1584497960874&table=menu&page=1&rows=20&categoryId=&key=%25E6%25B5%25B7%25E9%25B2%25AB%25E9%25B1%25BC HTTP/1.1" 200 692
58.40.7.146 - - [18/Mar/2020:10:19:25 +0800] "POST /xingrg/dwr/call/plaincall/AjaxReportQueryService.refreshCache.dwr HTTP/1.1" 200 78
58.40.7.146 - - [18/Mar/2020:10:19:25 +0800] "POST /xingrg/all/report/load_report_page.html HTTP/1.1" 200 89
180.157.252.250 - - [18/Mar/2020:10:19:26 +0800] "GET /xingrg/all/function/internal_message.html?_=1584497964045&CODE_STATE=getMsg HTTP/1.1" 200 27
124.77.241.94 - - [18/Mar/2020:10:19:28 +0800] "GET /xingrg/system/rest/query_items.html?_=1584497964394&table=menu&page=1&rows=20&categoryId=&key=gx HTTP/1.1" 200 4858
114.88.170.9 - - [18/Mar/2020:10:19:29 +0800] "POST /xingrg/kc/buy/cgsh_order_operate.html HTTP/1.1" 200 37
114.88.170.9 - - [18/Mar/2020:10:19:29 +0800] "POST /xingrg/kc/buy/cgsh_order_operate.html HTTP/1.1" 200 3856
58.40.7.146 - - [18/Mar/2020:10:19:30 +0800] "POST /xingrg/dwr/call/plaincall/AjaxReportQueryService.refreshCache.dwr HTTP/1.1" 200 78
58.40.7.146 - - [18/Mar/2020:10:19:31 +0800] "POST /xingrg/all/report/load_report_page.html HTTP/1.1" 200 89
114.88.170.9 - - [18/Mar/2020:10:19:32 +0800] "GET /xingrg/kc/print/load_data.html?order_code=212020031801457&kc_code=cgsh&condition= HTTP/1.1" 200 1171
124.77.241.94 - - [18/Mar/2020:10:19:32 +0800] "GET /xingrg/system/rest/query_items.html?_=1584497968150&table=menu&page=1&rows=20&categoryId=&key=gx HTTP/1.1" 200 4858
124.77.241.94 - - [18/Mar/2020:10:19:32 +0800] "GET /xingrg/system/rest/get_item.html?table=menu&id=2013&_=1584497968700 HTTP/1.1" 200 970
124.77.241.94 - - [18/Mar/2020:10:19:32 +0800] "GET /xingrg/system/rest/get_item.html?table=menu&target=menu_rest&id=2013&_=1584497968709 HTTP/1.1" 200 874
124.77.241.94 - - [18/Mar/2020:10:19:32 +0800] "GET /xingrg/system/rest/get_item.html?table=menu&target=cook_mode&id=2013&_=1584497968708 HTTP/1.1" 200 15971
124.77.241.94 - - [18/Mar/2020:10:19:33 +0800] "GET /xingrg/system/rest/get_infos.html?command=menu_img_show&id=2013 HTTP/1.1" 200 5
180.157.252.250 - - [18/Mar/2020:10:19:36 +0800] "GET /xingrg/system/rest/query_items.html?_=1584497973664&table=menu&page=1&rows=20&categoryId=&key=%25E9%25B2%25AB%25E9%25B1%25BC HTTP/1.1" 200 1614
124.77.241.94 - - [18/Mar/2020:10:19:36 +0800] "GET /xingrg/system/rest/get_item.html?table=menu&target=menu_rest_detail&id=2013&sid=12&_=1584497972579 HTTP/1.1" 200 429
222.69.134.233 - - [18/Mar/2020:10:19:39 +0800] "GET /xingrg/all/function/internal_message.html?_=1584497974409&CODE_STATE=getMsg HTTP/1.1" 200 27
117.185.32.26 - - [18/Mar/2020:10:19:41 +0800] "GET /xingrg/all/function/internal_message.html?_=1584497979156&CODE_STATE=getMsg HTTP/1.1" 200 27
114.93.75.19 - - [18/Mar/2020:10:19:41 +0800] "GET /xingrg/all/function/internal_message.html?_=1584497979113&CODE_STATE=getMsg HTTP/1.1" 200 27
114.93.75.19 - - [18/Mar/2020:10:19:43 +0800] "GET /xingrg/all/function/internal_message.html?_=1584497980971&CODE_STATE=getMsg HTTP/1.1" 200 27
114.86.226.241 - - [18/Mar/2020:10:19:44 +0800] "GET /xingrg/all/function/internal_message.html?_=1584498066232&CODE_STATE=getMsg HTTP/1.1" 200 27
58.40.7.146 - - [18/Mar/2020:10:19:44 +0800] "GET /xingrg/all/function/internal_message.html?_=1584497982502&CODE_STATE=getMsg HTTP/1.1" 200 27
180.157.252.250 - - [18/Mar/2020:10:19:45 +0800] "GET /xingrg/system/rest/query_items.html?_=1584497982349&table=menu&page=1&rows=20&categoryId=&key=%25E9%25B2%25AB%25E9%25B1%25BC HTTP/1.1" 200 1614
180.157.252.250 - - [18/Mar/2020:10:19:45 +0800] "GET /xingrg/system/rest/get_item.html?table=menu&id=7056&_=1584497982857 HTTP/1.1" 200 934
180.157.252.250 - - [18/Mar/2020:10:19:45 +0800] "GET /xingrg/system/rest/get_item.html?table=menu&target=cook_mode&id=7056&_=1584497982875 HTTP/1.1" 200 508
180.157.252.250 - - [18/Mar/2020:10:19:45 +0800] "GET /xingrg/system/rest/get_item.html?table=menu&target=menu_rest&id=7056&_=1584497982877 HTTP/1.1" 200 57
180.157.252.250 - - [18/Mar/2020:10:19:46 +0800] "GET /xingrg/system/rest/get_infos.html?command=menu_img_show&id=7056 HTTP/1.1" 200 5
180.157.252.250 - - [18/Mar/2020:10:19:51 +0800] "POST /xingrg/system/rest/get_infos.html?command=get_rest_tree HTTP/1.1" 200 903
180.157.252.250 - - [18/Mar/2020:10:19:51 +0800] "GET /xingrg/javascript/jquery_easy_ui/themes/default/images/tree_checkbox_0.gif HTTP/1.1" 304 -
114.88.170.9 - - [18/Mar/2020:10:19:52 +0800] "GET /xingrg/all/function/internal_message.html?_=1584498282777&CODE_STATE=getMsg HTTP/1.1" 200 27
114.88.170.9 - - [18/Mar/2020:10:19:52 +0800] "GET /xingrg/check_reg.html?_=1584498282774 HTTP/1.1" 200 22
180.157.252.250 - - [18/Mar/2020:10:19:52 +0800] "GET /xingrg/javascript/jquery_easy_ui/themes/default/images/tree_checkbox_1.gif HTTP/1.1" 304 -
180.157.252.250 - - [18/Mar/2020:10:19:53 +0800] "GET /xingrg/javascript/jquery_easy_ui/themes/default/images/tree_checkbox_2.gif HTTP/1.1" 304 -
114.93.75.19 - - [18/Mar/2020:10:19:55 +0800] "GET /xingrg/all/function/internal_message.html?_=1584498171202&CODE_STATE=getMsg HTTP/1.1" 200 27
180.157.252.250 - - [18/Mar/2020:10:20:00 +0800] "POST /xingrg/system/rest/edit_item.html HTTP/1.1" 200 4
180.157.252.250 - - [18/Mar/2020:10:20:00 +0800] "GET /xingrg/system/rest/get_item.html?table=menu&target=menu_rest&id=7056&_=1584497998017 HTTP/1.1" 200 156
116.238.181.252 - - [18/Mar/2020:10:20:01 +0800] "GET /xingrg/all/function/internal_message.html?_=1584498002241&CODE_STATE=getMsg HTTP/1.1" 200 27
58.40.7.146 - - [18/Mar/2020:10:20:04 +0800] "GET /xingrg/all/function/internal_message.html?_=1584498001980&CODE_STATE=getMsg HTTP/1.1" 200 27
180.156.150.85 - - [18/Mar/2020:10:20:08 +0800] "GET /xingrg/all/function/internal_message.html?_=1584498006941&CODE_STATE=getMsg HTTP/1.1" 200 27
117.131.5.26 - - [18/Mar/2020:10:20:08 +0800] "GET /xingrg/all/function/internal_message.html?_=1584498023468&CODE_STATE=getMsg HTTP/1.1" 200 27
120.253.135.82 - - [18/Mar/2020:10:20:08 +0800] "GET /xingrg/all/function/internal_message.html?_=1584498128938&CODE_STATE=getMsg HTTP/1.1" 200 27
124.77.241.94 - - [18/Mar/2020:10:20:13 +0800] "GET /xingrg/all/function/internal_message.html?_=1584498009290&CODE_STATE=getMsg HTTP/1.1" 200 27
114.93.75.19 - - [18/Mar/2020:10:20:13 +0800] "GET /xingrg/all/function/internal_message.html?_=1584498017237&CODE_STATE=getMsg HTTP/1.1" 200 27
124.77.241.94 - - [18/Mar/2020:10:20:14 +0800] "GET /xingrg/system/rest/query_items.html?_=1584498009980&table=menu&page=1&rows=20&categoryId=&key=1906 HTTP/1.1" 200 256
124.77.241.94 - - [18/Mar/2020:10:20:15 +0800] "GET /xingrg/system/rest/query_items.html?_=1584498011577&table=menu&page=1&rows=20&categoryId=&key=1906 HTTP/1.1" 200 256
124.77.241.94 - - [18/Mar/2020:10:20:16 +0800] "GET /xingrg/system/rest/get_item.html?table=menu&id=1906&_=1584498012091 HTTP/1.1" 200 941
124.77.241.94 - - [18/Mar/2020:10:20:16 +0800] "GET /xingrg/system/rest/get_item.html?table=menu&target=cook_mode&id=1906&_=1584498012098 HTTP/1.1" 200 2320
124.77.241.94 - - [18/Mar/2020:10:20:16 +0800] "GET /xingrg/system/rest/get_item.html?table=menu&target=menu_rest&id=1906&_=1584498012099 HTTP/1.1" 200 753
124.77.241.94 - - [18/Mar/2020:10:20:16 +0800] "GET /xingrg/system/rest/get_infos.html?command=menu_img_show&id=1906 HTTP/1.1" 200 5
180.156.150.85 - - [18/Mar/2020:10:20:18 +0800] "GET /xingrg/kc/base/wlsy_order_list.html?syType=1 HTTP/1.1" 200 17364
180.156.150.85 - - [18/Mar/2020:10:20:18 +0800] "POST /xingrg/kc/base/wlsy_list_operate.html?syType=1 HTTP/1.1" 200 3462
124.77.241.94 - - [18/Mar/2020:10:20:19 +0800] "GET /xingrg/system/rest/get_item.html?table=menu&target=menu_rest_detail&id=1906&sid=12&_=1584498015369 HTTP/1.1" 200 428
124.77.241.94 - - [18/Mar/2020:10:20:19 +0800] "GET /xingrg/all/function/internal_message.html?_=1584498026996&CODE_STATE=getMsg HTTP/1.1" 200 27
180.156.150.85 - - [18/Mar/2020:10:20:21 +0800] "POST /xingrg/kc/base/wlsy_list_operate.html?syType=1 HTTP/1.1" 200 289
180.156.150.85 - - [18/Mar/2020:10:20:24 +0800] "POST /xingrg/kc/base/wlsy_list_operate.html?syType=1 HTTP/1.1" 200 580
180.156.150.85 - - [18/Mar/2020:10:20:25 +0800] "GET /xingrg/kc/base/wlsy_order_info.html?code=412020030800106 HTTP/1.1" 200 28595
180.156.150.85 - - [18/Mar/2020:10:20:26 +0800] "GET /xingrg/all/common/auto_word.html?type=base&rest_code=00105 HTTP/1.1" 200 1603
180.156.150.85 - - [18/Mar/2020:10:20:26 +0800] "GET /xingrg/javascript/easyui/themes/default/validatebox.css HTTP/1.1" 404 1104
180.157.252.250 - - [18/Mar/2020:10:20:26 +0800] "GET /xingrg/all/function/internal_message.html?_=1584498024063&CODE_STATE=getMsg HTTP/1.1" 200 27
180.156.150.85 - - [18/Mar/2020:10:20:26 +0800] "POST /xingrg/kc/base/wlsy_order_operate.html HTTP/1.1" 200 9357
124.77.241.94 - - [18/Mar/2020:10:20:31 +0800] "GET /xingrg/javascript/jquery_tools/list_manager.js HTTP/1.1" 304 -
124.77.241.94 - - [18/Mar/2020:10:20:31 +0800] "GET /xingrg/kc/base/wldb_order_list.html HTTP/1.1" 200 19250
124.77.241.94 - - [18/Mar/2020:10:20:31 +0800] "POST /xingrg/kc/base/wldb_list_operate.html HTTP/1.1" 200 928
