114.93.75.19 - - [18/Mar/2020:10:53:29 +0800] "GET /xingrg/kc/base/crk_hz.html?_=1584500185357&command=get_cost_id&end_date=2020-02-29&start_date=2020-01-01 HTTP/1.1" 200 51
114.93.75.19 - - [18/Mar/2020:10:53:30 +0800] "GET /xingrg/dwr/interface/AjaxReportQueryService.js HTTP/1.1" 200 13203
114.93.75.19 - - [18/Mar/2020:10:53:30 +0800] "GET /xingrg/dwr/engine.js HTTP/1.1" 200 43631
114.93.75.19 - - [18/Mar/2020:10:53:31 +0800] "GET /xingrg/all/report/report_query.html?isQuery=1&onlyBody=1&rh=99999&rw=1800&varString=start:20200101,cost_id:2519,mid:20200101&fileName=kc/base/crk_hz_type_by_base.xml&queryString=%20a.base_code%20in%20('0010162','0010381','0010385','0010387','0010388','0010389','0010391','0010638','0010639')%20&queryText=ÈÕÆÚ£º2020-01-01ÖÁ2020-02-29%20²Ö¿â£ºµãÐÄ,º£ÏʳØ,ÔÁ²Ë,Àä²Ë,ÉÕ±,´ÌÉí,º£ÅÉ,¹ûÖ­¿â,²èË®¿â&tableQueryString=materiel_table$sp1$$sp$before_table$sp1$$sp$crk_table$sp1$order_day%20between%2020200101%20and%2020200229 HTTP/1.1" 200 49492
222.69.134.233 - - [18/Mar/2020:10:53:34 +0800] "GET /xingrg/kc/buy/cgsh_order_add.html HTTP/1.1" 200 57648
222.69.134.233 - - [18/Mar/2020:10:53:34 +0800] "POST /xingrg/kc/buy/cgsh_order_operate.html HTTP/1.1" 200 8245
222.69.134.233 - - [18/Mar/2020:10:53:35 +0800] "GET /xingrg/javascript/easyui/themes/default/validatebox.css HTTP/1.1" 404 1104
114.93.75.19 - - [18/Mar/2020:10:53:36 +0800] "POST /xingrg/all/report/load_report_page.html HTTP/1.1" 200 287318
114.93.75.19 - - [18/Mar/2020:10:53:36 +0800] "GET /xingrg/servlets/image?cache=0.6311567393297325&image=px HTTP/1.1" 200 807
222.69.134.233 - - [18/Mar/2020:10:53:38 +0800] "GET /xingrg/all/function/internal_message.html?_=1584500013743&CODE_STATE=getMsg HTTP/1.1" 200 27
114.93.75.19 - - [18/Mar/2020:10:53:39 +0800] "GET /xingrg/kc/base/crk_hz.html?_=1584500194857&command=get_cost_id&end_date=2020-02-29&start_date=2020-01-01 HTTP/1.1" 200 51
114.93.75.19 - - [18/Mar/2020:10:53:40 +0800] "GET /xingrg/dwr/interface/AjaxReportQueryService.js HTTP/1.1" 200 13203
114.93.75.19 - - [18/Mar/2020:10:53:40 +0800] "GET /xingrg/dwr/engine.js HTTP/1.1" 200 43631
114.93.75.19 - - [18/Mar/2020:10:53:40 +0800] "GET /xingrg/all/report/report_query.html?isQuery=1&onlyBody=1&rh=99999&rw=1800&varString=start:20200101,cost_id:2519,mid:20200101&fileName=kc/base/crk_hz_type_by_base.xml&queryString=%20a.base_code%20in%20('0010162','0010381','0010385','0010387','0010388','0010389','0010391','0010638','0010639')%20%20and%20m.sort_code%20in%20('00101001','00101002','00101003','00101004','00101005','00101006','00101007','00101008','00101009','00101010','00101011','00101012','00101013','00101014','00101015','00101016','00101017','00101018','00101019','00101020','00101021','00101022','00101023','00101024','00101025','00101026','00101027','00101028','00101029','00101030','00101031','00101032','00101033','00101034','00101036','00101037','00101038','00101039')%20&queryText=ÈÕÆÚ£º2020-01-01ÖÁ2020-02-29%20²Ö¿â£ºµãÐÄ,º£ÏʳØ,ÔÁ²Ë,Àä²Ë,ÉÕ±,´ÌÉí,º£ÅÉ,¹ûÖ­¿â,²èË®¿â&tableQueryString=materiel_table$sp1$$sp$before_table$sp1$$sp$crk_table$sp1$order_day%20between%2020200101%20and%2020200229 HTTP/1.1" 200 49932
117.185.32.26 - - [18/Mar/2020:10:53:41 +0800] "GET /xingrg/all/function/internal_message.html?_=1584500019203&CODE_STATE=getMsg HTTP/1.1" 200 27
114.93.75.19 - - [18/Mar/2020:10:53:41 +0800] "GET /xingrg/all/function/internal_message.html?_=1584500019134&CODE_STATE=getMsg HTTP/1.1" 200 27
124.77.241.94 - - [18/Mar/2020:10:53:41 +0800] "GET /xingrg/kc/base/wldb_order_operate.html?command=get_materiel&rest_code=00146&base_code=0010064&code=00102001008 HTTP/1.1" 200 427
180.156.150.85 - - [18/Mar/2020:10:53:41 +0800] "GET /xingrg/kc/base/check_order_info.html?code=452020030100022 HTTP/1.1" 200 22846
180.156.150.85 - - [18/Mar/2020:10:53:41 +0800] "GET /xingrg/dwr/interface/AjaxCheckService.js HTTP/1.1" 200 14003
180.156.150.85 - - [18/Mar/2020:10:53:41 +0800] "GET /xingrg/dwr/interface/AjaxComOrderService.js HTTP/1.1" 200 18264
180.156.150.85 - - [18/Mar/2020:10:53:41 +0800] "GET /xingrg/dwr/engine.js HTTP/1.1" 200 43631
180.156.150.85 - - [18/Mar/2020:10:53:42 +0800] "POST /xingrg/dwr/call/plaincall/AjaxCheckService.loadOrderItems.dwr HTTP/1.1" 200 69574
114.93.75.19 - - [18/Mar/2020:10:53:43 +0800] "GET /xingrg/all/function/internal_message.html?_=1584500020996&CODE_STATE=getMsg HTTP/1.1" 200 27
114.93.75.19 - - [18/Mar/2020:10:53:44 +0800] "POST /xingrg/all/report/load_report_page.html HTTP/1.1" 200 287655
114.93.75.19 - - [18/Mar/2020:10:53:44 +0800] "GET /xingrg/servlets/image?cache=0.09057584172544098&image=px HTTP/1.1" 200 807
180.152.227.200 - - [18/Mar/2020:10:53:44 +0800] "GET /xingrg/all/function/internal_message.html?_=1584500016337&CODE_STATE=getMsg HTTP/1.1" 200 27
58.40.7.146 - - [18/Mar/2020:10:53:44 +0800] "GET /xingrg/all/function/internal_message.html?_=1584500022511&CODE_STATE=getMsg HTTP/1.1" 200 27
114.93.75.19 - - [18/Mar/2020:10:53:50 +0800] "GET /xingrg/all/function/internal_message.html?_=1584500205569&CODE_STATE=getMsg HTTP/1.1" 200 27
114.93.75.19 - - [18/Mar/2020:10:53:52 +0800] "GET /xingrg/kc/base/crk_hz.html?_=1584500207654&command=get_cost_id&end_date=2020-02-29&start_date=2020-01-01 HTTP/1.1" 200 51
114.93.75.19 - - [18/Mar/2020:10:53:52 +0800] "GET /xingrg/dwr/engine.js HTTP/1.1" 200 43631
114.93.75.19 - - [18/Mar/2020:10:53:52 +0800] "GET /xingrg/dwr/interface/AjaxReportQueryService.js HTTP/1.1" 200 13203
114.93.75.19 - - [18/Mar/2020:10:53:52 +0800] "GET /xingrg/all/report/report_query.html?isQuery=1&onlyBody=1&rh=99999&rw=1800&varString=start:20200101,cost_id:2519,mid:20200101&fileName=kc/base/crk_hz_type_by_base.xml&queryString=%20a.base_code%20in%20('0010162','0010381','0010385','0010387','0010388','0010389','0010391','0010638','0010639')%20%20and%20m.sort_code%20in%20('00101001','00101002','00101003','00101004','00101005','00101006','00101007','00101008','00101009','00101010','00101011','00101012','00101013','00101014','00101015','00101016','00101017','00101018','00101019','00101020','00101021','00101022','00101023','00101024','00101025','00101026','00101027','00101028','00101029','00101030','00101031','00101032','00101033','00101034','00101036','00101037','00101038','00101039')%20&queryText=ÈÕÆÚ£º2020-01-01ÖÁ2020-02-29%20²Ö¿â£ºµãÐÄ,º£ÏʳØ,ÔÁ²Ë,Àä²Ë,ÉÕ±,´ÌÉí,º£ÅÉ,¹ûÖ­¿â,²èË®¿â&tableQueryString=materiel_table$sp1$$sp$before_table$sp1$$sp$crk_table$sp1$order_day%20between%2020200101%20and%2020200229 HTTP/1.1" 200 49932
114.93.75.19 - - [18/Mar/2020:10:53:56 +0800] "POST /xingrg/all/report/load_report_page.html HTTP/1.1" 200 287262
114.93.75.19 - - [18/Mar/2020:10:53:57 +0800] "GET /xingrg/servlets/image?cache=0.5203774642037479&image=px HTTP/1.1" 200 807
116.238.181.252 - - [18/Mar/2020:10:54:00 +0800] "POST /xingrg/kc/base/wldb_order_operate.html HTTP/1.1" 200 37
116.238.181.252 - - [18/Mar/2020:10:54:01 +0800] "POST /xingrg/kc/base/wldb_order_operate.html HTTP/1.1" 200 3655
116.238.181.252 - - [18/Mar/2020:10:54:01 +0800] "GET /xingrg/kc/base/wldb_order_info.html?code=422020031800453 HTTP/1.1" 200 30310
180.156.150.85 - - [18/Mar/2020:10:54:02 +0800] "GET /xingrg/kc/base/wlsy_order_list.html?syType=0 HTTP/1.1" 200 17364
116.238.181.252 - - [18/Mar/2020:10:54:02 +0800] "GET /xingrg/javascript/easyui/themes/default/validatebox.css HTTP/1.1" 404 1104
116.238.181.252 - - [18/Mar/2020:10:54:02 +0800] "POST /xingrg/kc/base/wldb_order_operate.html HTTP/1.1" 200 3655
180.156.150.85 - - [18/Mar/2020:10:54:02 +0800] "POST /xingrg/kc/base/wlsy_list_operate.html?syType=0 HTTP/1.1" 200 862
58.40.7.146 - - [18/Mar/2020:10:54:04 +0800] "GET /xingrg/check_reg.html?_=1584500041992 HTTP/1.1" 200 22
58.40.7.146 - - [18/Mar/2020:10:54:04 +0800] "GET /xingrg/all/function/internal_message.html?_=1584500041994&CODE_STATE=getMsg HTTP/1.1" 200 27
222.69.134.233 - - [18/Mar/2020:10:54:05 +0800] "GET /xingrg/kc/buy/cgsh_order_operate.html?command=get_materiel&rest_code=00149&code=00101008113&supplier_code=00100323&order_time=2020-03-18 HTTP/1.1" 200 413
180.156.150.85 - - [18/Mar/2020:10:54:06 +0800] "POST /xingrg/kc/base/wlsy_list_operate.html?syType=0 HTTP/1.1" 200 2081
180.156.150.85 - - [18/Mar/2020:10:54:08 +0800] "GET /xingrg/all/function/internal_message.html?_=1584500046989&CODE_STATE=getMsg HTTP/1.1" 200 27
180.156.150.85 - - [18/Mar/2020:10:54:08 +0800] "GET /xingrg/check_reg.html?_=1584500047038 HTTP/1.1" 200 22
120.253.135.82 - - [18/Mar/2020:10:54:08 +0800] "GET /xingrg/check_reg.html?_=1584500168903 HTTP/1.1" 200 22
117.131.5.26 - - [18/Mar/2020:10:54:09 +0800] "GET /xingrg/all/function/internal_message.html?_=1584500063578&CODE_STATE=getMsg HTTP/1.1" 200 27
120.253.135.82 - - [18/Mar/2020:10:54:09 +0800] "GET /xingrg/all/function/internal_message.html?_=1584500169457&CODE_STATE=getMsg HTTP/1.1" 200 27
124.77.241.94 - - [18/Mar/2020:10:54:10 +0800] "GET /xingrg/kc/base/wldb_order_operate.html?command=get_materiel&rest_code=00146&base_code=0010064&code=00102002610 HTTP/1.1" 200 429
180.152.227.200 - - [18/Mar/2020:10:54:10 +0800] "GET /xingrg/all/function/internal_message.html?_=1584500221623&CODE_STATE=getMsg HTTP/1.1" 200 27
117.184.7.26 - - [18/Mar/2020:10:54:12 +0800] "GET /xingrg/check_reg.html?_=1584500044596 HTTP/1.1" 200 22
117.184.7.26 - - [18/Mar/2020:10:54:12 +0800] "GET /xingrg/all/function/internal_message.html?_=1584500044598&CODE_STATE=getMsg HTTP/1.1" 200 27
114.93.75.19 - - [18/Mar/2020:10:54:14 +0800] "GET /xingrg/all/function/internal_message.html?_=1584500057694&CODE_STATE=getMsg HTTP/1.1" 200 27
114.86.226.241 - - [18/Mar/2020:10:54:18 +0800] "GET /xingrg/all/function/internal_message.html?_=1584500083877&CODE_STATE=getMsg HTTP/1.1" 200 27
124.77.241.94 - - [18/Mar/2020:10:54:19 +0800] "GET /xingrg/check_reg.html?_=1584500067413 HTTP/1.1" 200 22
222.69.134.233 - - [18/Mar/2020:10:54:21 +0800] "GET /xingrg/kc/buy/cgsh_order_operate.html?command=get_materiel&rest_code=00149&code=00101004003&supplier_code=00100323&order_time=2020-03-18 HTTP/1.1" 200 410
124.77.241.94 - - [18/Mar/2020:10:54:24 +0800] "GET /xingrg/all/function/internal_message.html?_=1584500071935&CODE_STATE=getMsg HTTP/1.1" 200 27
116.238.181.252 - - [18/Mar/2020:10:54:25 +0800] "POST /xingrg/kc/base/wldb_order_operate.html HTTP/1.1" 200 37
116.238.181.252 - - [18/Mar/2020:10:54:26 +0800] "POST /xingrg/kc/base/wldb_order_operate.html HTTP/1.1" 200 12
116.238.181.252 - - [18/Mar/2020:10:54:26 +0800] "POST /xingrg/kc/base/wldb_order_operate.html HTTP/1.1" 200 3654
180.157.252.250 - - [18/Mar/2020:10:54:26 +0800] "GET /xingrg/all/function/internal_message.html?_=1584500064046&CODE_STATE=getMsg HTTP/1.1" 200 27
116.238.181.252 - - [18/Mar/2020:10:54:27 +0800] "GET /xingrg/kc/base/wldb_order_info.html?code=422020031800453 HTTP/1.1" 200 26176
116.238.181.252 - - [18/Mar/2020:10:54:27 +0800] "POST /xingrg/kc/base/wldb_order_operate.html HTTP/1.1" 200 1918
116.238.181.252 - - [18/Mar/2020:10:54:27 +0800] "GET /xingrg/javascript/easyui/themes/default/validatebox.css HTTP/1.1" 404 1104
116.238.181.252 - - [18/Mar/2020:10:54:29 +0800] "GET /xingrg/kc/base/wldb_order_add.html HTTP/1.1" 200 30296
116.238.181.252 - - [18/Mar/2020:10:54:30 +0800] "POST /xingrg/kc/base/wldb_order_operate.html HTTP/1.1" 200 6806
116.238.181.252 - - [18/Mar/2020:10:54:30 +0800] "GET /xingrg/javascript/easyui/themes/default/validatebox.css HTTP/1.1" 404 1104
222.69.134.233 - - [18/Mar/2020:10:54:38 +0800] "GET /xingrg/all/function/internal_message.html?_=1584500073721&CODE_STATE=getMsg HTTP/1.1" 200 27
222.69.134.233 - - [18/Mar/2020:10:54:39 +0800] "GET /xingrg/kc/buy/cgsh_order_operate.html?command=get_materiel&rest_code=00149&code=00101001213&supplier_code=00100323&order_time=2020-03-18 HTTP/1.1" 200 422
124.77.241.94 - - [18/Mar/2020:10:54:39 +0800] "POST /xingrg/kc/base/wldb_order_operate.html HTTP/1.1" 200 37
124.77.241.94 - - [18/Mar/2020:10:54:39 +0800] "POST /xingrg/kc/base/wldb_order_operate.html HTTP/1.1" 200 2669
124.77.241.94 - - [18/Mar/2020:10:54:40 +0800] "GET /xingrg/kc/base/wldb_order_info.html?code=422020031800454 HTTP/1.1" 200 30311
117.185.32.26 - - [18/Mar/2020:10:54:41 +0800] "GET /xingrg/all/function/internal_message.html?_=1584500079204&CODE_STATE=getMsg HTTP/1.1" 200 27
114.93.75.19 - - [18/Mar/2020:10:54:41 +0800] "GET /xingrg/all/function/internal_message.html?_=1584500079135&CODE_STATE=getMsg HTTP/1.1" 200 27
124.77.241.94 - - [18/Mar/2020:10:54:41 +0800] "POST /xingrg/kc/base/wldb_order_operate.html HTTP/1.1" 200 2669
124.77.241.94 - - [18/Mar/2020:10:54:42 +0800] "GET /xingrg/javascript/easyui/themes/default/validatebox.css HTTP/1.1" 404 1104
114.93.75.19 - - [18/Mar/2020:10:54:43 +0800] "GET /xingrg/all/function/internal_message.html?_=1584500080995&CODE_STATE=getMsg HTTP/1.1" 200 27
116.238.181.252 - - [18/Mar/2020:10:54:44 +0800] "GET /xingrg/kc/base/wldb_order_operate.html?command=get_materiel&rest_code=00150&base_code=0010446&code=00102001194 HTTP/1.1" 200 420
180.152.227.200 - - [18/Mar/2020:10:54:44 +0800] "GET /xingrg/all/function/internal_message.html?_=1584500076344&CODE_STATE=getMsg HTTP/1.1" 200 27
180.152.227.200 - - [18/Mar/2020:10:54:44 +0800] "GET /xingrg/check_reg.html?_=1584500076342 HTTP/1.1" 200 22
58.40.7.146 - - [18/Mar/2020:10:54:44 +0800] "GET /xingrg/all/function/internal_message.html?_=1584500082514&CODE_STATE=getMsg HTTP/1.1" 200 27
116.238.181.252 - - [18/Mar/2020:10:54:49 +0800] "GET /xingrg/kc/base/wldb_order_operate.html?command=get_materiel&rest_code=00150&base_code=0010446&code=00102001088 HTTP/1.1" 200 430
114.93.75.19 - - [18/Mar/2020:10:54:50 +0800] "GET /xingrg/all/function/internal_message.html?_=1584500265555&CODE_STATE=getMsg HTTP/1.1" 200 27
124.77.241.94 - - [18/Mar/2020:10:54:57 +0800] "POST /xingrg/kc/base/wldb_order_operate.html HTTP/1.1" 200 37
124.77.241.94 - - [18/Mar/2020:10:54:57 +0800] "POST /xingrg/kc/base/wldb_order_operate.html HTTP/1.1" 200 2669
124.77.241.94 - - [18/Mar/2020:10:54:58 +0800] "GET /xingrg/kc/base/wldb_order_info.html?code=422020031800454 HTTP/1.1" 200 30311
222.69.134.233 - - [18/Mar/2020:10:54:59 +0800] "POST /xingrg/kc/buy/cgsh_order_operate.html HTTP/1.1" 200 37
124.77.241.94 - - [18/Mar/2020:10:54:59 +0800] "GET /xingrg/javascript/easyui/themes/default/validatebox.css HTTP/1.1" 404 1104
124.77.241.94 - - [18/Mar/2020:10:54:59 +0800] "POST /xingrg/kc/base/wldb_order_operate.html HTTP/1.1" 200 2669
222.69.134.233 - - [18/Mar/2020:10:55:01 +0800] "POST /xingrg/kc/buy/cgsh_order_operate.html HTTP/1.1" 200 12
116.238.181.252 - - [18/Mar/2020:10:55:01 +0800] "GET /xingrg/all/function/internal_message.html?_=1584500102306&CODE_STATE=getMsg HTTP/1.1" 200 27
222.69.134.233 - - [18/Mar/2020:10:55:01 +0800] "GET /xingrg/kc/buy/cgsh_order_info.html?code=212020031801470 HTTP/1.1" 200 52556
222.69.134.233 - - [18/Mar/2020:10:55:02 +0800] "GET /xingrg/javascript/easyui/themes/default/validatebox.css HTTP/1.1" 404 1104
222.69.134.233 - - [18/Mar/2020:10:55:02 +0800] "POST /xingrg/kc/buy/cgsh_order_operate.html HTTP/1.1" 200 1793
124.77.241.94 - - [18/Mar/2020:10:55:04 +0800] "GET /xingrg/kc/base/wldb_order_add.html HTTP/1.1" 200 30296
222.69.134.233 - - [18/Mar/2020:10:55:04 +0800] "GET /xingrg/kc/print/load_data.html?order_code=212020031801470&kc_code=cgsh&condition= HTTP/1.1" 200 1180
58.40.7.146 - - [18/Mar/2020:10:55:04 +0800] "GET /xingrg/all/function/internal_message.html?_=1584500101995&CODE_STATE=getMsg HTTP/1.1" 200 27
114.93.75.19 - - [18/Mar/2020:10:55:04 +0800] "GET /xingrg/kc/base/crk_hz.html?_=1584500280109&command=get_cost_id&end_date=2020-02-29&start_date=2020-01-01 HTTP/1.1" 200 51
114.93.75.19 - - [18/Mar/2020:10:55:04 +0800] "GET /xingrg/dwr/interface/AjaxReportQueryService.js HTTP/1.1" 200 13203
114.93.75.19 - - [18/Mar/2020:10:55:04 +0800] "GET /xingrg/dwr/engine.js HTTP/1.1" 200 43631
124.77.241.94 - - [18/Mar/2020:10:55:05 +0800] "POST /xingrg/kc/base/wldb_order_operate.html HTTP/1.1" 200 6806
124.77.241.94 - - [18/Mar/2020:10:55:05 +0800] "GET /xingrg/javascript/easyui/themes/default/validatebox.css HTTP/1.1" 404 1104
114.93.75.19 - - [18/Mar/2020:10:55:05 +0800] "GET /xingrg/all/report/report_query.html?isQuery=1&onlyBody=1&rh=99999&rw=1800&varString=start:20200101,cost_id:2519,mid:20200101&fileName=kc/base/crk_hz_type_by_base.xml&queryString=%20a.base_code%20in%20('0010377','0010379','0010380','0010382','0010384')%20%20and%20m.sort_code%20in%20('00101001','00101002','00101003','00101004','00101005','00101006','00101007','00101008','00101009','00101010','00101011','00101012','00101013','00101014','00101015','00101016','00101017','00101018','00101019','00101020','00101021','00101022','00101023','00101024','00101025','00101026','00101027','00101028','00101029','00101030','00101031','00101032','00101033','00101034','00101036','00101037','00101038','00101039','00102001','00102002','00102003','00102004','00102005','00102006','00102007','00102008','00102009','00102010','00102011','00102012','00102013','00102014','00102015','00102016','00102017','00102018','00102019','00102020','00102021','00102022','00102023','00102024','00102025','00102026','00102027','00102028','00102029','00102030','00102031','00102032','00102033')%20&queryText=ÈÕÆÚ£º2020-01-01ÖÁ2020-02-29%20²Ö¿â£ºÎïÁϲֿâ,ÏãÑÌ¿â,¾ÆË®¿â,ʳƷ²Ö¿â,Ñ౫³á¿â&tableQueryString=materiel_table$sp1$$sp$before_table$sp1$$sp$crk_table$sp1$order_day%20between%2020200101%20and%2020200229 HTTP/1.1" 200 50239
180.156.150.85 - - [18/Mar/2020:10:55:08 +0800] "GET /xingrg/all/function/internal_message.html?_=1584500106989&CODE_STATE=getMsg HTTP/1.1" 200 27
114.93.75.19 - - [18/Mar/2020:10:55:08 +0800] "POST /xingrg/all/report/load_report_page.html HTTP/1.1" 200 191029
114.93.75.19 - - [18/Mar/2020:10:55:08 +0800] "GET /xingrg/servlets/image?cache=0.2525584219687984&image=px HTTP/1.1" 200 807
117.131.5.26 - - [18/Mar/2020:10:55:09 +0800] "GET /xingrg/all/function/internal_message.html?_=1584500123593&CODE_STATE=getMsg HTTP/1.1" 200 27
120.253.135.82 - - [18/Mar/2020:10:55:09 +0800] "GET /xingrg/all/function/internal_message.html?_=1584500229461&CODE_STATE=getMsg HTTP/1.1" 200 27
180.152.227.200 - - [18/Mar/2020:10:55:10 +0800] "GET /xingrg/check_reg.html?_=1584500281070 HTTP/1.1" 200 22
180.152.227.200 - - [18/Mar/2020:10:55:10 +0800] "GET /xingrg/all/function/internal_message.html?_=1584500281637&CODE_STATE=getMsg HTTP/1.1" 200 27
117.184.7.26 - - [18/Mar/2020:10:55:12 +0800] "GET /xingrg/all/function/internal_message.html?_=1584500104597&CODE_STATE=getMsg HTTP/1.1" 200 27
114.93.75.19 - - [18/Mar/2020:10:55:14 +0800] "GET /xingrg/all/function/internal_message.html?_=1584500117712&CODE_STATE=getMsg HTTP/1.1" 200 27
114.86.226.241 - - [18/Mar/2020:10:55:18 +0800] "GET /xingrg/check_reg.html?_=1584500143896 HTTP/1.1" 200 22
114.86.226.241 - - [18/Mar/2020:10:55:18 +0800] "GET /xingrg/all/function/internal_message.html?_=1584500143896&CODE_STATE=getMsg HTTP/1.1" 200 27
222.69.134.233 - - [18/Mar/2020:10:55:20 +0800] "GET /xingrg/kc/buy/cgsh_order_add.html HTTP/1.1" 200 57648
222.69.134.233 - - [18/Mar/2020:10:55:20 +0800] "POST /xingrg/kc/buy/cgsh_order_operate.html HTTP/1.1" 200 8245
222.69.134.233 - - [18/Mar/2020:10:55:20 +0800] "GET /xingrg/javascript/easyui/themes/default/validatebox.css HTTP/1.1" 404 1104
124.77.241.94 - - [18/Mar/2020:10:55:24 +0800] "GET /xingrg/all/function/internal_message.html?_=1584500131950&CODE_STATE=getMsg HTTP/1.1" 200 27
124.77.241.94 - - [18/Mar/2020:10:55:24 +0800] "GET /xingrg/kc/base/wldb_order_operate.html?command=get_materiel&rest_code=00146&base_code=0010063&code=00102002448 HTTP/1.1" 200 425
180.157.252.250 - - [18/Mar/2020:10:55:26 +0800] "GET /xingrg/all/function/internal_message.html?_=1584500124038&CODE_STATE=getMsg HTTP/1.1" 200 27
222.69.134.233 - - [18/Mar/2020:10:55:38 +0800] "GET /xingrg/all/function/internal_message.html?_=1584500133705&CODE_STATE=getMsg HTTP/1.1" 200 27
222.69.134.233 - - [18/Mar/2020:10:55:40 +0800] "GET /xingrg/check_reg.html?_=1584500136147 HTTP/1.1" 200 22
117.185.32.26 - - [18/Mar/2020:10:55:41 +0800] "GET /xingrg/check_reg.html?_=1584500139205 HTTP/1.1" 200 22
117.185.32.26 - - [18/Mar/2020:10:55:41 +0800] "GET /xingrg/all/function/internal_message.html?_=1584500139206&CODE_STATE=getMsg HTTP/1.1" 200 27
114.93.75.19 - - [18/Mar/2020:10:55:41 +0800] "GET /xingrg/check_reg.html?_=1584500139135 HTTP/1.1" 200 22
114.93.75.19 - - [18/Mar/2020:10:55:41 +0800] "GET /xingrg/all/function/internal_message.html?_=1584500139137&CODE_STATE=getMsg HTTP/1.1" 200 27
124.77.241.94 - - [18/Mar/2020:10:55:41 +0800] "GET /xingrg/kc/base/wldb_order_operate.html?command=get_materiel&rest_code=00146&base_code=0010064&code=00102002448 HTTP/1.1" 200 427
222.69.134.233 - - [18/Mar/2020:10:55:42 +0800] "GET /xingrg/kc/buy/cgsh_order_operate.html?command=get_materiel&rest_code=00149&code=00101019312&supplier_code=00100337&order_time=2020-03-18 HTTP/1.1" 200 464
114.93.75.19 - - [18/Mar/2020:10:55:43 +0800] "GET /xingrg/all/function/internal_message.html?_=1584500140993&CODE_STATE=getMsg HTTP/1.1" 200 27
180.152.227.200 - - [18/Mar/2020:10:55:44 +0800] "GET /xingrg/all/function/internal_message.html?_=1584500136343&CODE_STATE=getMsg HTTP/1.1" 200 27
58.40.7.146 - - [18/Mar/2020:10:55:44 +0800] "GET /xingrg/all/function/internal_message.html?_=1584500142517&CODE_STATE=getMsg HTTP/1.1" 200 27
222.69.134.233 - - [18/Mar/2020:10:55:45 +0800] "POST /xingrg/all/common/load_select.html HTTP/1.1" 200 25
222.69.134.233 - - [18/Mar/2020:10:55:48 +0800] "GET /xingrg/kc/buy/cgsh_order_operate.html?command=get_materiel_price&rest_code=00149&code=00101019312&unit_code=00100156&supplier_code=00100337&order_time=2020-03-18 HTTP/1.1" 200 27
114.93.75.19 - - [18/Mar/2020:10:55:50 +0800] "GET /xingrg/check_reg.html?_=1584500325534 HTTP/1.1" 200 22
114.93.75.19 - - [18/Mar/2020:10:55:50 +0800] "GET /xingrg/all/function/internal_message.html?_=1584500325539&CODE_STATE=getMsg HTTP/1.1" 200 27
124.77.241.94 - - [18/Mar/2020:10:55:55 +0800] "POST /xingrg/kc/base/wldb_order_operate.html HTTP/1.1" 200 37
124.77.241.94 - - [18/Mar/2020:10:55:55 +0800] "POST /xingrg/kc/base/wldb_order_operate.html HTTP/1.1" 200 2190
124.77.241.94 - - [18/Mar/2020:10:55:56 +0800] "GET /xingrg/kc/base/wldb_order_info.html?code=422020031800455 HTTP/1.1" 200 30310
124.77.241.94 - - [18/Mar/2020:10:55:57 +0800] "GET /xingrg/javascript/easyui/themes/default/validatebox.css HTTP/1.1" 404 1104
124.77.241.94 - - [18/Mar/2020:10:55:57 +0800] "POST /xingrg/kc/base/wldb_order_operate.html HTTP/1.1" 200 2190
124.77.241.94 - - [18/Mar/2020:10:56:00 +0800] "GET /xingrg/kc/base/wldb_order_add.html HTTP/1.1" 200 30296
116.238.181.252 - - [18/Mar/2020:10:56:01 +0800] "GET /xingrg/all/function/internal_message.html?_=1584500162287&CODE_STATE=getMsg HTTP/1.1" 200 27
114.88.170.9 - - [18/Mar/2020:10:56:01 +0800] "GET /xingrg/check_reg.html?_=1584500158066 HTTP/1.1" 200 22
124.77.241.94 - - [18/Mar/2020:10:56:01 +0800] "POST /xingrg/kc/base/wldb_order_operate.html HTTP/1.1" 200 6806
124.77.241.94 - - [18/Mar/2020:10:56:01 +0800] "GET /xingrg/javascript/easyui/themes/default/validatebox.css HTTP/1.1" 404 1104
58.40.7.146 - - [18/Mar/2020:10:56:04 +0800] "GET /xingrg/all/function/internal_message.html?_=1584500161999&CODE_STATE=getMsg HTTP/1.1" 200 27
222.69.134.233 - - [18/Mar/2020:10:56:08 +0800] "POST /xingrg/kc/buy/cgsh_order_operate.html HTTP/1.1" 200 37
180.156.150.85 - - [18/Mar/2020:10:56:08 +0800] "GET /xingrg/all/function/internal_message.html?_=1584500166990&CODE_STATE=getMsg HTTP/1.1" 200 27
117.131.5.26 - - [18/Mar/2020:10:56:09 +0800] "GET /xingrg/all/function/internal_message.html?_=1584500183593&CODE_STATE=getMsg HTTP/1.1" 200 27
120.253.135.82 - - [18/Mar/2020:10:56:09 +0800] "GET /xingrg/all/function/internal_message.html?_=1584500289474&CODE_STATE=getMsg HTTP/1.1" 200 27
222.69.134.233 - - [18/Mar/2020:10:56:09 +0800] "POST /xingrg/kc/buy/cgsh_order_operate.html HTTP/1.1" 200 12
180.152.227.200 - - [18/Mar/2020:10:56:10 +0800] "GET /xingrg/all/function/internal_message.html?_=1584500341650&CODE_STATE=getMsg HTTP/1.1" 200 27
222.69.134.233 - - [18/Mar/2020:10:56:11 +0800] "GET /xingrg/kc/buy/cgsh_order_info.html?code=212020031801471 HTTP/1.1" 200 52555
222.69.134.233 - - [18/Mar/2020:10:56:12 +0800] "GET /xingrg/javascript/easyui/themes/default/validatebox.css HTTP/1.1" 404 1104
117.184.7.26 - - [18/Mar/2020:10:56:12 +0800] "GET /xingrg/all/function/internal_message.html?_=1584500164590&CODE_STATE=getMsg HTTP/1.1" 200 27
222.69.134.233 - - [18/Mar/2020:10:56:12 +0800] "POST /xingrg/kc/buy/cgsh_order_operate.html HTTP/1.1" 200 649
222.69.134.233 - - [18/Mar/2020:10:56:13 +0800] "GET /xingrg/kc/print/load_data.html?order_code=212020031801471&kc_code=cgsh&condition= HTTP/1.1" 200 748
114.93.75.19 - - [18/Mar/2020:10:56:14 +0800] "GET /xingrg/all/function/internal_message.html?_=1584500177721&CODE_STATE=getMsg HTTP/1.1" 200 27
114.86.226.241 - - [18/Mar/2020:10:56:18 +0800] "GET /xingrg/all/function/internal_message.html?_=1584500203894&CODE_STATE=getMsg HTTP/1.1" 200 27
222.69.134.233 - - [18/Mar/2020:10:56:22 +0800] "GET /xingrg/kc/buy/cgsh_order_add.html HTTP/1.1" 200 57648
222.69.134.233 - - [18/Mar/2020:10:56:22 +0800] "POST /xingrg/kc/buy/cgsh_order_operate.html HTTP/1.1" 200 8245
222.69.134.233 - - [18/Mar/2020:10:56:22 +0800] "GET /xingrg/javascript/easyui/themes/default/validatebox.css HTTP/1.1" 404 1104
124.77.241.94 - - [18/Mar/2020:10:56:23 +0800] "GET /xingrg/kc/base/wldb_order_operate.html?command=get_materiel&rest_code=00146&base_code=0010064&code=00102002453 HTTP/1.1" 200 433
124.77.241.94 - - [18/Mar/2020:10:56:24 +0800] "GET /xingrg/all/function/internal_message.html?_=1584500191963&CODE_STATE=getMsg HTTP/1.1" 200 27
180.157.252.250 - - [18/Mar/2020:10:56:26 +0800] "GET /xingrg/all/function/internal_message.html?_=1584500184039&CODE_STATE=getMsg HTTP/1.1" 200 27
180.157.252.250 - - [18/Mar/2020:10:56:26 +0800] "GET /xingrg/check_reg.html?_=1584500184042 HTTP/1.1" 200 22
116.238.181.252 - - [18/Mar/2020:10:56:36 +0800] "GET /xingrg/kc/base/wldb_order_operate.html?command=get_materiel&rest_code=00150&base_code=0010446&code=00102002562 HTTP/1.1" 200 445
222.69.134.233 - - [18/Mar/2020:10:56:38 +0800] "GET /xingrg/all/function/internal_message.html?_=1584500193693&CODE_STATE=getMsg HTTP/1.1" 200 27
117.185.32.26 - - [18/Mar/2020:10:56:41 +0800] "GET /xingrg/all/function/internal_message.html?_=1584500199232&CODE_STATE=getMsg HTTP/1.1" 200 27
114.93.75.19 - - [18/Mar/2020:10:56:41 +0800] "GET /xingrg/all/function/internal_message.html?_=1584500199137&CODE_STATE=getMsg HTTP/1.1" 200 27
222.69.134.233 - - [18/Mar/2020:10:56:41 +0800] "GET /xingrg/kc/buy/cgsh_order_operate.html?command=get_materiel&rest_code=00149&code=00101005022&supplier_code=00100312&order_time=2020-03-18 HTTP/1.1" 200 417
180.156.150.85 - - [18/Mar/2020:10:56:41 +0800] "POST /xingrg/kc/base/wlsy_list_operate.html?syType=0 HTTP/1.1" 200 361
124.77.241.94 - - [18/Mar/2020:10:56:42 +0800] "POST /xingrg/kc/base/wldb_order_operate.html HTTP/1.1" 200 37
124.77.241.94 - - [18/Mar/2020:10:56:42 +0800] "POST /xingrg/kc/base/wldb_order_operate.html HTTP/1.1" 200 2653
114.93.75.19 - - [18/Mar/2020:10:56:43 +0800] "GET /xingrg/all/function/internal_message.html?_=1584500200992&CODE_STATE=getMsg HTTP/1.1" 200 27
114.93.75.19 - - [18/Mar/2020:10:56:43 +0800] "GET /xingrg/check_reg.html?_=1584500200993 HTTP/1.1" 200 22
116.238.181.252 - - [18/Mar/2020:10:56:43 +0800] "GET /xingrg/kc/base/wldb_order_operate.html?command=get_materiel&rest_code=00150&base_code=0010446&code=00102002500 HTTP/1.1" 200 452
124.77.241.94 - - [18/Mar/2020:10:56:44 +0800] "GET /xingrg/kc/base/wldb_order_info.html?code=422020031800456 HTTP/1.1" 200 30310
180.152.227.200 - - [18/Mar/2020:10:56:44 +0800] "GET /xingrg/all/function/internal_message.html?_=1584500196343&CODE_STATE=getMsg HTTP/1.1" 200 27
58.40.7.146 - - [18/Mar/2020:10:56:44 +0800] "GET /xingrg/all/function/internal_message.html?_=1584500202504&CODE_STATE=getMsg HTTP/1.1" 200 27
124.77.241.94 - - [18/Mar/2020:10:56:45 +0800] "GET /xingrg/javascript/easyui/themes/default/validatebox.css HTTP/1.1" 404 1104
124.77.241.94 - - [18/Mar/2020:10:56:45 +0800] "POST /xingrg/kc/base/wldb_order_operate.html HTTP/1.1" 200 2653
180.156.150.85 - - [18/Mar/2020:10:56:48 +0800] "GET /xingrg/kc/base/wlsy_order_info.html?code=412020030100010 HTTP/1.1" 200 25136
180.156.150.85 - - [18/Mar/2020:10:56:49 +0800] "GET /xingrg/javascript/easyui/themes/default/validatebox.css HTTP/1.1" 404 1104
180.156.150.85 - - [18/Mar/2020:10:56:49 +0800] "POST /xingrg/kc/base/wlsy_order_operate.html HTTP/1.1" 200 1359
114.93.75.19 - - [18/Mar/2020:10:56:50 +0800] "GET /xingrg/all/function/internal_message.html?_=1584500385531&CODE_STATE=getMsg HTTP/1.1" 200 27
116.238.181.252 - - [18/Mar/2020:10:56:51 +0800] "GET /xingrg/kc/base/wldb_order_operate.html?command=get_materiel&rest_code=00150&base_code=0010446&code=00102002028 HTTP/1.1" 200 466
222.69.134.233 - - [18/Mar/2020:10:56:53 +0800] "GET /xingrg/kc/buy/cgsh_order_operate.html?command=get_materiel&rest_code=00149&code=00101001104&supplier_code=00100312&order_time=2020-03-18 HTTP/1.1" 200 413
124.77.241.94 - - [18/Mar/2020:10:56:54 +0800] "POST /xingrg/kc/base/wldb_order_operate.html HTTP/1.1" 200 37
124.77.241.94 - - [18/Mar/2020:10:56:54 +0800] "POST /xingrg/kc/base/wldb_order_operate.html HTTP/1.1" 200 2653
124.77.241.94 - - [18/Mar/2020:10:57:00 +0800] "GET /xingrg/kc/base/wldb_order_info.html?code=422020031800456 HTTP/1.1" 200 30310
116.238.181.252 - - [18/Mar/2020:10:57:01 +0800] "GET /xingrg/all/function/internal_message.html?_=1584500222264&CODE_STATE=getMsg HTTP/1.1" 200 27
124.77.241.94 - - [18/Mar/2020:10:57:02 +0800] "GET /xingrg/javascript/easyui/themes/default/validatebox.css HTTP/1.1" 404 1104
124.77.241.94 - - [18/Mar/2020:10:57:02 +0800] "POST /xingrg/kc/base/wldb_order_operate.html HTTP/1.1" 200 2653
116.238.181.252 - - [18/Mar/2020:10:57:02 +0800] "GET /xingrg/kc/base/wldb_order_operate.html?command=get_materiel&rest_code=00150&base_code=0010446&code=00102001016 HTTP/1.1" 200 435
58.40.7.146 - - [18/Mar/2020:10:57:04 +0800] "GET /xingrg/all/function/internal_message.html?_=1584500222003&CODE_STATE=getMsg HTTP/1.1" 200 27
222.69.134.233 - - [18/Mar/2020:10:57:07 +0800] "GET /xingrg/kc/buy/cgsh_order_operate.html?command=get_materiel&rest_code=00149&code=00101001138&supplier_code=00100312&order_time=2020-03-18 HTTP/1.1" 200 415
180.156.150.85 - - [18/Mar/2020:10:57:08 +0800] "GET /xingrg/all/function/internal_message.html?_=1584500226986&CODE_STATE=getMsg HTTP/1.1" 200 27
117.131.5.26 - - [18/Mar/2020:10:57:08 +0800] "GET /xingrg/check_reg.html?_=1584500243015 HTTP/1.1" 200 22
117.131.5.26 - - [18/Mar/2020:10:57:09 +0800] "GET /xingrg/all/function/internal_message.html?_=1584500243593&CODE_STATE=getMsg HTTP/1.1" 200 27
120.253.135.82 - - [18/Mar/2020:10:57:09 +0800] "GET /xingrg/all/function/internal_message.html?_=1584500349513&CODE_STATE=getMsg HTTP/1.1" 200 27
180.152.227.200 - - [18/Mar/2020:10:57:10 +0800] "GET /xingrg/all/function/internal_message.html?_=1584500401665&CODE_STATE=getMsg HTTP/1.1" 200 27
117.184.7.26 - - [18/Mar/2020:10:57:12 +0800] "GET /xingrg/all/function/internal_message.html?_=1584500224596&CODE_STATE=getMsg HTTP/1.1" 200 27
114.93.75.19 - - [18/Mar/2020:10:57:13 +0800] "GET /xingrg/check_reg.html?_=1584500236685 HTTP/1.1" 200 22
114.93.75.19 - - [18/Mar/2020:10:57:14 +0800] "GET /xingrg/all/function/internal_message.html?_=1584500237735&CODE_STATE=getMsg HTTP/1.1" 200 27
114.86.226.241 - - [18/Mar/2020:10:57:18 +0800] "GET /xingrg/all/function/internal_message.html?_=1584500263880&CODE_STATE=getMsg HTTP/1.1" 200 27
58.221.95.50 - - [18/Mar/2020:10:57:18 +0800] "GET /xingrg/check_reg.html?_=1584500584205 HTTP/1.1" 200 22
222.69.134.233 - - [18/Mar/2020:10:57:18 +0800] "GET /xingrg/kc/buy/cgsh_order_operate.html?command=get_materiel&rest_code=00149&code=00101001015&supplier_code=00100312&order_time=2020-03-18 HTTP/1.1" 200 429
116.238.181.252 - - [18/Mar/2020:10:57:19 +0800] "POST /xingrg/kc/base/wldb_order_operate.html HTTP/1.1" 200 37
116.238.181.252 - - [18/Mar/2020:10:57:19 +0800] "POST /xingrg/kc/base/wldb_order_operate.html HTTP/1.1" 200 3155
116.238.181.252 - - [18/Mar/2020:10:57:20 +0800] "GET /xingrg/kc/base/wldb_order_info.html?code=422020031800457 HTTP/1.1" 200 30313
116.238.181.252 - - [18/Mar/2020:10:57:20 +0800] "GET /xingrg/javascript/easyui/themes/default/validatebox.css HTTP/1.1" 404 1104
116.238.181.252 - - [18/Mar/2020:10:57:21 +0800] "POST /xingrg/kc/base/wldb_order_operate.html HTTP/1.1" 200 3155
124.77.241.94 - - [18/Mar/2020:10:57:24 +0800] "GET /xingrg/all/function/internal_message.html?_=1584500251977&CODE_STATE=getMsg HTTP/1.1" 200 27
180.157.252.250 - - [18/Mar/2020:10:57:26 +0800] "GET /xingrg/all/function/internal_message.html?_=1584500244047&CODE_STATE=getMsg HTTP/1.1" 200 27
117.185.32.26 - - [18/Mar/2020:10:57:33 +0800] "GET /xingrg/kc/base/base_main.html HTTP/1.1" 200 12138
117.185.32.26 - - [18/Mar/2020:10:57:36 +0800] "GET /xingrg/kc/base/yddb_order_list.html HTTP/1.1" 200 16850
222.69.134.233 - - [18/Mar/2020:10:57:36 +0800] "GET /xingrg/kc/buy/cgsh_order_operate.html?command=get_materiel&rest_code=00149&code=00101001016&supplier_code=00100312&order_time=2020-03-18 HTTP/1.1" 200 413
117.185.32.26 - - [18/Mar/2020:10:57:36 +0800] "POST /xingrg/kc/base/yddb_list_operate.html HTTP/1.1" 200 1217
116.238.181.252 - - [18/Mar/2020:10:57:36 +0800] "POST /xingrg/kc/base/wldb_order_operate.html HTTP/1.1" 200 37
116.238.181.252 - - [18/Mar/2020:10:57:36 +0800] "POST /xingrg/kc/base/wldb_order_operate.html HTTP/1.1" 200 3155
116.238.181.252 - - [18/Mar/2020:10:57:37 +0800] "GET /xingrg/kc/base/wldb_order_info.html?code=422020031800457 HTTP/1.1" 200 30313
180.157.252.250 - - [18/Mar/2020:10:57:38 +0800] "GET /xingrg/check_reg.html?_=1584500249046 HTTP/1.1" 302 -
116.238.181.252 - - [18/Mar/2020:10:57:38 +0800] "GET /xingrg/javascript/easyui/themes/default/validatebox.css HTTP/1.1" 404 1104
116.238.181.252 - - [18/Mar/2020:10:57:38 +0800] "POST /xingrg/kc/base/wldb_order_operate.html HTTP/1.1" 200 3155
222.69.134.233 - - [18/Mar/2020:10:57:38 +0800] "GET /xingrg/all/function/internal_message.html?_=1584500253675&CODE_STATE=getMsg HTTP/1.1" 200 27
117.185.32.26 - - [18/Mar/2020:10:57:41 +0800] "POST /xingrg/kc/base/yddb_list_operate.html HTTP/1.1" 200 7346
117.185.32.26 - - [18/Mar/2020:10:57:41 +0800] "GET /xingrg/all/function/internal_message.html?_=1584500259230&CODE_STATE=getMsg HTTP/1.1" 200 27
180.156.150.85 - - [18/Mar/2020:10:57:42 +0800] "POST /xingrg/kc/base/wlsy_list_operate.html?syType=0 HTTP/1.1" 200 500
114.93.75.19 - - [18/Mar/2020:10:57:43 +0800] "GET /xingrg/all/function/internal_message.html?_=1584500260992&CODE_STATE=getMsg HTTP/1.1" 200 27
117.185.32.26 - - [18/Mar/2020:10:57:43 +0800] "POST /xingrg/kc/base/yddb_list_operate.html HTTP/1.1" 200 204
180.156.150.85 - - [18/Mar/2020:10:57:43 +0800] "GET /xingrg/kc/base/wlsy_order_info.html?code=412020030100007 HTTP/1.1" 200 25138
180.156.150.85 - - [18/Mar/2020:10:57:43 +0800] "POST /xingrg/kc/base/wlsy_order_operate.html HTTP/1.1" 200 2234
180.156.150.85 - - [18/Mar/2020:10:57:43 +0800] "GET /xingrg/javascript/easyui/themes/default/validatebox.css HTTP/1.1" 404 1104
180.152.227.200 - - [18/Mar/2020:10:57:44 +0800] "GET /xingrg/all/function/internal_message.html?_=1584500256332&CODE_STATE=getMsg HTTP/1.1" 200 27
58.40.7.146 - - [18/Mar/2020:10:57:44 +0800] "GET /xingrg/all/function/internal_message.html?_=1584500262508&CODE_STATE=getMsg HTTP/1.1" 200 27
58.40.7.146 - - [18/Mar/2020:10:57:44 +0800] "GET /xingrg/check_reg.html?_=1584500262512 HTTP/1.1" 200 22
117.185.32.26 - - [18/Mar/2020:10:57:45 +0800] "POST /xingrg/kc/base/yddb_list_operate.html HTTP/1.1" 200 208
222.69.134.233 - - [18/Mar/2020:10:57:48 +0800] "GET /xingrg/kc/buy/cgsh_order_operate.html?command=get_materiel&rest_code=00149&code=00101001136&supplier_code=00100312&order_time=2020-03-18 HTTP/1.1" 200 413
114.93.75.19 - - [18/Mar/2020:10:57:50 +0800] "GET /xingrg/all/function/internal_message.html?_=1584500445542&CODE_STATE=getMsg HTTP/1.1" 200 27
117.185.32.26 - - [18/Mar/2020:10:57:50 +0800] "GET /xingrg/kc/buy/buy_main.html HTTP/1.1" 200 12398
117.185.32.26 - - [18/Mar/2020:10:57:50 +0800] "GET /xingrg/css/new_ie.css HTTP/1.1" 404 1036
117.185.32.26 - - [18/Mar/2020:10:57:51 +0800] "GET /xingrg/images/yd/bt.gif HTTP/1.1" 404 1040
117.185.32.26 - - [18/Mar/2020:10:57:54 +0800] "GET /xingrg/kc/base/base_main.html HTTP/1.1" 200 12138
117.185.32.26 - - [18/Mar/2020:10:57:55 +0800] "GET /xingrg/kc/base/wldb_order_list.html HTTP/1.1" 200 19244
117.185.32.26 - - [18/Mar/2020:10:57:55 +0800] "POST /xingrg/kc/base/wldb_list_operate.html HTTP/1.1" 200 928
116.238.181.252 - - [18/Mar/2020:10:57:57 +0800] "GET /xingrg/kc/base/wldb_order_add.html HTTP/1.1" 200 30296
116.238.181.252 - - [18/Mar/2020:10:57:57 +0800] "POST /xingrg/kc/base/wldb_order_operate.html HTTP/1.1" 200 6806
116.238.181.252 - - [18/Mar/2020:10:57:57 +0800] "GET /xingrg/javascript/easyui/themes/default/validatebox.css HTTP/1.1" 404 1104
116.238.181.252 - - [18/Mar/2020:10:58:01 +0800] "GET /xingrg/all/function/internal_message.html?_=1584500282240&CODE_STATE=getMsg HTTP/1.1" 200 27
58.40.7.146 - - [18/Mar/2020:10:58:04 +0800] "GET /xingrg/all/function/internal_message.html?_=1584500282006&CODE_STATE=getMsg HTTP/1.1" 200 27
222.69.134.233 - - [18/Mar/2020:10:58:04 +0800] "POST /xingrg/kc/buy/cgsh_order_operate.html HTTP/1.1" 200 37
222.69.134.233 - - [18/Mar/2020:10:58:06 +0800] "POST /xingrg/kc/buy/cgsh_order_operate.html HTTP/1.1" 200 12
222.69.134.233 - - [18/Mar/2020:10:58:07 +0800] "GET /xingrg/kc/buy/cgsh_order_info.html?code=212020031801472 HTTP/1.1" 200 52557
222.69.134.233 - - [18/Mar/2020:10:58:07 +0800] "GET /xingrg/javascript/easyui/themes/default/validatebox.css HTTP/1.1" 404 1104
222.69.134.233 - - [18/Mar/2020:10:58:07 +0800] "POST /xingrg/kc/buy/cgsh_order_operate.html HTTP/1.1" 200 3591
180.156.150.85 - - [18/Mar/2020:10:58:08 +0800] "GET /xingrg/all/function/internal_message.html?_=1584500286996&CODE_STATE=getMsg HTTP/1.1" 200 27
117.131.5.26 - - [18/Mar/2020:10:58:09 +0800] "GET /xingrg/all/function/internal_message.html?_=1584500303593&CODE_STATE=getMsg HTTP/1.1" 200 27
120.253.135.82 - - [18/Mar/2020:10:58:09 +0800] "GET /xingrg/all/function/internal_message.html?_=1584500409528&CODE_STATE=getMsg HTTP/1.1" 200 27
222.69.134.233 - - [18/Mar/2020:10:58:09 +0800] "GET /xingrg/kc/print/load_data.html?order_code=212020031801472&kc_code=cgsh&condition= HTTP/1.1" 200 1859
180.152.227.200 - - [18/Mar/2020:10:58:10 +0800] "GET /xingrg/all/function/internal_message.html?_=1584500461813&CODE_STATE=getMsg HTTP/1.1" 200 27
117.184.7.26 - - [18/Mar/2020:10:58:12 +0800] "GET /xingrg/all/function/internal_message.html?_=1584500284593&CODE_STATE=getMsg HTTP/1.1" 200 27
114.93.75.19 - - [18/Mar/2020:10:58:14 +0800] "GET /xingrg/all/function/internal_message.html?_=1584500297748&CODE_STATE=getMsg HTTP/1.1" 200 27
116.238.181.252 - - [18/Mar/2020:10:58:15 +0800] "GET /xingrg/kc/base/wldb_order_operate.html?command=get_materiel&rest_code=00150&base_code=0010446&code=00102002216 HTTP/1.1" 200 439
116.238.181.252 - - [18/Mar/2020:10:58:16 +0800] "POST /xingrg/all/common/load_select.html HTTP/1.1" 200 25
114.86.226.241 - - [18/Mar/2020:10:58:17 +0800] "GET /xingrg/all/function/internal_message.html?_=1584500323890&CODE_STATE=getMsg HTTP/1.1" 200 27
116.238.181.252 - - [18/Mar/2020:10:58:18 +0800] "GET /xingrg/kc/base/wldb_order_operate.html?command=get_materiel_price&rest_code=00150&base_code=0010446&code=00102002216&unit_code=00100231 HTTP/1.1" 200 36
222.69.134.233 - - [18/Mar/2020:10:58:19 +0800] "GET /xingrg/kc/buy/cgsh_order_add.html HTTP/1.1" 200 57648
222.69.134.233 - - [18/Mar/2020:10:58:19 +0800] "POST /xingrg/kc/buy/cgsh_order_operate.html HTTP/1.1" 200 8245
222.69.134.233 - - [18/Mar/2020:10:58:19 +0800] "GET /xingrg/javascript/easyui/themes/default/validatebox.css HTTP/1.1" 404 1104
114.88.170.9 - - [18/Mar/2020:10:58:21 +0800] "GET /xingrg/check_reg.html?_=1584500576712 HTTP/1.1" 200 22
114.88.170.9 - - [18/Mar/2020:10:58:21 +0800] "GET /xingrg/all/function/internal_message.html?_=1584500576713&CODE_STATE=getMsg HTTP/1.1" 200 27
124.77.241.94 - - [18/Mar/2020:10:58:24 +0800] "GET /xingrg/all/function/internal_message.html?_=1584500311989&CODE_STATE=getMsg HTTP/1.1" 200 27
116.238.181.252 - - [18/Mar/2020:10:58:25 +0800] "POST /xingrg/kc/base/wldb_order_operate.html HTTP/1.1" 200 37
116.238.181.252 - - [18/Mar/2020:10:58:25 +0800] "POST /xingrg/kc/base/wldb_order_operate.html HTTP/1.1" 200 2192
116.238.181.252 - - [18/Mar/2020:10:58:26 +0800] "GET /xingrg/kc/base/wldb_order_info.html?code=422020031800458 HTTP/1.1" 200 30308
180.157.252.250 - - [18/Mar/2020:10:58:26 +0800] "GET /xingrg/all/function/internal_message.html?_=1584500304045&CODE_STATE=getMsg HTTP/1.1" 200 27
116.238.181.252 - - [18/Mar/2020:10:58:26 +0800] "POST /xingrg/kc/base/wldb_order_operate.html HTTP/1.1" 200 2192
116.238.181.252 - - [18/Mar/2020:10:58:26 +0800] "GET /xingrg/javascript/easyui/themes/default/validatebox.css HTTP/1.1" 404 1104
222.69.134.233 - - [18/Mar/2020:10:58:34 +0800] "GET /xingrg/kc/buy/cgsh_order_operate.html?command=get_materiel&rest_code=00149&code=00102005802&supplier_code=00100085&order_time=2020-03-18 HTTP/1.1" 200 412
222.69.134.233 - - [18/Mar/2020:10:58:38 +0800] "GET /xingrg/all/function/internal_message.html?_=1584500313656&CODE_STATE=getMsg HTTP/1.1" 200 27
222.69.134.233 - - [18/Mar/2020:10:58:39 +0800] "GET /xingrg/kc/buy/cgsh_order_operate.html?command=get_materiel&rest_code=00149&code=00101004063&supplier_code=00100085&order_time=2020-03-18 HTTP/1.1" 200 416
117.185.32.26 - - [18/Mar/2020:10:58:41 +0800] "GET /xingrg/all/function/internal_message.html?_=1584500319251&CODE_STATE=getMsg HTTP/1.1" 200 27
114.93.75.19 - - [18/Mar/2020:10:58:43 +0800] "GET /xingrg/all/function/internal_message.html?_=1584500320991&CODE_STATE=getMsg HTTP/1.1" 200 27
116.238.181.252 - - [18/Mar/2020:10:58:43 +0800] "GET /xingrg/kc/base/yddb_order_list.html HTTP/1.1" 200 16856
116.238.181.252 - - [18/Mar/2020:10:58:44 +0800] "POST /xingrg/kc/base/yddb_list_operate.html HTTP/1.1" 200 1217
180.152.227.200 - - [18/Mar/2020:10:58:44 +0800] "GET /xingrg/all/function/internal_message.html?_=1584500316332&CODE_STATE=getMsg HTTP/1.1" 200 27
58.40.7.146 - - [18/Mar/2020:10:58:44 +0800] "GET /xingrg/all/function/internal_message.html?_=1584500322514&CODE_STATE=getMsg HTTP/1.1" 200 27
116.238.181.252 - - [18/Mar/2020:10:58:45 +0800] "GET /xingrg/kc/base/yddb_order_add.html HTTP/1.1" 200 29537
116.238.181.252 - - [18/Mar/2020:10:58:45 +0800] "GET /xingrg/dwr/interface/AjaxComOrderService.js HTTP/1.1" 200 18264
116.238.181.252 - - [18/Mar/2020:10:58:45 +0800] "GET /xingrg/dwr/interface/AjaxYddbService.js HTTP/1.1" 200 13201
116.238.181.252 - - [18/Mar/2020:10:58:45 +0800] "GET /xingrg/dwr/engine.js HTTP/1.1" 200 43631
117.185.32.26 - - [18/Mar/2020:10:58:47 +0800] "GET /xingrg/kc/buy/buy_main.html HTTP/1.1" 200 12398
117.185.32.26 - - [18/Mar/2020:10:58:47 +0800] "GET /xingrg/css/new_ie.css HTTP/1.1" 404 1036
117.185.32.26 - - [18/Mar/2020:10:58:48 +0800] "GET /xingrg/kc/buy/cgsh_order_list.html HTTP/1.1" 200 42034
117.185.32.26 - - [18/Mar/2020:10:58:48 +0800] "POST /xingrg/kc/buy/cgsh_list_operate.html HTTP/1.1" 200 876
116.238.181.252 - - [18/Mar/2020:10:58:49 +0800] "POST /xingrg/dwr/call/plaincall/AjaxYddbService.getRestBases.dwr HTTP/1.1" 200 1433
114.93.75.19 - - [18/Mar/2020:10:58:50 +0800] "GET /xingrg/all/function/internal_message.html?_=1584500505540&CODE_STATE=getMsg HTTP/1.1" 200 27
117.185.32.26 - - [18/Mar/2020:10:58:50 +0800] "GET /xingrg/kc/buy/cgsh_order_add.html HTTP/1.1" 200 57648
117.185.32.26 - - [18/Mar/2020:10:58:50 +0800] "POST /xingrg/kc/buy/cgsh_order_operate.html HTTP/1.1" 200 8245
117.185.32.26 - - [18/Mar/2020:10:58:50 +0800] "GET /xingrg/javascript/easyui/themes/default/validatebox.css HTTP/1.1" 404 1104
222.69.134.233 - - [18/Mar/2020:10:58:55 +0800] "POST /xingrg/kc/buy/cgsh_order_operate.html HTTP/1.1" 200 37
222.69.134.233 - - [18/Mar/2020:10:58:57 +0800] "POST /xingrg/kc/buy/cgsh_order_operate.html HTTP/1.1" 200 12
117.185.32.26 - - [18/Mar/2020:10:58:59 +0800] "GET /xingrg/kc/buy/cgsh_order_operate.html?command=get_materiel&rest_code=00106&code=00101007032&supplier_code=&order_time=2020-03-18 HTTP/1.1" 200 432
116.238.181.252 - - [18/Mar/2020:10:58:59 +0800] "POST /xingrg/dwr/call/plaincall/AjaxYddbService.saveOrder.dwr HTTP/1.1" 200 78
222.69.134.233 - - [18/Mar/2020:10:59:00 +0800] "GET /xingrg/kc/buy/cgsh_order_info.html?code=212020031801473 HTTP/1.1" 200 52555
116.238.181.252 - - [18/Mar/2020:10:59:01 +0800] "GET /xingrg/all/function/internal_message.html?_=1584500342228&CODE_STATE=getMsg HTTP/1.1" 200 27
222.69.134.233 - - [18/Mar/2020:10:59:01 +0800] "GET /xingrg/javascript/easyui/themes/default/validatebox.css HTTP/1.1" 404 1104
116.238.181.252 - - [18/Mar/2020:10:59:01 +0800] "GET /xingrg/check_reg.html?_=1584500342355 HTTP/1.1" 200 22
222.69.134.233 - - [18/Mar/2020:10:59:01 +0800] "POST /xingrg/kc/buy/cgsh_order_operate.html HTTP/1.1" 200 613
222.69.134.233 - - [18/Mar/2020:10:59:03 +0800] "GET /xingrg/kc/print/load_data.html?order_code=212020031801473&kc_code=cgsh&condition= HTTP/1.1" 200 765
58.40.7.146 - - [18/Mar/2020:10:59:04 +0800] "GET /xingrg/check_reg.html?_=1584500341994 HTTP/1.1" 200 22
58.40.7.146 - - [18/Mar/2020:10:59:04 +0800] "GET /xingrg/all/function/internal_message.html?_=1584500341995&CODE_STATE=getMsg HTTP/1.1" 200 27
116.238.181.252 - - [18/Mar/2020:10:59:05 +0800] "POST /xingrg/dwr/call/plaincall/AjaxComOrderService.getMaterielSearchList.dwr HTTP/1.1" 200 391490
114.88.170.9 - - [18/Mar/2020:10:59:05 +0800] "GET /xingrg/all/function/internal_message.html?_=1584500636685&CODE_STATE=getMsg HTTP/1.1" 200 27
116.238.181.252 - - [18/Mar/2020:10:59:05 +0800] "POST /xingrg/dwr/call/plaincall/AjaxComOrderService.getMaterielSearchList.dwr HTTP/1.1" 200 1433
116.238.181.252 - - [18/Mar/2020:10:59:07 +0800] "POST /xingrg/dwr/call/plaincall/AjaxYddbService.getMaterielByMap.dwr HTTP/1.1" 200 3566
180.156.150.85 - - [18/Mar/2020:10:59:08 +0800] "GET /xingrg/all/function/internal_message.html?_=1584500346986&CODE_STATE=getMsg HTTP/1.1" 200 27
180.156.150.85 - - [18/Mar/2020:10:59:08 +0800] "GET /xingrg/check_reg.html?_=1584500347016 HTTP/1.1" 200 22
120.253.135.82 - - [18/Mar/2020:10:59:09 +0800] "GET /xingrg/check_reg.html?_=1584500468938 HTTP/1.1" 200 22
117.131.5.26 - - [18/Mar/2020:10:59:09 +0800] "GET /xingrg/all/function/internal_message.html?_=1584500363593&CODE_STATE=getMsg HTTP/1.1" 200 27
120.253.135.82 - - [18/Mar/2020:10:59:09 +0800] "GET /xingrg/all/function/internal_message.html?_=1584500469531&CODE_STATE=getMsg HTTP/1.1" 200 27
116.238.181.252 - - [18/Mar/2020:10:59:09 +0800] "POST /xingrg/dwr/call/plaincall/AjaxYddbService.saveMaterielItem.dwr HTTP/1.1" 200 78
180.152.227.200 - - [18/Mar/2020:10:59:10 +0800] "GET /xingrg/all/function/internal_message.html?_=1584500521817&CODE_STATE=getMsg HTTP/1.1" 200 27
117.184.7.26 - - [18/Mar/2020:10:59:12 +0800] "GET /xingrg/all/function/internal_message.html?_=1584500344593&CODE_STATE=getMsg HTTP/1.1" 200 27
117.184.7.26 - - [18/Mar/2020:10:59:12 +0800] "GET /xingrg/check_reg.html?_=1584500344597 HTTP/1.1" 200 22
222.69.134.233 - - [18/Mar/2020:10:59:12 +0800] "GET /xingrg/kc/buy/cgsh_order_add.html HTTP/1.1" 200 57648
222.69.134.233 - - [18/Mar/2020:10:59:13 +0800] "POST /xingrg/kc/buy/cgsh_order_operate.html HTTP/1.1" 200 8245
222.69.134.233 - - [18/Mar/2020:10:59:13 +0800] "GET /xingrg/javascript/easyui/themes/default/validatebox.css HTTP/1.1" 404 1104
116.238.181.252 - - [18/Mar/2020:10:59:13 +0800] "POST /xingrg/dwr/call/plaincall/AjaxYddbService.checkOrder.dwr HTTP/1.1" 200 78
116.238.181.252 - - [18/Mar/2020:10:59:14 +0800] "GET /xingrg/kc/base/yddb_order_info.html?code=482020031800070 HTTP/1.1" 200 29637
116.238.181.252 - - [18/Mar/2020:10:59:14 +0800] "GET /xingrg/dwr/interface/AjaxComOrderService.js HTTP/1.1" 200 18264
116.238.181.252 - - [18/Mar/2020:10:59:14 +0800] "GET /xingrg/dwr/interface/AjaxYddbService.js HTTP/1.1" 200 13201
114.93.75.19 - - [18/Mar/2020:10:59:14 +0800] "GET /xingrg/all/function/internal_message.html?_=1584500357762&CODE_STATE=getMsg HTTP/1.1" 200 27
116.238.181.252 - - [18/Mar/2020:10:59:14 +0800] "GET /xingrg/dwr/engine.js HTTP/1.1" 200 43631
116.238.181.252 - - [18/Mar/2020:10:59:14 +0800] "POST /xingrg/dwr/call/plaincall/AjaxYddbService.loadMaterielItems.dwr HTTP/1.1" 200 437
114.86.226.241 - - [18/Mar/2020:10:59:17 +0800] "GET /xingrg/all/function/internal_message.html?_=1584500383890&CODE_STATE=getMsg HTTP/1.1" 200 27
124.77.241.94 - - [18/Mar/2020:10:59:20 +0800] "GET /xingrg/check_reg.html?_=1584500368008 HTTP/1.1" 200 22
222.69.134.233 - - [18/Mar/2020:10:59:21 +0800] "GET /xingrg/kc/buy/cgsh_order_operate.html?command=get_materiel&rest_code=00149&code=00101002006&supplier_code=00100091&order_time=2020-03-18 HTTP/1.1" 200 432
124.77.241.94 - - [18/Mar/2020:10:59:24 +0800] "GET /xingrg/all/function/internal_message.html?_=1584500372003&CODE_STATE=getMsg HTTP/1.1" 200 27
180.157.252.250 - - [18/Mar/2020:10:59:26 +0800] "GET /xingrg/all/function/internal_message.html?_=1584500364040&CODE_STATE=getMsg HTTP/1.1" 200 27
222.69.134.233 - - [18/Mar/2020:10:59:32 +0800] "GET /xingrg/kc/buy/cgsh_order_operate.html?command=get_materiel&rest_code=00149&code=00101002034&supplier_code=00100091&order_time=2020-03-18 HTTP/1.1" 200 409
117.185.32.26 - - [18/Mar/2020:10:59:37 +0800] "GET /xingrg/javascript/easyui/themes/default/tree.css HTTP/1.1" 404 1090
117.185.32.26 - - [18/Mar/2020:10:59:37 +0800] "POST /xingrg/all/common/load_tree.html?tree=supplier_tree_json&isDelete=1 HTTP/1.1" 200 46535
222.69.134.233 - - [18/Mar/2020:10:59:38 +0800] "GET /xingrg/all/function/internal_message.html?_=1584500373636&CODE_STATE=getMsg HTTP/1.1" 200 27
116.238.181.252 - - [18/Mar/2020:10:59:41 +0800] "POST /xingrg/all/user/operate.html HTTP/1.1" 200 36
