124.77.241.94 - - [18/Mar/2020:08:44:03 +0800] "GET /xingrg/all/function/internal_message.html?_=1584492250758&CODE_STATE=getMsg HTTP/1.1" 200 27
117.131.5.26 - - [18/Mar/2020:08:44:08 +0800] "GET /xingrg/all/function/internal_message.html?_=1584492263093&CODE_STATE=getMsg HTTP/1.1" 200 27
114.93.75.19 - - [18/Mar/2020:08:44:11 +0800] "GET /xingrg/all/function/internal_message.html?_=1584492568932&CODE_STATE=getMsg HTTP/1.1" 200 27
124.77.241.94 - - [18/Mar/2020:08:44:18 +0800] "GET /xingrg/check_reg.html?_=1584492265676 HTTP/1.1" 200 22
120.253.135.82 - - [18/Mar/2020:08:44:28 +0800] "GET /xingrg/check_reg.html?_=1584492388118 HTTP/1.1" 200 22
120.253.135.82 - - [18/Mar/2020:08:44:28 +0800] "GET /xingrg/all/function/internal_message.html?_=1584492388783&CODE_STATE=getMsg HTTP/1.1" 200 27
114.88.170.9 - - [18/Mar/2020:08:44:32 +0800] "GET /xingrg/all/function/internal_message.html?_=1584492562536&CODE_STATE=getMsg HTTP/1.1" 302 -
114.88.170.9 - - [18/Mar/2020:08:44:32 +0800] "GET /xingrg/check_reg.html?_=1584492562911 HTTP/1.1" 302 -
114.93.75.19 - - [18/Mar/2020:08:44:41 +0800] "GET /xingrg/all/function/internal_message.html?_=1584492279034&CODE_STATE=getMsg HTTP/1.1" 200 27
120.253.135.82 - - [18/Mar/2020:08:44:42 +0800] "GET /xingrg/index.html?timestamp=1551574574294&sysBaseUrl=http%3A%2F%2F117.131.15.22%3A18081%2Fxingrg%2F&costTime=8 HTTP/1.1" 302 -
120.253.135.82 - - [18/Mar/2020:08:44:42 +0800] "GET /xingrg/login.html HTTP/1.1" 200 7639
120.253.135.82 - - [18/Mar/2020:08:44:42 +0800] "GET /xingrg/images/blue/jxLogo.png HTTP/1.1" 304 -
120.253.135.82 - - [18/Mar/2020:08:44:43 +0800] "GET /xingrg/images/blue/login_bg.png HTTP/1.1" 304 -
120.253.135.82 - - [18/Mar/2020:08:44:43 +0800] "GET /xingrg/images/blue/hj.png HTTP/1.1" 304 -
120.253.135.82 - - [18/Mar/2020:08:44:43 +0800] "GET /xingrg/images/blue/srbg.png HTTP/1.1" 304 -
120.253.135.82 - - [18/Mar/2020:08:44:43 +0800] "GET /favicon.ico HTTP/1.1" 404 -
58.40.7.146 - - [18/Mar/2020:08:44:44 +0800] "GET /xingrg/all/function/internal_message.html?_=1584492282461&CODE_STATE=getMsg HTTP/1.1" 200 27
120.253.135.82 - - [18/Mar/2020:08:44:45 +0800] "POST /xingrg/login.do HTTP/1.1" 200 2419
120.253.135.82 - - [18/Mar/2020:08:44:46 +0800] "GET /xingrg/javascript/myfunction.js HTTP/1.1" 304 -
120.253.135.82 - - [18/Mar/2020:08:44:46 +0800] "GET /xingrg/css/blue.css HTTP/1.1" 304 -
120.253.135.82 - - [18/Mar/2020:08:44:46 +0800] "GET /xingrg/images/blue/error_top.gif HTTP/1.1" 200 1790
120.253.135.82 - - [18/Mar/2020:08:44:46 +0800] "GET /xingrg/images/blue/error_mid.gif HTTP/1.1" 200 215
120.253.135.82 - - [18/Mar/2020:08:44:46 +0800] "GET /xingrg/images/blue/pic_notice.jpg HTTP/1.1" 200 3583
120.253.135.82 - - [18/Mar/2020:08:44:46 +0800] "GET /xingrg/images/blue/error_buttom.gif HTTP/1.1" 200 1750
120.253.135.82 - - [18/Mar/2020:08:44:46 +0800] "GET /xingrg/images/blue/pic_top.gif HTTP/1.1" 200 3656
120.253.135.82 - - [18/Mar/2020:08:44:46 +0800] "GET /favicon.ico HTTP/1.1" 404 -
120.253.135.82 - - [18/Mar/2020:08:44:48 +0800] "GET /xingrg/login.html HTTP/1.1" 200 7639
120.253.135.82 - - [18/Mar/2020:08:44:48 +0800] "GET /favicon.ico HTTP/1.1" 404 -
120.253.135.82 - - [18/Mar/2020:08:44:49 +0800] "POST /xingrg/login.do HTTP/1.1" 302 -
120.253.135.82 - - [18/Mar/2020:08:44:49 +0800] "GET /xingrg/index.html?sysBaseUrl=http%3A%2F%2F117.131.15.22%3A18081%2Fxingrg%2F&costTime=34×tamp=1584492289320 HTTP/1.1" 200 17481
120.253.135.82 - - [18/Mar/2020:08:44:49 +0800] "GET /xingrg/javascript/jquery_easy_ui/themes/default/easyui.css HTTP/1.1" 304 -
120.253.135.82 - - [18/Mar/2020:08:44:49 +0800] "GET /xingrg/javascript/jquery.form.js HTTP/1.1" 304 -
120.253.135.82 - - [18/Mar/2020:08:44:49 +0800] "GET /xingrg/javascript/jquery_easy_ui/themes/icon.css HTTP/1.1" 304 -
120.253.135.82 - - [18/Mar/2020:08:44:49 +0800] "GET /xingrg/javascript/jquery.timers.js HTTP/1.1" 304 -
120.253.135.82 - - [18/Mar/2020:08:44:49 +0800] "GET /xingrg/css/form.css HTTP/1.1" 304 -
120.253.135.82 - - [18/Mar/2020:08:44:49 +0800] "GET /xingrg/javascript/jquery_easy_ui/easyui-lang-zh_CN.js HTTP/1.1" 304 -
120.253.135.82 - - [18/Mar/2020:08:44:49 +0800] "GET /xingrg/javascript/jquery-1.4.2.min.js HTTP/1.1" 304 -
120.253.135.82 - - [18/Mar/2020:08:44:49 +0800] "GET /xingrg/javascript/jquery_easy_ui/jquery.easyui.min.js HTTP/1.1" 304 -
120.253.135.82 - - [18/Mar/2020:08:44:49 +0800] "GET /xingrg/javascript/jquery.utils.js HTTP/1.1" 304 -
120.253.135.82 - - [18/Mar/2020:08:44:49 +0800] "GET /xingrg/images/blue/navBackgound.jpg HTTP/1.1" 304 -
120.253.135.82 - - [18/Mar/2020:08:44:49 +0800] "GET /xingrg/javascript/jquery_easy_ui/themes/icons/settle_new.png HTTP/1.1" 304 -
120.253.135.82 - - [18/Mar/2020:08:44:49 +0800] "GET /xingrg/images/blue/pingpu.png HTTP/1.1" 304 -
120.253.135.82 - - [18/Mar/2020:08:44:49 +0800] "GET /xingrg/javascript/jquery_easy_ui/themes/default/images/tabs_leftarrow.png HTTP/1.1" 304 -
120.253.135.82 - - [18/Mar/2020:08:44:49 +0800] "GET /xingrg/javascript/jquery_easy_ui/themes/default/images/tabs_rightarrow.png HTTP/1.1" 304 -
120.253.135.82 - - [18/Mar/2020:08:44:49 +0800] "GET /xingrg/javascript/jquery_easy_ui/themes/default/images/panel_tool_collapse.gif HTTP/1.1" 304 -
120.253.135.82 - - [18/Mar/2020:08:44:49 +0800] "POST /xingrg/all/common/load_tree.html?tree=area_rest_tree_json&manage=1 HTTP/1.1" 200 344
120.253.135.82 - - [18/Mar/2020:08:44:49 +0800] "GET /xingrg/javascript/jquery_easy_ui/themes/default/images/panel_tool_expand.gif HTTP/1.1" 304 -
120.253.135.82 - - [18/Mar/2020:08:44:49 +0800] "GET /xingrg/all/function/internal_message.html?_=1584492032175&CODE_STATE=count HTTP/1.1" 200 11
120.253.135.82 - - [18/Mar/2020:08:44:49 +0800] "GET /xingrg/check_reg.html?_=1584492032176 HTTP/1.1" 200 22
120.253.135.82 - - [18/Mar/2020:08:44:49 +0800] "GET /favicon.ico HTTP/1.1" 404 -
120.253.135.82 - - [18/Mar/2020:08:44:49 +0800] "GET /xingrg/javascript/jquery_easy_ui/themes/default/images/tree_arrows.gif HTTP/1.1" 304 -
120.253.135.82 - - [18/Mar/2020:08:44:49 +0800] "POST /xingrg/load_menu.html HTTP/1.1" 200 11550
120.253.135.82 - - [18/Mar/2020:08:44:49 +0800] "GET /xingrg/javascript/jquery_easy_ui/themes/default/images/tree_folder_open.gif HTTP/1.1" 304 -
120.253.135.82 - - [18/Mar/2020:08:44:49 +0800] "GET /xingrg/javascript/jquery_easy_ui/themes/icons/search_new.png HTTP/1.1" 304 -
120.253.135.82 - - [18/Mar/2020:08:44:49 +0800] "GET /xingrg/javascript/jquery_easy_ui/themes/icons/checkout_new.png HTTP/1.1" 304 -
120.253.135.82 - - [18/Mar/2020:08:44:49 +0800] "GET /xingrg/javascript/jquery_easy_ui/themes/icons/delivery_new.png HTTP/1.1" 304 -
120.253.135.82 - - [18/Mar/2020:08:44:49 +0800] "GET /xingrg/javascript/jquery_easy_ui/themes/icons/storage_new.png HTTP/1.1" 304 -
120.253.135.82 - - [18/Mar/2020:08:44:49 +0800] "GET /xingrg/javascript/jquery_easy_ui/themes/icons/forms_new.png HTTP/1.1" 304 -
120.253.135.82 - - [18/Mar/2020:08:44:49 +0800] "GET /xingrg/javascript/jquery_easy_ui/themes/icons/setting_new.png HTTP/1.1" 304 -
120.253.135.82 - - [18/Mar/2020:08:44:49 +0800] "GET /xingrg/javascript/jquery_easy_ui/themes/icons/systemset_new.png HTTP/1.1" 304 -
120.253.135.82 - - [18/Mar/2020:08:44:49 +0800] "GET /xingrg/javascript/jquery_easy_ui/themes/default/images/tree_file.gif HTTP/1.1" 304 -
120.253.135.82 - - [18/Mar/2020:08:44:49 +0800] "GET /xingrg/javascript/jquery_easy_ui/themes/default/images/tree_folder.gif HTTP/1.1" 304 -
120.253.135.82 - - [18/Mar/2020:08:44:59 +0800] "GET /xingrg/javascript/jquery_easy_ui/themes/default/images/tabs_close.gif HTTP/1.1" 304 -
120.253.135.82 - - [18/Mar/2020:08:44:59 +0800] "GET /xingrg/kc/pszx/mdps_order_list.html?orderType=0 HTTP/1.1" 200 20947
120.253.135.82 - - [18/Mar/2020:08:44:59 +0800] "GET /xingrg/css/base.css HTTP/1.1" 304 -
120.253.135.82 - - [18/Mar/2020:08:44:59 +0800] "GET /xingrg/css/site.css HTTP/1.1" 304 -
120.253.135.82 - - [18/Mar/2020:08:44:59 +0800] "GET /xingrg/javascript/easyui/themes/default/easyui.css HTTP/1.1" 304 -
120.253.135.82 - - [18/Mar/2020:08:44:59 +0800] "GET /xingrg/javascript/jquery_tools/datebox.css HTTP/1.1" 304 -
120.253.135.82 - - [18/Mar/2020:08:44:59 +0800] "GET /xingrg/javascript/easyui/themes/icon.css HTTP/1.1" 304 -
120.253.135.82 - - [18/Mar/2020:08:44:59 +0800] "GET /xingrg/javascript/jquery_tools/table.css HTTP/1.1" 304 -
120.253.135.82 - - [18/Mar/2020:08:44:59 +0800] "GET /xingrg/javascript/jquery_tools/jquery.tools.min.js HTTP/1.1" 304 -
120.253.135.82 - - [18/Mar/2020:08:44:59 +0800] "GET /xingrg/javascript/jquery_tools/fix.css HTTP/1.1" 304 -
120.253.135.82 - - [18/Mar/2020:08:44:59 +0800] "GET /xingrg/javascript/auto/jquery.autocomplete.css HTTP/1.1" 304 -
120.253.135.82 - - [18/Mar/2020:08:44:59 +0800] "GET /xingrg/javascript/jquery_tools/jquery.tools.table.js HTTP/1.1" 304 -
120.253.135.82 - - [18/Mar/2020:08:44:59 +0800] "GET /xingrg/javascript/jquery_tools/jquery.tools.extend.js HTTP/1.1" 304 -
120.253.135.82 - - [18/Mar/2020:08:44:59 +0800] "GET /xingrg/javascript/jquery_tools/jquery.tools.hotkey.js HTTP/1.1" 304 -
120.253.135.82 - - [18/Mar/2020:08:44:59 +0800] "GET /xingrg/javascript/auto/jquery.autocomplete.js HTTP/1.1" 304 -
120.253.135.82 - - [18/Mar/2020:08:44:59 +0800] "GET /xingrg/javascript/jquery_tools/list_manager.js HTTP/1.1" 304 -
120.253.135.82 - - [18/Mar/2020:08:44:59 +0800] "GET /xingrg/javascript/jquery.cookie.js HTTP/1.1" 304 -
120.253.135.82 - - [18/Mar/2020:08:44:59 +0800] "GET /xingrg/javascript/easyui/easyloader.js HTTP/1.1" 304 -
120.253.135.82 - - [18/Mar/2020:08:44:59 +0800] "GET /xingrg/javascript/print/LodopFuncs.js HTTP/1.1" 304 -
116.238.181.252 - - [18/Mar/2020:08:45:00 +0800] "GET /xingrg/all/function/internal_message.html?_=1584492301926&CODE_STATE=getMsg HTTP/1.1" 200 27
120.253.135.82 - - [18/Mar/2020:08:45:00 +0800] "GET /xingrg/javascript/easyui/themes/icons/edit_add_new.png HTTP/1.1" 304 -
120.253.135.82 - - [18/Mar/2020:08:45:00 +0800] "GET /xingrg/javascript/easyui/themes/icons/check_new.png HTTP/1.1" 304 -
120.253.135.82 - - [18/Mar/2020:08:45:00 +0800] "GET /xingrg/javascript/easyui/themes/icons/uncheck_new.png HTTP/1.1" 304 -
120.253.135.82 - - [18/Mar/2020:08:45:00 +0800] "GET /xingrg/javascript/easyui/themes/icons/field_new.png HTTP/1.1" 304 -
120.253.135.82 - - [18/Mar/2020:08:45:00 +0800] "GET /xingrg/javascript/easyui/themes/icons/cance_new.png HTTP/1.1" 304 -
120.253.135.82 - - [18/Mar/2020:08:45:00 +0800] "GET /xingrg/javascript/easyui/themes/icons/import_new.png HTTP/1.1" 304 -
120.253.135.82 - - [18/Mar/2020:08:45:00 +0800] "GET /xingrg/javascript/easyui/plugins/jquery.parser.js HTTP/1.1" 304 -
120.253.135.82 - - [18/Mar/2020:08:45:00 +0800] "GET /xingrg/images/control/ajaxLoader.gif HTTP/1.1" 304 -
120.253.135.82 - - [18/Mar/2020:08:45:01 +0800] "POST /xingrg/kc/pszx/mdps_list_operate.html HTTP/1.1" 200 5120
120.253.135.82 - - [18/Mar/2020:08:45:01 +0800] "GET /xingrg/kc/pszx/mdps_order_list.html?orderType=0 HTTP/1.1" 200 20947
120.253.135.82 - - [18/Mar/2020:08:45:01 +0800] "GET /xingrg/kc/pszx/mdps_order_list.html?orderType=0 HTTP/1.1" 200 20947
120.253.135.82 - - [18/Mar/2020:08:45:01 +0800] "POST /xingrg/kc/pszx/mdps_list_operate.html HTTP/1.1" 200 5120
124.77.241.94 - - [18/Mar/2020:08:45:03 +0800] "GET /xingrg/all/function/internal_message.html?_=1584492310761&CODE_STATE=getMsg HTTP/1.1" 200 27
120.253.135.82 - - [18/Mar/2020:08:45:06 +0800] "POST /xingrg/kc/pszx/mdps_list_operate.html HTTP/1.1" 200 616
120.253.135.82 - - [18/Mar/2020:08:45:06 +0800] "GET /xingrg/kc/pszx/mdps_order_info.html?code=312020031700079 HTTP/1.1" 200 23827
120.253.135.82 - - [18/Mar/2020:08:45:06 +0800] "GET /xingrg/javascript/convert.js HTTP/1.1" 304 -
120.253.135.82 - - [18/Mar/2020:08:45:06 +0800] "GET /xingrg/javascript/jquery_tools/order_manager.js HTTP/1.1" 304 -
120.253.135.82 - - [18/Mar/2020:08:45:06 +0800] "GET /xingrg/javascript/json2.js HTTP/1.1" 304 -
120.253.135.82 - - [18/Mar/2020:08:45:06 +0800] "GET /xingrg/javascript/pic_change.js HTTP/1.1" 304 -
120.253.135.82 - - [18/Mar/2020:08:45:06 +0800] "GET /xingrg/javascript/print/kc_print.js HTTP/1.1" 304 -
120.253.135.82 - - [18/Mar/2020:08:45:06 +0800] "GET /xingrg/words/20200317135402_words.js HTTP/1.1" 304 -
120.253.135.82 - - [18/Mar/2020:08:45:07 +0800] "GET /xingrg/javascript/easyui/themes/icons/copy_new.png HTTP/1.1" 304 -
120.253.135.82 - - [18/Mar/2020:08:45:07 +0800] "GET /xingrg/javascript/easyui/themes/icons/print.png HTTP/1.1" 304 -
120.253.135.82 - - [18/Mar/2020:08:45:07 +0800] "GET /xingrg/javascript/easyui/themes/icons/ok.png HTTP/1.1" 304 -
120.253.135.82 - - [18/Mar/2020:08:45:07 +0800] "GET /xingrg/javascript/easyui/themes/default/images/menu_downarrow.png HTTP/1.1" 304 -
120.253.135.82 - - [18/Mar/2020:08:45:07 +0800] "GET /xingrg/javascript/easyui/themes/icons/cancel.png HTTP/1.1" 304 -
120.253.135.82 - - [18/Mar/2020:08:45:07 +0800] "GET /xingrg/all/common/auto_word.html?type=base&rest_code=00101 HTTP/1.1" 200 513
120.253.135.82 - - [18/Mar/2020:08:45:07 +0800] "POST /xingrg/kc/pszx/mdps_order_operate.html HTTP/1.1" 200 5302
120.253.135.82 - - [18/Mar/2020:08:45:07 +0800] "GET /xingrg/javascript/easyui/themes/icons/edit_remove.png HTTP/1.1" 304 -
120.253.135.82 - - [18/Mar/2020:08:45:07 +0800] "GET /xingrg/javascript/easyui/plugins/jquery.validatebox.js HTTP/1.1" 304 -
120.253.135.82 - - [18/Mar/2020:08:45:07 +0800] "GET /xingrg/javascript/easyui/themes/default/validatebox.css HTTP/1.1" 404 1104
120.253.135.82 - - [18/Mar/2020:08:45:07 +0800] "GET /xingrg/javascript/easyui/plugins/jquery.numberbox.js HTTP/1.1" 304 -
117.131.5.26 - - [18/Mar/2020:08:45:08 +0800] "GET /xingrg/all/function/internal_message.html?_=1584492323093&CODE_STATE=getMsg HTTP/1.1" 200 27
114.93.75.19 - - [18/Mar/2020:08:45:11 +0800] "GET /xingrg/all/function/internal_message.html?_=1584492628932&CODE_STATE=getMsg HTTP/1.1" 200 27
120.253.135.82 - - [18/Mar/2020:08:45:13 +0800] "GET /xingrg/javascript/easyui/themes/default/images/button_plain_hover.png HTTP/1.1" 304 -
120.253.135.82 - - [18/Mar/2020:08:45:14 +0800] "GET /xingrg/kc/print/load_config.html?kc_code=mdps HTTP/1.1" 200 2396
120.253.135.82 - - [18/Mar/2020:08:45:14 +0800] "GET /xingrg/kc/print/load_data.html?order_code=312020031700079&kc_code=mdps&condition= HTTP/1.1" 200 2100
120.253.135.82 - - [18/Mar/2020:08:45:28 +0800] "GET /xingrg/all/function/internal_message.html?_=1584492448793&CODE_STATE=getMsg HTTP/1.1" 200 27
114.88.170.9 - - [18/Mar/2020:08:45:32 +0800] "GET /xingrg/all/function/internal_message.html?_=1584492622507&CODE_STATE=getMsg HTTP/1.1" 302 -
114.93.75.19 - - [18/Mar/2020:08:45:41 +0800] "GET /xingrg/all/function/internal_message.html?_=1584492339034&CODE_STATE=getMsg HTTP/1.1" 200 27
114.93.75.19 - - [18/Mar/2020:08:45:41 +0800] "GET /xingrg/check_reg.html?_=1584492339036 HTTP/1.1" 200 22
58.40.7.146 - - [18/Mar/2020:08:45:44 +0800] "GET /xingrg/all/function/internal_message.html?_=1584492342466&CODE_STATE=getMsg HTTP/1.1" 200 27
120.253.135.82 - - [18/Mar/2020:08:45:49 +0800] "GET /xingrg/all/function/internal_message.html?_=1584492092182&CODE_STATE=getMsg HTTP/1.1" 200 27
116.238.181.252 - - [18/Mar/2020:08:46:00 +0800] "GET /xingrg/all/function/internal_message.html?_=1584492361929&CODE_STATE=getMsg HTTP/1.1" 200 27
114.88.170.9 - - [18/Mar/2020:08:46:01 +0800] "GET /xingrg/check_reg.html?_=1584492357919 HTTP/1.1" 200 22
124.77.241.94 - - [18/Mar/2020:08:46:03 +0800] "GET /xingrg/all/function/internal_message.html?_=1584492370787&CODE_STATE=getMsg HTTP/1.1" 200 27
117.131.5.26 - - [18/Mar/2020:08:46:08 +0800] "GET /xingrg/all/function/internal_message.html?_=1584492383109&CODE_STATE=getMsg HTTP/1.1" 200 27
114.93.75.19 - - [18/Mar/2020:08:46:11 +0800] "GET /xingrg/all/function/internal_message.html?_=1584492688930&CODE_STATE=getMsg HTTP/1.1" 200 27
114.93.75.19 - - [18/Mar/2020:08:46:11 +0800] "GET /xingrg/check_reg.html?_=1584492688932 HTTP/1.1" 200 22
120.253.135.82 - - [18/Mar/2020:08:46:28 +0800] "GET /xingrg/all/function/internal_message.html?_=1584492508802&CODE_STATE=getMsg HTTP/1.1" 200 27
114.88.170.9 - - [18/Mar/2020:08:46:32 +0800] "GET /xingrg/all/function/internal_message.html?_=1584492682476&CODE_STATE=getMsg HTTP/1.1" 302 -
114.93.75.19 - - [18/Mar/2020:08:46:41 +0800] "GET /xingrg/all/function/internal_message.html?_=1584492399035&CODE_STATE=getMsg HTTP/1.1" 200 27
58.40.7.146 - - [18/Mar/2020:08:46:44 +0800] "GET /xingrg/all/function/internal_message.html?_=1584492402454&CODE_STATE=getMsg HTTP/1.1" 200 27
120.253.135.82 - - [18/Mar/2020:08:46:49 +0800] "GET /xingrg/all/function/internal_message.html?_=1584492152196&CODE_STATE=getMsg HTTP/1.1" 200 27
116.238.181.252 - - [18/Mar/2020:08:47:00 +0800] "GET /xingrg/all/function/internal_message.html?_=1584492421929&CODE_STATE=getMsg HTTP/1.1" 200 27
120.253.135.82 - - [18/Mar/2020:08:47:02 +0800] "GET /xingrg/kc/pszx/mdps_order_list.html?orderType=0 HTTP/1.1" 200 20947
120.253.135.82 - - [18/Mar/2020:08:47:02 +0800] "GET /xingrg/javascript/jquery_easy_ui/themes/icons/manage.png HTTP/1.1" 304 -
120.253.135.82 - - [18/Mar/2020:08:47:02 +0800] "GET /xingrg/javascript/jquery_easy_ui/themes/icons/area.png HTTP/1.1" 304 -
120.253.135.82 - - [18/Mar/2020:08:47:02 +0800] "POST /xingrg/kc/pszx/mdps_list_operate.html HTTP/1.1" 200 5120
124.77.241.94 - - [18/Mar/2020:08:47:03 +0800] "GET /xingrg/all/function/internal_message.html?_=1584492431223&CODE_STATE=getMsg HTTP/1.1" 200 27
120.253.135.82 - - [18/Mar/2020:08:47:05 +0800] "POST /xingrg/kc/pszx/mdps_list_operate.html HTTP/1.1" 200 293
120.253.135.82 - - [18/Mar/2020:08:47:06 +0800] "GET /xingrg/kc/pszx/mdps_order_info.html?code=312020031700078 HTTP/1.1" 200 23827
120.253.135.82 - - [18/Mar/2020:08:47:07 +0800] "POST /xingrg/kc/pszx/mdps_order_operate.html HTTP/1.1" 200 2800
120.253.135.82 - - [18/Mar/2020:08:47:07 +0800] "GET /xingrg/javascript/easyui/themes/default/validatebox.css HTTP/1.1" 404 1104
117.131.5.26 - - [18/Mar/2020:08:47:08 +0800] "GET /xingrg/check_reg.html?_=1584492442578 HTTP/1.1" 200 22
117.131.5.26 - - [18/Mar/2020:08:47:08 +0800] "GET /xingrg/all/function/internal_message.html?_=1584492443109&CODE_STATE=getMsg HTTP/1.1" 200 27
114.93.75.19 - - [18/Mar/2020:08:47:11 +0800] "GET /xingrg/all/function/internal_message.html?_=1584492748945&CODE_STATE=getMsg HTTP/1.1" 200 27
58.221.95.50 - - [18/Mar/2020:08:47:19 +0800] "GET /xingrg/check_reg.html?_=1584492784619 HTTP/1.1" 200 22
120.253.135.82 - - [18/Mar/2020:08:47:28 +0800] "GET /xingrg/all/function/internal_message.html?_=1584492568818&CODE_STATE=getMsg HTTP/1.1" 200 27
114.88.170.9 - - [18/Mar/2020:08:47:32 +0800] "GET /xingrg/all/function/internal_message.html?_=1584492742450&CODE_STATE=getMsg HTTP/1.1" 302 -
180.157.252.250 - - [18/Mar/2020:08:47:38 +0800] "GET /xingrg/check_reg.html?_=1584492449198 HTTP/1.1" 302 -
114.93.75.19 - - [18/Mar/2020:08:47:41 +0800] "GET /xingrg/all/function/internal_message.html?_=1584492459034&CODE_STATE=getMsg HTTP/1.1" 200 27
58.40.7.146 - - [18/Mar/2020:08:47:44 +0800] "GET /xingrg/check_reg.html?_=1584492462456 HTTP/1.1" 200 22
58.40.7.146 - - [18/Mar/2020:08:47:44 +0800] "GET /xingrg/all/function/internal_message.html?_=1584492462458&CODE_STATE=getMsg HTTP/1.1" 200 27
120.253.135.82 - - [18/Mar/2020:08:47:49 +0800] "GET /xingrg/all/function/internal_message.html?_=1584492212209&CODE_STATE=getMsg HTTP/1.1" 200 27
116.238.181.252 - - [18/Mar/2020:08:48:00 +0800] "GET /xingrg/all/function/internal_message.html?_=1584492481936&CODE_STATE=getMsg HTTP/1.1" 200 27
124.77.241.94 - - [18/Mar/2020:08:48:03 +0800] "GET /xingrg/all/function/internal_message.html?_=1584492491238&CODE_STATE=getMsg HTTP/1.1" 200 27
117.131.5.26 - - [18/Mar/2020:08:48:08 +0800] "GET /xingrg/all/function/internal_message.html?_=1584492503109&CODE_STATE=getMsg HTTP/1.1" 200 27
114.93.75.19 - - [18/Mar/2020:08:48:11 +0800] "GET /xingrg/all/function/internal_message.html?_=1584492808944&CODE_STATE=getMsg HTTP/1.1" 200 27
120.253.135.82 - - [18/Mar/2020:08:48:28 +0800] "GET /xingrg/all/function/internal_message.html?_=1584492628839&CODE_STATE=getMsg HTTP/1.1" 200 27
114.88.170.9 - - [18/Mar/2020:08:48:32 +0800] "GET /xingrg/all/function/internal_message.html?_=1584492802426&CODE_STATE=getMsg HTTP/1.1" 302 -
114.93.75.19 - - [18/Mar/2020:08:48:41 +0800] "GET /xingrg/all/function/internal_message.html?_=1584492519034&CODE_STATE=getMsg HTTP/1.1" 200 27
58.40.7.146 - - [18/Mar/2020:08:48:44 +0800] "GET /xingrg/all/function/internal_message.html?_=1584492522461&CODE_STATE=getMsg HTTP/1.1" 200 27
120.253.135.82 - - [18/Mar/2020:08:48:49 +0800] "GET /xingrg/all/function/internal_message.html?_=1584492272223&CODE_STATE=getMsg HTTP/1.1" 200 27
116.238.181.252 - - [18/Mar/2020:08:49:00 +0800] "GET /xingrg/check_reg.html?_=1584492541939 HTTP/1.1" 200 22
116.238.181.252 - - [18/Mar/2020:08:49:00 +0800] "GET /xingrg/all/function/internal_message.html?_=1584492541943&CODE_STATE=getMsg HTTP/1.1" 200 27
124.77.241.94 - - [18/Mar/2020:08:49:04 +0800] "GET /xingrg/all/function/internal_message.html?_=1584492551678&CODE_STATE=getMsg HTTP/1.1" 200 27
117.131.5.26 - - [18/Mar/2020:08:49:08 +0800] "GET /xingrg/all/function/internal_message.html?_=1584492563109&CODE_STATE=getMsg HTTP/1.1" 200 27
120.253.135.82 - - [18/Mar/2020:08:49:10 +0800] "GET /xingrg/javascript/jquery_easy_ui/themes/default/images/tabs_active.png HTTP/1.1" 304 -
114.93.75.19 - - [18/Mar/2020:08:49:11 +0800] "GET /xingrg/all/function/internal_message.html?_=1584492868943&CODE_STATE=getMsg HTTP/1.1" 200 27
124.77.241.94 - - [18/Mar/2020:08:49:18 +0800] "GET /xingrg/check_reg.html?_=1584492565684 HTTP/1.1" 200 22
120.253.135.82 - - [18/Mar/2020:08:49:28 +0800] "GET /xingrg/check_reg.html?_=1584492688131 HTTP/1.1" 200 22
120.253.135.82 - - [18/Mar/2020:08:49:28 +0800] "GET /xingrg/all/function/internal_message.html?_=1584492688862&CODE_STATE=getMsg HTTP/1.1" 200 27
114.88.170.9 - - [18/Mar/2020:08:49:32 +0800] "GET /xingrg/all/function/internal_message.html?_=1584492862406&CODE_STATE=getMsg HTTP/1.1" 302 -
114.88.170.9 - - [18/Mar/2020:08:49:32 +0800] "GET /xingrg/check_reg.html?_=1584492862885 HTTP/1.1" 302 -
120.253.135.82 - - [18/Mar/2020:08:49:40 +0800] "GET /xingrg/kc/pszx/mdps_order_list.html?orderType=0 HTTP/1.1" 200 20947
120.253.135.82 - - [18/Mar/2020:08:49:41 +0800] "POST /xingrg/kc/pszx/mdps_list_operate.html HTTP/1.1" 200 5120
114.93.75.19 - - [18/Mar/2020:08:49:41 +0800] "GET /xingrg/all/function/internal_message.html?_=1584492579035&CODE_STATE=getMsg HTTP/1.1" 200 27
58.40.7.146 - - [18/Mar/2020:08:49:44 +0800] "GET /xingrg/all/function/internal_message.html?_=1584492582466&CODE_STATE=getMsg HTTP/1.1" 200 27
120.253.135.82 - - [18/Mar/2020:08:49:49 +0800] "GET /xingrg/check_reg.html?_=1584492332180 HTTP/1.1" 200 22
120.253.135.82 - - [18/Mar/2020:08:49:49 +0800] "GET /xingrg/all/function/internal_message.html?_=1584492332236&CODE_STATE=getMsg HTTP/1.1" 200 27
120.253.135.82 - - [18/Mar/2020:08:49:53 +0800] "POST /xingrg/kc/pszx/mdps_list_operate.html HTTP/1.1" 200 5147
120.253.135.82 - - [18/Mar/2020:08:49:56 +0800] "POST /xingrg/kc/pszx/mdps_list_operate.html HTTP/1.1" 200 204
120.253.135.82 - - [18/Mar/2020:08:49:56 +0800] "GET /xingrg/kc/pszx/mdps_order_info.html?code=312020031700075 HTTP/1.1" 200 23833
120.253.135.82 - - [18/Mar/2020:08:49:57 +0800] "POST /xingrg/kc/pszx/mdps_order_operate.html HTTP/1.1" 200 2282
120.253.135.82 - - [18/Mar/2020:08:49:57 +0800] "GET /xingrg/javascript/easyui/themes/default/validatebox.css HTTP/1.1" 404 1104
116.238.181.252 - - [18/Mar/2020:08:50:00 +0800] "GET /xingrg/all/function/internal_message.html?_=1584492601933&CODE_STATE=getMsg HTTP/1.1" 200 27
120.253.135.82 - - [18/Mar/2020:08:50:04 +0800] "POST /xingrg/kc/pszx/mdps_order_operate.html HTTP/1.1" 200 37
124.77.241.94 - - [18/Mar/2020:08:50:04 +0800] "GET /xingrg/all/function/internal_message.html?_=1584492611690&CODE_STATE=getMsg HTTP/1.1" 200 27
120.253.135.82 - - [18/Mar/2020:08:50:04 +0800] "POST /xingrg/kc/pszx/mdps_order_operate.html HTTP/1.1" 200 12
120.253.135.82 - - [18/Mar/2020:08:50:06 +0800] "GET /xingrg/kc/pszx/mdps_order_info.html?code=312020031700075 HTTP/1.1" 200 19493
120.253.135.82 - - [18/Mar/2020:08:50:06 +0800] "POST /xingrg/kc/pszx/mdps_order_operate.html HTTP/1.1" 200 502
120.253.135.82 - - [18/Mar/2020:08:50:06 +0800] "GET /xingrg/javascript/easyui/themes/default/validatebox.css HTTP/1.1" 404 1104
117.131.5.26 - - [18/Mar/2020:08:50:08 +0800] "GET /xingrg/all/function/internal_message.html?_=1584492623109&CODE_STATE=getMsg HTTP/1.1" 200 27
114.93.75.19 - - [18/Mar/2020:08:50:11 +0800] "GET /xingrg/all/function/internal_message.html?_=1584492928942&CODE_STATE=getMsg HTTP/1.1" 200 27
101.81.136.100 - - [18/Mar/2020:08:50:20 +0800] "GET /favicon.ico HTTP/1.1" 404 -
120.253.135.82 - - [18/Mar/2020:08:50:28 +0800] "GET /xingrg/all/function/internal_message.html?_=1584492748871&CODE_STATE=getMsg HTTP/1.1" 200 27
114.88.170.9 - - [18/Mar/2020:08:50:32 +0800] "GET /xingrg/all/function/internal_message.html?_=1584492922376&CODE_STATE=getMsg HTTP/1.1" 302 -
101.81.136.100 - - [18/Mar/2020:08:50:33 +0800] "GET /xingrg/supplier_index.html?sysBaseUrl=http%3A%2F%2F117.131.15.22%3A18081%2Fxingrg%2F&costTime=2×tamp=1572392747549 HTTP/1.1" 302 -
101.81.136.100 - - [18/Mar/2020:08:50:33 +0800] "GET /xingrg/login.html HTTP/1.1" 200 7639
101.81.136.100 - - [18/Mar/2020:08:50:33 +0800] "GET /xingrg/images/blue/jxLogo.png HTTP/1.1" 304 -
101.81.136.100 - - [18/Mar/2020:08:50:34 +0800] "GET /xingrg/images/blue/login_bg.png HTTP/1.1" 304 -
101.81.136.100 - - [18/Mar/2020:08:50:34 +0800] "GET /xingrg/images/blue/hj.png HTTP/1.1" 304 -
101.81.136.100 - - [18/Mar/2020:08:50:34 +0800] "GET /xingrg/images/blue/srbg.png HTTP/1.1" 304 -
101.81.136.100 - - [18/Mar/2020:08:50:34 +0800] "GET /favicon.ico HTTP/1.1" 404 -
120.253.135.82 - - [18/Mar/2020:08:50:34 +0800] "GET /xingrg/javascript/jquery_easy_ui/themes/icons/manage.png HTTP/1.1" 304 -
120.253.135.82 - - [18/Mar/2020:08:50:34 +0800] "GET /xingrg/javascript/jquery_easy_ui/themes/icons/area.png HTTP/1.1" 304 -
120.253.135.82 - - [18/Mar/2020:08:50:36 +0800] "POST /xingrg/kc/pszx/mdps_list_operate.html HTTP/1.1" 200 4779
101.81.136.100 - - [18/Mar/2020:08:50:37 +0800] "GET /xingrg/login_supplier.html HTTP/1.1" 200 3206
101.81.136.100 - - [18/Mar/2020:08:50:37 +0800] "GET /xingrg/javascript/jquery-1.4.2.min.js HTTP/1.1" 304 -
101.81.136.100 - - [18/Mar/2020:08:50:37 +0800] "GET /xingrg/images/body-bg.png HTTP/1.1" 304 -
101.81.136.100 - - [18/Mar/2020:08:50:37 +0800] "GET /favicon.ico HTTP/1.1" 404 -
101.81.136.100 - - [18/Mar/2020:08:50:38 +0800] "POST /xingrg/login_supplier.html HTTP/1.1" 302 -
120.253.135.82 - - [18/Mar/2020:08:50:38 +0800] "POST /xingrg/kc/pszx/mdps_list_operate.html HTTP/1.1" 200 204
101.81.136.100 - - [18/Mar/2020:08:50:39 +0800] "GET /xingrg/javascript/jquery_easy_ui/themes/default/easyui.css HTTP/1.1" 304 -
101.81.136.100 - - [18/Mar/2020:08:50:39 +0800] "GET /xingrg/javascript/jquery_easy_ui/themes/icon.css HTTP/1.1" 304 -
101.81.136.100 - - [18/Mar/2020:08:50:39 +0800] "GET /xingrg/css/form.css HTTP/1.1" 304 -
101.81.136.100 - - [18/Mar/2020:08:50:39 +0800] "GET /xingrg/supplier_index.html?sysBaseUrl=http%3A%2F%2F117.131.15.22%3A18081%2Fxingrg%2F&costTime=10×tamp=1584492638989 HTTP/1.1" 200 9053
101.81.136.100 - - [18/Mar/2020:08:50:39 +0800] "GET /xingrg/javascript/jquery.timers.js HTTP/1.1" 304 -
101.81.136.100 - - [18/Mar/2020:08:50:39 +0800] "GET /xingrg/javascript/jquery_easy_ui/jquery.easyui.min.js HTTP/1.1" 304 -
101.81.136.100 - - [18/Mar/2020:08:50:39 +0800] "GET /xingrg/javascript/jquery_easy_ui/easyui-lang-zh_CN.js HTTP/1.1" 304 -
101.81.136.100 - - [18/Mar/2020:08:50:39 +0800] "GET /xingrg/javascript/jquery.form.js HTTP/1.1" 304 -
101.81.136.100 - - [18/Mar/2020:08:50:39 +0800] "GET /xingrg/javascript/jquery.utils.js HTTP/1.1" 304 -
101.81.136.100 - - [18/Mar/2020:08:50:39 +0800] "GET /xingrg/javascript/jquery_easy_ui/themes/default/images/tabs_enabled.png HTTP/1.1" 304 -
101.81.136.100 - - [18/Mar/2020:08:50:39 +0800] "GET /xingrg/javascript/jquery_easy_ui/themes/default/images/tabs_leftarrow.png HTTP/1.1" 304 -
101.81.136.100 - - [18/Mar/2020:08:50:39 +0800] "GET /xingrg/javascript/jquery_easy_ui/themes/default/images/tabs_rightarrow.png HTTP/1.1" 304 -
101.81.136.100 - - [18/Mar/2020:08:50:39 +0800] "GET /xingrg/javascript/jquery_easy_ui/themes/default/images/panel_tool_collapse.gif HTTP/1.1" 304 -
101.81.136.100 - - [18/Mar/2020:08:50:39 +0800] "GET /xingrg/javascript/jquery_easy_ui/themes/default/images/tree_file.gif HTTP/1.1" 304 -
101.81.136.100 - - [18/Mar/2020:08:50:39 +0800] "GET /favicon.ico HTTP/1.1" 404 -
101.81.136.100 - - [18/Mar/2020:08:50:39 +0800] "GET /xingrg/javascript/jquery_easy_ui/themes/default/images/tabs_active.png HTTP/1.1" 304 -
120.253.135.82 - - [18/Mar/2020:08:50:40 +0800] "GET /xingrg/kc/pszx/mdps_order_info.html?code=312020031700074 HTTP/1.1" 200 23833
120.253.135.82 - - [18/Mar/2020:08:50:40 +0800] "GET /xingrg/javascript/easyui/themes/default/validatebox.css HTTP/1.1" 404 1104
120.253.135.82 - - [18/Mar/2020:08:50:40 +0800] "POST /xingrg/kc/pszx/mdps_order_operate.html HTTP/1.1" 200 2282
101.81.136.100 - - [18/Mar/2020:08:50:40 +0800] "GET /xingrg/javascript/jquery_easy_ui/themes/default/images/tabs_close.gif HTTP/1.1" 304 -
101.81.136.100 - - [18/Mar/2020:08:50:41 +0800] "GET /xingrg/supplier/cgsh_order_list.html HTTP/1.1" 200 10890
101.81.136.100 - - [18/Mar/2020:08:50:41 +0800] "GET /xingrg/css/base.css HTTP/1.1" 304 -
101.81.136.100 - - [18/Mar/2020:08:50:41 +0800] "GET /xingrg/css/site.css HTTP/1.1" 304 -
101.81.136.100 - - [18/Mar/2020:08:50:41 +0800] "GET /xingrg/javascript/jquery_tools/datebox.css HTTP/1.1" 304 -
101.81.136.100 - - [18/Mar/2020:08:50:41 +0800] "GET /xingrg/javascript/easyui/themes/default/easyui.css HTTP/1.1" 304 -
101.81.136.100 - - [18/Mar/2020:08:50:41 +0800] "GET /xingrg/javascript/easyui/themes/icon.css HTTP/1.1" 304 -
101.81.136.100 - - [18/Mar/2020:08:50:41 +0800] "GET /xingrg/javascript/auto/jquery.autocomplete.css HTTP/1.1" 304 -
101.81.136.100 - - [18/Mar/2020:08:50:41 +0800] "GET /xingrg/javascript/jquery_tools/fix.css HTTP/1.1" 304 -
101.81.136.100 - - [18/Mar/2020:08:50:41 +0800] "GET /xingrg/javascript/jquery_tools/table.css HTTP/1.1" 304 -
101.81.136.100 - - [18/Mar/2020:08:50:41 +0800] "GET /xingrg/javascript/jquery_tools/jquery.tools.min.js HTTP/1.1" 304 -
101.81.136.100 - - [18/Mar/2020:08:50:41 +0800] "GET /xingrg/javascript/jquery_tools/jquery.tools.extend.js HTTP/1.1" 304 -
101.81.136.100 - - [18/Mar/2020:08:50:41 +0800] "GET /xingrg/javascript/jquery_tools/jquery.tools.hotkey.js HTTP/1.1" 304 -
101.81.136.100 - - [18/Mar/2020:08:50:41 +0800] "GET /xingrg/javascript/jquery_tools/jquery.tools.table.js HTTP/1.1" 304 -
101.81.136.100 - - [18/Mar/2020:08:50:41 +0800] "GET /xingrg/javascript/jquery_tools/list_manager.js HTTP/1.1" 304 -
101.81.136.100 - - [18/Mar/2020:08:50:41 +0800] "GET /xingrg/javascript/auto/jquery.autocomplete.js HTTP/1.1" 304 -
101.81.136.100 - - [18/Mar/2020:08:50:41 +0800] "GET /xingrg/javascript/easyui/easyloader.js HTTP/1.1" 304 -
101.81.136.100 - - [18/Mar/2020:08:50:41 +0800] "GET /xingrg/javascript/jquery.cookie.js HTTP/1.1" 304 -
101.81.136.100 - - [18/Mar/2020:08:50:41 +0800] "GET /xingrg/javascript/print/LodopFuncs.js HTTP/1.1" 304 -
114.93.75.19 - - [18/Mar/2020:08:50:41 +0800] "GET /xingrg/all/function/internal_message.html?_=1584492639037&CODE_STATE=getMsg HTTP/1.1" 200 27
114.93.75.19 - - [18/Mar/2020:08:50:41 +0800] "GET /xingrg/check_reg.html?_=1584492639039 HTTP/1.1" 200 22
101.81.136.100 - - [18/Mar/2020:08:50:41 +0800] "GET /xingrg/javascript/easyui/plugins/jquery.parser.js HTTP/1.1" 304 -
101.81.136.100 - - [18/Mar/2020:08:50:41 +0800] "GET /xingrg/images/control/ajaxLoader.gif HTTP/1.1" 304 -
101.81.136.100 - - [18/Mar/2020:08:50:41 +0800] "GET /xingrg/javascript/easyui/themes/icons/field_new.png HTTP/1.1" 304 -
101.81.136.100 - - [18/Mar/2020:08:50:42 +0800] "POST /xingrg/supplier/cgsh_list_operate.html HTTP/1.1" 200 6072
58.40.7.146 - - [18/Mar/2020:08:50:44 +0800] "GET /xingrg/all/function/internal_message.html?_=1584492642454&CODE_STATE=getMsg HTTP/1.1" 200 27
101.81.136.100 - - [18/Mar/2020:08:50:44 +0800] "GET /xingrg/javascript/jquery_tools/images/prev.gif HTTP/1.1" 404 1086
101.81.136.100 - - [18/Mar/2020:08:50:44 +0800] "GET /xingrg/javascript/jquery_tools/images/next.gif HTTP/1.1" 404 1086
120.253.135.82 - - [18/Mar/2020:08:50:46 +0800] "POST /xingrg/kc/pszx/mdps_order_operate.html HTTP/1.1" 200 37
120.253.135.82 - - [18/Mar/2020:08:50:47 +0800] "POST /xingrg/kc/pszx/mdps_order_operate.html HTTP/1.1" 200 12
120.253.135.82 - - [18/Mar/2020:08:50:48 +0800] "GET /xingrg/kc/pszx/mdps_order_info.html?code=312020031700074 HTTP/1.1" 200 19493
120.253.135.82 - - [18/Mar/2020:08:50:48 +0800] "POST /xingrg/kc/pszx/mdps_order_operate.html HTTP/1.1" 200 502
120.253.135.82 - - [18/Mar/2020:08:50:48 +0800] "GET /xingrg/javascript/easyui/themes/default/validatebox.css HTTP/1.1" 404 1104
120.253.135.82 - - [18/Mar/2020:08:50:49 +0800] "GET /xingrg/all/function/internal_message.html?_=1584492392250&CODE_STATE=getMsg HTTP/1.1" 200 27
101.81.136.100 - - [18/Mar/2020:08:50:50 +0800] "GET /xingrg/javascript/easyui/themes/default/images/button_plain_hover.png HTTP/1.1" 304 -
101.81.136.100 - - [18/Mar/2020:08:50:51 +0800] "POST /xingrg/supplier/cgsh_list_operate.html HTTP/1.1" 200 5708
101.81.136.100 - - [18/Mar/2020:08:50:59 +0800] "POST /xingrg/supplier/cgsh_list_operate.html HTTP/1.1" 200 5708
116.238.181.252 - - [18/Mar/2020:08:51:00 +0800] "GET /xingrg/all/function/internal_message.html?_=1584492661938&CODE_STATE=getMsg HTTP/1.1" 200 27
114.88.170.9 - - [18/Mar/2020:08:51:01 +0800] "GET /xingrg/check_reg.html?_=1584492657926 HTTP/1.1" 200 22
120.253.135.82 - - [18/Mar/2020:08:51:01 +0800] "POST /xingrg/kc/pszx/mdps_list_operate.html HTTP/1.1" 200 4413
124.77.241.94 - - [18/Mar/2020:08:51:04 +0800] "GET /xingrg/all/function/internal_message.html?_=1584492671700&CODE_STATE=getMsg HTTP/1.1" 200 27
117.131.5.26 - - [18/Mar/2020:08:51:08 +0800] "GET /xingrg/all/function/internal_message.html?_=1584492683109&CODE_STATE=getMsg HTTP/1.1" 200 27
101.81.136.100 - - [18/Mar/2020:08:51:10 +0800] "POST /xingrg/supplier/cgsh_list_operate.html HTTP/1.1" 200 3410
114.93.75.19 - - [18/Mar/2020:08:51:11 +0800] "GET /xingrg/check_reg.html?_=1584492988940 HTTP/1.1" 200 22
114.93.75.19 - - [18/Mar/2020:08:51:11 +0800] "GET /xingrg/all/function/internal_message.html?_=1584492988942&CODE_STATE=getMsg HTTP/1.1" 200 27
120.253.135.82 - - [18/Mar/2020:08:51:13 +0800] "POST /xingrg/kc/pszx/mdps_list_operate.html HTTP/1.1" 200 204
120.253.135.82 - - [18/Mar/2020:08:51:13 +0800] "GET /xingrg/kc/pszx/mdps_order_info.html?code=312020031700076 HTTP/1.1" 200 23833
120.253.135.82 - - [18/Mar/2020:08:51:13 +0800] "POST /xingrg/kc/pszx/mdps_order_operate.html HTTP/1.1" 200 2282
120.253.135.82 - - [18/Mar/2020:08:51:13 +0800] "GET /xingrg/javascript/easyui/themes/default/validatebox.css HTTP/1.1" 404 1104
120.253.135.82 - - [18/Mar/2020:08:51:23 +0800] "POST /xingrg/kc/pszx/mdps_order_operate.html HTTP/1.1" 200 37
120.253.135.82 - - [18/Mar/2020:08:51:23 +0800] "POST /xingrg/kc/pszx/mdps_order_operate.html HTTP/1.1" 200 12
120.253.135.82 - - [18/Mar/2020:08:51:24 +0800] "GET /xingrg/kc/pszx/mdps_order_info.html?code=312020031700076 HTTP/1.1" 200 19493
120.253.135.82 - - [18/Mar/2020:08:51:24 +0800] "POST /xingrg/kc/pszx/mdps_order_operate.html HTTP/1.1" 200 502
120.253.135.82 - - [18/Mar/2020:08:51:25 +0800] "GET /xingrg/javascript/easyui/themes/default/validatebox.css HTTP/1.1" 404 1104
120.253.135.82 - - [18/Mar/2020:08:51:27 +0800] "POST /xingrg/kc/pszx/mdps_list_operate.html HTTP/1.1" 200 4045
120.253.135.82 - - [18/Mar/2020:08:51:28 +0800] "GET /xingrg/all/function/internal_message.html?_=1584492808892&CODE_STATE=getMsg HTTP/1.1" 200 27
114.88.170.9 - - [18/Mar/2020:08:51:32 +0800] "GET /xingrg/all/function/internal_message.html?_=1584492982352&CODE_STATE=getMsg HTTP/1.1" 302 -
114.93.75.19 - - [18/Mar/2020:08:51:41 +0800] "GET /xingrg/all/function/internal_message.html?_=1584492699038&CODE_STATE=getMsg HTTP/1.1" 200 27
120.253.135.82 - - [18/Mar/2020:08:51:41 +0800] "POST /xingrg/kc/pszx/mdps_list_operate.html HTTP/1.1" 200 204
120.253.135.82 - - [18/Mar/2020:08:51:41 +0800] "GET /xingrg/kc/pszx/mdps_order_info.html?code=312020031700077 HTTP/1.1" 200 23833
120.253.135.82 - - [18/Mar/2020:08:51:42 +0800] "POST /xingrg/kc/pszx/mdps_order_operate.html HTTP/1.1" 200 2282
120.253.135.82 - - [18/Mar/2020:08:51:42 +0800] "GET /xingrg/javascript/easyui/themes/default/validatebox.css HTTP/1.1" 404 1104
58.40.7.146 - - [18/Mar/2020:08:51:44 +0800] "GET /xingrg/all/function/internal_message.html?_=1584492702457&CODE_STATE=getMsg HTTP/1.1" 200 27
120.253.135.82 - - [18/Mar/2020:08:51:46 +0800] "POST /xingrg/kc/pszx/mdps_order_operate.html HTTP/1.1" 200 37
120.253.135.82 - - [18/Mar/2020:08:51:46 +0800] "POST /xingrg/kc/pszx/mdps_order_operate.html HTTP/1.1" 200 12
120.253.135.82 - - [18/Mar/2020:08:51:47 +0800] "GET /xingrg/kc/pszx/mdps_order_info.html?code=312020031700077 HTTP/1.1" 200 19493
120.253.135.82 - - [18/Mar/2020:08:51:48 +0800] "POST /xingrg/kc/pszx/mdps_order_operate.html HTTP/1.1" 200 502
120.253.135.82 - - [18/Mar/2020:08:51:48 +0800] "GET /xingrg/javascript/easyui/themes/default/validatebox.css HTTP/1.1" 404 1104
120.253.135.82 - - [18/Mar/2020:08:51:49 +0800] "GET /xingrg/all/function/internal_message.html?_=1584492452263&CODE_STATE=getMsg HTTP/1.1" 200 27
120.253.135.82 - - [18/Mar/2020:08:51:50 +0800] "POST /xingrg/kc/pszx/mdps_list_operate.html HTTP/1.1" 200 3679
116.238.181.252 - - [18/Mar/2020:08:52:00 +0800] "GET /xingrg/all/function/internal_message.html?_=1584492721938&CODE_STATE=getMsg HTTP/1.1" 200 27
124.77.241.94 - - [18/Mar/2020:08:52:04 +0800] "GET /xingrg/all/function/internal_message.html?_=1584492732144&CODE_STATE=getMsg HTTP/1.1" 200 27
117.131.5.26 - - [18/Mar/2020:08:52:08 +0800] "GET /xingrg/check_reg.html?_=1584492742593 HTTP/1.1" 200 22
117.131.5.26 - - [18/Mar/2020:08:52:08 +0800] "GET /xingrg/all/function/internal_message.html?_=1584492743109&CODE_STATE=getMsg HTTP/1.1" 200 27
114.93.75.19 - - [18/Mar/2020:08:52:11 +0800] "GET /xingrg/all/function/internal_message.html?_=1584493048941&CODE_STATE=getMsg HTTP/1.1" 200 27
58.221.95.50 - - [18/Mar/2020:08:52:19 +0800] "GET /xingrg/check_reg.html?_=1584493084620 HTTP/1.1" 200 22
120.253.135.82 - - [18/Mar/2020:08:52:28 +0800] "GET /xingrg/all/function/internal_message.html?_=1584492868923&CODE_STATE=getMsg HTTP/1.1" 200 27
114.88.170.9 - - [18/Mar/2020:08:52:32 +0800] "GET /xingrg/all/function/internal_message.html?_=1584493042325&CODE_STATE=getMsg HTTP/1.1" 302 -
101.81.136.100 - - [18/Mar/2020:08:52:37 +0800] "GET /xingrg/ HTTP/1.1" 200 292
101.81.136.100 - - [18/Mar/2020:08:52:37 +0800] "GET /xingrg/index.html HTTP/1.1" 302 -
101.81.136.100 - - [18/Mar/2020:08:52:37 +0800] "GET /favicon.ico HTTP/1.1" 404 -
101.81.136.100 - - [18/Mar/2020:08:52:37 +0800] "GET /xingrg/supplier_index.html?sysBaseUrl=http%3A%2F%2F117.131.15.22%3A18081%2Fxingrg%2F&costTime=0×tamp=1584492757659 HTTP/1.1" 200 9053
101.81.136.100 - - [18/Mar/2020:08:52:37 +0800] "GET /favicon.ico HTTP/1.1" 404 -
180.157.252.250 - - [18/Mar/2020:08:52:38 +0800] "GET /xingrg/check_reg.html?_=1584492749173 HTTP/1.1" 302 -
101.81.136.100 - - [18/Mar/2020:08:52:39 +0800] "POST /xingrg/supplier/cgsh_list_operate.html HTTP/1.1" 200 2191
114.93.75.19 - - [18/Mar/2020:08:52:41 +0800] "GET /xingrg/all/function/internal_message.html?_=1584492759037&CODE_STATE=getMsg HTTP/1.1" 200 27
58.40.7.146 - - [18/Mar/2020:08:52:44 +0800] "GET /xingrg/all/function/internal_message.html?_=1584492762461&CODE_STATE=getMsg HTTP/1.1" 200 27
58.40.7.146 - - [18/Mar/2020:08:52:44 +0800] "GET /xingrg/check_reg.html?_=1584492762463 HTTP/1.1" 200 22
120.253.135.82 - - [18/Mar/2020:08:52:49 +0800] "GET /xingrg/all/function/internal_message.html?_=1584492512287&CODE_STATE=getMsg HTTP/1.1" 200 27
101.81.136.100 - - [18/Mar/2020:08:52:54 +0800] "POST /xingrg/supplier/cgsh_list_operate.html HTTP/1.1" 200 3407
120.253.135.82 - - [18/Mar/2020:08:52:57 +0800] "POST /xingrg/kc/pszx/mdps_list_operate.html HTTP/1.1" 200 205
120.253.135.82 - - [18/Mar/2020:08:52:57 +0800] "GET /xingrg/kc/pszx/mdps_order_info.html?code=312020031700070 HTTP/1.1" 200 23827
120.253.135.82 - - [18/Mar/2020:08:52:57 +0800] "POST /xingrg/kc/pszx/mdps_order_operate.html HTTP/1.1" 200 2282
120.253.135.82 - - [18/Mar/2020:08:52:58 +0800] "GET /xingrg/javascript/easyui/themes/default/validatebox.css HTTP/1.1" 404 1104
101.81.136.100 - - [18/Mar/2020:08:52:58 +0800] "POST /xingrg/supplier/cgsh_list_operate.html HTTP/1.1" 200 5439
116.238.181.252 - - [18/Mar/2020:08:53:00 +0800] "GET /xingrg/all/function/internal_message.html?_=1584492781940&CODE_STATE=getMsg HTTP/1.1" 200 27
124.77.241.94 - - [18/Mar/2020:08:53:04 +0800] "GET /xingrg/all/function/internal_message.html?_=1584492792148&CODE_STATE=getMsg HTTP/1.1" 200 27
58.221.95.50 - - [18/Mar/2020:08:53:06 +0800] "POST /xingrg/kc/base/wldb_list_operate.html HTTP/1.1" 200 4599
58.221.95.50 - - [18/Mar/2020:08:53:07 +0800] "POST /xingrg/kc/base/wldb_list_operate.html HTTP/1.1" 200 4599
117.131.5.26 - - [18/Mar/2020:08:53:08 +0800] "GET /xingrg/all/function/internal_message.html?_=1584492803109&CODE_STATE=getMsg HTTP/1.1" 200 27
120.253.135.82 - - [18/Mar/2020:08:53:11 +0800] "POST /xingrg/kc/pszx/mdps_order_operate.html HTTP/1.1" 200 37
114.93.75.19 - - [18/Mar/2020:08:53:11 +0800] "GET /xingrg/all/function/internal_message.html?_=1584493108940&CODE_STATE=getMsg HTTP/1.1" 200 27
120.253.135.82 - - [18/Mar/2020:08:53:12 +0800] "POST /xingrg/kc/pszx/mdps_order_operate.html HTTP/1.1" 200 12
120.253.135.82 - - [18/Mar/2020:08:53:13 +0800] "GET /xingrg/kc/pszx/mdps_order_info.html?code=312020031700070 HTTP/1.1" 200 19487
120.253.135.82 - - [18/Mar/2020:08:53:13 +0800] "POST /xingrg/kc/pszx/mdps_order_operate.html HTTP/1.1" 200 502
120.253.135.82 - - [18/Mar/2020:08:53:13 +0800] "GET /xingrg/javascript/easyui/themes/default/validatebox.css HTTP/1.1" 404 1104
120.253.135.82 - - [18/Mar/2020:08:53:15 +0800] "POST /xingrg/kc/pszx/mdps_list_operate.html HTTP/1.1" 200 3321
58.221.95.50 - - [18/Mar/2020:08:53:16 +0800] "POST /xingrg/kc/base/wldb_list_operate.html HTTP/1.1" 200 5802
120.253.135.82 - - [18/Mar/2020:08:53:28 +0800] "GET /xingrg/all/function/internal_message.html?_=1584492928945&CODE_STATE=getMsg HTTP/1.1" 200 27
120.253.135.82 - - [18/Mar/2020:08:53:29 +0800] "POST /xingrg/kc/pszx/mdps_list_operate.html HTTP/1.1" 200 204
120.253.135.82 - - [18/Mar/2020:08:53:29 +0800] "GET /xingrg/kc/pszx/mdps_order_info.html?code=312020031700069 HTTP/1.1" 200 23827
120.253.135.82 - - [18/Mar/2020:08:53:30 +0800] "POST /xingrg/kc/pszx/mdps_order_operate.html HTTP/1.1" 200 2282
120.253.135.82 - - [18/Mar/2020:08:53:30 +0800] "GET /xingrg/javascript/easyui/themes/default/validatebox.css HTTP/1.1" 404 1104
101.81.136.100 - - [18/Mar/2020:08:53:32 +0800] "POST /xingrg/supplier/cgsh_list_operate.html HTTP/1.1" 200 4222
114.88.170.9 - - [18/Mar/2020:08:53:32 +0800] "GET /xingrg/all/function/internal_message.html?_=1584493102306&CODE_STATE=getMsg HTTP/1.1" 302 -
120.253.135.82 - - [18/Mar/2020:08:53:34 +0800] "POST /xingrg/kc/pszx/mdps_order_operate.html HTTP/1.1" 200 37
120.253.135.82 - - [18/Mar/2020:08:53:35 +0800] "POST /xingrg/kc/pszx/mdps_order_operate.html HTTP/1.1" 200 12
120.253.135.82 - - [18/Mar/2020:08:53:35 +0800] "GET /xingrg/kc/pszx/mdps_order_info.html?code=312020031700069 HTTP/1.1" 200 19487
120.253.135.82 - - [18/Mar/2020:08:53:36 +0800] "POST /xingrg/kc/pszx/mdps_order_operate.html HTTP/1.1" 200 502
120.253.135.82 - - [18/Mar/2020:08:53:36 +0800] "GET /xingrg/javascript/easyui/themes/default/validatebox.css HTTP/1.1" 404 1104
120.253.135.82 - - [18/Mar/2020:08:53:40 +0800] "POST /xingrg/kc/pszx/mdps_list_operate.html HTTP/1.1" 200 2962
114.93.75.19 - - [18/Mar/2020:08:53:41 +0800] "GET /xingrg/all/function/internal_message.html?_=1584492819038&CODE_STATE=getMsg HTTP/1.1" 200 27
101.81.136.100 - - [18/Mar/2020:08:53:43 +0800] "POST /xingrg/supplier/cgsh_list_operate.html HTTP/1.1" 200 5439
58.40.7.146 - - [18/Mar/2020:08:53:44 +0800] "GET /xingrg/all/function/internal_message.html?_=1584492822465&CODE_STATE=getMsg HTTP/1.1" 200 27
120.253.135.82 - - [18/Mar/2020:08:53:49 +0800] "GET /xingrg/all/function/internal_message.html?_=1584492572290&CODE_STATE=getMsg HTTP/1.1" 200 27
120.253.135.82 - - [18/Mar/2020:08:53:58 +0800] "POST /xingrg/kc/pszx/mdps_list_operate.html HTTP/1.1" 200 204
120.253.135.82 - - [18/Mar/2020:08:53:58 +0800] "GET /xingrg/kc/pszx/mdps_order_info.html?code=312020031700071 HTTP/1.1" 200 23827
120.253.135.82 - - [18/Mar/2020:08:53:58 +0800] "POST /xingrg/kc/pszx/mdps_order_operate.html HTTP/1.1" 200 2282
120.253.135.82 - - [18/Mar/2020:08:53:58 +0800] "GET /xingrg/javascript/easyui/themes/default/validatebox.css HTTP/1.1" 404 1104
116.238.181.252 - - [18/Mar/2020:08:54:00 +0800] "GET /xingrg/all/function/internal_message.html?_=1584492841940&CODE_STATE=getMsg HTTP/1.1" 200 27
116.238.181.252 - - [18/Mar/2020:08:54:00 +0800] "GET /xingrg/check_reg.html?_=1584492841943 HTTP/1.1" 200 22
120.253.135.82 - - [18/Mar/2020:08:54:03 +0800] "POST /xingrg/kc/pszx/mdps_order_operate.html HTTP/1.1" 200 37
120.253.135.82 - - [18/Mar/2020:08:54:03 +0800] "POST /xingrg/kc/pszx/mdps_order_operate.html HTTP/1.1" 200 12
120.253.135.82 - - [18/Mar/2020:08:54:04 +0800] "GET /xingrg/kc/pszx/mdps_order_info.html?code=312020031700071 HTTP/1.1" 200 19487
120.253.135.82 - - [18/Mar/2020:08:54:04 +0800] "POST /xingrg/kc/pszx/mdps_order_operate.html HTTP/1.1" 200 502
120.253.135.82 - - [18/Mar/2020:08:54:05 +0800] "GET /xingrg/javascript/easyui/themes/default/validatebox.css HTTP/1.1" 404 1104
124.77.241.94 - - [18/Mar/2020:08:54:05 +0800] "GET /xingrg/all/function/internal_message.html?_=1584492852614&CODE_STATE=getMsg HTTP/1.1" 200 27
120.253.135.82 - - [18/Mar/2020:08:54:07 +0800] "POST /xingrg/kc/pszx/mdps_list_operate.html HTTP/1.1" 200 2605
101.81.136.100 - - [18/Mar/2020:08:54:07 +0800] "POST /xingrg/supplier/cgsh_list_operate.html HTTP/1.1" 200 2595
117.131.5.26 - - [18/Mar/2020:08:54:08 +0800] "GET /xingrg/all/function/internal_message.html?_=1584492863109&CODE_STATE=getMsg HTTP/1.1" 200 27
114.93.75.19 - - [18/Mar/2020:08:54:11 +0800] "GET /xingrg/all/function/internal_message.html?_=1584493168938&CODE_STATE=getMsg HTTP/1.1" 200 27
124.77.241.94 - - [18/Mar/2020:08:54:18 +0800] "GET /xingrg/check_reg.html?_=1584492865690 HTTP/1.1" 200 22
120.253.135.82 - - [18/Mar/2020:08:54:25 +0800] "POST /xingrg/kc/pszx/mdps_list_operate.html HTTP/1.1" 200 204
120.253.135.82 - - [18/Mar/2020:08:54:25 +0800] "GET /xingrg/kc/pszx/mdps_order_info.html?code=312020031700072 HTTP/1.1" 200 23833
120.253.135.82 - - [18/Mar/2020:08:54:25 +0800] "POST /xingrg/kc/pszx/mdps_order_operate.html HTTP/1.1" 200 2282
120.253.135.82 - - [18/Mar/2020:08:54:25 +0800] "GET /xingrg/javascript/easyui/themes/default/validatebox.css HTTP/1.1" 404 1104
120.253.135.82 - - [18/Mar/2020:08:54:28 +0800] "GET /xingrg/check_reg.html?_=1584492988132 HTTP/1.1" 200 22
120.253.135.82 - - [18/Mar/2020:08:54:30 +0800] "POST /xingrg/kc/pszx/mdps_order_operate.html HTTP/1.1" 200 37
120.253.135.82 - - [18/Mar/2020:08:54:31 +0800] "GET /xingrg/all/function/internal_message.html?_=1584492991240&CODE_STATE=getMsg HTTP/1.1" 200 27
120.253.135.82 - - [18/Mar/2020:08:54:31 +0800] "POST /xingrg/kc/pszx/mdps_order_operate.html HTTP/1.1" 200 12
114.88.170.9 - - [18/Mar/2020:08:54:32 +0800] "GET /xingrg/all/function/internal_message.html?_=1584493162306&CODE_STATE=getMsg HTTP/1.1" 302 -
120.253.135.82 - - [18/Mar/2020:08:54:32 +0800] "GET /xingrg/kc/pszx/mdps_order_info.html?code=312020031700072 HTTP/1.1" 200 19493
120.253.135.82 - - [18/Mar/2020:08:54:32 +0800] "POST /xingrg/kc/pszx/mdps_order_operate.html HTTP/1.1" 200 502
120.253.135.82 - - [18/Mar/2020:08:54:32 +0800] "GET /xingrg/javascript/easyui/themes/default/validatebox.css HTTP/1.1" 404 1104
114.88.170.9 - - [18/Mar/2020:08:54:32 +0800] "GET /xingrg/check_reg.html?_=1584493162892 HTTP/1.1" 302 -
120.253.135.82 - - [18/Mar/2020:08:54:34 +0800] "POST /xingrg/kc/pszx/mdps_list_operate.html HTTP/1.1" 200 2237
114.93.75.19 - - [18/Mar/2020:08:54:41 +0800] "GET /xingrg/all/function/internal_message.html?_=1584492879036&CODE_STATE=getMsg HTTP/1.1" 200 27
58.40.7.146 - - [18/Mar/2020:08:54:44 +0800] "GET /xingrg/all/function/internal_message.html?_=1584492882469&CODE_STATE=getMsg HTTP/1.1" 200 27
120.253.135.82 - - [18/Mar/2020:08:54:45 +0800] "POST /xingrg/kc/pszx/mdps_list_operate.html HTTP/1.1" 200 204
120.253.135.82 - - [18/Mar/2020:08:54:45 +0800] "GET /xingrg/kc/pszx/mdps_order_info.html?code=312020031700073 HTTP/1.1" 200 23833
120.253.135.82 - - [18/Mar/2020:08:54:46 +0800] "POST /xingrg/kc/pszx/mdps_order_operate.html HTTP/1.1" 200 2282
120.253.135.82 - - [18/Mar/2020:08:54:46 +0800] "GET /xingrg/javascript/easyui/themes/default/validatebox.css HTTP/1.1" 404 1104
120.253.135.82 - - [18/Mar/2020:08:54:49 +0800] "GET /xingrg/check_reg.html?_=1584492632191 HTTP/1.1" 200 22
120.253.135.82 - - [18/Mar/2020:08:54:49 +0800] "GET /xingrg/all/function/internal_message.html?_=1584492632305&CODE_STATE=getMsg HTTP/1.1" 200 27
120.253.135.82 - - [18/Mar/2020:08:54:55 +0800] "POST /xingrg/kc/pszx/mdps_order_operate.html HTTP/1.1" 200 37
120.253.135.82 - - [18/Mar/2020:08:54:55 +0800] "POST /xingrg/kc/pszx/mdps_order_operate.html HTTP/1.1" 200 12
120.253.135.82 - - [18/Mar/2020:08:54:56 +0800] "GET /xingrg/kc/pszx/mdps_order_info.html?code=312020031700073 HTTP/1.1" 200 19493
120.253.135.82 - - [18/Mar/2020:08:54:56 +0800] "POST /xingrg/kc/pszx/mdps_order_operate.html HTTP/1.1" 200 502
120.253.135.82 - - [18/Mar/2020:08:54:56 +0800] "GET /xingrg/javascript/easyui/themes/default/validatebox.css HTTP/1.1" 404 1104
120.253.135.82 - - [18/Mar/2020:08:54:58 +0800] "POST /xingrg/kc/pszx/mdps_list_operate.html HTTP/1.1" 200 1871
