114.93.75.19 - - [18/Mar/2020:11:39:14 +0800] "GET /xingrg/all/function/internal_message.html?_=1584502758305&CODE_STATE=getMsg HTTP/1.1" 200 27
117.185.32.26 - - [18/Mar/2020:11:39:17 +0800] "GET /xingrg/kc/buy/cgsh_order_add.html HTTP/1.1" 200 57648
117.185.32.26 - - [18/Mar/2020:11:39:17 +0800] "POST /xingrg/kc/buy/cgsh_order_operate.html HTTP/1.1" 200 8245
117.185.32.26 - - [18/Mar/2020:11:39:17 +0800] "GET /xingrg/javascript/easyui/themes/default/validatebox.css HTTP/1.1" 404 1104
117.185.32.26 - - [18/Mar/2020:11:39:19 +0800] "GET /xingrg/javascript/easyui/themes/default/tree.css HTTP/1.1" 404 1090
117.185.32.26 - - [18/Mar/2020:11:39:19 +0800] "POST /xingrg/all/common/load_tree.html?tree=supplier_tree_json&isDelete=1 HTTP/1.1" 200 46535
124.77.241.94 - - [18/Mar/2020:11:39:20 +0800] "GET /xingrg/check_reg.html?_=1584502768553 HTTP/1.1" 200 22
180.157.252.250 - - [18/Mar/2020:11:39:26 +0800] "GET /xingrg/all/function/internal_message.html?_=1584502764045&CODE_STATE=getMsg HTTP/1.1" 200 27
114.88.159.93 - - [18/Mar/2020:11:39:28 +0800] "GET /xingrg/all/function/internal_message.html?_=1584502490028&CODE_STATE=getMsg HTTP/1.1" 200 27
114.88.170.9 - - [18/Mar/2020:11:39:28 +0800] "GET /xingrg/all/function/internal_message.html?_=1584503058614&CODE_STATE=getMsg HTTP/1.1" 200 27
124.77.241.94 - - [18/Mar/2020:11:39:33 +0800] "GET /xingrg/all/function/internal_message.html?_=1584502780893&CODE_STATE=getMsg HTTP/1.1" 200 27
114.93.75.19 - - [18/Mar/2020:11:39:35 +0800] "GET /xingrg/index.html?timestamp=1557821620754&sysBaseUrl=http%3A%2F%2F117.131.15.22%3A18081%2Fxingrg%2F&costTime=12 HTTP/1.1" 200 17481
114.93.75.19 - - [18/Mar/2020:11:39:36 +0800] "POST /xingrg/all/common/load_tree.html?tree=area_rest_tree_json&manage=1 HTTP/1.1" 200 3079
114.93.75.19 - - [18/Mar/2020:11:39:36 +0800] "GET /xingrg/all/function/internal_message.html?_=1584502773863&CODE_STATE=count HTTP/1.1" 200 11
114.93.75.19 - - [18/Mar/2020:11:39:36 +0800] "GET /xingrg/check_reg.html?_=1584502773865 HTTP/1.1" 200 22
114.93.75.19 - - [18/Mar/2020:11:39:36 +0800] "GET /favicon.ico HTTP/1.1" 404 -
114.93.75.19 - - [18/Mar/2020:11:39:36 +0800] "POST /xingrg/load_menu.html HTTP/1.1" 200 9945
117.185.32.26 - - [18/Mar/2020:11:39:41 +0800] "GET /xingrg/all/function/internal_message.html?_=1584502779284&CODE_STATE=getMsg HTTP/1.1" 200 27
114.93.75.19 - - [18/Mar/2020:11:39:41 +0800] "GET /xingrg/kc/cost/cost_list.html HTTP/1.1" 200 6085
114.93.75.19 - - [18/Mar/2020:11:39:41 +0800] "GET /xingrg/dwr/util.js HTTP/1.1" 304 -
114.93.75.19 - - [18/Mar/2020:11:39:41 +0800] "GET /xingrg/dwr/interface/AjaxReportQueryService.js HTTP/1.1" 200 13203
114.93.75.19 - - [18/Mar/2020:11:39:41 +0800] "GET /xingrg/dwr/engine.js HTTP/1.1" 200 43631
114.93.75.19 - - [18/Mar/2020:11:39:42 +0800] "GET /xingrg/kc/cost/cost_operate.html?_=1584502779641&command=load_cost_list HTTP/1.1" 200 2598
180.152.227.200 - - [18/Mar/2020:11:39:44 +0800] "GET /xingrg/all/function/internal_message.html?_=1584502776371&CODE_STATE=getMsg HTTP/1.1" 200 27
180.152.227.200 - - [18/Mar/2020:11:39:44 +0800] "GET /xingrg/check_reg.html?_=1584502776376 HTTP/1.1" 200 22
58.40.7.146 - - [18/Mar/2020:11:39:44 +0800] "GET /xingrg/all/function/internal_message.html?_=1584502782535&CODE_STATE=getMsg HTTP/1.1" 200 27
114.93.75.19 - - [18/Mar/2020:11:39:47 +0800] "POST /xingrg/kc/cost/cost_operate.html HTTP/1.1" 200 4
114.93.75.19 - - [18/Mar/2020:11:39:48 +0800] "GET /xingrg/kc/cost/cost_operate.html?_=1584502786018&command=load_cost_list HTTP/1.1" 200 2400
114.93.75.19 - - [18/Mar/2020:11:39:50 +0800] "GET /xingrg/all/function/internal_message.html?_=1584502965583&CODE_STATE=getMsg HTTP/1.1" 200 27
117.185.32.26 - - [18/Mar/2020:11:39:51 +0800] "GET /xingrg/kc/buy/cgsh_order_operate.html?command=get_materiel&rest_code=00106&code=00101016100&supplier_code=00100329&order_time=2020-03-18 HTTP/1.1" 200 413
101.81.124.227 - - [18/Mar/2020:11:39:53 +0800] "GET /xingrg/all/function/internal_message.html?_=1584502790023&CODE_STATE=getMsg HTTP/1.1" 200 27
114.93.75.19 - - [18/Mar/2020:11:39:55 +0800] "POST /xingrg/kc/cost/cost_operate.html HTTP/1.1" 200 4
114.93.75.19 - - [18/Mar/2020:11:39:56 +0800] "GET /xingrg/kc/cost/cost_operate.html?_=1584502793752&command=load_cost_list HTTP/1.1" 200 2202
114.93.75.19 - - [18/Mar/2020:11:39:59 +0800] "GET /xingrg/kc/base/check_order_list.html HTTP/1.1" 200 16624
116.238.181.252 - - [18/Mar/2020:11:40:00 +0800] "GET /xingrg/all/function/internal_message.html?_=1584502801555&CODE_STATE=getMsg HTTP/1.1" 200 27
116.238.181.252 - - [18/Mar/2020:11:40:01 +0800] "GET /xingrg/check_reg.html?_=1584502802243 HTTP/1.1" 200 22
114.93.75.19 - - [18/Mar/2020:11:40:01 +0800] "POST /xingrg/kc/base/check_list_operate.html HTTP/1.1" 200 1557
58.40.7.146 - - [18/Mar/2020:11:40:04 +0800] "GET /xingrg/all/function/internal_message.html?_=1584502802018&CODE_STATE=getMsg HTTP/1.1" 200 27
117.185.32.26 - - [18/Mar/2020:11:40:06 +0800] "POST /xingrg/kc/buy/cgsh_order_operate.html HTTP/1.1" 200 37
117.185.32.26 - - [18/Mar/2020:11:40:06 +0800] "POST /xingrg/kc/buy/cgsh_order_operate.html HTTP/1.1" 200 2656
117.185.32.26 - - [18/Mar/2020:11:40:08 +0800] "GET /xingrg/kc/buy/cgsh_order_add.html HTTP/1.1" 200 57648
180.156.150.85 - - [18/Mar/2020:11:40:08 +0800] "GET /xingrg/all/function/internal_message.html?_=1584502807059&CODE_STATE=getMsg HTTP/1.1" 200 27
117.185.32.26 - - [18/Mar/2020:11:40:08 +0800] "POST /xingrg/kc/buy/cgsh_order_operate.html HTTP/1.1" 200 8245
117.185.32.26 - - [18/Mar/2020:11:40:08 +0800] "GET /xingrg/javascript/easyui/themes/default/validatebox.css HTTP/1.1" 404 1104
117.131.5.26 - - [18/Mar/2020:11:40:09 +0800] "GET /xingrg/all/function/internal_message.html?_=1584502823765&CODE_STATE=getMsg HTTP/1.1" 200 27
120.253.135.82 - - [18/Mar/2020:11:40:10 +0800] "GET /xingrg/all/function/internal_message.html?_=1584502930213&CODE_STATE=getMsg HTTP/1.1" 200 27
180.152.227.200 - - [18/Mar/2020:11:40:11 +0800] "GET /xingrg/check_reg.html?_=1584502982083 HTTP/1.1" 200 22
114.93.75.19 - - [18/Mar/2020:11:40:11 +0800] "POST /xingrg/kc/base/check_list_operate.html HTTP/1.1" 200 4929
180.152.227.200 - - [18/Mar/2020:11:40:12 +0800] "GET /xingrg/all/function/internal_message.html?_=1584502983528&CODE_STATE=getMsg HTTP/1.1" 200 27
114.93.75.19 - - [18/Mar/2020:11:40:12 +0800] "GET /xingrg/index.html?sysBaseUrl=http%3A%2F%2F117.131.15.22%3A18081%2Fxingrg%2F&costTime=41×tamp=1584238733840 HTTP/1.1" 302 -
114.93.75.19 - - [18/Mar/2020:11:40:12 +0800] "GET /xingrg/login.html HTTP/1.1" 200 7639
114.93.75.19 - - [18/Mar/2020:11:40:13 +0800] "GET /xingrg/images/blue/jxLogo.png HTTP/1.1" 200 6156
114.86.226.241 - - [18/Mar/2020:11:40:14 +0800] "GET /xingrg/all/function/internal_message.html?_=1584502850890&CODE_STATE=getMsg HTTP/1.1" 200 27
114.93.75.19 - - [18/Mar/2020:11:40:14 +0800] "GET /xingrg/images/blue/login_bg.png HTTP/1.1" 200 22101
114.93.75.19 - - [18/Mar/2020:11:40:14 +0800] "GET /xingrg/images/blue/srbg.png HTTP/1.1" 200 138
114.93.75.19 - - [18/Mar/2020:11:40:14 +0800] "GET /xingrg/images/blue/hj.png HTTP/1.1" 200 1014
114.93.75.19 - - [18/Mar/2020:11:40:14 +0800] "GET /xingrg/all/function/internal_message.html?_=1584502818324&CODE_STATE=getMsg HTTP/1.1" 200 27
114.93.75.19 - - [18/Mar/2020:11:40:14 +0800] "GET /favicon.ico HTTP/1.1" 404 -
117.185.32.26 - - [18/Mar/2020:11:40:15 +0800] "GET /xingrg/javascript/easyui/themes/default/tree.css HTTP/1.1" 404 1090
117.185.32.26 - - [18/Mar/2020:11:40:16 +0800] "POST /xingrg/all/common/load_tree.html?tree=supplier_tree_json&isDelete=1 HTTP/1.1" 200 46535
114.93.75.19 - - [18/Mar/2020:11:40:16 +0800] "POST /xingrg/kc/base/check_list_operate.html HTTP/1.1" 200 5795
180.157.252.250 - - [18/Mar/2020:11:40:26 +0800] "GET /xingrg/all/function/internal_message.html?_=1584502824043&CODE_STATE=getMsg HTTP/1.1" 200 27
114.88.159.93 - - [18/Mar/2020:11:40:28 +0800] "GET /xingrg/all/function/internal_message.html?_=1584502550028&CODE_STATE=getMsg HTTP/1.1" 200 27
114.88.170.9 - - [18/Mar/2020:11:40:28 +0800] "GET /xingrg/all/function/internal_message.html?_=1584503118592&CODE_STATE=getMsg HTTP/1.1" 200 27
124.77.241.94 - - [18/Mar/2020:11:40:33 +0800] "GET /xingrg/all/function/internal_message.html?_=1584502840907&CODE_STATE=getMsg HTTP/1.1" 200 27
114.93.75.19 - - [18/Mar/2020:11:40:34 +0800] "POST /xingrg/kc/base/check_list_operate.html HTTP/1.1" 200 4
114.93.75.19 - - [18/Mar/2020:11:40:36 +0800] "GET /xingrg/all/function/internal_message.html?_=1584502834467&CODE_STATE=getMsg HTTP/1.1" 200 27
114.93.75.19 - - [18/Mar/2020:11:40:36 +0800] "POST /xingrg/kc/base/check_list_operate.html HTTP/1.1" 200 5473
114.93.75.19 - - [18/Mar/2020:11:40:39 +0800] "GET /xingrg/kc/base/yddb_order_list.html HTTP/1.1" 200 16850
114.93.75.19 - - [18/Mar/2020:11:40:40 +0800] "POST /xingrg/kc/base/yddb_list_operate.html HTTP/1.1" 200 1217
117.185.32.26 - - [18/Mar/2020:11:40:41 +0800] "GET /xingrg/all/function/internal_message.html?_=1584502839298&CODE_STATE=getMsg HTTP/1.1" 200 27
117.185.32.26 - - [18/Mar/2020:11:40:41 +0800] "GET /xingrg/check_reg.html?_=1584502839302 HTTP/1.1" 200 22
114.93.75.19 - - [18/Mar/2020:11:40:42 +0800] "POST /xingrg/kc/base/yddb_list_operate.html HTTP/1.1" 200 4835
180.152.227.200 - - [18/Mar/2020:11:40:44 +0800] "GET /xingrg/all/function/internal_message.html?_=1584502836360&CODE_STATE=getMsg HTTP/1.1" 200 27
58.40.7.146 - - [18/Mar/2020:11:40:44 +0800] "GET /xingrg/all/function/internal_message.html?_=1584502842521&CODE_STATE=getMsg HTTP/1.1" 200 27
114.93.75.19 - - [18/Mar/2020:11:40:50 +0800] "GET /xingrg/all/function/internal_message.html?_=1584503025585&CODE_STATE=getMsg HTTP/1.1" 200 27
114.93.75.19 - - [18/Mar/2020:11:40:50 +0800] "GET /xingrg/check_reg.html?_=1584503025589 HTTP/1.1" 200 22
101.81.124.227 - - [18/Mar/2020:11:40:53 +0800] "GET /xingrg/all/function/internal_message.html?_=1584502850012&CODE_STATE=getMsg HTTP/1.1" 200 27
114.93.75.19 - - [18/Mar/2020:11:40:56 +0800] "POST /xingrg/kc/base/yddb_list_operate.html HTTP/1.1" 200 4835
116.238.181.252 - - [18/Mar/2020:11:41:00 +0800] "GET /xingrg/all/function/internal_message.html?_=1584502861527&CODE_STATE=getMsg HTTP/1.1" 200 27
114.93.75.19 - - [18/Mar/2020:11:41:00 +0800] "GET /xingrg/javascript/jquery_tools/images/prev.gif HTTP/1.1" 404 1086
114.93.75.19 - - [18/Mar/2020:11:41:00 +0800] "GET /xingrg/javascript/jquery_tools/images/next.gif HTTP/1.1" 404 1086
114.88.170.9 - - [18/Mar/2020:11:41:01 +0800] "GET /xingrg/check_reg.html?_=1584502858128 HTTP/1.1" 200 22
58.40.7.146 - - [18/Mar/2020:11:41:04 +0800] "GET /xingrg/all/function/internal_message.html?_=1584502862021&CODE_STATE=getMsg HTTP/1.1" 200 27
117.185.32.26 - - [18/Mar/2020:11:41:04 +0800] "GET /xingrg/kc/buy/cgsh_order_operate.html?command=get_materiel&rest_code=00106&code=00101002002&supplier_code=00100087&order_time=2020-03-18 HTTP/1.1" 200 418
114.93.75.19 - - [18/Mar/2020:11:41:07 +0800] "POST /xingrg/kc/base/yddb_list_operate.html HTTP/1.1" 200 2204
180.156.150.85 - - [18/Mar/2020:11:41:08 +0800] "GET /xingrg/all/function/internal_message.html?_=1584502867029&CODE_STATE=getMsg HTTP/1.1" 200 27
117.131.5.26 - - [18/Mar/2020:11:41:09 +0800] "GET /xingrg/all/function/internal_message.html?_=1584502883765&CODE_STATE=getMsg HTTP/1.1" 200 27
120.253.135.82 - - [18/Mar/2020:11:41:10 +0800] "GET /xingrg/all/function/internal_message.html?_=1584502990235&CODE_STATE=getMsg HTTP/1.1" 200 27
114.93.75.19 - - [18/Mar/2020:11:41:13 +0800] "GET /xingrg/kc/base/wlsy_order_list.html?syType=0 HTTP/1.1" 200 17613
114.93.75.19 - - [18/Mar/2020:11:41:13 +0800] "POST /xingrg/kc/base/wlsy_list_operate.html?syType=0 HTTP/1.1" 200 2031
114.86.226.241 - - [18/Mar/2020:11:41:14 +0800] "GET /xingrg/check_reg.html?_=1584502910890 HTTP/1.1" 200 22
114.86.226.241 - - [18/Mar/2020:11:41:14 +0800] "GET /xingrg/all/function/internal_message.html?_=1584502910890&CODE_STATE=getMsg HTTP/1.1" 200 27
114.93.75.19 - - [18/Mar/2020:11:41:14 +0800] "GET /xingrg/all/function/internal_message.html?_=1584502878332&CODE_STATE=getMsg HTTP/1.1" 200 27
114.93.75.19 - - [18/Mar/2020:11:41:16 +0800] "POST /xingrg/kc/base/wlsy_list_operate.html?syType=0 HTTP/1.1" 200 351
114.93.75.19 - - [18/Mar/2020:11:41:22 +0800] "GET /xingrg/kc/base/wlsy_order_info.html?code=412020031800123 HTTP/1.1" 200 28593
114.93.75.19 - - [18/Mar/2020:11:41:22 +0800] "GET /xingrg/javascript/convert.js HTTP/1.1" 304 -
114.93.75.19 - - [18/Mar/2020:11:41:22 +0800] "GET /xingrg/words/20200317135402_words.js HTTP/1.1" 200 716585
114.93.75.19 - - [18/Mar/2020:11:41:23 +0800] "GET /xingrg/all/common/auto_word.html?type=base&rest_code=00105 HTTP/1.1" 200 1603
114.93.75.19 - - [18/Mar/2020:11:41:23 +0800] "POST /xingrg/kc/base/wlsy_order_operate.html HTTP/1.1" 200 3050
114.93.75.19 - - [18/Mar/2020:11:41:23 +0800] "GET /xingrg/javascript/easyui/themes/default/validatebox.css HTTP/1.1" 404 1104
180.157.252.250 - - [18/Mar/2020:11:41:26 +0800] "GET /xingrg/all/function/internal_message.html?_=1584502884041&CODE_STATE=getMsg HTTP/1.1" 200 27
180.157.252.250 - - [18/Mar/2020:11:41:26 +0800] "GET /xingrg/check_reg.html?_=1584502884045 HTTP/1.1" 200 22
114.88.159.93 - - [18/Mar/2020:11:41:28 +0800] "GET /xingrg/all/function/internal_message.html?_=1584502610028&CODE_STATE=getMsg HTTP/1.1" 200 27
114.88.170.9 - - [18/Mar/2020:11:41:28 +0800] "GET /xingrg/all/function/internal_message.html?_=1584503178571&CODE_STATE=getMsg HTTP/1.1" 200 27
117.185.32.26 - - [18/Mar/2020:11:41:29 +0800] "POST /xingrg/kc/buy/cgsh_order_operate.html HTTP/1.1" 200 37
117.185.32.26 - - [18/Mar/2020:11:41:30 +0800] "POST /xingrg/kc/buy/cgsh_order_operate.html HTTP/1.1" 200 2666
124.77.241.94 - - [18/Mar/2020:11:41:33 +0800] "GET /xingrg/all/function/internal_message.html?_=1584502901491&CODE_STATE=getMsg HTTP/1.1" 200 27
114.93.75.19 - - [18/Mar/2020:11:41:35 +0800] "POST /xingrg/kc/base/wlsy_list_operate.html?syType=0 HTTP/1.1" 200 564
114.93.75.19 - - [18/Mar/2020:11:41:36 +0800] "GET /xingrg/all/function/internal_message.html?_=1584502894482&CODE_STATE=getMsg HTTP/1.1" 200 27
117.185.32.26 - - [18/Mar/2020:11:41:41 +0800] "GET /xingrg/all/function/internal_message.html?_=1584502899330&CODE_STATE=getMsg HTTP/1.1" 200 27
180.152.227.200 - - [18/Mar/2020:11:41:44 +0800] "GET /xingrg/all/function/internal_message.html?_=1584502896361&CODE_STATE=getMsg HTTP/1.1" 200 27
58.40.7.146 - - [18/Mar/2020:11:41:44 +0800] "GET /xingrg/all/function/internal_message.html?_=1584502902527&CODE_STATE=getMsg HTTP/1.1" 200 27
117.185.32.26 - - [18/Mar/2020:11:41:45 +0800] "GET /xingrg/kc/buy/cgsh_order_add.html HTTP/1.1" 200 57648
117.185.32.26 - - [18/Mar/2020:11:41:45 +0800] "GET /xingrg/javascript/easyui/themes/default/validatebox.css HTTP/1.1" 404 1104
117.185.32.26 - - [18/Mar/2020:11:41:45 +0800] "POST /xingrg/kc/buy/cgsh_order_operate.html HTTP/1.1" 200 8245
117.185.32.26 - - [18/Mar/2020:11:41:46 +0800] "GET /xingrg/javascript/easyui/themes/default/tree.css HTTP/1.1" 404 1090
117.185.32.26 - - [18/Mar/2020:11:41:46 +0800] "POST /xingrg/all/common/load_tree.html?tree=supplier_tree_json&isDelete=1 HTTP/1.1" 200 46535
114.93.75.19 - - [18/Mar/2020:11:41:50 +0800] "GET /xingrg/all/function/internal_message.html?_=1584503085591&CODE_STATE=getMsg HTTP/1.1" 200 27
101.81.124.227 - - [18/Mar/2020:11:41:53 +0800] "GET /xingrg/check_reg.html?_=1584502910017 HTTP/1.1" 200 22
101.81.124.227 - - [18/Mar/2020:11:41:53 +0800] "GET /xingrg/all/function/internal_message.html?_=1584502910019&CODE_STATE=getMsg HTTP/1.1" 200 27
117.185.32.26 - - [18/Mar/2020:11:41:59 +0800] "GET /xingrg/kc/buy/cgsh_order_operate.html?command=get_materiel&rest_code=00106&code=00101001174&supplier_code=00100314&order_time=2020-03-18 HTTP/1.1" 200 416
116.238.181.252 - - [18/Mar/2020:11:42:00 +0800] "GET /xingrg/all/function/internal_message.html?_=1584502921512&CODE_STATE=getMsg HTTP/1.1" 200 27
58.40.7.146 - - [18/Mar/2020:11:42:04 +0800] "GET /xingrg/all/function/internal_message.html?_=1584502922023&CODE_STATE=getMsg HTTP/1.1" 200 27
180.156.150.85 - - [18/Mar/2020:11:42:08 +0800] "GET /xingrg/all/function/internal_message.html?_=1584502927030&CODE_STATE=getMsg HTTP/1.1" 200 27
117.131.5.26 - - [18/Mar/2020:11:42:08 +0800] "GET /xingrg/check_reg.html?_=1584502943156 HTTP/1.1" 200 22
117.131.5.26 - - [18/Mar/2020:11:42:09 +0800] "GET /xingrg/all/function/internal_message.html?_=1584502943765&CODE_STATE=getMsg HTTP/1.1" 200 27
120.253.135.82 - - [18/Mar/2020:11:42:10 +0800] "GET /xingrg/all/function/internal_message.html?_=1584503050297&CODE_STATE=getMsg HTTP/1.1" 200 27
114.93.75.19 - - [18/Mar/2020:11:42:13 +0800] "GET /xingrg/check_reg.html?_=1584502936728 HTTP/1.1" 200 22
114.86.226.241 - - [18/Mar/2020:11:42:13 +0800] "GET /xingrg/all/function/internal_message.html?_=1584502970890&CODE_STATE=getMsg HTTP/1.1" 200 27
114.93.75.19 - - [18/Mar/2020:11:42:14 +0800] "GET /xingrg/all/function/internal_message.html?_=1584502938346&CODE_STATE=getMsg HTTP/1.1" 200 27
120.253.135.82 - - [18/Mar/2020:11:42:17 +0800] "GET /xingrg/check_reg.html?_=1584502679501 HTTP/1.1" 200 22
58.221.95.50 - - [18/Mar/2020:11:42:18 +0800] "GET /xingrg/check_reg.html?_=1584503284033 HTTP/1.1" 200 22
117.185.32.26 - - [18/Mar/2020:11:42:20 +0800] "GET /xingrg/kc/buy/cgsh_order_operate.html?command=get_materiel&rest_code=00106&code=00101010310&supplier_code=00100314&order_time=2020-03-18 HTTP/1.1" 200 423
180.157.252.250 - - [18/Mar/2020:11:42:26 +0800] "GET /xingrg/all/function/internal_message.html?_=1584502944045&CODE_STATE=getMsg HTTP/1.1" 200 27
117.185.32.26 - - [18/Mar/2020:11:42:27 +0800] "POST /xingrg/kc/buy/cgsh_order_operate.html HTTP/1.1" 200 37
114.88.159.93 - - [18/Mar/2020:11:42:28 +0800] "GET /xingrg/check_reg.html?_=1584502670027 HTTP/1.1" 200 22
114.88.159.93 - - [18/Mar/2020:11:42:28 +0800] "GET /xingrg/all/function/internal_message.html?_=1584502670029&CODE_STATE=getMsg HTTP/1.1" 200 27
114.88.170.9 - - [18/Mar/2020:11:42:28 +0800] "GET /xingrg/all/function/internal_message.html?_=1584503238544&CODE_STATE=getMsg HTTP/1.1" 200 27
117.185.32.26 - - [18/Mar/2020:11:42:28 +0800] "POST /xingrg/kc/buy/cgsh_order_operate.html HTTP/1.1" 200 3266
117.185.32.26 - - [18/Mar/2020:11:42:33 +0800] "POST /xingrg/kc/buy/cgsh_list_operate.html HTTP/1.1" 200 3196
124.77.241.94 - - [18/Mar/2020:11:42:33 +0800] "GET /xingrg/all/function/internal_message.html?_=1584502961498&CODE_STATE=getMsg HTTP/1.1" 200 27
117.185.32.26 - - [18/Mar/2020:11:42:36 +0800] "GET /xingrg/kc/buy/cgsh_order_add.html HTTP/1.1" 200 57648
117.185.32.26 - - [18/Mar/2020:11:42:36 +0800] "POST /xingrg/kc/buy/cgsh_order_operate.html HTTP/1.1" 200 8245
117.185.32.26 - - [18/Mar/2020:11:42:36 +0800] "GET /xingrg/javascript/easyui/themes/default/validatebox.css HTTP/1.1" 404 1104
114.93.75.19 - - [18/Mar/2020:11:42:36 +0800] "GET /xingrg/all/function/internal_message.html?_=1584502954468&CODE_STATE=getMsg HTTP/1.1" 200 27
180.157.252.250 - - [18/Mar/2020:11:42:38 +0800] "GET /xingrg/check_reg.html?_=1584502948980 HTTP/1.1" 302 -
117.185.32.26 - - [18/Mar/2020:11:42:41 +0800] "GET /xingrg/all/function/internal_message.html?_=1584502959331&CODE_STATE=getMsg HTTP/1.1" 200 27
180.152.227.200 - - [18/Mar/2020:11:42:44 +0800] "GET /xingrg/all/function/internal_message.html?_=1584502956360&CODE_STATE=getMsg HTTP/1.1" 200 27
58.40.7.146 - - [18/Mar/2020:11:42:44 +0800] "GET /xingrg/all/function/internal_message.html?_=1584502962531&CODE_STATE=getMsg HTTP/1.1" 200 27
58.40.7.146 - - [18/Mar/2020:11:42:44 +0800] "GET /xingrg/check_reg.html?_=1584502962533 HTTP/1.1" 200 22
117.185.32.26 - - [18/Mar/2020:11:42:47 +0800] "GET /xingrg/javascript/easyui/themes/default/tree.css HTTP/1.1" 404 1090
117.185.32.26 - - [18/Mar/2020:11:42:47 +0800] "POST /xingrg/all/common/load_tree.html?tree=supplier_tree_json&isDelete=1 HTTP/1.1" 200 46535
114.93.75.19 - - [18/Mar/2020:11:42:50 +0800] "GET /xingrg/all/function/internal_message.html?_=1584503145593&CODE_STATE=getMsg HTTP/1.1" 200 27
101.81.124.227 - - [18/Mar/2020:11:42:53 +0800] "GET /xingrg/all/function/internal_message.html?_=1584502970010&CODE_STATE=getMsg HTTP/1.1" 200 27
116.238.181.252 - - [18/Mar/2020:11:43:00 +0800] "GET /xingrg/all/function/internal_message.html?_=1584502981482&CODE_STATE=getMsg HTTP/1.1" 200 27
58.40.7.146 - - [18/Mar/2020:11:43:04 +0800] "GET /xingrg/all/function/internal_message.html?_=1584502982011&CODE_STATE=getMsg HTTP/1.1" 200 27
114.88.170.9 - - [18/Mar/2020:11:43:06 +0800] "GET /xingrg/check_reg.html?_=1584503276583 HTTP/1.1" 200 22
180.156.150.85 - - [18/Mar/2020:11:43:07 +0800] "POST /xingrg/kc/base/wlsy_order_operate.html HTTP/1.1" 200 12
180.156.150.85 - - [18/Mar/2020:11:43:08 +0800] "GET /xingrg/all/function/internal_message.html?_=1584502987024&CODE_STATE=getMsg HTTP/1.1" 200 27
117.131.5.26 - - [18/Mar/2020:11:43:09 +0800] "GET /xingrg/all/function/internal_message.html?_=1584503003765&CODE_STATE=getMsg HTTP/1.1" 200 27
180.156.150.85 - - [18/Mar/2020:11:43:09 +0800] "POST /xingrg/kc/base/wlsy_list_operate.html?syType=0 HTTP/1.1" 200 1672
120.253.135.82 - - [18/Mar/2020:11:43:10 +0800] "GET /xingrg/all/function/internal_message.html?_=1584503110299&CODE_STATE=getMsg HTTP/1.1" 200 27
114.86.226.241 - - [18/Mar/2020:11:43:13 +0800] "GET /xingrg/all/function/internal_message.html?_=1584503030890&CODE_STATE=getMsg HTTP/1.1" 200 27
117.185.32.26 - - [18/Mar/2020:11:43:14 +0800] "GET /xingrg/kc/buy/cgsh_order_operate.html?command=get_materiel&rest_code=00106&code=00101001099&supplier_code=00100323&order_time=2020-03-18 HTTP/1.1" 200 411
114.93.75.19 - - [18/Mar/2020:11:43:14 +0800] "GET /xingrg/all/function/internal_message.html?_=1584502998359&CODE_STATE=getMsg HTTP/1.1" 200 27
180.156.150.85 - - [18/Mar/2020:11:43:24 +0800] "GET /xingrg/kc/base/wlsy_order_add.html?syType=0 HTTP/1.1" 200 28497
117.185.32.26 - - [18/Mar/2020:11:43:25 +0800] "GET /xingrg/kc/buy/cgsh_order_operate.html?command=get_materiel&rest_code=00106&code=00101001049&supplier_code=00100323&order_time=2020-03-18 HTTP/1.1" 200 415
180.156.150.85 - - [18/Mar/2020:11:43:25 +0800] "POST /xingrg/kc/base/wlsy_order_operate.html HTTP/1.1" 200 6806
180.156.150.85 - - [18/Mar/2020:11:43:25 +0800] "GET /xingrg/javascript/easyui/themes/default/validatebox.css HTTP/1.1" 404 1104
180.157.252.250 - - [18/Mar/2020:11:43:26 +0800] "GET /xingrg/all/function/internal_message.html?_=1584503004042&CODE_STATE=getMsg HTTP/1.1" 200 27
114.88.159.93 - - [18/Mar/2020:11:43:28 +0800] "GET /xingrg/all/function/internal_message.html?_=1584502730027&CODE_STATE=getMsg HTTP/1.1" 200 27
114.88.170.9 - - [18/Mar/2020:11:43:28 +0800] "GET /xingrg/all/function/internal_message.html?_=1584503298515&CODE_STATE=getMsg HTTP/1.1" 200 27
124.77.241.94 - - [18/Mar/2020:11:43:34 +0800] "GET /xingrg/all/function/internal_message.html?_=1584503022084&CODE_STATE=getMsg HTTP/1.1" 200 27
114.93.75.19 - - [18/Mar/2020:11:43:36 +0800] "GET /xingrg/all/function/internal_message.html?_=1584503014452&CODE_STATE=getMsg HTTP/1.1" 200 27
180.156.150.85 - - [18/Mar/2020:11:43:37 +0800] "GET /xingrg/javascript/easyui/themes/default/tree.css HTTP/1.1" 404 1090
180.156.150.85 - - [18/Mar/2020:11:43:37 +0800] "POST /xingrg/all/common/load_tree.html?tree=employee_tree_json HTTP/1.1" 200 22513
117.185.32.26 - - [18/Mar/2020:11:43:41 +0800] "GET /xingrg/all/function/internal_message.html?_=1584503019296&CODE_STATE=getMsg HTTP/1.1" 200 27
180.152.227.200 - - [18/Mar/2020:11:43:44 +0800] "GET /xingrg/all/function/internal_message.html?_=1584503016361&CODE_STATE=getMsg HTTP/1.1" 200 27
58.40.7.146 - - [18/Mar/2020:11:43:44 +0800] "GET /xingrg/all/function/internal_message.html?_=1584503022536&CODE_STATE=getMsg HTTP/1.1" 200 27
114.93.75.19 - - [18/Mar/2020:11:43:50 +0800] "GET /xingrg/all/function/internal_message.html?_=1584503205620&CODE_STATE=getMsg HTTP/1.1" 200 27
101.81.124.227 - - [18/Mar/2020:11:43:53 +0800] "GET /xingrg/all/function/internal_message.html?_=1584503030015&CODE_STATE=getMsg HTTP/1.1" 200 27
180.156.150.85 - - [18/Mar/2020:11:43:54 +0800] "GET /xingrg/kc/base/wlsy_order_operate.html?command=get_materiel&rest_code=00105&base_code=0010514&code=00101008302 HTTP/1.1" 200 415
117.185.32.26 - - [18/Mar/2020:11:43:55 +0800] "GET /xingrg/kc/buy/cgsh_order_operate.html?command=get_materiel&rest_code=00106&code=00101001073&supplier_code=00100323&order_time=2020-03-18 HTTP/1.1" 200 419
116.238.181.252 - - [18/Mar/2020:11:44:00 +0800] "GET /xingrg/all/function/internal_message.html?_=1584503041492&CODE_STATE=getMsg HTTP/1.1" 200 27
180.156.150.85 - - [18/Mar/2020:11:44:00 +0800] "GET /xingrg/kc/base/wlsy_order_operate.html?command=get_materiel&rest_code=00105&base_code=0010514&code=00101008027 HTTP/1.1" 200 427
58.40.7.146 - - [18/Mar/2020:11:44:04 +0800] "GET /xingrg/all/function/internal_message.html?_=1584503042013&CODE_STATE=getMsg HTTP/1.1" 200 27
58.40.7.146 - - [18/Mar/2020:11:44:04 +0800] "GET /xingrg/check_reg.html?_=1584503042014 HTTP/1.1" 200 22
180.156.150.85 - - [18/Mar/2020:11:44:08 +0800] "GET /xingrg/all/function/internal_message.html?_=1584503047027&CODE_STATE=getMsg HTTP/1.1" 200 27
180.156.150.85 - - [18/Mar/2020:11:44:08 +0800] "GET /xingrg/check_reg.html?_=1584503047031 HTTP/1.1" 200 22
180.156.150.85 - - [18/Mar/2020:11:44:09 +0800] "GET /xingrg/kc/base/wlsy_order_operate.html?command=get_materiel&rest_code=00105&base_code=0010514&code=00101008350 HTTP/1.1" 200 426
117.131.5.26 - - [18/Mar/2020:11:44:09 +0800] "GET /xingrg/all/function/internal_message.html?_=1584503063765&CODE_STATE=getMsg HTTP/1.1" 200 27
120.253.135.82 - - [18/Mar/2020:11:44:09 +0800] "GET /xingrg/check_reg.html?_=1584503169158 HTTP/1.1" 200 22
120.253.135.82 - - [18/Mar/2020:11:44:10 +0800] "GET /xingrg/all/function/internal_message.html?_=1584503170313&CODE_STATE=getMsg HTTP/1.1" 200 27
114.86.226.241 - - [18/Mar/2020:11:44:13 +0800] "GET /xingrg/all/function/internal_message.html?_=1584503090890&CODE_STATE=getMsg HTTP/1.1" 200 27
114.93.75.19 - - [18/Mar/2020:11:44:14 +0800] "GET /xingrg/all/function/internal_message.html?_=1584503058373&CODE_STATE=getMsg HTTP/1.1" 200 27
180.156.150.85 - - [18/Mar/2020:11:44:18 +0800] "GET /xingrg/kc/base/wlsy_order_operate.html?command=get_materiel&rest_code=00105&base_code=0010514&code=00101008244 HTTP/1.1" 200 426
124.77.241.94 - - [18/Mar/2020:11:44:20 +0800] "GET /xingrg/check_reg.html?_=1584503068563 HTTP/1.1" 200 22
180.156.150.85 - - [18/Mar/2020:11:44:24 +0800] "GET /xingrg/kc/base/wlsy_order_operate.html?command=get_materiel&rest_code=00105&base_code=0010514&code=00101008354 HTTP/1.1" 200 430
180.157.252.250 - - [18/Mar/2020:11:44:26 +0800] "GET /xingrg/all/function/internal_message.html?_=1584503064041&CODE_STATE=getMsg HTTP/1.1" 200 27
117.185.32.26 - - [18/Mar/2020:11:44:26 +0800] "GET /xingrg/kc/buy/cgsh_order_operate.html?command=get_materiel&rest_code=00106&code=00101010124&supplier_code=00100323&order_time=2020-03-18 HTTP/1.1" 200 417
114.88.159.93 - - [18/Mar/2020:11:44:28 +0800] "GET /xingrg/all/function/internal_message.html?_=1584502790027&CODE_STATE=getMsg HTTP/1.1" 200 27
114.88.170.9 - - [18/Mar/2020:11:44:28 +0800] "GET /xingrg/all/function/internal_message.html?_=1584503358487&CODE_STATE=getMsg HTTP/1.1" 200 27
180.156.150.85 - - [18/Mar/2020:11:44:32 +0800] "GET /xingrg/kc/base/wlsy_order_operate.html?command=get_materiel&rest_code=00105&base_code=0010514&code=00101008085 HTTP/1.1" 200 431
124.77.241.94 - - [18/Mar/2020:11:44:34 +0800] "GET /xingrg/all/function/internal_message.html?_=1584503082084&CODE_STATE=getMsg HTTP/1.1" 200 27
114.93.75.19 - - [18/Mar/2020:11:44:36 +0800] "GET /xingrg/check_reg.html?_=1584503073874 HTTP/1.1" 200 22
114.93.75.19 - - [18/Mar/2020:11:44:36 +0800] "GET /xingrg/all/function/internal_message.html?_=1584503074437&CODE_STATE=getMsg HTTP/1.1" 200 27
180.156.150.85 - - [18/Mar/2020:11:44:37 +0800] "GET /xingrg/kc/base/wlsy_order_operate.html?command=get_materiel&rest_code=00105&base_code=0010514&code=00101008096 HTTP/1.1" 200 430
117.185.32.26 - - [18/Mar/2020:11:44:41 +0800] "GET /xingrg/all/function/internal_message.html?_=1584503079351&CODE_STATE=getMsg HTTP/1.1" 200 27
180.152.227.200 - - [18/Mar/2020:11:44:44 +0800] "GET /xingrg/all/function/internal_message.html?_=1584503076359&CODE_STATE=getMsg HTTP/1.1" 200 27
180.152.227.200 - - [18/Mar/2020:11:44:44 +0800] "GET /xingrg/check_reg.html?_=1584503076362 HTTP/1.1" 200 22
58.40.7.146 - - [18/Mar/2020:11:44:44 +0800] "GET /xingrg/all/function/internal_message.html?_=1584503082523&CODE_STATE=getMsg HTTP/1.1" 200 27
180.156.150.85 - - [18/Mar/2020:11:44:45 +0800] "GET /xingrg/kc/base/wlsy_order_operate.html?command=get_materiel&rest_code=00105&base_code=0010514&code=00101008358 HTTP/1.1" 200 430
117.185.32.26 - - [18/Mar/2020:11:44:46 +0800] "POST /xingrg/kc/buy/cgsh_order_operate.html HTTP/1.1" 200 37
117.185.32.26 - - [18/Mar/2020:11:44:47 +0800] "POST /xingrg/kc/buy/cgsh_order_operate.html HTTP/1.1" 200 3253
117.185.32.26 - - [18/Mar/2020:11:44:48 +0800] "GET /xingrg/kc/buy/cgsh_order_add.html HTTP/1.1" 200 57648
117.185.32.26 - - [18/Mar/2020:11:44:48 +0800] "GET /xingrg/javascript/easyui/themes/default/validatebox.css HTTP/1.1" 404 1104
117.185.32.26 - - [18/Mar/2020:11:44:48 +0800] "POST /xingrg/kc/buy/cgsh_order_operate.html HTTP/1.1" 200 8245
114.93.75.19 - - [18/Mar/2020:11:44:50 +0800] "GET /xingrg/all/function/internal_message.html?_=1584503265608&CODE_STATE=getMsg HTTP/1.1" 200 27
101.81.124.227 - - [18/Mar/2020:11:44:53 +0800] "GET /xingrg/all/function/internal_message.html?_=1584503090003&CODE_STATE=getMsg HTTP/1.1" 200 27
114.93.75.19 - - [18/Mar/2020:11:44:54 +0800] "GET /xingrg/index.html?sysBaseUrl=http%3A%2F%2F117.131.15.22%3A18081%2Fxingrg%2F&costTime=9×tamp=1566966247029 HTTP/1.1" 302 -
114.93.75.19 - - [18/Mar/2020:11:44:54 +0800] "GET /xingrg/login.html HTTP/1.1" 200 7639
180.156.150.85 - - [18/Mar/2020:11:44:55 +0800] "GET /xingrg/kc/base/wlsy_order_operate.html?command=get_materiel&rest_code=00105&base_code=0010514&code=00101008088 HTTP/1.1" 200 427
114.93.75.19 - - [18/Mar/2020:11:44:56 +0800] "GET /xingrg/images/blue/login_bg.png HTTP/1.1" 304 -
114.93.75.19 - - [18/Mar/2020:11:44:56 +0800] "GET /xingrg/images/blue/hj.png HTTP/1.1" 304 -
114.93.75.19 - - [18/Mar/2020:11:44:56 +0800] "GET /xingrg/images/blue/srbg.png HTTP/1.1" 304 -
114.86.226.241 - - [18/Mar/2020:11:44:56 +0800] "POST /xingrg/kc/mdqp/pssh_list_operate.html HTTP/1.1" 200 261
114.93.75.19 - - [18/Mar/2020:11:44:56 +0800] "GET /favicon.ico HTTP/1.1" 404 -
114.93.75.19 - - [18/Mar/2020:11:44:57 +0800] "POST /xingrg/login.do HTTP/1.1" 302 -
114.93.75.19 - - [18/Mar/2020:11:44:58 +0800] "GET /xingrg/index.html?sysBaseUrl=http%3A%2F%2F117.131.15.22%3A18081%2Fxingrg%2F&costTime=40×tamp=1584503097984 HTTP/1.1" 200 17481
114.86.226.241 - - [18/Mar/2020:11:44:58 +0800] "GET /xingrg/javascript/jquery_tools/jquery-1.4.2.min.js HTTP/1.1" 404 1094
114.86.226.241 - - [18/Mar/2020:11:44:58 +0800] "GET /xingrg/javascript/convert.js HTTP/1.1" 200 1239
114.86.226.241 - - [18/Mar/2020:11:44:58 +0800] "GET /xingrg/javascript/jquery_tools/order_manager.js HTTP/1.1" 200 11183
114.86.226.241 - - [18/Mar/2020:11:44:58 +0800] "GET /xingrg/javascript/json2.js HTTP/1.1" 200 11259
114.93.75.19 - - [18/Mar/2020:11:44:58 +0800] "GET /favicon.ico HTTP/1.1" 404 -
114.86.226.241 - - [18/Mar/2020:11:44:58 +0800] "GET /xingrg/javascript/easyui/themes/icons/cance_new.png HTTP/1.1" 200 3986
114.86.226.241 - - [18/Mar/2020:11:44:58 +0800] "GET /xingrg/javascript/easyui/themes/icons/ok.png HTTP/1.1" 200 883
114.86.226.241 - - [18/Mar/2020:11:44:58 +0800] "GET /xingrg/javascript/easyui/themes/icons/check_new.png HTTP/1.1" 200 3224
114.86.226.241 - - [18/Mar/2020:11:44:58 +0800] "GET /xingrg/javascript/easyui/themes/icons/print.png HTTP/1.1" 200 1057
114.86.226.241 - - [18/Mar/2020:11:44:58 +0800] "GET /xingrg/javascript/easyui/themes/default/images/menu_downarrow.png HTTP/1.1" 200 173
114.86.226.241 - - [18/Mar/2020:11:44:58 +0800] "GET /xingrg/javascript/easyui/themes/icons/back_new.png HTTP/1.1" 200 3414
114.93.75.19 - - [18/Mar/2020:11:44:58 +0800] "POST /xingrg/all/common/load_tree.html?tree=area_rest_tree_json&manage=1 HTTP/1.1" 200 3079
114.86.226.241 - - [18/Mar/2020:11:44:58 +0800] "GET /xingrg/kc/mdqp/pssh_order_info.html?code=312020031700070 HTTP/1.1" 200 17258
114.93.75.19 - - [18/Mar/2020:11:44:58 +0800] "GET /xingrg/all/function/internal_message.html?_=1584503096538&CODE_STATE=count HTTP/1.1" 200 11
114.93.75.19 - - [18/Mar/2020:11:44:58 +0800] "GET /xingrg/check_reg.html?_=1584503096539 HTTP/1.1" 200 22
114.93.75.19 - - [18/Mar/2020:11:44:59 +0800] "POST /xingrg/load_menu.html HTTP/1.1" 200 11429
114.86.226.241 - - [18/Mar/2020:11:44:59 +0800] "POST /xingrg/kc/mdqp/pssh_order_operate.html HTTP/1.1" 200 528
114.86.226.241 - - [18/Mar/2020:11:44:59 +0800] "GET /xingrg/all/common/auto_word.html?type=base&rest_code=00109&rest_code=00109 HTTP/1.1" 200 1595
114.93.75.19 - - [18/Mar/2020:11:44:59 +0800] "GET /xingrg/javascript/jquery_easy_ui/themes/default/images/tree_arrows.gif HTTP/1.1" 304 -
114.93.75.19 - - [18/Mar/2020:11:44:59 +0800] "GET /xingrg/javascript/jquery_easy_ui/themes/default/images/tree_folder_open.gif HTTP/1.1" 304 -
114.93.75.19 - - [18/Mar/2020:11:44:59 +0800] "GET /xingrg/javascript/jquery_easy_ui/themes/icons/search_new.png HTTP/1.1" 304 -
114.86.226.241 - - [18/Mar/2020:11:44:59 +0800] "GET /xingrg/all/common/auto_word.html?type=employee&rest_code=00109 HTTP/1.1" 200 255
114.86.226.241 - - [18/Mar/2020:11:44:59 +0800] "GET /xingrg/javascript/easyui/themes/default/validatebox.css HTTP/1.1" 404 1104
114.86.226.241 - - [18/Mar/2020:11:44:59 +0800] "GET /xingrg/javascript/easyui/plugins/jquery.validatebox.js HTTP/1.1" 200 6103
114.93.75.19 - - [18/Mar/2020:11:44:59 +0800] "GET /xingrg/javascript/jquery_easy_ui/themes/icons/delivery_new.png HTTP/1.1" 304 -
114.93.75.19 - - [18/Mar/2020:11:44:59 +0800] "GET /xingrg/javascript/jquery_easy_ui/themes/icons/storage_new.png HTTP/1.1" 304 -
114.93.75.19 - - [18/Mar/2020:11:44:59 +0800] "GET /xingrg/javascript/jquery_easy_ui/themes/icons/checkout_new.png HTTP/1.1" 304 -
114.93.75.19 - - [18/Mar/2020:11:44:59 +0800] "GET /xingrg/javascript/jquery_easy_ui/themes/icons/forms_new.png HTTP/1.1" 304 -
114.93.75.19 - - [18/Mar/2020:11:44:59 +0800] "GET /xingrg/javascript/jquery_easy_ui/themes/icons/setting_new.png HTTP/1.1" 304 -
114.93.75.19 - - [18/Mar/2020:11:44:59 +0800] "GET /xingrg/javascript/jquery_easy_ui/themes/icons/systemset_new.png HTTP/1.1" 304 -
114.93.75.19 - - [18/Mar/2020:11:44:59 +0800] "GET /xingrg/javascript/jquery_easy_ui/themes/default/images/tree_file.gif HTTP/1.1" 304 -
114.93.75.19 - - [18/Mar/2020:11:44:59 +0800] "GET /xingrg/javascript/jquery_easy_ui/themes/default/images/tree_folder.gif HTTP/1.1" 304 -
114.86.226.241 - - [18/Mar/2020:11:44:59 +0800] "GET /xingrg/javascript/easyui/plugins/jquery.numberbox.js HTTP/1.1" 200 5213
116.238.181.252 - - [18/Mar/2020:11:45:00 +0800] "GET /xingrg/all/function/internal_message.html?_=1584503101479&CODE_STATE=getMsg HTTP/1.1" 200 27
116.238.181.252 - - [18/Mar/2020:11:45:01 +0800] "GET /xingrg/check_reg.html?_=1584503102264 HTTP/1.1" 200 22
180.156.150.85 - - [18/Mar/2020:11:45:02 +0800] "GET /xingrg/kc/base/wlsy_order_operate.html?command=get_materiel&rest_code=00105&base_code=0010514&code=00101008224 HTTP/1.1" 200 434
58.40.7.146 - - [18/Mar/2020:11:45:04 +0800] "GET /xingrg/all/function/internal_message.html?_=1584503102018&CODE_STATE=getMsg HTTP/1.1" 200 27
114.93.75.19 - - [18/Mar/2020:11:45:04 +0800] "GET /xingrg/javascript/jquery_easy_ui/themes/icons/area.png HTTP/1.1" 304 -
114.93.75.19 - - [18/Mar/2020:11:45:04 +0800] "GET /xingrg/javascript/jquery_easy_ui/themes/icons/manage.png HTTP/1.1" 304 -
114.93.75.19 - - [18/Mar/2020:11:45:04 +0800] "GET /xingrg/javascript/jquery_easy_ui/themes/icons/rest.png HTTP/1.1" 304 -
114.93.75.19 - - [18/Mar/2020:11:45:04 +0800] "GET /xingrg/javascript/jquery_easy_ui/themes/default/images/button_a_bg.gif HTTP/1.1" 304 -
114.93.75.19 - - [18/Mar/2020:11:45:04 +0800] "GET /xingrg/javascript/jquery_easy_ui/themes/default/images/button_span_bg.gif HTTP/1.1" 304 -
114.93.75.19 - - [18/Mar/2020:11:45:04 +0800] "GET /xingrg/javascript/jquery_easy_ui/themes/icons/ok.png HTTP/1.1" 304 -
114.93.75.19 - - [18/Mar/2020:11:45:04 +0800] "GET /xingrg/javascript/jquery_easy_ui/themes/default/images/panel_title.png HTTP/1.1" 304 -
114.93.75.19 - - [18/Mar/2020:11:45:04 +0800] "GET /xingrg/javascript/jquery_easy_ui/themes/default/images/panel_tools.gif HTTP/1.1" 304 -
114.86.226.241 - - [18/Mar/2020:11:45:05 +0800] "GET /xingrg/javascript/jquery_easy_ui/themes/default/images/tabs_active.png HTTP/1.1" 200 2894
114.86.226.241 - - [18/Mar/2020:11:45:06 +0800] "GET /xingrg/kc/buy/buy_main.html HTTP/1.1" 200 12398
114.86.226.241 - - [18/Mar/2020:11:45:06 +0800] "GET /xingrg/css/new_ie.css HTTP/1.1" 404 1036
114.86.226.241 - - [18/Mar/2020:11:45:06 +0800] "GET /xingrg/images/blue/button/cgydd.gif HTTP/1.1" 200 2712
114.86.226.241 - - [18/Mar/2020:11:45:06 +0800] "GET /xingrg/images/blue/button/cgshd.gif HTTP/1.1" 200 2618
114.86.226.241 - - [18/Mar/2020:11:45:06 +0800] "GET /xingrg/images/blue/button/cgfkd.gif HTTP/1.1" 200 2075
114.86.226.241 - - [18/Mar/2020:11:45:06 +0800] "GET /xingrg/images/blue/button/ckthd.gif HTTP/1.1" 200 2045
114.86.226.241 - - [18/Mar/2020:11:45:07 +0800] "GET /xingrg/images/yd/bt.gif HTTP/1.1" 404 1040
114.93.75.19 - - [18/Mar/2020:11:45:07 +0800] "GET /xingrg/images/control/ajaxLoader.gif HTTP/1.1" 304 -
114.93.75.19 - - [18/Mar/2020:11:45:07 +0800] "POST /xingrg/all/user/operate.html HTTP/1.1" 200 36
114.93.75.19 - - [18/Mar/2020:11:45:07 +0800] "GET /xingrg/index.html?sysBaseUrl=http%3A%2F%2F117.131.15.22%3A18081%2Fxingrg%2F&costTime=40×tamp=1584503097984 HTTP/1.1" 200 17487
114.93.75.19 - - [18/Mar/2020:11:45:07 +0800] "GET /xingrg/javascript/jquery_easy_ui/themes/default/easyui.css HTTP/1.1" 304 -
114.93.75.19 - - [18/Mar/2020:11:45:07 +0800] "GET /xingrg/javascript/jquery_easy_ui/themes/icon.css HTTP/1.1" 304 -
114.93.75.19 - - [18/Mar/2020:11:45:07 +0800] "GET /xingrg/css/form.css HTTP/1.1" 304 -
114.93.75.19 - - [18/Mar/2020:11:45:07 +0800] "GET /xingrg/javascript/jquery-1.4.2.min.js HTTP/1.1" 304 -
114.86.226.241 - - [18/Mar/2020:11:45:07 +0800] "GET /xingrg/kc/buy/cgsh_order_list.html HTTP/1.1" 200 42034
114.93.75.19 - - [18/Mar/2020:11:45:07 +0800] "GET /xingrg/javascript/jquery_easy_ui/jquery.easyui.min.js HTTP/1.1" 304 -
114.93.75.19 - - [18/Mar/2020:11:45:07 +0800] "GET /xingrg/javascript/jquery_easy_ui/easyui-lang-zh_CN.js HTTP/1.1" 304 -
114.93.75.19 - - [18/Mar/2020:11:45:07 +0800] "GET /xingrg/javascript/jquery.form.js HTTP/1.1" 304 -
114.93.75.19 - - [18/Mar/2020:11:45:07 +0800] "GET /xingrg/javascript/jquery.utils.js HTTP/1.1" 304 -
114.93.75.19 - - [18/Mar/2020:11:45:07 +0800] "GET /xingrg/javascript/jquery.timers.js HTTP/1.1" 304 -
114.93.75.19 - - [18/Mar/2020:11:45:07 +0800] "GET /xingrg/images/blue/jxLogo.png HTTP/1.1" 304 -
114.93.75.19 - - [18/Mar/2020:11:45:07 +0800] "GET /xingrg/images/blue/navBackgound.jpg HTTP/1.1" 304 -
114.93.75.19 - - [18/Mar/2020:11:45:07 +0800] "GET /xingrg/javascript/jquery_easy_ui/themes/icons/settle_new.png HTTP/1.1" 304 -
114.93.75.19 - - [18/Mar/2020:11:45:07 +0800] "POST /xingrg/all/common/load_tree.html?tree=area_rest_tree_json&manage=1 HTTP/1.1" 200 3079
114.86.226.241 - - [18/Mar/2020:11:45:07 +0800] "GET /xingrg/javascript/easyui/themes/icons/edit_add_new.png HTTP/1.1" 200 2997
114.86.226.241 - - [18/Mar/2020:11:45:07 +0800] "GET /xingrg/javascript/easyui/themes/icons/import_new.png HTTP/1.1" 200 1247
114.93.75.19 - - [18/Mar/2020:11:45:07 +0800] "GET /xingrg/all/function/internal_message.html?_=1584503105411&CODE_STATE=count HTTP/1.1" 200 11
114.93.75.19 - - [18/Mar/2020:11:45:07 +0800] "GET /xingrg/check_reg.html?_=1584503105413 HTTP/1.1" 200 22
114.93.75.19 - - [18/Mar/2020:11:45:07 +0800] "GET /xingrg/javascript/jquery_easy_ui/themes/default/images/panel_tool_expand.gif HTTP/1.1" 304 -
114.93.75.19 - - [18/Mar/2020:11:45:07 +0800] "GET /xingrg/javascript/jquery_easy_ui/themes/default/images/tabs_rightarrow.png HTTP/1.1" 304 -
114.93.75.19 - - [18/Mar/2020:11:45:07 +0800] "GET /xingrg/javascript/jquery_easy_ui/themes/default/images/panel_tool_collapse.gif HTTP/1.1" 304 -
114.93.75.19 - - [18/Mar/2020:11:45:07 +0800] "GET /xingrg/javascript/jquery_easy_ui/themes/default/images/tabs_leftarrow.png HTTP/1.1" 304 -
114.93.75.19 - - [18/Mar/2020:11:45:07 +0800] "GET /xingrg/images/blue/pingpu.png HTTP/1.1" 304 -
114.93.75.19 - - [18/Mar/2020:11:45:07 +0800] "POST /xingrg/load_menu.html HTTP/1.1" 200 9945
180.156.150.85 - - [18/Mar/2020:11:45:08 +0800] "GET /xingrg/all/function/internal_message.html?_=1584503107039&CODE_STATE=getMsg HTTP/1.1" 200 27
114.86.226.241 - - [18/Mar/2020:11:45:08 +0800] "POST /xingrg/kc/buy/cgsh_list_operate.html HTTP/1.1" 200 1680
180.156.150.85 - - [18/Mar/2020:11:45:08 +0800] "GET /xingrg/kc/base/wlsy_order_operate.html?command=get_materiel&rest_code=00105&base_code=0010514&code=00101008361 HTTP/1.1" 200 426
117.185.32.26 - - [18/Mar/2020:11:45:08 +0800] "GET /xingrg/javascript/easyui/themes/default/tree.css HTTP/1.1" 404 1090
117.185.32.26 - - [18/Mar/2020:11:45:08 +0800] "POST /xingrg/all/common/load_tree.html?tree=supplier_tree_json&isDelete=1 HTTP/1.1" 200 46535
117.131.5.26 - - [18/Mar/2020:11:45:09 +0800] "GET /xingrg/all/function/internal_message.html?_=1584503123781&CODE_STATE=getMsg HTTP/1.1" 200 27
114.93.75.19 - - [18/Mar/2020:11:45:10 +0800] "GET /xingrg/kc/report/report_main.html HTTP/1.1" 200 7337
114.93.75.19 - - [18/Mar/2020:11:45:10 +0800] "GET /xingrg/javascript/jquery_easy_ui/themes/default/images/tabs_close.gif HTTP/1.1" 304 -
114.93.75.19 - - [18/Mar/2020:11:45:10 +0800] "GET /xingrg/css/blue.css HTTP/1.1" 304 -
114.93.75.19 - - [18/Mar/2020:11:45:10 +0800] "GET /xingrg/javascript/jquery_ui/themes/humanity/humanity.css HTTP/1.1" 304 -
114.93.75.19 - - [18/Mar/2020:11:45:10 +0800] "GET /xingrg/javascript/pic_change.js HTTP/1.1" 304 -
114.93.75.19 - - [18/Mar/2020:11:45:10 +0800] "GET /xingrg/javascript/myfunction.js HTTP/1.1" 304 -
114.93.75.19 - - [18/Mar/2020:11:45:10 +0800] "GET /xingrg/javascript/json2.js HTTP/1.1" 304 -
120.253.135.82 - - [18/Mar/2020:11:45:10 +0800] "GET /xingrg/all/function/internal_message.html?_=1584503230341&CODE_STATE=getMsg HTTP/1.1" 200 27
114.93.75.19 - - [18/Mar/2020:11:45:10 +0800] "GET /xingrg/javascript/jquery_easy_ui/themes/icons/back_new.png HTTP/1.1" 304 -
120.253.135.82 - - [18/Mar/2020:11:45:10 +0800] "GET /xingrg/kc/pszx/mdqp_order_list.html?state=10 HTTP/1.1" 200 10061
120.253.135.82 - - [18/Mar/2020:11:45:10 +0800] "GET /xingrg/dwr/interface/AjaxReportQueryService.js HTTP/1.1" 200 13203
120.253.135.82 - - [18/Mar/2020:11:45:10 +0800] "GET /xingrg/dwr/interface/AjaxQqpsService.js HTTP/1.1" 200 16326
120.253.135.82 - - [18/Mar/2020:11:45:10 +0800] "GET /xingrg/dwr/engine.js HTTP/1.1" 200 43631
114.86.226.241 - - [18/Mar/2020:11:45:12 +0800] "GET /xingrg/all/function/internal_message.html?_=1584503150890&CODE_STATE=getMsg HTTP/1.1" 200 27
114.93.75.19 - - [18/Mar/2020:11:45:13 +0800] "GET /xingrg/all/report/report_query.html?fileName=kc/buy/wlcg_mx.xml HTTP/1.1" 200 51618
114.93.75.19 - - [18/Mar/2020:11:45:13 +0800] "GET /xingrg/javascript/multi_select/jqueryMultiSelect.css HTTP/1.1" 304 -
114.93.75.19 - - [18/Mar/2020:11:45:13 +0800] "GET /xingrg/javascript/calendar/timePicker.css HTTP/1.1" 304 -
114.93.75.19 - - [18/Mar/2020:11:45:13 +0800] "GET /xingrg/javascript/bigrid/fix.css HTTP/1.1" 304 -
114.93.75.19 - - [18/Mar/2020:11:45:13 +0800] "GET /xingrg/dwr/util.js HTTP/1.1" 304 -
114.93.75.19 - - [18/Mar/2020:11:45:13 +0800] "GET /xingrg/dwr/interface/AjaxReportQueryService.js HTTP/1.1" 200 13203
114.93.75.19 - - [18/Mar/2020:11:45:13 +0800] "GET /xingrg/dwr/engine.js HTTP/1.1" 200 43631
114.93.75.19 - - [18/Mar/2020:11:45:13 +0800] "GET /xingrg/javascript/jqueryMultiSelect.js HTTP/1.1" 304 -
114.93.75.19 - - [18/Mar/2020:11:45:13 +0800] "GET /xingrg/javascript/Calendar.js HTTP/1.1" 304 -
114.93.75.19 - - [18/Mar/2020:11:45:13 +0800] "GET /xingrg/javascript/calendar/jquery.timePicker.min.js HTTP/1.1" 304 -
114.93.75.19 - - [18/Mar/2020:11:45:13 +0800] "GET /xingrg/javascript/bigrid/fix.js HTTP/1.1" 304 -
114.93.75.19 - - [18/Mar/2020:11:45:13 +0800] "GET /xingrg/images/control/loading.gif HTTP/1.1" 304 -
114.93.75.19 - - [18/Mar/2020:11:45:13 +0800] "GET /xingrg/images/blue/button/advanceover.gif HTTP/1.1" 304 -
114.93.75.19 - - [18/Mar/2020:11:45:13 +0800] "GET /xingrg/images/blue/button/advance2over.gif HTTP/1.1" 304 -
114.93.75.19 - - [18/Mar/2020:11:45:13 +0800] "GET /xingrg/images/blue/button/back2over.gif HTTP/1.1" 304 -
114.93.75.19 - - [18/Mar/2020:11:45:13 +0800] "GET /xingrg/images/blue/button/backover.gif HTTP/1.1" 304 -
114.93.75.19 - - [18/Mar/2020:11:45:13 +0800] "GET /xingrg/javascript/jquery_easy_ui/themes/default/images/menu.gif HTTP/1.1" 304 -
114.93.75.19 - - [18/Mar/2020:11:45:13 +0800] "GET /xingrg/javascript/jquery_easy_ui/themes/icons/help.png HTTP/1.1" 304 -
114.93.75.19 - - [18/Mar/2020:11:45:13 +0800] "GET /xingrg/javascript/jquery_easy_ui/themes/default/images/menu_downarrow.png HTTP/1.1" 304 -
114.93.75.19 - - [18/Mar/2020:11:45:13 +0800] "GET /xingrg/javascript/jquery_easy_ui/themes/icons/print.png HTTP/1.1" 304 -
114.93.75.19 - - [18/Mar/2020:11:45:13 +0800] "GET /xingrg/javascript/jquery_easy_ui/themes/icons/pencil.png HTTP/1.1" 304 -
114.93.75.19 - - [18/Mar/2020:11:45:13 +0800] "GET /xingrg/javascript/jquery_easy_ui/themes/default/images/menu_rightarrow.png HTTP/1.1" 304 -
114.93.75.19 - - [18/Mar/2020:11:45:14 +0800] "POST /xingrg/dwr/call/plaincall/AjaxReportQueryService.getFixDate.dwr HTTP/1.1" 200 111
114.93.75.19 - - [18/Mar/2020:11:45:14 +0800] "POST /xingrg/dwr/call/plaincall/AjaxReportQueryService.getInitString.dwr HTTP/1.1" 200 20370
114.93.75.19 - - [18/Mar/2020:11:45:14 +0800] "GET /xingrg/javascript/multi_select/dropdown.gif HTTP/1.1" 304 -
114.93.75.19 - - [18/Mar/2020:11:45:14 +0800] "POST /xingrg/dwr/call/plaincall/AjaxReportQueryService.getInitString.dwr HTTP/1.1" 200 921
114.93.75.19 - - [18/Mar/2020:11:45:14 +0800] "POST /xingrg/dwr/call/plaincall/AjaxReportQueryService.getInitString.dwr HTTP/1.1" 200 125
114.93.75.19 - - [18/Mar/2020:11:45:14 +0800] "GET /xingrg/all/function/internal_message.html?_=1584503118392&CODE_STATE=getMsg HTTP/1.1" 200 27
180.156.150.85 - - [18/Mar/2020:11:45:15 +0800] "GET /xingrg/kc/base/wlsy_order_operate.html?command=get_materiel&rest_code=00105&base_code=0010514&code=00101008357 HTTP/1.1" 200 426
114.93.75.19 - - [18/Mar/2020:11:45:16 +0800] "POST /xingrg/dwr/call/plaincall/AjaxReportQueryService.getFixDate.dwr HTTP/1.1" 200 111
114.93.75.19 - - [18/Mar/2020:11:45:21 +0800] "POST /xingrg/login.do HTTP/1.1" 302 -
114.93.75.19 - - [18/Mar/2020:11:45:21 +0800] "GET /xingrg/index.html?sysBaseUrl=http%3A%2F%2F117.131.15.22%3A18081%2Fxingrg%2F&costTime=34×tamp=1584503121442 HTTP/1.1" 200 17481
114.93.75.19 - - [18/Mar/2020:11:45:21 +0800] "GET /xingrg/css/form.css HTTP/1.1" 200 893
114.93.75.19 - - [18/Mar/2020:11:45:21 +0800] "GET /xingrg/javascript/jquery_easy_ui/themes/icon.css HTTP/1.1" 200 3949
114.93.75.19 - - [18/Mar/2020:11:45:21 +0800] "GET /xingrg/javascript/jquery_easy_ui/jquery.easyui.min.js HTTP/1.1" 200 213662
114.93.75.19 - - [18/Mar/2020:11:45:21 +0800] "GET /xingrg/javascript/jquery-1.4.2.min.js HTTP/1.1" 200 72205
114.93.75.19 - - [18/Mar/2020:11:45:21 +0800] "GET /xingrg/javascript/jquery_easy_ui/easyui-lang-zh_CN.js HTTP/1.1" 200 1900
114.93.75.19 - - [18/Mar/2020:11:45:21 +0800] "GET /xingrg/javascript/jquery.timers.js HTTP/1.1" 200 3532
114.93.75.19 - - [18/Mar/2020:11:45:21 +0800] "GET /xingrg/javascript/jquery.utils.js HTTP/1.1" 200 11805
114.93.75.19 - - [18/Mar/2020:11:45:21 +0800] "GET /xingrg/javascript/jquery_easy_ui/themes/default/easyui.css HTTP/1.1" 200 26500
114.93.75.19 - - [18/Mar/2020:11:45:21 +0800] "GET /xingrg/javascript/jquery.form.js HTTP/1.1" 200 23110
114.93.75.19 - - [18/Mar/2020:11:45:21 +0800] "GET /xingrg/javascript/jquery_easy_ui/themes/icons/settle_new.png HTTP/1.1" 200 826
114.93.75.19 - - [18/Mar/2020:11:45:21 +0800] "GET /xingrg/images/blue/navBackgound.jpg HTTP/1.1" 200 12378
114.93.75.19 - - [18/Mar/2020:11:45:21 +0800] "POST /xingrg/all/common/load_tree.html?tree=area_rest_tree_json&manage=1 HTTP/1.1" 200 3079
114.93.75.19 - - [18/Mar/2020:11:45:21 +0800] "GET /xingrg/all/function/internal_message.html?_=1584503118425&CODE_STATE=count HTTP/1.1" 200 11
114.93.75.19 - - [18/Mar/2020:11:45:21 +0800] "GET /xingrg/images/blue/pingpu.png HTTP/1.1" 200 231
114.93.75.19 - - [18/Mar/2020:11:45:21 +0800] "GET /xingrg/check_reg.html?_=1584503118426 HTTP/1.1" 200 22
114.93.75.19 - - [18/Mar/2020:11:45:21 +0800] "GET /xingrg/javascript/jquery_easy_ui/themes/default/images/tabs_leftarrow.png HTTP/1.1" 200 389
114.93.75.19 - - [18/Mar/2020:11:45:21 +0800] "GET /xingrg/javascript/jquery_easy_ui/themes/default/images/tabs_rightarrow.png HTTP/1.1" 200 395
114.93.75.19 - - [18/Mar/2020:11:45:21 +0800] "GET /xingrg/javascript/jquery_easy_ui/themes/default/images/panel_tool_expand.gif HTTP/1.1" 200 247
114.93.75.19 - - [18/Mar/2020:11:45:21 +0800] "GET /xingrg/javascript/jquery_easy_ui/themes/default/images/panel_tool_collapse.gif HTTP/1.1" 200 246
114.93.75.19 - - [18/Mar/2020:11:45:21 +0800] "GET /favicon.ico HTTP/1.1" 404 -
114.93.75.19 - - [18/Mar/2020:11:45:21 +0800] "POST /xingrg/load_menu.html HTTP/1.1" 200 11550
114.93.75.19 - - [18/Mar/2020:11:45:22 +0800] "GET /xingrg/javascript/jquery_easy_ui/themes/default/images/tree_arrows.gif HTTP/1.1" 200 1043
114.93.75.19 - - [18/Mar/2020:11:45:22 +0800] "GET /xingrg/javascript/jquery_easy_ui/themes/default/images/tree_folder_open.gif HTTP/1.1" 200 956
114.93.75.19 - - [18/Mar/2020:11:45:22 +0800] "GET /xingrg/javascript/jquery_easy_ui/themes/icons/search_new.png HTTP/1.1" 200 586
