114.93.75.19 - - [18/Mar/2020:11:49:05 +0800] "GET /xingrg/dwr/interface/AjaxReportQueryService.js HTTP/1.1" 200 13203
114.93.75.19 - - [18/Mar/2020:11:49:05 +0800] "GET /xingrg/dwr/engine.js HTTP/1.1" 200 43631
114.86.226.241 - - [18/Mar/2020:11:49:05 +0800] "GET /xingrg/kc/base/wldb_order_info.html?code=422020031700433 HTTP/1.1" 200 26160
114.86.226.241 - - [18/Mar/2020:11:49:06 +0800] "POST /xingrg/kc/base/wldb_order_operate.html HTTP/1.1" 200 478
114.86.226.241 - - [18/Mar/2020:11:49:06 +0800] "GET /xingrg/javascript/easyui/themes/default/validatebox.css HTTP/1.1" 404 1104
114.93.75.19 - - [18/Mar/2020:11:49:07 +0800] "POST /xingrg/all/report/load_report_page.html HTTP/1.1" 200 572793
114.93.75.19 - - [18/Mar/2020:11:49:07 +0800] "GET /xingrg/servlets/image?cache=0.9234285121648592&image=px HTTP/1.1" 200 807
116.238.181.252 - - [18/Mar/2020:11:49:07 +0800] "GET /xingrg/kc/buy/cgsh_order_add.html HTTP/1.1" 200 58229
116.238.181.252 - - [18/Mar/2020:11:49:07 +0800] "POST /xingrg/kc/buy/cgsh_order_operate.html HTTP/1.1" 200 8245
116.238.181.252 - - [18/Mar/2020:11:49:07 +0800] "GET /xingrg/javascript/easyui/themes/default/validatebox.css HTTP/1.1" 404 1104
114.86.226.241 - - [18/Mar/2020:11:49:08 +0800] "GET /xingrg/kc/print/load_data.html?order_code=422020031700433&kc_code=wldb&condition= HTTP/1.1" 200 568
180.156.150.85 - - [18/Mar/2020:11:49:08 +0800] "GET /xingrg/check_reg.html?_=1584503347063 HTTP/1.1" 200 22
180.156.150.85 - - [18/Mar/2020:11:49:08 +0800] "GET /xingrg/all/function/internal_message.html?_=1584503347058&CODE_STATE=getMsg HTTP/1.1" 200 27
117.131.5.26 - - [18/Mar/2020:11:49:09 +0800] "GET /xingrg/all/function/internal_message.html?_=1584503363781&CODE_STATE=getMsg HTTP/1.1" 200 27
116.238.181.252 - - [18/Mar/2020:11:49:10 +0800] "GET /xingrg/kc/base/wldb_order_list.html HTTP/1.1" 200 19250
116.238.181.252 - - [18/Mar/2020:11:49:10 +0800] "POST /xingrg/kc/base/wldb_list_operate.html HTTP/1.1" 200 928
114.93.75.19 - - [18/Mar/2020:11:49:11 +0800] "GET /xingrg/all/report/report_query.html?isQuery=1&fileName=kc/base/crk_detail_by_small.xml&rh=99999&queryString=&queryText=%25E3%2580%2590%25E4%25BB%2593%25E5%25BA%2593%25E5%2590%258D%25E7%25A7%25B0%253A%25E5%2590%25A7%25E5%258F%25B0%25E3%2580%2591%25E3%2580%2590%25E4%25B8%259A%25E5%258A%25A1%25E7%25B1%25BB%25E5%259E%258B%25EF%25BC%259A%25E6%2580%25BB%25E9%2583%25A8%25E9%2585%258D%25E9%2580%2581%25E3%2580%2591%2520%253F%253F%253F%253F%253F2020-01-01%253F%253F2020-12-31&tableQueryString=crk_table%2524sp1%2524order_day%2520between%252020200101%2520and%252020201231%2520and%2520(base_code%253D'0010462')%2520and%2520(src_order_type%2520in%2520(31))%2520and%2520(is_rk%2520in%2520(1)) HTTP/1.1" 200 53732
114.86.226.241 - - [18/Mar/2020:11:49:11 +0800] "GET /xingrg/all/function/internal_message.html?_=1584503390890&CODE_STATE=getMsg HTTP/1.1" 200 27
114.93.75.19 - - [18/Mar/2020:11:49:11 +0800] "GET /xingrg/dwr/interface/AjaxReportQueryService.js HTTP/1.1" 200 13203
114.93.75.19 - - [18/Mar/2020:11:49:11 +0800] "GET /xingrg/dwr/engine.js HTTP/1.1" 200 43631
114.93.75.19 - - [18/Mar/2020:11:49:12 +0800] "POST /xingrg/all/report/load_report_page.html HTTP/1.1" 200 13894
114.93.75.19 - - [18/Mar/2020:11:49:12 +0800] "GET /xingrg/servlets/image?cache=0.6978842570180288&image=px HTTP/1.1" 200 807
116.238.181.252 - - [18/Mar/2020:11:49:12 +0800] "GET /xingrg/kc/base/wldb_order_add.html HTTP/1.1" 200 30296
116.238.181.252 - - [18/Mar/2020:11:49:13 +0800] "GET /xingrg/javascript/easyui/themes/default/validatebox.css HTTP/1.1" 404 1104
116.238.181.252 - - [18/Mar/2020:11:49:13 +0800] "POST /xingrg/kc/base/wldb_order_operate.html HTTP/1.1" 200 6806
114.93.75.19 - - [18/Mar/2020:11:49:14 +0800] "POST /xingrg/all/report/load_report_page.html HTTP/1.1" 200 25942
114.93.75.19 - - [18/Mar/2020:11:49:14 +0800] "GET /xingrg/servlets/image?cache=0.46104762778521347&image=px HTTP/1.1" 200 807
114.93.75.19 - - [18/Mar/2020:11:49:14 +0800] "GET /xingrg/all/function/internal_message.html?_=1584503358441&CODE_STATE=getMsg HTTP/1.1" 200 27
117.185.32.26 - - [18/Mar/2020:11:49:19 +0800] "GET /xingrg/kc/buy/cgsh_order_operate.html?command=get_materiel&rest_code=00106&code=00101004071&supplier_code=00100312&order_time=2020-03-18 HTTP/1.1" 200 409
124.77.241.94 - - [18/Mar/2020:11:49:20 +0800] "GET /xingrg/check_reg.html?_=1584503368566 HTTP/1.1" 200 22
114.86.226.241 - - [18/Mar/2020:11:49:21 +0800] "POST /xingrg/kc/base/wldb_list_operate.html HTTP/1.1" 200 501
114.86.226.241 - - [18/Mar/2020:11:49:22 +0800] "GET /xingrg/kc/base/wldb_order_info.html?code=422020031700434 HTTP/1.1" 200 26165
116.238.181.252 - - [18/Mar/2020:11:49:22 +0800] "GET /xingrg/kc/base/wldb_order_operate.html?command=get_materiel&rest_code=00150&base_code=0010445&code=00101019691 HTTP/1.1" 200 416
114.86.226.241 - - [18/Mar/2020:11:49:22 +0800] "POST /xingrg/kc/base/wldb_order_operate.html HTTP/1.1" 200 2324
114.86.226.241 - - [18/Mar/2020:11:49:23 +0800] "GET /xingrg/javascript/easyui/themes/default/validatebox.css HTTP/1.1" 404 1104
114.86.226.241 - - [18/Mar/2020:11:49:24 +0800] "GET /xingrg/kc/print/load_data.html?order_code=422020031700434&kc_code=wldb&condition= HTTP/1.1" 200 1120
114.93.75.19 - - [18/Mar/2020:11:49:25 +0800] "GET /xingrg/all/function/internal_message.html?_=1584503362177&CODE_STATE=getMsg HTTP/1.1" 200 27
180.157.252.250 - - [18/Mar/2020:11:49:26 +0800] "GET /xingrg/all/function/internal_message.html?_=1584503364037&CODE_STATE=getMsg HTTP/1.1" 200 27
114.88.159.93 - - [18/Mar/2020:11:49:28 +0800] "GET /xingrg/all/function/internal_message.html?_=1584503090020&CODE_STATE=getMsg HTTP/1.1" 200 27
114.88.170.9 - - [18/Mar/2020:11:49:28 +0800] "GET /xingrg/all/function/internal_message.html?_=1584503658372&CODE_STATE=getMsg HTTP/1.1" 200 27
124.77.241.94 - - [18/Mar/2020:11:49:35 +0800] "GET /xingrg/all/function/internal_message.html?_=1584503383276&CODE_STATE=getMsg HTTP/1.1" 200 27
117.185.32.26 - - [18/Mar/2020:11:49:36 +0800] "GET /xingrg/kc/buy/cgsh_order_operate.html?command=get_materiel&rest_code=00106&code=00101001096&supplier_code=00100312&order_time=2020-03-18 HTTP/1.1" 200 412
114.93.75.19 - - [18/Mar/2020:11:49:36 +0800] "GET /xingrg/check_reg.html?_=1584503373874 HTTP/1.1" 200 22
114.93.75.19 - - [18/Mar/2020:11:49:36 +0800] "GET /xingrg/all/function/internal_message.html?_=1584503374344&CODE_STATE=getMsg HTTP/1.1" 200 27
117.185.32.26 - - [18/Mar/2020:11:49:41 +0800] "GET /xingrg/all/function/internal_message.html?_=1584503379307&CODE_STATE=getMsg HTTP/1.1" 200 27
180.152.227.200 - - [18/Mar/2020:11:49:44 +0800] "GET /xingrg/all/function/internal_message.html?_=1584503376360&CODE_STATE=getMsg HTTP/1.1" 200 27
180.152.227.200 - - [18/Mar/2020:11:49:44 +0800] "GET /xingrg/check_reg.html?_=1584503376363 HTTP/1.1" 200 22
58.40.7.146 - - [18/Mar/2020:11:49:44 +0800] "GET /xingrg/all/function/internal_message.html?_=1584503382528&CODE_STATE=getMsg HTTP/1.1" 200 27
114.93.75.19 - - [18/Mar/2020:11:49:50 +0800] "GET /xingrg/all/function/internal_message.html?_=1584503565610&CODE_STATE=getMsg HTTP/1.1" 200 27
117.185.32.26 - - [18/Mar/2020:11:49:50 +0800] "GET /xingrg/kc/buy/cgsh_order_operate.html?command=get_materiel&rest_code=00106&code=00101001016&supplier_code=00100312&order_time=2020-03-18 HTTP/1.1" 200 413
101.81.124.227 - - [18/Mar/2020:11:49:53 +0800] "GET /xingrg/all/function/internal_message.html?_=1584503390019&CODE_STATE=getMsg HTTP/1.1" 200 27
114.93.75.19 - - [18/Mar/2020:11:49:58 +0800] "GET /xingrg/all/function/internal_message.html?_=1584503395688&CODE_STATE=getMsg HTTP/1.1" 200 27
116.238.181.252 - - [18/Mar/2020:11:50:00 +0800] "GET /xingrg/all/function/internal_message.html?_=1584503401383&CODE_STATE=getMsg HTTP/1.1" 200 27
116.238.181.252 - - [18/Mar/2020:11:50:01 +0800] "GET /xingrg/check_reg.html?_=1584503402285 HTTP/1.1" 200 22
58.40.7.146 - - [18/Mar/2020:11:50:04 +0800] "GET /xingrg/all/function/internal_message.html?_=1584503402018&CODE_STATE=getMsg HTTP/1.1" 200 27
117.185.32.26 - - [18/Mar/2020:11:50:07 +0800] "GET /xingrg/kc/buy/cgsh_order_operate.html?command=get_materiel&rest_code=00106&code=00101001029&supplier_code=00100312&order_time=2020-03-18 HTTP/1.1" 200 415
180.156.150.85 - - [18/Mar/2020:11:50:08 +0800] "GET /xingrg/all/function/internal_message.html?_=1584503407039&CODE_STATE=getMsg HTTP/1.1" 200 27
117.131.5.26 - - [18/Mar/2020:11:50:09 +0800] "GET /xingrg/all/function/internal_message.html?_=1584503423781&CODE_STATE=getMsg HTTP/1.1" 200 27
114.93.75.19 - - [18/Mar/2020:11:50:14 +0800] "GET /xingrg/all/function/internal_message.html?_=1584503418459&CODE_STATE=getMsg HTTP/1.1" 200 27
117.185.32.26 - - [18/Mar/2020:11:50:24 +0800] "POST /xingrg/kc/buy/cgsh_order_operate.html HTTP/1.1" 200 37
117.185.32.26 - - [18/Mar/2020:11:50:25 +0800] "POST /xingrg/kc/buy/cgsh_order_operate.html HTTP/1.1" 200 4440
114.93.75.19 - - [18/Mar/2020:11:50:25 +0800] "GET /xingrg/check_reg.html?_=1584503422179 HTTP/1.1" 200 22
114.93.75.19 - - [18/Mar/2020:11:50:25 +0800] "GET /xingrg/all/function/internal_message.html?_=1584503422182&CODE_STATE=getMsg HTTP/1.1" 200 27
180.157.252.250 - - [18/Mar/2020:11:50:26 +0800] "GET /xingrg/all/function/internal_message.html?_=1584503424043&CODE_STATE=getMsg HTTP/1.1" 200 27
114.88.159.93 - - [18/Mar/2020:11:50:28 +0800] "GET /xingrg/all/function/internal_message.html?_=1584503150021&CODE_STATE=getMsg HTTP/1.1" 200 27
114.88.170.9 - - [18/Mar/2020:11:50:28 +0800] "GET /xingrg/all/function/internal_message.html?_=1584503718354&CODE_STATE=getMsg HTTP/1.1" 200 27
117.185.32.26 - - [18/Mar/2020:11:50:29 +0800] "GET /xingrg/kc/buy/cgsh_order_add.html HTTP/1.1" 200 57648
117.185.32.26 - - [18/Mar/2020:11:50:30 +0800] "GET /xingrg/javascript/easyui/themes/default/validatebox.css HTTP/1.1" 404 1104
117.185.32.26 - - [18/Mar/2020:11:50:30 +0800] "POST /xingrg/kc/buy/cgsh_order_operate.html HTTP/1.1" 200 8245
117.185.32.26 - - [18/Mar/2020:11:50:30 +0800] "GET /xingrg/javascript/easyui/themes/default/tree.css HTTP/1.1" 404 1090
117.185.32.26 - - [18/Mar/2020:11:50:30 +0800] "POST /xingrg/all/common/load_tree.html?tree=supplier_tree_json&isDelete=1 HTTP/1.1" 200 46535
124.77.241.94 - - [18/Mar/2020:11:50:35 +0800] "GET /xingrg/all/function/internal_message.html?_=1584503443288&CODE_STATE=getMsg HTTP/1.1" 200 27
114.93.75.19 - - [18/Mar/2020:11:50:36 +0800] "GET /xingrg/all/function/internal_message.html?_=1584503434328&CODE_STATE=getMsg HTTP/1.1" 200 27
117.185.32.26 - - [18/Mar/2020:11:50:40 +0800] "GET /xingrg/kc/buy/cgsh_order_operate.html?command=get_materiel&rest_code=00106&code=00101002006&supplier_code=00100091&order_time=2020-03-18 HTTP/1.1" 200 432
117.185.32.26 - - [18/Mar/2020:11:50:41 +0800] "GET /xingrg/check_reg.html?_=1584503439299 HTTP/1.1" 200 22
117.185.32.26 - - [18/Mar/2020:11:50:41 +0800] "GET /xingrg/all/function/internal_message.html?_=1584503439303&CODE_STATE=getMsg HTTP/1.1" 200 27
180.152.227.200 - - [18/Mar/2020:11:50:44 +0800] "GET /xingrg/all/function/internal_message.html?_=1584503436362&CODE_STATE=getMsg HTTP/1.1" 200 27
58.40.7.146 - - [18/Mar/2020:11:50:44 +0800] "GET /xingrg/all/function/internal_message.html?_=1584503442532&CODE_STATE=getMsg HTTP/1.1" 200 27
117.185.32.26 - - [18/Mar/2020:11:50:48 +0800] "POST /xingrg/kc/buy/cgsh_order_operate.html HTTP/1.1" 200 37
117.185.32.26 - - [18/Mar/2020:11:50:48 +0800] "POST /xingrg/kc/buy/cgsh_order_operate.html HTTP/1.1" 200 2660
114.93.75.19 - - [18/Mar/2020:11:50:50 +0800] "GET /xingrg/check_reg.html?_=1584503625613 HTTP/1.1" 200 22
114.93.75.19 - - [18/Mar/2020:11:50:50 +0800] "GET /xingrg/all/function/internal_message.html?_=1584503625617&CODE_STATE=getMsg HTTP/1.1" 200 27
101.81.124.227 - - [18/Mar/2020:11:50:53 +0800] "GET /xingrg/all/function/internal_message.html?_=1584503450022&CODE_STATE=getMsg HTTP/1.1" 200 27
114.93.75.19 - - [18/Mar/2020:11:50:58 +0800] "GET /xingrg/all/function/internal_message.html?_=1584503455690&CODE_STATE=getMsg HTTP/1.1" 200 27
116.238.181.252 - - [18/Mar/2020:11:51:00 +0800] "GET /xingrg/all/function/internal_message.html?_=1584503461368&CODE_STATE=getMsg HTTP/1.1" 200 27
117.185.32.26 - - [18/Mar/2020:11:51:00 +0800] "GET /xingrg/kc/buy/cgsh_order_add.html HTTP/1.1" 200 57648
117.185.32.26 - - [18/Mar/2020:11:51:00 +0800] "POST /xingrg/kc/buy/cgsh_order_operate.html HTTP/1.1" 200 8245
117.185.32.26 - - [18/Mar/2020:11:51:00 +0800] "GET /xingrg/javascript/easyui/themes/default/validatebox.css HTTP/1.1" 404 1104
114.88.170.9 - - [18/Mar/2020:11:51:01 +0800] "GET /xingrg/check_reg.html?_=1584503458145 HTTP/1.1" 200 22
58.40.7.146 - - [18/Mar/2020:11:51:04 +0800] "GET /xingrg/all/function/internal_message.html?_=1584503462022&CODE_STATE=getMsg HTTP/1.1" 200 27
180.156.150.85 - - [18/Mar/2020:11:51:08 +0800] "GET /xingrg/all/function/internal_message.html?_=1584503467037&CODE_STATE=getMsg HTTP/1.1" 200 27
117.131.5.26 - - [18/Mar/2020:11:51:09 +0800] "GET /xingrg/all/function/internal_message.html?_=1584503483796&CODE_STATE=getMsg HTTP/1.1" 200 27
114.93.75.19 - - [18/Mar/2020:11:51:14 +0800] "GET /xingrg/all/function/internal_message.html?_=1584503478468&CODE_STATE=getMsg HTTP/1.1" 200 27
114.93.75.19 - - [18/Mar/2020:11:51:25 +0800] "GET /xingrg/all/function/internal_message.html?_=1584503482184&CODE_STATE=getMsg HTTP/1.1" 200 27
180.157.252.250 - - [18/Mar/2020:11:51:26 +0800] "GET /xingrg/all/function/internal_message.html?_=1584503484042&CODE_STATE=getMsg HTTP/1.1" 200 27
180.157.252.250 - - [18/Mar/2020:11:51:26 +0800] "GET /xingrg/check_reg.html?_=1584503484047 HTTP/1.1" 200 22
114.88.159.93 - - [18/Mar/2020:11:51:28 +0800] "GET /xingrg/all/function/internal_message.html?_=1584503210065&CODE_STATE=getMsg HTTP/1.1" 200 27
114.88.170.9 - - [18/Mar/2020:11:51:28 +0800] "GET /xingrg/all/function/internal_message.html?_=1584503778337&CODE_STATE=getMsg HTTP/1.1" 200 27
124.77.241.94 - - [18/Mar/2020:11:51:36 +0800] "GET /xingrg/all/function/internal_message.html?_=1584503503890&CODE_STATE=getMsg HTTP/1.1" 200 27
114.93.75.19 - - [18/Mar/2020:11:51:36 +0800] "GET /xingrg/all/function/internal_message.html?_=1584503494312&CODE_STATE=getMsg HTTP/1.1" 200 27
117.185.32.26 - - [18/Mar/2020:11:51:41 +0800] "GET /xingrg/all/function/internal_message.html?_=1584503499324&CODE_STATE=getMsg HTTP/1.1" 200 27
180.156.150.85 - - [18/Mar/2020:11:51:42 +0800] "GET /xingrg/kc/base/wlsy_order_operate.html?command=get_materiel&rest_code=00105&base_code=0010515&code=00101007144 HTTP/1.1" 200 446
180.152.227.200 - - [18/Mar/2020:11:51:44 +0800] "GET /xingrg/all/function/internal_message.html?_=1584503496365&CODE_STATE=getMsg HTTP/1.1" 200 27
58.40.7.146 - - [18/Mar/2020:11:51:44 +0800] "GET /xingrg/all/function/internal_message.html?_=1584503502536&CODE_STATE=getMsg HTTP/1.1" 200 27
180.156.150.85 - - [18/Mar/2020:11:51:47 +0800] "POST /xingrg/all/common/load_select.html HTTP/1.1" 200 25
180.156.150.85 - - [18/Mar/2020:11:51:49 +0800] "GET /xingrg/kc/base/wlsy_order_operate.html?command=get_materiel_price&rest_code=00105&base_code=0010515&code=00101007144&unit_code=00100006 HTTP/1.1" 200 37
114.93.75.19 - - [18/Mar/2020:11:51:50 +0800] "GET /xingrg/all/function/internal_message.html?_=1584503685618&CODE_STATE=getMsg HTTP/1.1" 200 27
101.81.124.227 - - [18/Mar/2020:11:51:53 +0800] "GET /xingrg/all/function/internal_message.html?_=1584503510027&CODE_STATE=getMsg HTTP/1.1" 200 27
101.81.124.227 - - [18/Mar/2020:11:51:53 +0800] "GET /xingrg/check_reg.html?_=1584503510030 HTTP/1.1" 200 22
180.156.150.85 - - [18/Mar/2020:11:51:56 +0800] "GET /xingrg/kc/base/wlsy_order_operate.html?command=get_materiel&rest_code=00105&base_code=0010515&code=00101008223 HTTP/1.1" 200 431
114.93.75.19 - - [18/Mar/2020:11:51:58 +0800] "GET /xingrg/all/function/internal_message.html?_=1584503515691&CODE_STATE=getMsg HTTP/1.1" 200 27
116.238.181.252 - - [18/Mar/2020:11:52:00 +0800] "GET /xingrg/all/function/internal_message.html?_=1584503521340&CODE_STATE=getMsg HTTP/1.1" 200 27
180.156.150.85 - - [18/Mar/2020:11:52:03 +0800] "GET /xingrg/kc/base/wlsy_order_operate.html?command=get_materiel&rest_code=00105&base_code=0010515&code=00101008350 HTTP/1.1" 200 428
58.40.7.146 - - [18/Mar/2020:11:52:04 +0800] "GET /xingrg/all/function/internal_message.html?_=1584503522025&CODE_STATE=getMsg HTTP/1.1" 200 27
180.156.150.85 - - [18/Mar/2020:11:52:08 +0800] "GET /xingrg/all/function/internal_message.html?_=1584503527092&CODE_STATE=getMsg HTTP/1.1" 200 27
117.131.5.26 - - [18/Mar/2020:11:52:08 +0800] "GET /xingrg/check_reg.html?_=1584503543171 HTTP/1.1" 200 22
117.131.5.26 - - [18/Mar/2020:11:52:09 +0800] "GET /xingrg/all/function/internal_message.html?_=1584503543796&CODE_STATE=getMsg HTTP/1.1" 200 27
180.156.150.85 - - [18/Mar/2020:11:52:10 +0800] "GET /xingrg/kc/base/wlsy_order_operate.html?command=get_materiel&rest_code=00105&base_code=0010515&code=00101008354 HTTP/1.1" 200 431
114.93.75.19 - - [18/Mar/2020:11:52:13 +0800] "GET /xingrg/check_reg.html?_=1584503536739 HTTP/1.1" 200 22
114.93.75.19 - - [18/Mar/2020:11:52:14 +0800] "GET /xingrg/all/function/internal_message.html?_=1584503538482&CODE_STATE=getMsg HTTP/1.1" 200 27
120.253.135.82 - - [18/Mar/2020:11:52:17 +0800] "GET /xingrg/check_reg.html?_=1584503279518 HTTP/1.1" 200 22
58.221.95.50 - - [18/Mar/2020:11:52:18 +0800] "GET /xingrg/check_reg.html?_=1584503883992 HTTP/1.1" 200 22
180.156.150.85 - - [18/Mar/2020:11:52:19 +0800] "GET /xingrg/kc/base/wlsy_order_operate.html?command=get_materiel&rest_code=00105&base_code=0010515&code=00101008105 HTTP/1.1" 200 430
180.156.150.85 - - [18/Mar/2020:11:52:25 +0800] "GET /xingrg/kc/base/wlsy_order_operate.html?command=get_materiel&rest_code=00105&base_code=0010515&code=00101008119 HTTP/1.1" 200 431
114.93.75.19 - - [18/Mar/2020:11:52:25 +0800] "GET /xingrg/all/function/internal_message.html?_=1584503542173&CODE_STATE=getMsg HTTP/1.1" 200 27
180.157.252.250 - - [18/Mar/2020:11:52:26 +0800] "GET /xingrg/all/function/internal_message.html?_=1584503544043&CODE_STATE=getMsg HTTP/1.1" 200 27
114.88.159.93 - - [18/Mar/2020:11:52:28 +0800] "GET /xingrg/check_reg.html?_=1584503270051 HTTP/1.1" 200 22
114.88.159.93 - - [18/Mar/2020:11:52:28 +0800] "GET /xingrg/all/function/internal_message.html?_=1584503270053&CODE_STATE=getMsg HTTP/1.1" 200 27
114.88.170.9 - - [18/Mar/2020:11:52:28 +0800] "GET /xingrg/all/function/internal_message.html?_=1584503838337&CODE_STATE=getMsg HTTP/1.1" 200 27
180.156.150.85 - - [18/Mar/2020:11:52:31 +0800] "GET /xingrg/kc/base/wlsy_order_operate.html?command=get_materiel&rest_code=00105&base_code=0010515&code=00101008323 HTTP/1.1" 200 426
124.77.241.94 - - [18/Mar/2020:11:52:36 +0800] "GET /xingrg/all/function/internal_message.html?_=1584503563895&CODE_STATE=getMsg HTTP/1.1" 200 27
114.93.75.19 - - [18/Mar/2020:11:52:36 +0800] "GET /xingrg/all/function/internal_message.html?_=1584503554297&CODE_STATE=getMsg HTTP/1.1" 200 27
180.157.252.250 - - [18/Mar/2020:11:52:38 +0800] "GET /xingrg/check_reg.html?_=1584503548971 HTTP/1.1" 302 -
180.156.150.85 - - [18/Mar/2020:11:52:40 +0800] "GET /xingrg/kc/base/wlsy_order_operate.html?command=get_materiel&rest_code=00105&base_code=0010515&code=00101009011 HTTP/1.1" 200 433
117.185.32.26 - - [18/Mar/2020:11:52:41 +0800] "GET /xingrg/all/function/internal_message.html?_=1584503559303&CODE_STATE=getMsg HTTP/1.1" 200 27
180.152.227.200 - - [18/Mar/2020:11:52:44 +0800] "GET /xingrg/all/function/internal_message.html?_=1584503556367&CODE_STATE=getMsg HTTP/1.1" 200 27
58.40.7.146 - - [18/Mar/2020:11:52:44 +0800] "GET /xingrg/all/function/internal_message.html?_=1584503562526&CODE_STATE=getMsg HTTP/1.1" 200 27
58.40.7.146 - - [18/Mar/2020:11:52:44 +0800] "GET /xingrg/check_reg.html?_=1584503562529 HTTP/1.1" 200 22
180.156.150.85 - - [18/Mar/2020:11:52:47 +0800] "GET /xingrg/kc/base/wlsy_order_operate.html?command=get_materiel&rest_code=00105&base_code=0010515&code=00101009054 HTTP/1.1" 200 418
114.93.75.19 - - [18/Mar/2020:11:52:50 +0800] "GET /xingrg/all/function/internal_message.html?_=1584503745620&CODE_STATE=getMsg HTTP/1.1" 200 27
101.81.124.227 - - [18/Mar/2020:11:52:53 +0800] "GET /xingrg/all/function/internal_message.html?_=1584503570015&CODE_STATE=getMsg HTTP/1.1" 200 27
114.93.75.19 - - [18/Mar/2020:11:52:58 +0800] "GET /xingrg/all/function/internal_message.html?_=1584503575694&CODE_STATE=getMsg HTTP/1.1" 200 27
116.238.181.252 - - [18/Mar/2020:11:53:00 +0800] "GET /xingrg/all/function/internal_message.html?_=1584503581312&CODE_STATE=getMsg HTTP/1.1" 200 27
116.238.181.252 - - [18/Mar/2020:11:53:02 +0800] "POST /xingrg/all/user/operate.html HTTP/1.1" 200 36
116.238.181.252 - - [18/Mar/2020:11:53:02 +0800] "GET /xingrg/javascript/jquery_easy_ui/themes/default/easyui.css HTTP/1.1" 304 -
116.238.181.252 - - [18/Mar/2020:11:53:02 +0800] "GET /xingrg/javascript/jquery_easy_ui/themes/icon.css HTTP/1.1" 304 -
116.238.181.252 - - [18/Mar/2020:11:53:02 +0800] "GET /xingrg/css/form.css HTTP/1.1" 304 -
116.238.181.252 - - [18/Mar/2020:11:53:02 +0800] "GET /xingrg/javascript/jquery-1.4.2.min.js HTTP/1.1" 304 -
116.238.181.252 - - [18/Mar/2020:11:53:02 +0800] "GET /xingrg/javascript/jquery_easy_ui/jquery.easyui.min.js HTTP/1.1" 304 -
116.238.181.252 - - [18/Mar/2020:11:53:02 +0800] "GET /xingrg/javascript/jquery_easy_ui/easyui-lang-zh_CN.js HTTP/1.1" 304 -
116.238.181.252 - - [18/Mar/2020:11:53:02 +0800] "GET /xingrg/javascript/jquery.form.js HTTP/1.1" 304 -
116.238.181.252 - - [18/Mar/2020:11:53:02 +0800] "GET /xingrg/javascript/jquery.utils.js HTTP/1.1" 304 -
116.238.181.252 - - [18/Mar/2020:11:53:02 +0800] "GET /xingrg/javascript/jquery.timers.js HTTP/1.1" 304 -
116.238.181.252 - - [18/Mar/2020:11:53:02 +0800] "GET /xingrg/index.html?sysBaseUrl=http%3A%2F%2F117.131.15.22%3A18081%2Fxingrg%2F&costTime=33×tamp=1584409225847 HTTP/1.1" 200 17155
116.238.181.252 - - [18/Mar/2020:11:53:02 +0800] "GET /xingrg/images/blue/jxLogo.png HTTP/1.1" 304 -
116.238.181.252 - - [18/Mar/2020:11:53:02 +0800] "GET /xingrg/images/blue/navBackgound.jpg HTTP/1.1" 304 -
116.238.181.252 - - [18/Mar/2020:11:53:02 +0800] "GET /xingrg/javascript/jquery_easy_ui/themes/icons/settle_new.png HTTP/1.1" 304 -
116.238.181.252 - - [18/Mar/2020:11:53:02 +0800] "POST /xingrg/all/common/load_tree.html?tree=area_rest_tree_json&manage=1 HTTP/1.1" 200 476
116.238.181.252 - - [18/Mar/2020:11:53:02 +0800] "GET /xingrg/all/function/internal_message.html?_=1584503584038&CODE_STATE=count HTTP/1.1" 200 11
116.238.181.252 - - [18/Mar/2020:11:53:02 +0800] "GET /xingrg/check_reg.html?_=1584503584039 HTTP/1.1" 200 22
116.238.181.252 - - [18/Mar/2020:11:53:02 +0800] "GET /xingrg/javascript/jquery_easy_ui/themes/default/images/tabs_leftarrow.png HTTP/1.1" 304 -
116.238.181.252 - - [18/Mar/2020:11:53:02 +0800] "GET /xingrg/images/blue/pingpu.png HTTP/1.1" 304 -
116.238.181.252 - - [18/Mar/2020:11:53:02 +0800] "GET /xingrg/javascript/jquery_easy_ui/themes/default/images/tabs_rightarrow.png HTTP/1.1" 304 -
116.238.181.252 - - [18/Mar/2020:11:53:02 +0800] "POST /xingrg/load_menu.html HTTP/1.1" 200 5124
116.238.181.252 - - [18/Mar/2020:11:53:02 +0800] "GET /xingrg/javascript/jquery_easy_ui/themes/default/images/panel_tool_collapse.gif HTTP/1.1" 304 -
180.156.150.85 - - [18/Mar/2020:11:53:02 +0800] "GET /xingrg/kc/base/wlsy_order_operate.html?command=get_materiel&rest_code=00105&base_code=0010515&code=00101008168 HTTP/1.1" 200 430
58.40.7.146 - - [18/Mar/2020:11:53:04 +0800] "GET /xingrg/all/function/internal_message.html?_=1584503582029&CODE_STATE=getMsg HTTP/1.1" 200 27
114.88.170.9 - - [18/Mar/2020:11:53:06 +0800] "GET /xingrg/check_reg.html?_=1584503876555 HTTP/1.1" 200 22
180.156.150.85 - - [18/Mar/2020:11:53:08 +0800] "GET /xingrg/all/function/internal_message.html?_=1584503587094&CODE_STATE=getMsg HTTP/1.1" 200 27
117.131.5.26 - - [18/Mar/2020:11:53:09 +0800] "GET /xingrg/all/function/internal_message.html?_=1584503603796&CODE_STATE=getMsg HTTP/1.1" 200 27
180.156.150.85 - - [18/Mar/2020:11:53:09 +0800] "GET /xingrg/kc/base/wlsy_order_operate.html?command=get_materiel&rest_code=00105&base_code=0010515&code=00101008114 HTTP/1.1" 200 431
114.93.75.19 - - [18/Mar/2020:11:53:14 +0800] "GET /xingrg/all/function/internal_message.html?_=1584503598495&CODE_STATE=getMsg HTTP/1.1" 200 27
180.156.150.85 - - [18/Mar/2020:11:53:15 +0800] "GET /xingrg/kc/base/wlsy_order_operate.html?command=get_materiel&rest_code=00105&base_code=0010515&code=00101008356 HTTP/1.1" 200 426
116.238.181.252 - - [18/Mar/2020:11:53:17 +0800] "GET /xingrg/kc/mdqp/pssh_order_list.html HTTP/1.1" 200 17318
116.238.181.252 - - [18/Mar/2020:11:53:17 +0800] "POST /xingrg/kc/mdqp/pssh_list_operate.html HTTP/1.1" 200 5493
180.156.150.85 - - [18/Mar/2020:11:53:22 +0800] "GET /xingrg/kc/base/wlsy_order_operate.html?command=get_materiel&rest_code=00105&base_code=0010515&code=00101008061 HTTP/1.1" 200 427
114.93.75.19 - - [18/Mar/2020:11:53:25 +0800] "GET /xingrg/all/function/internal_message.html?_=1584503602177&CODE_STATE=getMsg HTTP/1.1" 200 27
116.238.181.252 - - [18/Mar/2020:11:53:25 +0800] "POST /xingrg/kc/mdqp/pssh_list_operate.html HTTP/1.1" 200 814
180.157.252.250 - - [18/Mar/2020:11:53:26 +0800] "GET /xingrg/all/function/internal_message.html?_=1584503604041&CODE_STATE=getMsg HTTP/1.1" 200 27
114.88.159.93 - - [18/Mar/2020:11:53:28 +0800] "GET /xingrg/all/function/internal_message.html?_=1584503330052&CODE_STATE=getMsg HTTP/1.1" 200 27
114.88.170.9 - - [18/Mar/2020:11:53:28 +0800] "GET /xingrg/all/function/internal_message.html?_=1584503898307&CODE_STATE=getMsg HTTP/1.1" 200 27
180.156.150.85 - - [18/Mar/2020:11:53:30 +0800] "GET /xingrg/kc/base/wlsy_order_operate.html?command=get_materiel&rest_code=00105&base_code=0010515&code=00101008112 HTTP/1.1" 200 431
180.156.150.85 - - [18/Mar/2020:11:53:36 +0800] "GET /xingrg/kc/base/wlsy_order_operate.html?command=get_materiel&rest_code=00105&base_code=0010515&code=00101008171 HTTP/1.1" 200 427
116.238.181.252 - - [18/Mar/2020:11:53:36 +0800] "GET /xingrg/kc/base/wldb_order_list.html HTTP/1.1" 200 19248
124.77.241.94 - - [18/Mar/2020:11:53:36 +0800] "GET /xingrg/all/function/internal_message.html?_=1584503624480&CODE_STATE=getMsg HTTP/1.1" 200 27
114.93.75.19 - - [18/Mar/2020:11:53:36 +0800] "GET /xingrg/all/function/internal_message.html?_=1584503614280&CODE_STATE=getMsg HTTP/1.1" 200 27
116.238.181.252 - - [18/Mar/2020:11:53:37 +0800] "POST /xingrg/kc/base/wldb_list_operate.html HTTP/1.1" 200 928
117.185.32.26 - - [18/Mar/2020:11:53:41 +0800] "GET /xingrg/all/function/internal_message.html?_=1584503619314&CODE_STATE=getMsg HTTP/1.1" 200 27
117.185.32.26 - - [18/Mar/2020:11:53:43 +0800] "GET /xingrg/javascript/easyui/themes/default/tree.css HTTP/1.1" 404 1090
117.185.32.26 - - [18/Mar/2020:11:53:43 +0800] "POST /xingrg/all/common/load_tree.html?tree=supplier_tree_json&isDelete=1 HTTP/1.1" 200 46535
180.152.227.200 - - [18/Mar/2020:11:53:44 +0800] "GET /xingrg/all/function/internal_message.html?_=1584503616366&CODE_STATE=getMsg HTTP/1.1" 200 27
58.40.7.146 - - [18/Mar/2020:11:53:44 +0800] "GET /xingrg/all/function/internal_message.html?_=1584503622533&CODE_STATE=getMsg HTTP/1.1" 200 27
180.156.150.85 - - [18/Mar/2020:11:53:45 +0800] "GET /xingrg/kc/base/wlsy_order_operate.html?command=get_materiel&rest_code=00105&base_code=0010515&code=00101008236 HTTP/1.1" 200 434
114.93.75.19 - - [18/Mar/2020:11:53:50 +0800] "GET /xingrg/all/function/internal_message.html?_=1584503805606&CODE_STATE=getMsg HTTP/1.1" 200 27
101.81.124.227 - - [18/Mar/2020:11:53:53 +0800] "GET /xingrg/all/function/internal_message.html?_=1584503630033&CODE_STATE=getMsg HTTP/1.1" 200 27
180.156.150.85 - - [18/Mar/2020:11:53:53 +0800] "GET /xingrg/kc/base/wlsy_order_operate.html?command=get_materiel&rest_code=00105&base_code=0010515&code=00101008088 HTTP/1.1" 200 425
180.156.150.85 - - [18/Mar/2020:11:53:59 +0800] "GET /xingrg/kc/base/wlsy_order_operate.html?command=get_materiel&rest_code=00105&base_code=0010515&code=00101008096 HTTP/1.1" 200 430
116.238.181.252 - - [18/Mar/2020:11:54:02 +0800] "GET /xingrg/all/function/internal_message.html?_=1584503644041&CODE_STATE=getMsg HTTP/1.1" 200 27
58.40.7.146 - - [18/Mar/2020:11:54:04 +0800] "GET /xingrg/check_reg.html?_=1584503642014 HTTP/1.1" 200 22
58.40.7.146 - - [18/Mar/2020:11:54:04 +0800] "GET /xingrg/all/function/internal_message.html?_=1584503642016&CODE_STATE=getMsg HTTP/1.1" 200 27
180.156.150.85 - - [18/Mar/2020:11:54:06 +0800] "GET /xingrg/kc/base/wlsy_order_operate.html?command=get_materiel&rest_code=00105&base_code=0010515&code=00101008353 HTTP/1.1" 200 426
180.156.150.85 - - [18/Mar/2020:11:54:08 +0800] "GET /xingrg/all/function/internal_message.html?_=1584503647048&CODE_STATE=getMsg HTTP/1.1" 200 27
180.156.150.85 - - [18/Mar/2020:11:54:08 +0800] "GET /xingrg/check_reg.html?_=1584503647049 HTTP/1.1" 200 22
117.131.5.26 - - [18/Mar/2020:11:54:09 +0800] "GET /xingrg/all/function/internal_message.html?_=1584503663796&CODE_STATE=getMsg HTTP/1.1" 200 27
117.185.32.26 - - [18/Mar/2020:11:54:10 +0800] "GET /xingrg/kc/buy/cgsh_order_operate.html?command=get_materiel&rest_code=00106&code=00102010019&supplier_code=00100347&order_time=2020-03-18 HTTP/1.1" 200 412
180.156.150.85 - - [18/Mar/2020:11:54:12 +0800] "GET /xingrg/kc/base/wlsy_order_operate.html?command=get_materiel&rest_code=00105&base_code=0010515&code=00101008209 HTTP/1.1" 200 425
114.93.75.19 - - [18/Mar/2020:11:54:14 +0800] "GET /xingrg/all/function/internal_message.html?_=1584503658509&CODE_STATE=getMsg HTTP/1.1" 200 27
180.156.150.85 - - [18/Mar/2020:11:54:16 +0800] "POST /xingrg/kc/base/wlsy_order_operate.html HTTP/1.1" 200 1710
124.77.241.94 - - [18/Mar/2020:11:54:20 +0800] "GET /xingrg/check_reg.html?_=1584503668570 HTTP/1.1" 200 22
114.93.75.19 - - [18/Mar/2020:11:54:25 +0800] "GET /xingrg/all/function/internal_message.html?_=1584503662180&CODE_STATE=getMsg HTTP/1.1" 200 27
180.157.252.250 - - [18/Mar/2020:11:54:26 +0800] "GET /xingrg/all/function/internal_message.html?_=1584503664041&CODE_STATE=getMsg HTTP/1.1" 200 27
117.185.32.26 - - [18/Mar/2020:11:54:27 +0800] "GET /xingrg/kc/buy/cgsh_order_operate.html?command=get_materiel&rest_code=00106&code=00101010587&supplier_code=00100347&order_time=2020-03-18 HTTP/1.1" 200 403
114.88.159.93 - - [18/Mar/2020:11:54:28 +0800] "GET /xingrg/all/function/internal_message.html?_=1584503390052&CODE_STATE=getMsg HTTP/1.1" 200 27
114.88.170.9 - - [18/Mar/2020:11:54:28 +0800] "GET /xingrg/all/function/internal_message.html?_=1584503958275&CODE_STATE=getMsg HTTP/1.1" 200 27
180.156.150.85 - - [18/Mar/2020:11:54:29 +0800] "GET /xingrg/kc/base/wlsy_order_operate.html?command=get_materiel&rest_code=00105&base_code=0010515&code=00101018012 HTTP/1.1" 200 447
114.93.75.19 - - [18/Mar/2020:11:54:36 +0800] "GET /xingrg/check_reg.html?_=1584503673875 HTTP/1.1" 200 22
124.77.241.94 - - [18/Mar/2020:11:54:36 +0800] "GET /xingrg/all/function/internal_message.html?_=1584503684483&CODE_STATE=getMsg HTTP/1.1" 200 27
114.93.75.19 - - [18/Mar/2020:11:54:36 +0800] "GET /xingrg/all/function/internal_message.html?_=1584503674251&CODE_STATE=getMsg HTTP/1.1" 200 27
180.156.150.85 - - [18/Mar/2020:11:54:40 +0800] "GET /xingrg/kc/base/wlsy_order_operate.html?command=get_materiel&rest_code=00105&base_code=0010515&code=00101018031 HTTP/1.1" 200 414
117.185.32.26 - - [18/Mar/2020:11:54:41 +0800] "GET /xingrg/all/function/internal_message.html?_=1584503679303&CODE_STATE=getMsg HTTP/1.1" 200 27
117.185.32.26 - - [18/Mar/2020:11:54:42 +0800] "POST /xingrg/kc/buy/cgsh_order_operate.html HTTP/1.1" 200 37
117.185.32.26 - - [18/Mar/2020:11:54:42 +0800] "POST /xingrg/kc/buy/cgsh_order_operate.html HTTP/1.1" 200 3256
180.152.227.200 - - [18/Mar/2020:11:54:44 +0800] "GET /xingrg/check_reg.html?_=1584503676368 HTTP/1.1" 200 22
180.152.227.200 - - [18/Mar/2020:11:54:44 +0800] "GET /xingrg/all/function/internal_message.html?_=1584503676371&CODE_STATE=getMsg HTTP/1.1" 200 27
58.40.7.146 - - [18/Mar/2020:11:54:44 +0800] "GET /xingrg/all/function/internal_message.html?_=1584503682538&CODE_STATE=getMsg HTTP/1.1" 200 27
180.156.150.85 - - [18/Mar/2020:11:54:46 +0800] "POST /xingrg/kc/base/wlsy_order_operate.html HTTP/1.1" 200 37
180.156.150.85 - - [18/Mar/2020:11:54:47 +0800] "POST /xingrg/kc/base/wlsy_order_operate.html HTTP/1.1" 200 11670
180.156.150.85 - - [18/Mar/2020:11:54:49 +0800] "POST /xingrg/kc/base/wlsy_list_operate.html?syType=0 HTTP/1.1" 200 2387
114.93.75.19 - - [18/Mar/2020:11:54:50 +0800] "GET /xingrg/all/function/internal_message.html?_=1584503865607&CODE_STATE=getMsg HTTP/1.1" 200 27
101.81.124.227 - - [18/Mar/2020:11:54:53 +0800] "GET /xingrg/all/function/internal_message.html?_=1584503690037&CODE_STATE=getMsg HTTP/1.1" 200 27
180.156.150.85 - - [18/Mar/2020:11:54:57 +0800] "GET /xingrg/kc/base/wlsy_order_list.html?syType=1 HTTP/1.1" 200 17364
180.156.150.85 - - [18/Mar/2020:11:54:57 +0800] "POST /xingrg/kc/base/wlsy_list_operate.html?syType=1 HTTP/1.1" 200 3462
116.238.181.252 - - [18/Mar/2020:11:55:02 +0800] "GET /xingrg/javascript/jquery_tools/images/prev.gif HTTP/1.1" 404 1086
116.238.181.252 - - [18/Mar/2020:11:55:02 +0800] "GET /xingrg/javascript/jquery_tools/images/next.gif HTTP/1.1" 404 1086
116.238.181.252 - - [18/Mar/2020:11:55:03 +0800] "GET /xingrg/all/function/internal_message.html?_=1584503704145&CODE_STATE=getMsg HTTP/1.1" 200 27
58.40.7.146 - - [18/Mar/2020:11:55:04 +0800] "GET /xingrg/all/function/internal_message.html?_=1584503702018&CODE_STATE=getMsg HTTP/1.1" 200 27
180.156.150.85 - - [18/Mar/2020:11:55:08 +0800] "GET /xingrg/all/function/internal_message.html?_=1584503707036&CODE_STATE=getMsg HTTP/1.1" 200 27
117.131.5.26 - - [18/Mar/2020:11:55:09 +0800] "GET /xingrg/all/function/internal_message.html?_=1584503723796&CODE_STATE=getMsg HTTP/1.1" 200 27
114.93.75.19 - - [18/Mar/2020:11:55:14 +0800] "GET /xingrg/all/function/internal_message.html?_=1584503718527&CODE_STATE=getMsg HTTP/1.1" 200 27
114.93.75.19 - - [18/Mar/2020:11:55:25 +0800] "GET /xingrg/check_reg.html?_=1584503722183 HTTP/1.1" 200 22
114.93.75.19 - - [18/Mar/2020:11:55:25 +0800] "GET /xingrg/all/function/internal_message.html?_=1584503722188&CODE_STATE=getMsg HTTP/1.1" 200 27
180.157.252.250 - - [18/Mar/2020:11:55:26 +0800] "GET /xingrg/all/function/internal_message.html?_=1584503724040&CODE_STATE=getMsg HTTP/1.1" 200 27
114.88.170.9 - - [18/Mar/2020:11:55:28 +0800] "GET /xingrg/all/function/internal_message.html?_=1584504018250&CODE_STATE=getMsg HTTP/1.1" 200 27
114.88.159.93 - - [18/Mar/2020:11:55:28 +0800] "GET /xingrg/all/function/internal_message.html?_=1584503450051&CODE_STATE=getMsg HTTP/1.1" 200 27
114.93.75.19 - - [18/Mar/2020:11:55:36 +0800] "GET /xingrg/all/function/internal_message.html?_=1584503734235&CODE_STATE=getMsg HTTP/1.1" 200 27
124.77.241.94 - - [18/Mar/2020:11:55:36 +0800] "GET /xingrg/all/function/internal_message.html?_=1584503744496&CODE_STATE=getMsg HTTP/1.1" 200 27
117.185.32.26 - - [18/Mar/2020:11:55:41 +0800] "GET /xingrg/all/function/internal_message.html?_=1584503739354&CODE_STATE=getMsg HTTP/1.1" 200 27
117.185.32.26 - - [18/Mar/2020:11:55:41 +0800] "GET /xingrg/check_reg.html?_=1584503739352 HTTP/1.1" 200 22
180.152.227.200 - - [18/Mar/2020:11:55:44 +0800] "GET /xingrg/all/function/internal_message.html?_=1584503736355&CODE_STATE=getMsg HTTP/1.1" 200 27
58.40.7.146 - - [18/Mar/2020:11:55:44 +0800] "GET /xingrg/all/function/internal_message.html?_=1584503742540&CODE_STATE=getMsg HTTP/1.1" 200 27
180.156.150.85 - - [18/Mar/2020:11:55:46 +0800] "GET /xingrg/kc/base/wldb_order_list.html HTTP/1.1" 200 19244
180.156.150.85 - - [18/Mar/2020:11:55:47 +0800] "POST /xingrg/kc/base/wldb_list_operate.html HTTP/1.1" 200 928
114.93.75.19 - - [18/Mar/2020:11:55:50 +0800] "GET /xingrg/all/function/internal_message.html?_=1584503925608&CODE_STATE=getMsg HTTP/1.1" 200 27
114.93.75.19 - - [18/Mar/2020:11:55:50 +0800] "GET /xingrg/check_reg.html?_=1584503925612 HTTP/1.1" 200 22
101.81.124.227 - - [18/Mar/2020:11:55:53 +0800] "GET /xingrg/all/function/internal_message.html?_=1584503750049&CODE_STATE=getMsg HTTP/1.1" 200 27
180.156.150.85 - - [18/Mar/2020:11:55:54 +0800] "POST /xingrg/kc/base/wldb_list_operate.html HTTP/1.1" 200 928
114.88.170.9 - - [18/Mar/2020:11:56:01 +0800] "GET /xingrg/check_reg.html?_=1584503758143 HTTP/1.1" 200 22
116.238.181.252 - - [18/Mar/2020:11:56:02 +0800] "GET /xingrg/all/function/internal_message.html?_=1584503764058&CODE_STATE=getMsg HTTP/1.1" 200 27
58.40.7.146 - - [18/Mar/2020:11:56:04 +0800] "GET /xingrg/all/function/internal_message.html?_=1584503762024&CODE_STATE=getMsg HTTP/1.1" 200 27
180.156.150.85 - - [18/Mar/2020:11:56:08 +0800] "GET /xingrg/all/function/internal_message.html?_=1584503767049&CODE_STATE=getMsg HTTP/1.1" 200 27
117.131.5.26 - - [18/Mar/2020:11:56:09 +0800] "GET /xingrg/all/function/internal_message.html?_=1584503783812&CODE_STATE=getMsg HTTP/1.1" 200 27
114.93.75.19 - - [18/Mar/2020:11:56:14 +0800] "GET /xingrg/all/function/internal_message.html?_=1584503778536&CODE_STATE=getMsg HTTP/1.1" 200 27
114.93.75.19 - - [18/Mar/2020:11:56:25 +0800] "GET /xingrg/all/function/internal_message.html?_=1584503782175&CODE_STATE=getMsg HTTP/1.1" 200 27
180.157.252.250 - - [18/Mar/2020:11:56:26 +0800] "GET /xingrg/all/function/internal_message.html?_=1584503784046&CODE_STATE=getMsg HTTP/1.1" 200 27
180.157.252.250 - - [18/Mar/2020:11:56:26 +0800] "GET /xingrg/check_reg.html?_=1584503784049 HTTP/1.1" 200 22
114.88.170.9 - - [18/Mar/2020:11:56:28 +0800] "GET /xingrg/all/function/internal_message.html?_=1584504078220&CODE_STATE=getMsg HTTP/1.1" 200 27
114.88.159.93 - - [18/Mar/2020:11:56:28 +0800] "GET /xingrg/all/function/internal_message.html?_=1584503510053&CODE_STATE=getMsg HTTP/1.1" 200 27
114.93.75.19 - - [18/Mar/2020:11:56:36 +0800] "GET /xingrg/all/function/internal_message.html?_=1584503794217&CODE_STATE=getMsg HTTP/1.1" 200 27
124.77.241.94 - - [18/Mar/2020:11:56:37 +0800] "GET /xingrg/all/function/internal_message.html?_=1584503805082&CODE_STATE=getMsg HTTP/1.1" 200 27
117.185.32.26 - - [18/Mar/2020:11:56:41 +0800] "GET /xingrg/all/function/internal_message.html?_=1584503799323&CODE_STATE=getMsg HTTP/1.1" 200 27
180.152.227.200 - - [18/Mar/2020:11:56:44 +0800] "GET /xingrg/all/function/internal_message.html?_=1584503796396&CODE_STATE=getMsg HTTP/1.1" 200 27
58.40.7.146 - - [18/Mar/2020:11:56:44 +0800] "GET /xingrg/all/function/internal_message.html?_=1584503802529&CODE_STATE=getMsg HTTP/1.1" 200 27
114.93.75.19 - - [18/Mar/2020:11:56:50 +0800] "GET /xingrg/all/function/internal_message.html?_=1584503985613&CODE_STATE=getMsg HTTP/1.1" 200 27
101.81.124.227 - - [18/Mar/2020:11:56:53 +0800] "GET /xingrg/check_reg.html?_=1584503810037 HTTP/1.1" 200 22
101.81.124.227 - - [18/Mar/2020:11:56:53 +0800] "GET /xingrg/all/function/internal_message.html?_=1584503810043&CODE_STATE=getMsg HTTP/1.1" 200 27
114.93.75.19 - - [18/Mar/2020:11:57:00 +0800] "POST /xingrg/load_menu.html HTTP/1.1" 200 9905
116.238.181.252 - - [18/Mar/2020:11:57:02 +0800] "GET /xingrg/all/function/internal_message.html?_=1584503824055&CODE_STATE=getMsg HTTP/1.1" 200 27
114.93.75.19 - - [18/Mar/2020:11:57:03 +0800] "GET /xingrg/all/report/report_query.html?fileName=dma/new_5.0/menu/menu_category_hz.xml HTTP/1.1" 200 53034
114.93.75.19 - - [18/Mar/2020:11:57:03 +0800] "GET /xingrg/dwr/interface/AjaxReportQueryService.js HTTP/1.1" 200 13203
58.40.7.146 - - [18/Mar/2020:11:57:04 +0800] "GET /xingrg/all/function/internal_message.html?_=1584503822027&CODE_STATE=getMsg HTTP/1.1" 200 27
114.93.75.19 - - [18/Mar/2020:11:57:04 +0800] "GET /xingrg/dwr/engine.js HTTP/1.1" 200 43631
114.93.75.19 - - [18/Mar/2020:11:57:04 +0800] "POST /xingrg/dwr/call/plaincall/AjaxReportQueryService.getFixDate.dwr HTTP/1.1" 200 111
114.93.75.19 - - [18/Mar/2020:11:57:04 +0800] "POST /xingrg/all/common/load_tree.html?tree=area_station_tree_json&manage=1 HTTP/1.1" 200 2981
114.93.75.19 - - [18/Mar/2020:11:57:06 +0800] "GET /xingrg/dwr/interface/AjaxReportQueryService.js HTTP/1.1" 200 13203
114.93.75.19 - - [18/Mar/2020:11:57:07 +0800] "GET /xingrg/dwr/engine.js HTTP/1.1" 200 43631
114.93.75.19 - - [18/Mar/2020:11:57:07 +0800] "GET /xingrg/all/report/report_query.html?fileName=dma/new_5.0/menu/menu_stca_hz.xml HTTP/1.1" 200 51388
114.93.75.19 - - [18/Mar/2020:11:57:07 +0800] "POST /xingrg/dwr/call/plaincall/AjaxReportQueryService.getFixDate.dwr HTTP/1.1" 200 111
114.93.75.19 - - [18/Mar/2020:11:57:08 +0800] "POST /xingrg/all/common/load_tree.html?tree=area_station_tree_json&manage=1 HTTP/1.1" 200 2981
180.156.150.85 - - [18/Mar/2020:11:57:08 +0800] "GET /xingrg/all/function/internal_message.html?_=1584503827048&CODE_STATE=getMsg HTTP/1.1" 200 27
117.131.5.26 - - [18/Mar/2020:11:57:08 +0800] "GET /xingrg/check_reg.html?_=1584503843203 HTTP/1.1" 200 22
117.131.5.26 - - [18/Mar/2020:11:57:09 +0800] "GET /xingrg/all/function/internal_message.html?_=1584503843812&CODE_STATE=getMsg HTTP/1.1" 200 27
114.93.75.19 - - [18/Mar/2020:11:57:13 +0800] "GET /xingrg/check_reg.html?_=1584503836749 HTTP/1.1" 200 22
114.93.75.19 - - [18/Mar/2020:11:57:14 +0800] "GET /xingrg/all/function/internal_message.html?_=1584503838550&CODE_STATE=getMsg HTTP/1.1" 200 27
120.253.135.82 - - [18/Mar/2020:11:57:17 +0800] "GET /xingrg/check_reg.html?_=1584503579523 HTTP/1.1" 200 22
58.221.95.50 - - [18/Mar/2020:11:57:18 +0800] "GET /xingrg/check_reg.html?_=1584504183979 HTTP/1.1" 200 22
114.93.75.19 - - [18/Mar/2020:11:57:22 +0800] "POST /xingrg/dwr/call/plaincall/AjaxReportQueryService.refreshCache.dwr HTTP/1.1" 200 78
114.93.75.19 - - [18/Mar/2020:11:57:22 +0800] "POST /xingrg/all/report/load_report_page.html HTTP/1.1" 200 53798
114.93.75.19 - - [18/Mar/2020:11:57:22 +0800] "GET /xingrg/servlets/image?cache=0.0712712440397425&image=px HTTP/1.1" 200 807
114.93.75.19 - - [18/Mar/2020:11:57:25 +0800] "GET /xingrg/all/function/internal_message.html?_=1584503842177&CODE_STATE=getMsg HTTP/1.1" 200 27
180.157.252.250 - - [18/Mar/2020:11:57:26 +0800] "GET /xingrg/all/function/internal_message.html?_=1584503844046&CODE_STATE=getMsg HTTP/1.1" 200 27
114.93.75.19 - - [18/Mar/2020:11:57:27 +0800] "GET /xingrg/dwr/engine.js HTTP/1.1" 200 43631
114.93.75.19 - - [18/Mar/2020:11:57:27 +0800] "GET /xingrg/all/report/report_query.html?isQuery=1&fileName=dma/new_5.0/menu/menu_hz.xml&queryString=(a.sale_day%2520between%252020200101%2520and%252020200131)%2520and%2520(a.sid%2520in%2520(11))%2520and%2520(a.tj_code%253D23)&queryText=%25E3%2580%2590%25E8%2590%25A5%25E4%25B8%259A%25E6%2597%25A5%25E6%259C%259F%253A2020-01-01%2520%25E8%2587%25B3%25202020-01-31%25E3%2580%2591%2520%25E5%25B9%25B6%25E4%25B8%2594%2520%2520%25E3%2580%2590%25E9%2597%25A8%25E5%25BA%2597%25E5%2590%258D%25E7%25A7%25B0%2520%253D%2520%25E6%25B7%25B1%25E6%25B5%25B7%25E6%25B8%2594%25E6%25B8%25AF%25E9%2595%25BF%25E5%25AF%25BF%25E8%25B7%25AF%25E3%2580%2591%2520%25E5%25B9%25B6%25E4%25B8%2594%2520%25E3%2580%2590%25E7%25BB%259F%25E8%25AE%25A1%25E7%25B1%25BB%25E5%2588%25AB%2520%253D%2520%25E5%25A4%2596%25E5%258C%2585%25E7%2583%25A4%25E9%25B8%25AD%25E3%2580%2591 HTTP/1.1" 200 54094
114.93.75.19 - - [18/Mar/2020:11:57:27 +0800] "GET /favicon.ico HTTP/1.1" 404 -
114.88.170.9 - - [18/Mar/2020:11:57:28 +0800] "GET /xingrg/all/function/internal_message.html?_=1584504138193&CODE_STATE=getMsg HTTP/1.1" 200 27
114.88.159.93 - - [18/Mar/2020:11:57:28 +0800] "GET /xingrg/check_reg.html?_=1584503570052 HTTP/1.1" 200 22
114.88.159.93 - - [18/Mar/2020:11:57:28 +0800] "GET /xingrg/all/function/internal_message.html?_=1584503570054&CODE_STATE=getMsg HTTP/1.1" 200 27
114.93.75.19 - - [18/Mar/2020:11:57:28 +0800] "POST /xingrg/all/report/load_report_page.html HTTP/1.1" 200 45757
114.93.75.19 - - [18/Mar/2020:11:57:28 +0800] "GET /xingrg/servlets/image?cache=0.6277918456008401&image=px HTTP/1.1" 200 807
114.93.75.19 - - [18/Mar/2020:11:57:36 +0800] "GET /xingrg/all/function/internal_message.html?_=1584503854198&CODE_STATE=getMsg HTTP/1.1" 200 27
124.77.241.94 - - [18/Mar/2020:11:57:37 +0800] "GET /xingrg/all/function/internal_message.html?_=1584503865084&CODE_STATE=getMsg HTTP/1.1" 200 27
180.157.252.250 - - [18/Mar/2020:11:57:38 +0800] "GET /xingrg/check_reg.html?_=1584503848985 HTTP/1.1" 302 -
117.185.32.26 - - [18/Mar/2020:11:57:41 +0800] "GET /xingrg/all/function/internal_message.html?_=1584503859310&CODE_STATE=getMsg HTTP/1.1" 200 27
180.152.227.200 - - [18/Mar/2020:11:57:44 +0800] "GET /xingrg/all/function/internal_message.html?_=1584503856382&CODE_STATE=getMsg HTTP/1.1" 200 27
58.40.7.146 - - [18/Mar/2020:11:57:44 +0800] "GET /xingrg/all/function/internal_message.html?_=1584503862531&CODE_STATE=getMsg HTTP/1.1" 200 27
58.40.7.146 - - [18/Mar/2020:11:57:44 +0800] "GET /xingrg/check_reg.html?_=1584503862534 HTTP/1.1" 200 22
114.93.75.19 - - [18/Mar/2020:11:57:50 +0800] "GET /xingrg/all/function/internal_message.html?_=1584504045634&CODE_STATE=getMsg HTTP/1.1" 200 27
101.81.124.227 - - [18/Mar/2020:11:57:53 +0800] "GET /xingrg/all/function/internal_message.html?_=1584503870043&CODE_STATE=getMsg HTTP/1.1" 200 27
116.238.181.252 - - [18/Mar/2020:11:58:02 +0800] "GET /xingrg/check_reg.html?_=1584503884062 HTTP/1.1" 200 22
116.238.181.252 - - [18/Mar/2020:11:58:02 +0800] "GET /xingrg/all/function/internal_message.html?_=1584503884071&CODE_STATE=getMsg HTTP/1.1" 200 27
58.40.7.146 - - [18/Mar/2020:11:58:04 +0800] "GET /xingrg/all/function/internal_message.html?_=1584503882030&CODE_STATE=getMsg HTTP/1.1" 200 27
114.88.170.9 - - [18/Mar/2020:11:58:06 +0800] "GET /xingrg/check_reg.html?_=1584504176524 HTTP/1.1" 200 22
180.156.150.85 - - [18/Mar/2020:11:58:08 +0800] "GET /xingrg/all/function/internal_message.html?_=1584503887049&CODE_STATE=getMsg HTTP/1.1" 200 27
117.131.5.26 - - [18/Mar/2020:11:58:09 +0800] "GET /xingrg/all/function/internal_message.html?_=1584503903812&CODE_STATE=getMsg HTTP/1.1" 200 27
114.93.75.19 - - [18/Mar/2020:11:58:14 +0800] "GET /xingrg/all/function/internal_message.html?_=1584503898563&CODE_STATE=getMsg HTTP/1.1" 200 27
114.93.75.19 - - [18/Mar/2020:11:58:25 +0800] "GET /xingrg/all/function/internal_message.html?_=1584503902180&CODE_STATE=getMsg HTTP/1.1" 200 27
180.157.252.250 - - [18/Mar/2020:11:58:26 +0800] "GET /xingrg/all/function/internal_message.html?_=1584503904042&CODE_STATE=getMsg HTTP/1.1" 200 27
114.88.170.9 - - [18/Mar/2020:11:58:28 +0800] "GET /xingrg/all/function/internal_message.html?_=1584504198169&CODE_STATE=getMsg HTTP/1.1" 200 27
114.88.159.93 - - [18/Mar/2020:11:58:28 +0800] "GET /xingrg/all/function/internal_message.html?_=1584503630053&CODE_STATE=getMsg HTTP/1.1" 200 27
114.93.75.19 - - [18/Mar/2020:11:58:36 +0800] "GET /xingrg/all/function/internal_message.html?_=1584503914182&CODE_STATE=getMsg HTTP/1.1" 200 27
124.77.241.94 - - [18/Mar/2020:11:58:37 +0800] "GET /xingrg/all/function/internal_message.html?_=1584503925687&CODE_STATE=getMsg HTTP/1.1" 200 27
117.185.32.26 - - [18/Mar/2020:11:58:41 +0800] "GET /xingrg/all/function/internal_message.html?_=1584503919305&CODE_STATE=getMsg HTTP/1.1" 200 27
180.152.227.200 - - [18/Mar/2020:11:58:44 +0800] "GET /xingrg/all/function/internal_message.html?_=1584503916381&CODE_STATE=getMsg HTTP/1.1" 200 27
116.238.181.252 - - [18/Mar/2020:11:58:44 +0800] "POST /xingrg/all/user/operate.html HTTP/1.1" 200 36
58.40.7.146 - - [18/Mar/2020:11:58:44 +0800] "GET /xingrg/all/function/internal_message.html?_=1584503922538&CODE_STATE=getMsg HTTP/1.1" 200 27
116.238.181.252 - - [18/Mar/2020:11:58:45 +0800] "GET /xingrg/javascript/jquery_easy_ui/themes/default/easyui.css HTTP/1.1" 304 -
116.238.181.252 - - [18/Mar/2020:11:58:45 +0800] "GET /xingrg/index.html?sysBaseUrl=http%3A%2F%2F117.131.15.22%3A18081%2Fxingrg%2F&costTime=33×tamp=1584409225847 HTTP/1.1" 200 17157
116.238.181.252 - - [18/Mar/2020:11:58:45 +0800] "GET /xingrg/javascript/jquery_easy_ui/themes/icon.css HTTP/1.1" 304 -
116.238.181.252 - - [18/Mar/2020:11:58:45 +0800] "GET /xingrg/css/form.css HTTP/1.1" 304 -
116.238.181.252 - - [18/Mar/2020:11:58:45 +0800] "GET /xingrg/javascript/jquery-1.4.2.min.js HTTP/1.1" 304 -
116.238.181.252 - - [18/Mar/2020:11:58:45 +0800] "GET /xingrg/javascript/jquery_easy_ui/jquery.easyui.min.js HTTP/1.1" 304 -
116.238.181.252 - - [18/Mar/2020:11:58:45 +0800] "GET /xingrg/javascript/jquery_easy_ui/easyui-lang-zh_CN.js HTTP/1.1" 304 -
116.238.181.252 - - [18/Mar/2020:11:58:45 +0800] "GET /xingrg/javascript/jquery.form.js HTTP/1.1" 304 -
116.238.181.252 - - [18/Mar/2020:11:58:45 +0800] "GET /xingrg/javascript/jquery.utils.js HTTP/1.1" 304 -
116.238.181.252 - - [18/Mar/2020:11:58:45 +0800] "GET /xingrg/javascript/jquery.timers.js HTTP/1.1" 304 -
116.238.181.252 - - [18/Mar/2020:11:58:45 +0800] "GET /xingrg/images/blue/jxLogo.png HTTP/1.1" 304 -
116.238.181.252 - - [18/Mar/2020:11:58:45 +0800] "GET /xingrg/images/blue/navBackgound.jpg HTTP/1.1" 304 -
116.238.181.252 - - [18/Mar/2020:11:58:45 +0800] "GET /xingrg/javascript/jquery_easy_ui/themes/icons/settle_new.png HTTP/1.1" 304 -
116.238.181.252 - - [18/Mar/2020:11:58:45 +0800] "POST /xingrg/all/common/load_tree.html?tree=area_rest_tree_json&manage=1 HTTP/1.1" 200 476
116.238.181.252 - - [18/Mar/2020:11:58:45 +0800] "GET /xingrg/all/function/internal_message.html?_=1584503926418&CODE_STATE=count HTTP/1.1" 200 11
116.238.181.252 - - [18/Mar/2020:11:58:45 +0800] "GET /xingrg/images/blue/pingpu.png HTTP/1.1" 304 -
116.238.181.252 - - [18/Mar/2020:11:58:45 +0800] "GET /xingrg/check_reg.html?_=1584503926419 HTTP/1.1" 200 22
116.238.181.252 - - [18/Mar/2020:11:58:45 +0800] "GET /xingrg/javascript/jquery_easy_ui/themes/default/images/panel_tool_collapse.gif HTTP/1.1" 304 -
116.238.181.252 - - [18/Mar/2020:11:58:45 +0800] "GET /xingrg/javascript/jquery_easy_ui/themes/default/images/tabs_rightarrow.png HTTP/1.1" 304 -
116.238.181.252 - - [18/Mar/2020:11:58:45 +0800] "GET /xingrg/javascript/jquery_easy_ui/themes/default/images/tabs_leftarrow.png HTTP/1.1" 304 -
116.238.181.252 - - [18/Mar/2020:11:58:45 +0800] "POST /xingrg/load_menu.html HTTP/1.1" 200 5124
114.93.75.19 - - [18/Mar/2020:11:58:50 +0800] "GET /xingrg/all/function/internal_message.html?_=1584504105635&CODE_STATE=getMsg HTTP/1.1" 200 27
