222.69.134.233 - - [18/Mar/2020:09:02:48 +0800] "GET /xingrg/kc/buy/cgsh_order_operate.html?command=get_materiel&rest_code=00149&code=00101006109&supplier_code=00100151&order_time=2020-03-18 HTTP/1.1" 200 409
120.253.135.82 - - [18/Mar/2020:09:02:50 +0800] "POST /xingrg/kc/pszx/mdps_list_operate.html HTTP/1.1" 200 204
120.253.135.82 - - [18/Mar/2020:09:02:50 +0800] "GET /xingrg/kc/pszx/mdps_order_info.html?code=312020031800080 HTTP/1.1" 200 23829
120.253.135.82 - - [18/Mar/2020:09:02:50 +0800] "GET /xingrg/javascript/pic_change.js HTTP/1.1" 304 -
120.253.135.82 - - [18/Mar/2020:09:02:50 +0800] "GET /xingrg/javascript/convert.js HTTP/1.1" 304 -
120.253.135.82 - - [18/Mar/2020:09:02:50 +0800] "GET /xingrg/javascript/jquery_tools/order_manager.js HTTP/1.1" 304 -
120.253.135.82 - - [18/Mar/2020:09:02:50 +0800] "GET /xingrg/javascript/json2.js HTTP/1.1" 304 -
120.253.135.82 - - [18/Mar/2020:09:02:50 +0800] "GET /xingrg/javascript/print/kc_print.js HTTP/1.1" 304 -
120.253.135.82 - - [18/Mar/2020:09:02:50 +0800] "GET /xingrg/words/20200317135402_words.js HTTP/1.1" 304 -
120.253.135.82 - - [18/Mar/2020:09:02:50 +0800] "GET /xingrg/javascript/easyui/themes/icons/copy_new.png HTTP/1.1" 304 -
120.253.135.82 - - [18/Mar/2020:09:02:50 +0800] "GET /xingrg/javascript/easyui/themes/icons/print.png HTTP/1.1" 304 -
120.253.135.82 - - [18/Mar/2020:09:02:50 +0800] "GET /xingrg/javascript/easyui/themes/icons/ok.png HTTP/1.1" 304 -
120.253.135.82 - - [18/Mar/2020:09:02:50 +0800] "GET /xingrg/javascript/easyui/themes/icons/cancel.png HTTP/1.1" 304 -
120.253.135.82 - - [18/Mar/2020:09:02:50 +0800] "GET /xingrg/javascript/easyui/themes/default/images/menu_downarrow.png HTTP/1.1" 304 -
117.185.32.26 - - [18/Mar/2020:09:02:50 +0800] "GET /xingrg/kc/buy/cgsh_order_operate.html?command=get_materiel&rest_code=00106&code=00101008042&supplier_code=00100151&order_time=2020-03-18 HTTP/1.1" 200 416
120.253.135.82 - - [18/Mar/2020:09:02:51 +0800] "GET /xingrg/all/common/auto_word.html?type=base&rest_code=00101 HTTP/1.1" 200 513
120.253.135.82 - - [18/Mar/2020:09:02:51 +0800] "POST /xingrg/kc/pszx/mdps_order_operate.html HTTP/1.1" 200 2287
120.253.135.82 - - [18/Mar/2020:09:02:51 +0800] "GET /xingrg/javascript/easyui/themes/icons/edit_remove.png HTTP/1.1" 304 -
120.253.135.82 - - [18/Mar/2020:09:02:51 +0800] "GET /xingrg/javascript/easyui/themes/default/validatebox.css HTTP/1.1" 404 1104
120.253.135.82 - - [18/Mar/2020:09:02:51 +0800] "GET /xingrg/javascript/easyui/plugins/jquery.validatebox.js HTTP/1.1" 304 -
120.253.135.82 - - [18/Mar/2020:09:02:51 +0800] "GET /xingrg/javascript/easyui/plugins/jquery.numberbox.js HTTP/1.1" 304 -
120.253.135.82 - - [18/Mar/2020:09:02:52 +0800] "GET /xingrg/javascript/easyui/themes/default/images/button_plain_hover.png HTTP/1.1" 304 -
120.253.135.82 - - [18/Mar/2020:09:02:54 +0800] "GET /xingrg/kc/print/load_config.html?kc_code=mdps HTTP/1.1" 200 2396
120.253.135.82 - - [18/Mar/2020:09:02:54 +0800] "GET /xingrg/kc/print/load_data.html?order_code=312020031800080&kc_code=mdps&condition= HTTP/1.1" 200 681
222.69.134.233 - - [18/Mar/2020:09:02:59 +0800] "GET /xingrg/kc/buy/cgsh_order_operate.html?command=get_materiel&rest_code=00149&code=00101008332&supplier_code=00100151&order_time=2020-03-18 HTTP/1.1" 200 413
116.238.181.252 - - [18/Mar/2020:09:03:00 +0800] "GET /xingrg/all/function/internal_message.html?_=1584493381985&CODE_STATE=getMsg HTTP/1.1" 200 27
117.185.32.26 - - [18/Mar/2020:09:03:04 +0800] "GET /xingrg/kc/buy/cgsh_order_operate.html?command=get_materiel&rest_code=00106&code=00101012003&supplier_code=00100151&order_time=2020-03-18 HTTP/1.1" 200 412
124.77.241.94 - - [18/Mar/2020:09:03:06 +0800] "GET /xingrg/all/function/internal_message.html?_=1584493394065&CODE_STATE=getMsg HTTP/1.1" 200 27
117.131.5.26 - - [18/Mar/2020:09:03:08 +0800] "GET /xingrg/all/function/internal_message.html?_=1584493403140&CODE_STATE=getMsg HTTP/1.1" 200 27
114.93.75.19 - - [18/Mar/2020:09:03:11 +0800] "GET /xingrg/all/function/internal_message.html?_=1584493708932&CODE_STATE=getMsg HTTP/1.1" 200 27
120.253.135.82 - - [18/Mar/2020:09:03:12 +0800] "GET /xingrg/javascript/jquery_easy_ui/themes/icons/area.png HTTP/1.1" 304 -
120.253.135.82 - - [18/Mar/2020:09:03:12 +0800] "GET /xingrg/javascript/jquery_easy_ui/themes/icons/manage.png HTTP/1.1" 304 -
120.253.135.82 - - [18/Mar/2020:09:03:15 +0800] "POST /xingrg/kc/pszx/mdps_list_operate.html HTTP/1.1" 200 212
120.253.135.82 - - [18/Mar/2020:09:03:15 +0800] "GET /xingrg/kc/pszx/mdps_order_info.html?code=312020031800081 HTTP/1.1" 200 23835
120.253.135.82 - - [18/Mar/2020:09:03:16 +0800] "POST /xingrg/kc/pszx/mdps_order_operate.html HTTP/1.1" 200 2290
120.253.135.82 - - [18/Mar/2020:09:03:16 +0800] "GET /xingrg/javascript/easyui/themes/default/validatebox.css HTTP/1.1" 404 1104
120.253.135.82 - - [18/Mar/2020:09:03:18 +0800] "POST /xingrg/kc/pszx/mdps_list_operate.html HTTP/1.1" 200 3493
222.69.134.233 - - [18/Mar/2020:09:03:18 +0800] "GET /xingrg/kc/buy/cgsh_order_operate.html?command=get_materiel&rest_code=00149&code=00101008296&supplier_code=00100151&order_time=2020-03-18 HTTP/1.1" 200 416
222.69.134.233 - - [18/Mar/2020:09:03:21 +0800] "POST /xingrg/kc/buy/cgsh_order_operate.html HTTP/1.1" 200 2065
222.69.134.233 - - [18/Mar/2020:09:03:25 +0800] "GET /xingrg/kc/buy/cgsh_order_operate.html?command=get_materiel&rest_code=00149&code=00101008027&supplier_code=00100151&order_time=2020-03-18 HTTP/1.1" 200 408
120.253.135.82 - - [18/Mar/2020:09:03:26 +0800] "POST /xingrg/kc/pszx/mdps_list_operate.html HTTP/1.1" 200 204
120.253.135.82 - - [18/Mar/2020:09:03:27 +0800] "GET /xingrg/kc/pszx/mdps_order_info.html?code=312020031800080 HTTP/1.1" 200 23829
120.253.135.82 - - [18/Mar/2020:09:03:27 +0800] "POST /xingrg/kc/pszx/mdps_order_operate.html HTTP/1.1" 200 2287
120.253.135.82 - - [18/Mar/2020:09:03:27 +0800] "GET /xingrg/javascript/easyui/themes/default/validatebox.css HTTP/1.1" 404 1104
120.253.135.82 - - [18/Mar/2020:09:03:29 +0800] "POST /xingrg/kc/pszx/mdps_list_operate.html HTTP/1.1" 200 3493
120.253.135.82 - - [18/Mar/2020:09:03:31 +0800] "GET /xingrg/all/function/internal_message.html?_=1584493531510&CODE_STATE=getMsg HTTP/1.1" 200 27
114.88.170.9 - - [18/Mar/2020:09:03:31 +0800] "GET /xingrg/all/function/internal_message.html?_=1584493702097&CODE_STATE=getMsg HTTP/1.1" 302 -
120.253.135.82 - - [18/Mar/2020:09:03:32 +0800] "POST /xingrg/kc/pszx/mdps_list_operate.html HTTP/1.1" 200 293
120.253.135.82 - - [18/Mar/2020:09:03:32 +0800] "GET /xingrg/kc/pszx/mdps_order_info.html?code=312020031700078 HTTP/1.1" 200 23827
120.253.135.82 - - [18/Mar/2020:09:03:32 +0800] "POST /xingrg/kc/pszx/mdps_order_operate.html HTTP/1.1" 200 2800
120.253.135.82 - - [18/Mar/2020:09:03:32 +0800] "GET /xingrg/javascript/easyui/themes/default/validatebox.css HTTP/1.1" 404 1104
222.69.134.233 - - [18/Mar/2020:09:03:35 +0800] "GET /xingrg/kc/buy/cgsh_order_operate.html?command=get_materiel&rest_code=00149&code=00101008244&supplier_code=00100151&order_time=2020-03-18 HTTP/1.1" 200 408
120.253.135.82 - - [18/Mar/2020:09:03:38 +0800] "GET /xingrg/all/function/internal_message.html?_=1584493161288&CODE_STATE=getMsg HTTP/1.1" 200 27
120.253.135.82 - - [18/Mar/2020:09:03:39 +0800] "POST /xingrg/kc/pszx/mdps_list_operate.html HTTP/1.1" 200 3493
222.69.134.233 - - [18/Mar/2020:09:03:40 +0800] "GET /xingrg/all/function/internal_message.html?_=1584493415980&CODE_STATE=getMsg HTTP/1.1" 200 27
114.93.75.19 - - [18/Mar/2020:09:03:41 +0800] "GET /xingrg/all/function/internal_message.html?_=1584493419042&CODE_STATE=getMsg HTTP/1.1" 200 27
117.185.32.26 - - [18/Mar/2020:09:03:41 +0800] "GET /xingrg/all/function/internal_message.html?_=1584493419317&CODE_STATE=getMsg HTTP/1.1" 200 27
58.40.7.146 - - [18/Mar/2020:09:03:44 +0800] "GET /xingrg/all/function/internal_message.html?_=1584493422472&CODE_STATE=getMsg HTTP/1.1" 200 27
120.253.135.82 - - [18/Mar/2020:09:03:45 +0800] "POST /xingrg/kc/pszx/mdps_list_operate.html HTTP/1.1" 200 205
120.253.135.82 - - [18/Mar/2020:09:03:45 +0800] "GET /xingrg/kc/pszx/mdps_order_info.html?code=312020031500059 HTTP/1.1" 200 23827
120.253.135.82 - - [18/Mar/2020:09:03:46 +0800] "POST /xingrg/kc/pszx/mdps_order_operate.html HTTP/1.1" 200 2289
120.253.135.82 - - [18/Mar/2020:09:03:46 +0800] "GET /xingrg/javascript/easyui/themes/default/validatebox.css HTTP/1.1" 404 1104
120.253.135.82 - - [18/Mar/2020:09:03:48 +0800] "POST /xingrg/kc/pszx/mdps_list_operate.html HTTP/1.1" 200 3493
222.69.134.233 - - [18/Mar/2020:09:03:48 +0800] "GET /xingrg/kc/buy/cgsh_order_operate.html?command=get_materiel&rest_code=00149&code=00101008330&supplier_code=00100151&order_time=2020-03-18 HTTP/1.1" 200 409
117.185.32.26 - - [18/Mar/2020:09:03:48 +0800] "GET /xingrg/kc/buy/cgsh_order_operate.html?command=get_materiel&rest_code=00106&code=00101008024&supplier_code=00100151&order_time=2020-03-18 HTTP/1.1" 200 408
117.185.32.26 - - [18/Mar/2020:09:03:57 +0800] "GET /xingrg/kc/buy/cgsh_order_operate.html?command=get_materiel&rest_code=00106&code=00101008032&supplier_code=00100151&order_time=2020-03-18 HTTP/1.1" 200 408
116.238.181.252 - - [18/Mar/2020:09:04:00 +0800] "GET /xingrg/check_reg.html?_=1584493441985 HTTP/1.1" 200 22
116.238.181.252 - - [18/Mar/2020:09:04:00 +0800] "GET /xingrg/all/function/internal_message.html?_=1584493441987&CODE_STATE=getMsg HTTP/1.1" 200 27
222.69.134.233 - - [18/Mar/2020:09:04:04 +0800] "GET /xingrg/kc/buy/cgsh_order_operate.html?command=get_materiel&rest_code=00149&code=00101008199&supplier_code=00100151&order_time=2020-03-18 HTTP/1.1" 200 408
124.77.241.94 - - [18/Mar/2020:09:04:07 +0800] "GET /xingrg/all/function/internal_message.html?_=1584493454514&CODE_STATE=getMsg HTTP/1.1" 200 27
117.131.5.26 - - [18/Mar/2020:09:04:08 +0800] "GET /xingrg/all/function/internal_message.html?_=1584493463140&CODE_STATE=getMsg HTTP/1.1" 200 27
114.93.75.19 - - [18/Mar/2020:09:04:11 +0800] "GET /xingrg/all/function/internal_message.html?_=1584493768956&CODE_STATE=getMsg HTTP/1.1" 200 27
222.69.134.233 - - [18/Mar/2020:09:04:16 +0800] "GET /xingrg/kc/buy/cgsh_order_operate.html?command=get_materiel&rest_code=00149&code=00101008213&supplier_code=00100151&order_time=2020-03-18 HTTP/1.1" 200 412
124.77.241.94 - - [18/Mar/2020:09:04:18 +0800] "GET /xingrg/check_reg.html?_=1584493465702 HTTP/1.1" 200 22
42.236.10.117 - - [18/Mar/2020:09:04:26 +0800] "GET /xingrg HTTP/1.1" 302 -
42.236.10.117 - - [18/Mar/2020:09:04:26 +0800] "GET /xingrg/ HTTP/1.1" 200 292
42.236.10.117 - - [18/Mar/2020:09:04:26 +0800] "GET /xingrg HTTP/1.1" 302 -
42.236.10.117 - - [18/Mar/2020:09:04:26 +0800] "GET /xingrg/ HTTP/1.1" 200 292
42.236.10.117 - - [18/Mar/2020:09:04:27 +0800] "GET /xingrg/index.html HTTP/1.1" 302 -
120.253.135.82 - - [18/Mar/2020:09:04:28 +0800] "GET /xingrg/check_reg.html?_=1584493588165 HTTP/1.1" 200 22
42.236.10.117 - - [18/Mar/2020:09:04:28 +0800] "GET /xingrg/login.html HTTP/1.1" 200 2139
42.236.10.117 - - [18/Mar/2020:09:04:28 +0800] "GET /xingrg/javascript/mobile/jquery.mobile-1.3.2.min.css HTTP/1.1" 200 94670
42.236.10.114 - - [18/Mar/2020:09:04:29 +0800] "GET /xingrg/javascript/mobile/jquery-1.8.3.min.js HTTP/1.1" 200 93637
42.236.10.117 - - [18/Mar/2020:09:04:29 +0800] "GET /xingrg/javascript/mobile/jquery.mobile-1.3.2.min.js HTTP/1.1" 200 145396
42.236.10.117 - - [18/Mar/2020:09:04:30 +0800] "GET /xingrg/javascript/mobile/images/ajax-loader.gif HTTP/1.1" 200 7825
120.253.135.82 - - [18/Mar/2020:09:04:31 +0800] "GET /xingrg/all/function/internal_message.html?_=1584493591511&CODE_STATE=getMsg HTTP/1.1" 200 27
114.88.170.9 - - [18/Mar/2020:09:04:31 +0800] "GET /xingrg/all/function/internal_message.html?_=1584493762075&CODE_STATE=getMsg HTTP/1.1" 302 -
114.88.170.9 - - [18/Mar/2020:09:04:32 +0800] "GET /xingrg/check_reg.html?_=1584493762840 HTTP/1.1" 302 -
120.253.135.82 - - [18/Mar/2020:09:04:38 +0800] "GET /xingrg/all/function/internal_message.html?_=1584493221312&CODE_STATE=getMsg HTTP/1.1" 200 27
222.69.134.233 - - [18/Mar/2020:09:04:40 +0800] "GET /xingrg/all/function/internal_message.html?_=1584493475969&CODE_STATE=getMsg HTTP/1.1" 200 27
114.93.75.19 - - [18/Mar/2020:09:04:41 +0800] "GET /xingrg/all/function/internal_message.html?_=1584493479042&CODE_STATE=getMsg HTTP/1.1" 200 27
117.185.32.26 - - [18/Mar/2020:09:04:41 +0800] "GET /xingrg/all/function/internal_message.html?_=1584493479297&CODE_STATE=getMsg HTTP/1.1" 200 27
58.40.7.146 - - [18/Mar/2020:09:04:44 +0800] "GET /xingrg/all/function/internal_message.html?_=1584493482461&CODE_STATE=getMsg HTTP/1.1" 200 27
222.69.134.233 - - [18/Mar/2020:09:04:45 +0800] "POST /xingrg/kc/buy/cgsh_order_operate.html HTTP/1.1" 200 37
222.69.134.233 - - [18/Mar/2020:09:04:47 +0800] "POST /xingrg/kc/buy/cgsh_order_operate.html HTTP/1.1" 200 12
222.69.134.233 - - [18/Mar/2020:09:04:48 +0800] "GET /xingrg/kc/buy/cgsh_order_info.html?code=212020031801446 HTTP/1.1" 200 52543
222.69.134.233 - - [18/Mar/2020:09:04:49 +0800] "GET /xingrg/javascript/easyui/themes/default/validatebox.css HTTP/1.1" 404 1104
222.69.134.233 - - [18/Mar/2020:09:04:49 +0800] "POST /xingrg/kc/buy/cgsh_order_operate.html HTTP/1.1" 200 14185
222.69.134.233 - - [18/Mar/2020:09:04:51 +0800] "GET /xingrg/kc/print/load_config.html?kc_code=cgsh HTTP/1.1" 200 1841
222.69.134.233 - - [18/Mar/2020:09:04:51 +0800] "GET /xingrg/kc/print/load_data.html?order_code=212020031801446&kc_code=cgsh&condition= HTTP/1.1" 200 5787
116.238.181.252 - - [18/Mar/2020:09:05:00 +0800] "GET /xingrg/all/function/internal_message.html?_=1584493501987&CODE_STATE=getMsg HTTP/1.1" 200 27
124.77.241.94 - - [18/Mar/2020:09:05:07 +0800] "GET /xingrg/all/function/internal_message.html?_=1584493514527&CODE_STATE=getMsg HTTP/1.1" 200 27
117.131.5.26 - - [18/Mar/2020:09:05:08 +0800] "GET /xingrg/all/function/internal_message.html?_=1584493523140&CODE_STATE=getMsg HTTP/1.1" 200 27
114.93.75.19 - - [18/Mar/2020:09:05:11 +0800] "GET /xingrg/all/function/internal_message.html?_=1584493828971&CODE_STATE=getMsg HTTP/1.1" 200 27
120.253.135.82 - - [18/Mar/2020:09:05:18 +0800] "GET /xingrg/login.html HTTP/1.1" 200 7639
120.253.135.82 - - [18/Mar/2020:09:05:19 +0800] "GET /xingrg/images/blue/jxLogo.png HTTP/1.1" 304 -
120.253.135.82 - - [18/Mar/2020:09:05:19 +0800] "GET /xingrg/images/blue/login_bg.png HTTP/1.1" 304 -
120.253.135.82 - - [18/Mar/2020:09:05:19 +0800] "GET /xingrg/images/blue/hj.png HTTP/1.1" 304 -
120.253.135.82 - - [18/Mar/2020:09:05:19 +0800] "GET /xingrg/images/blue/srbg.png HTTP/1.1" 304 -
120.253.135.82 - - [18/Mar/2020:09:05:19 +0800] "GET /favicon.ico HTTP/1.1" 404 -
120.253.135.82 - - [18/Mar/2020:09:05:19 +0800] "GET /favicon.ico HTTP/1.1" 404 -
120.253.135.82 - - [18/Mar/2020:09:05:21 +0800] "POST /xingrg/login.do HTTP/1.1" 302 -
120.253.135.82 - - [18/Mar/2020:09:05:21 +0800] "GET /xingrg/javascript/jquery_easy_ui/themes/default/easyui.css HTTP/1.1" 304 -
120.253.135.82 - - [18/Mar/2020:09:05:21 +0800] "GET /xingrg/javascript/jquery_easy_ui/themes/icon.css HTTP/1.1" 304 -
120.253.135.82 - - [18/Mar/2020:09:05:21 +0800] "GET /xingrg/index.html?sysBaseUrl=http%3A%2F%2F117.131.15.22%3A18081%2Fxingrg%2F&costTime=39×tamp=1584493521422 HTTP/1.1" 200 17151
120.253.135.82 - - [18/Mar/2020:09:05:21 +0800] "GET /xingrg/css/form.css HTTP/1.1" 304 -
120.253.135.82 - - [18/Mar/2020:09:05:21 +0800] "GET /xingrg/javascript/jquery_easy_ui/jquery.easyui.min.js HTTP/1.1" 304 -
120.253.135.82 - - [18/Mar/2020:09:05:21 +0800] "GET /xingrg/javascript/jquery_easy_ui/easyui-lang-zh_CN.js HTTP/1.1" 304 -
120.253.135.82 - - [18/Mar/2020:09:05:21 +0800] "GET /xingrg/javascript/jquery-1.4.2.min.js HTTP/1.1" 304 -
120.253.135.82 - - [18/Mar/2020:09:05:21 +0800] "GET /xingrg/javascript/jquery.timers.js HTTP/1.1" 304 -
120.253.135.82 - - [18/Mar/2020:09:05:21 +0800] "GET /xingrg/javascript/jquery.utils.js HTTP/1.1" 304 -
120.253.135.82 - - [18/Mar/2020:09:05:21 +0800] "GET /xingrg/javascript/jquery.form.js HTTP/1.1" 304 -
120.253.135.82 - - [18/Mar/2020:09:05:21 +0800] "GET /xingrg/images/blue/navBackgound.jpg HTTP/1.1" 304 -
120.253.135.82 - - [18/Mar/2020:09:05:21 +0800] "GET /favicon.ico HTTP/1.1" 404 -
120.253.135.82 - - [18/Mar/2020:09:05:21 +0800] "GET /xingrg/javascript/jquery_easy_ui/themes/icons/settle_new.png HTTP/1.1" 304 -
120.253.135.82 - - [18/Mar/2020:09:05:21 +0800] "POST /xingrg/all/common/load_tree.html?tree=area_rest_tree_json&manage=1 HTTP/1.1" 200 344
120.253.135.82 - - [18/Mar/2020:09:05:21 +0800] "GET /xingrg/images/blue/pingpu.png HTTP/1.1" 304 -
120.253.135.82 - - [18/Mar/2020:09:05:21 +0800] "GET /xingrg/javascript/jquery_easy_ui/themes/default/images/tabs_leftarrow.png HTTP/1.1" 304 -
120.253.135.82 - - [18/Mar/2020:09:05:21 +0800] "GET /xingrg/javascript/jquery_easy_ui/themes/default/images/tabs_rightarrow.png HTTP/1.1" 304 -
120.253.135.82 - - [18/Mar/2020:09:05:21 +0800] "GET /xingrg/javascript/jquery_easy_ui/themes/default/images/panel_tool_collapse.gif HTTP/1.1" 304 -
120.253.135.82 - - [18/Mar/2020:09:05:21 +0800] "GET /xingrg/all/function/internal_message.html?_=1584493641754&CODE_STATE=count HTTP/1.1" 200 11
120.253.135.82 - - [18/Mar/2020:09:05:21 +0800] "GET /xingrg/check_reg.html?_=1584493641755 HTTP/1.1" 200 22
120.253.135.82 - - [18/Mar/2020:09:05:21 +0800] "POST /xingrg/load_menu.html HTTP/1.1" 200 6729
120.253.135.82 - - [18/Mar/2020:09:05:21 +0800] "GET /xingrg/javascript/jquery_easy_ui/themes/default/images/tree_arrows.gif HTTP/1.1" 304 -
120.253.135.82 - - [18/Mar/2020:09:05:21 +0800] "GET /xingrg/javascript/jquery_easy_ui/themes/default/images/tree_folder_open.gif HTTP/1.1" 304 -
120.253.135.82 - - [18/Mar/2020:09:05:21 +0800] "GET /xingrg/javascript/jquery_easy_ui/themes/icons/delivery_new.png HTTP/1.1" 304 -
120.253.135.82 - - [18/Mar/2020:09:05:21 +0800] "GET /xingrg/javascript/jquery_easy_ui/themes/icons/search_new.png HTTP/1.1" 304 -
120.253.135.82 - - [18/Mar/2020:09:05:21 +0800] "GET /xingrg/javascript/jquery_easy_ui/themes/icons/storage_new.png HTTP/1.1" 304 -
120.253.135.82 - - [18/Mar/2020:09:05:21 +0800] "GET /xingrg/javascript/jquery_easy_ui/themes/icons/forms_new.png HTTP/1.1" 304 -
120.253.135.82 - - [18/Mar/2020:09:05:21 +0800] "GET /xingrg/javascript/jquery_easy_ui/themes/default/images/tree_file.gif HTTP/1.1" 304 -
120.253.135.82 - - [18/Mar/2020:09:05:21 +0800] "GET /xingrg/javascript/jquery_easy_ui/themes/default/images/tree_folder.gif HTTP/1.1" 304 -
120.253.135.82 - - [18/Mar/2020:09:05:25 +0800] "GET /xingrg/javascript/jquery_easy_ui/themes/default/images/tabs_close.gif HTTP/1.1" 304 -
120.253.135.82 - - [18/Mar/2020:09:05:25 +0800] "GET /xingrg/kc/pszx/mdqp_order_list.html?state=10 HTTP/1.1" 200 10061
120.253.135.82 - - [18/Mar/2020:09:05:25 +0800] "GET /xingrg/css/blue.css HTTP/1.1" 304 -
120.253.135.82 - - [18/Mar/2020:09:05:25 +0800] "GET /xingrg/dwr/util.js HTTP/1.1" 304 -
120.253.135.82 - - [18/Mar/2020:09:05:25 +0800] "GET /xingrg/javascript/pic_change.js HTTP/1.1" 304 -
120.253.135.82 - - [18/Mar/2020:09:05:25 +0800] "GET /xingrg/javascript/Calendar.js HTTP/1.1" 304 -
120.253.135.82 - - [18/Mar/2020:09:05:25 +0800] "GET /xingrg/javascript/myfunction.js HTTP/1.1" 304 -
120.253.135.82 - - [18/Mar/2020:09:05:25 +0800] "GET /xingrg/dwr/interface/AjaxReportQueryService.js HTTP/1.1" 200 13203
120.253.135.82 - - [18/Mar/2020:09:05:25 +0800] "GET /xingrg/dwr/interface/AjaxQqpsService.js HTTP/1.1" 200 16326
120.253.135.82 - - [18/Mar/2020:09:05:25 +0800] "GET /xingrg/dwr/engine.js HTTP/1.1" 200 43631
120.253.135.82 - - [18/Mar/2020:09:05:25 +0800] "GET /xingrg/javascript/jquery_easy_ui/themes/icons/check_new.png HTTP/1.1" 304 -
120.253.135.82 - - [18/Mar/2020:09:05:25 +0800] "GET /xingrg/javascript/jquery_easy_ui/themes/icons/uncheck_new.png HTTP/1.1" 304 -
120.253.135.82 - - [18/Mar/2020:09:05:25 +0800] "GET /xingrg/javascript/jquery_easy_ui/themes/icons/back_new.png HTTP/1.1" 304 -
120.253.135.82 - - [18/Mar/2020:09:05:27 +0800] "GET /xingrg/kc/pszx/mdps_order_list.html?orderType=0 HTTP/1.1" 200 20947
120.253.135.82 - - [18/Mar/2020:09:05:27 +0800] "GET /xingrg/css/base.css HTTP/1.1" 304 -
120.253.135.82 - - [18/Mar/2020:09:05:27 +0800] "GET /xingrg/javascript/easyui/themes/default/easyui.css HTTP/1.1" 304 -
120.253.135.82 - - [18/Mar/2020:09:05:27 +0800] "GET /xingrg/css/site.css HTTP/1.1" 304 -
120.253.135.82 - - [18/Mar/2020:09:05:27 +0800] "GET /xingrg/javascript/easyui/themes/icon.css HTTP/1.1" 304 -
120.253.135.82 - - [18/Mar/2020:09:05:27 +0800] "GET /xingrg/javascript/jquery_tools/fix.css HTTP/1.1" 304 -
120.253.135.82 - - [18/Mar/2020:09:05:27 +0800] "GET /xingrg/javascript/auto/jquery.autocomplete.css HTTP/1.1" 304 -
120.253.135.82 - - [18/Mar/2020:09:05:27 +0800] "GET /xingrg/javascript/jquery_tools/datebox.css HTTP/1.1" 304 -
120.253.135.82 - - [18/Mar/2020:09:05:27 +0800] "GET /xingrg/javascript/jquery_tools/jquery.tools.min.js HTTP/1.1" 304 -
120.253.135.82 - - [18/Mar/2020:09:05:27 +0800] "GET /xingrg/javascript/jquery_tools/table.css HTTP/1.1" 304 -
120.253.135.82 - - [18/Mar/2020:09:05:27 +0800] "GET /xingrg/javascript/jquery_tools/jquery.tools.extend.js HTTP/1.1" 304 -
120.253.135.82 - - [18/Mar/2020:09:05:27 +0800] "GET /xingrg/javascript/jquery_tools/jquery.tools.hotkey.js HTTP/1.1" 304 -
120.253.135.82 - - [18/Mar/2020:09:05:27 +0800] "GET /xingrg/javascript/jquery_tools/jquery.tools.table.js HTTP/1.1" 304 -
120.253.135.82 - - [18/Mar/2020:09:05:27 +0800] "GET /xingrg/javascript/jquery_tools/list_manager.js HTTP/1.1" 304 -
120.253.135.82 - - [18/Mar/2020:09:05:27 +0800] "GET /xingrg/javascript/auto/jquery.autocomplete.js HTTP/1.1" 304 -
120.253.135.82 - - [18/Mar/2020:09:05:27 +0800] "GET /xingrg/javascript/easyui/easyloader.js HTTP/1.1" 304 -
120.253.135.82 - - [18/Mar/2020:09:05:27 +0800] "GET /xingrg/javascript/jquery.cookie.js HTTP/1.1" 304 -
120.253.135.82 - - [18/Mar/2020:09:05:27 +0800] "GET /xingrg/javascript/print/LodopFuncs.js HTTP/1.1" 304 -
120.253.135.82 - - [18/Mar/2020:09:05:29 +0800] "GET /xingrg/javascript/easyui/themes/icons/edit_add_new.png HTTP/1.1" 304 -
120.253.135.82 - - [18/Mar/2020:09:05:29 +0800] "GET /xingrg/javascript/easyui/themes/icons/cance_new.png HTTP/1.1" 304 -
120.253.135.82 - - [18/Mar/2020:09:05:29 +0800] "GET /xingrg/javascript/easyui/themes/icons/uncheck_new.png HTTP/1.1" 304 -
120.253.135.82 - - [18/Mar/2020:09:05:29 +0800] "GET /xingrg/javascript/easyui/themes/icons/field_new.png HTTP/1.1" 304 -
120.253.135.82 - - [18/Mar/2020:09:05:29 +0800] "GET /xingrg/javascript/easyui/themes/icons/check_new.png HTTP/1.1" 304 -
120.253.135.82 - - [18/Mar/2020:09:05:29 +0800] "GET /xingrg/javascript/easyui/themes/icons/import_new.png HTTP/1.1" 304 -
120.253.135.82 - - [18/Mar/2020:09:05:29 +0800] "GET /xingrg/javascript/easyui/plugins/jquery.parser.js HTTP/1.1" 304 -
120.253.135.82 - - [18/Mar/2020:09:05:29 +0800] "GET /xingrg/images/control/ajaxLoader.gif HTTP/1.1" 304 -
120.253.135.82 - - [18/Mar/2020:09:05:29 +0800] "POST /xingrg/kc/pszx/mdps_list_operate.html HTTP/1.1" 200 3493
120.253.135.82 - - [18/Mar/2020:09:05:29 +0800] "GET /xingrg/kc/pszx/mdps_order_list.html?orderType=0 HTTP/1.1" 200 20947
120.253.135.82 - - [18/Mar/2020:09:05:29 +0800] "POST /xingrg/kc/pszx/mdps_list_operate.html HTTP/1.1" 200 3493
114.88.170.9 - - [18/Mar/2020:09:05:31 +0800] "GET /xingrg/all/function/internal_message.html?_=1584493822056&CODE_STATE=getMsg HTTP/1.1" 302 -
120.253.135.82 - - [18/Mar/2020:09:05:33 +0800] "POST /xingrg/kc/pszx/mdps_list_operate.html HTTP/1.1" 200 293
120.253.135.82 - - [18/Mar/2020:09:05:38 +0800] "GET /xingrg/all/function/internal_message.html?_=1584493281314&CODE_STATE=getMsg HTTP/1.1" 200 27
222.69.134.233 - - [18/Mar/2020:09:05:40 +0800] "GET /xingrg/all/function/internal_message.html?_=1584493535986&CODE_STATE=getMsg HTTP/1.1" 200 27
222.69.134.233 - - [18/Mar/2020:09:05:40 +0800] "GET /xingrg/check_reg.html?_=1584493535990 HTTP/1.1" 200 22
117.185.32.26 - - [18/Mar/2020:09:05:41 +0800] "GET /xingrg/check_reg.html?_=1584493539054 HTTP/1.1" 200 22
114.93.75.19 - - [18/Mar/2020:09:05:41 +0800] "GET /xingrg/all/function/internal_message.html?_=1584493539044&CODE_STATE=getMsg HTTP/1.1" 200 27
114.93.75.19 - - [18/Mar/2020:09:05:41 +0800] "GET /xingrg/check_reg.html?_=1584493539046 HTTP/1.1" 200 22
117.185.32.26 - - [18/Mar/2020:09:05:41 +0800] "GET /xingrg/all/function/internal_message.html?_=1584493539207&CODE_STATE=getMsg HTTP/1.1" 200 27
58.40.7.146 - - [18/Mar/2020:09:05:44 +0800] "GET /xingrg/all/function/internal_message.html?_=1584493542464&CODE_STATE=getMsg HTTP/1.1" 200 27
116.238.181.252 - - [18/Mar/2020:09:06:00 +0800] "GET /xingrg/all/function/internal_message.html?_=1584493561987&CODE_STATE=getMsg HTTP/1.1" 200 27
114.88.170.9 - - [18/Mar/2020:09:06:01 +0800] "GET /xingrg/check_reg.html?_=1584493557948 HTTP/1.1" 200 22
124.77.241.94 - - [18/Mar/2020:09:06:07 +0800] "GET /xingrg/all/function/internal_message.html?_=1584493574552&CODE_STATE=getMsg HTTP/1.1" 200 27
117.131.5.26 - - [18/Mar/2020:09:06:08 +0800] "GET /xingrg/all/function/internal_message.html?_=1584493583156&CODE_STATE=getMsg HTTP/1.1" 200 27
114.93.75.19 - - [18/Mar/2020:09:06:11 +0800] "GET /xingrg/check_reg.html?_=1584493888970 HTTP/1.1" 200 22
114.93.75.19 - - [18/Mar/2020:09:06:11 +0800] "GET /xingrg/all/function/internal_message.html?_=1584493888978&CODE_STATE=getMsg HTTP/1.1" 200 27
120.253.135.82 - - [18/Mar/2020:09:06:21 +0800] "GET /xingrg/all/function/internal_message.html?_=1584493701774&CODE_STATE=getMsg HTTP/1.1" 200 27
114.88.170.9 - - [18/Mar/2020:09:06:31 +0800] "GET /xingrg/all/function/internal_message.html?_=1584493882030&CODE_STATE=getMsg HTTP/1.1" 302 -
120.253.135.82 - - [18/Mar/2020:09:06:38 +0800] "GET /xingrg/all/function/internal_message.html?_=1584493341339&CODE_STATE=getMsg HTTP/1.1" 200 27
222.69.134.233 - - [18/Mar/2020:09:06:40 +0800] "GET /xingrg/all/function/internal_message.html?_=1584493595983&CODE_STATE=getMsg HTTP/1.1" 200 27
114.93.75.19 - - [18/Mar/2020:09:06:41 +0800] "GET /xingrg/all/function/internal_message.html?_=1584493599045&CODE_STATE=getMsg HTTP/1.1" 200 27
117.185.32.26 - - [18/Mar/2020:09:06:41 +0800] "GET /xingrg/all/function/internal_message.html?_=1584493599206&CODE_STATE=getMsg HTTP/1.1" 200 27
58.40.7.146 - - [18/Mar/2020:09:06:44 +0800] "GET /xingrg/all/function/internal_message.html?_=1584493602466&CODE_STATE=getMsg HTTP/1.1" 200 27
222.69.134.233 - - [18/Mar/2020:09:06:50 +0800] "GET /xingrg/kc/buy/cgsh_order_add.html HTTP/1.1" 200 57648
222.69.134.233 - - [18/Mar/2020:09:06:50 +0800] "GET /xingrg/javascript/easyui/themes/default/validatebox.css HTTP/1.1" 404 1104
222.69.134.233 - - [18/Mar/2020:09:06:50 +0800] "POST /xingrg/kc/buy/cgsh_order_operate.html HTTP/1.1" 200 8245
117.185.32.26 - - [18/Mar/2020:09:06:51 +0800] "POST /xingrg/kc/buy/cgsh_order_operate.html HTTP/1.1" 200 37
117.185.32.26 - - [18/Mar/2020:09:06:52 +0800] "POST /xingrg/kc/buy/cgsh_order_operate.html HTTP/1.1" 200 8607
116.238.181.252 - - [18/Mar/2020:09:07:00 +0800] "GET /xingrg/all/function/internal_message.html?_=1584493622001&CODE_STATE=getMsg HTTP/1.1" 200 27
124.77.241.94 - - [18/Mar/2020:09:07:07 +0800] "GET /xingrg/all/function/internal_message.html?_=1584493635010&CODE_STATE=getMsg HTTP/1.1" 200 27
117.131.5.26 - - [18/Mar/2020:09:07:08 +0800] "GET /xingrg/check_reg.html?_=1584493642640 HTTP/1.1" 200 22
117.131.5.26 - - [18/Mar/2020:09:07:08 +0800] "GET /xingrg/all/function/internal_message.html?_=1584493643156&CODE_STATE=getMsg HTTP/1.1" 200 27
114.93.75.19 - - [18/Mar/2020:09:07:11 +0800] "GET /xingrg/all/function/internal_message.html?_=1584493948961&CODE_STATE=getMsg HTTP/1.1" 200 27
58.221.95.50 - - [18/Mar/2020:09:07:19 +0800] "GET /xingrg/check_reg.html?_=1584493984578 HTTP/1.1" 200 22
120.253.135.82 - - [18/Mar/2020:09:07:21 +0800] "GET /xingrg/all/function/internal_message.html?_=1584493761795&CODE_STATE=getMsg HTTP/1.1" 200 27
222.69.134.233 - - [18/Mar/2020:09:07:28 +0800] "GET /xingrg/kc/buy/cgsh_order_operate.html?command=get_materiel&rest_code=00149&code=00101007077&supplier_code=00100205&order_time=2020-03-18 HTTP/1.1" 200 415
114.88.170.9 - - [18/Mar/2020:09:07:31 +0800] "GET /xingrg/all/function/internal_message.html?_=1584493941999&CODE_STATE=getMsg HTTP/1.1" 302 -
180.157.252.250 - - [18/Mar/2020:09:07:38 +0800] "GET /xingrg/check_reg.html?_=1584493649178 HTTP/1.1" 302 -
120.253.135.82 - - [18/Mar/2020:09:07:38 +0800] "GET /xingrg/check_reg.html?_=1584493401285 HTTP/1.1" 200 22
120.253.135.82 - - [18/Mar/2020:09:07:38 +0800] "GET /xingrg/all/function/internal_message.html?_=1584493401350&CODE_STATE=getMsg HTTP/1.1" 200 27
117.185.32.26 - - [18/Mar/2020:09:07:41 +0800] "GET /xingrg/all/function/internal_message.html?_=1584493659157&CODE_STATE=getMsg HTTP/1.1" 200 27
114.93.75.19 - - [18/Mar/2020:09:07:41 +0800] "GET /xingrg/all/function/internal_message.html?_=1584493659045&CODE_STATE=getMsg HTTP/1.1" 200 27
58.40.7.146 - - [18/Mar/2020:09:07:44 +0800] "GET /xingrg/all/function/internal_message.html?_=1584493662472&CODE_STATE=getMsg HTTP/1.1" 200 27
58.40.7.146 - - [18/Mar/2020:09:07:44 +0800] "GET /xingrg/check_reg.html?_=1584493662474 HTTP/1.1" 200 22
222.69.134.233 - - [18/Mar/2020:09:07:44 +0800] "POST /xingrg/kc/buy/cgsh_order_operate.html HTTP/1.1" 200 37
222.69.134.233 - - [18/Mar/2020:09:07:48 +0800] "POST /xingrg/kc/buy/cgsh_order_operate.html HTTP/1.1" 200 12
222.69.134.233 - - [18/Mar/2020:09:07:50 +0800] "GET /xingrg/kc/buy/cgsh_order_info.html?code=212020031801448 HTTP/1.1" 200 52551
222.69.134.233 - - [18/Mar/2020:09:07:50 +0800] "GET /xingrg/javascript/easyui/themes/default/validatebox.css HTTP/1.1" 404 1104
222.69.134.233 - - [18/Mar/2020:09:07:50 +0800] "POST /xingrg/kc/buy/cgsh_order_operate.html HTTP/1.1" 200 610
222.69.134.233 - - [18/Mar/2020:09:07:53 +0800] "GET /xingrg/kc/print/load_data.html?order_code=212020031801448&kc_code=cgsh&condition= HTTP/1.1" 200 693
116.238.181.252 - - [18/Mar/2020:09:08:00 +0800] "GET /xingrg/all/function/internal_message.html?_=1584493682007&CODE_STATE=getMsg HTTP/1.1" 200 27
222.69.134.233 - - [18/Mar/2020:09:08:04 +0800] "GET /xingrg/kc/buy/cgsh_order_add.html HTTP/1.1" 200 57648
222.69.134.233 - - [18/Mar/2020:09:08:05 +0800] "GET /xingrg/javascript/easyui/themes/default/validatebox.css HTTP/1.1" 404 1104
222.69.134.233 - - [18/Mar/2020:09:08:05 +0800] "POST /xingrg/kc/buy/cgsh_order_operate.html HTTP/1.1" 200 8245
124.77.241.94 - - [18/Mar/2020:09:08:07 +0800] "GET /xingrg/all/function/internal_message.html?_=1584493695022&CODE_STATE=getMsg HTTP/1.1" 200 27
117.131.5.26 - - [18/Mar/2020:09:08:08 +0800] "GET /xingrg/all/function/internal_message.html?_=1584493703156&CODE_STATE=getMsg HTTP/1.1" 200 27
114.93.75.19 - - [18/Mar/2020:09:08:11 +0800] "GET /xingrg/all/function/internal_message.html?_=1584494008960&CODE_STATE=getMsg HTTP/1.1" 200 27
117.185.32.26 - - [18/Mar/2020:09:08:21 +0800] "POST /xingrg/kc/buy/cgsh_order_operate.html HTTP/1.1" 200 37
120.253.135.82 - - [18/Mar/2020:09:08:21 +0800] "GET /xingrg/all/function/internal_message.html?_=1584493821800&CODE_STATE=getMsg HTTP/1.1" 200 27
117.185.32.26 - - [18/Mar/2020:09:08:22 +0800] "POST /xingrg/kc/buy/cgsh_order_operate.html HTTP/1.1" 200 8607
222.69.134.233 - - [18/Mar/2020:09:08:23 +0800] "GET /xingrg/kc/buy/cgsh_order_operate.html?command=get_materiel&rest_code=00149&code=00101028005&supplier_code=00100019&order_time=2020-03-18 HTTP/1.1" 200 434
117.185.32.26 - - [18/Mar/2020:09:08:26 +0800] "POST /xingrg/kc/buy/cgsh_order_operate.html HTTP/1.1" 200 37
117.185.32.26 - - [18/Mar/2020:09:08:27 +0800] "POST /xingrg/kc/buy/cgsh_order_operate.html HTTP/1.1" 200 8607
114.88.170.9 - - [18/Mar/2020:09:08:31 +0800] "GET /xingrg/all/function/internal_message.html?_=1584494001972&CODE_STATE=getMsg HTTP/1.1" 302 -
117.185.32.26 - - [18/Mar/2020:09:08:33 +0800] "POST /xingrg/kc/buy/cgsh_order_operate.html HTTP/1.1" 200 37
117.185.32.26 - - [18/Mar/2020:09:08:34 +0800] "POST /xingrg/kc/buy/cgsh_order_operate.html HTTP/1.1" 200 12
117.185.32.26 - - [18/Mar/2020:09:08:35 +0800] "GET /xingrg/kc/buy/cgsh_order_info.html?code=212020031801447 HTTP/1.1" 200 52545
117.185.32.26 - - [18/Mar/2020:09:08:35 +0800] "GET /xingrg/javascript/easyui/themes/default/validatebox.css HTTP/1.1" 404 1104
117.185.32.26 - - [18/Mar/2020:09:08:35 +0800] "POST /xingrg/kc/buy/cgsh_order_operate.html HTTP/1.1" 200 6532
117.185.32.26 - - [18/Mar/2020:09:08:37 +0800] "GET /xingrg/kc/print/load_config.html?kc_code=cgsh HTTP/1.1" 200 1841
117.185.32.26 - - [18/Mar/2020:09:08:37 +0800] "GET /xingrg/kc/print/load_data.html?order_code=212020031801447&kc_code=cgsh&condition= HTTP/1.1" 200 2933
120.253.135.82 - - [18/Mar/2020:09:08:38 +0800] "GET /xingrg/all/function/internal_message.html?_=1584493461356&CODE_STATE=getMsg HTTP/1.1" 200 27
222.69.134.233 - - [18/Mar/2020:09:08:40 +0800] "GET /xingrg/all/function/internal_message.html?_=1584493715994&CODE_STATE=getMsg HTTP/1.1" 200 27
114.93.75.19 - - [18/Mar/2020:09:08:41 +0800] "GET /xingrg/all/function/internal_message.html?_=1584493719045&CODE_STATE=getMsg HTTP/1.1" 200 27
117.185.32.26 - - [18/Mar/2020:09:08:41 +0800] "GET /xingrg/all/function/internal_message.html?_=1584493719445&CODE_STATE=getMsg HTTP/1.1" 200 27
58.40.7.146 - - [18/Mar/2020:09:08:44 +0800] "GET /xingrg/all/function/internal_message.html?_=1584493722477&CODE_STATE=getMsg HTTP/1.1" 200 27
222.69.134.233 - - [18/Mar/2020:09:08:47 +0800] "POST /xingrg/kc/buy/cgsh_list_operate.html HTTP/1.1" 200 876
116.238.181.252 - - [18/Mar/2020:09:09:00 +0800] "GET /xingrg/check_reg.html?_=1584493742006 HTTP/1.1" 200 22
116.238.181.252 - - [18/Mar/2020:09:09:00 +0800] "GET /xingrg/all/function/internal_message.html?_=1584493742010&CODE_STATE=getMsg HTTP/1.1" 200 27
124.77.241.94 - - [18/Mar/2020:09:09:08 +0800] "GET /xingrg/all/function/internal_message.html?_=1584493755464&CODE_STATE=getMsg HTTP/1.1" 200 27
117.131.5.26 - - [18/Mar/2020:09:09:08 +0800] "GET /xingrg/all/function/internal_message.html?_=1584493763171&CODE_STATE=getMsg HTTP/1.1" 200 27
114.93.75.19 - - [18/Mar/2020:09:09:11 +0800] "GET /xingrg/all/function/internal_message.html?_=1584494068958&CODE_STATE=getMsg HTTP/1.1" 200 27
116.232.32.71 - - [18/Mar/2020:09:09:16 +0800] "POST /xingrg/services/DataTransmitService HTTP/1.1" 200 524
124.77.241.94 - - [18/Mar/2020:09:09:18 +0800] "GET /xingrg/check_reg.html?_=1584493765705 HTTP/1.1" 200 22
120.253.135.82 - - [18/Mar/2020:09:09:21 +0800] "GET /xingrg/all/function/internal_message.html?_=1584493881816&CODE_STATE=getMsg HTTP/1.1" 200 27
114.88.170.9 - - [18/Mar/2020:09:09:31 +0800] "GET /xingrg/all/function/internal_message.html?_=1584494061968&CODE_STATE=getMsg HTTP/1.1" 302 -
114.88.170.9 - - [18/Mar/2020:09:09:32 +0800] "GET /xingrg/check_reg.html?_=1584494062837 HTTP/1.1" 302 -
120.253.135.82 - - [18/Mar/2020:09:09:38 +0800] "GET /xingrg/all/function/internal_message.html?_=1584493521370&CODE_STATE=getMsg HTTP/1.1" 200 27
222.69.134.233 - - [18/Mar/2020:09:09:40 +0800] "GET /xingrg/all/function/internal_message.html?_=1584493775969&CODE_STATE=getMsg HTTP/1.1" 200 27
114.93.75.19 - - [18/Mar/2020:09:09:41 +0800] "GET /xingrg/all/function/internal_message.html?_=1584493779045&CODE_STATE=getMsg HTTP/1.1" 200 27
117.185.32.26 - - [18/Mar/2020:09:09:41 +0800] "GET /xingrg/all/function/internal_message.html?_=1584493779417&CODE_STATE=getMsg HTTP/1.1" 200 27
58.40.7.146 - - [18/Mar/2020:09:09:44 +0800] "GET /xingrg/all/function/internal_message.html?_=1584493782465&CODE_STATE=getMsg HTTP/1.1" 200 27
117.184.7.30 - - [18/Mar/2020:09:09:57 +0800] "POST /xingrg/services/DataTransmitService HTTP/1.1" 200 524
116.238.181.252 - - [18/Mar/2020:09:10:00 +0800] "GET /xingrg/all/function/internal_message.html?_=1584493802002&CODE_STATE=getMsg HTTP/1.1" 200 27
117.184.7.30 - - [18/Mar/2020:09:10:03 +0800] "POST /xingrg/services/DataTransmitService HTTP/1.1" 200 524
124.77.241.94 - - [18/Mar/2020:09:10:08 +0800] "GET /xingrg/all/function/internal_message.html?_=1584493815470&CODE_STATE=getMsg HTTP/1.1" 200 27
117.131.5.26 - - [18/Mar/2020:09:10:08 +0800] "GET /xingrg/all/function/internal_message.html?_=1584493823187&CODE_STATE=getMsg HTTP/1.1" 200 27
114.93.75.19 - - [18/Mar/2020:09:10:11 +0800] "GET /xingrg/all/function/internal_message.html?_=1584494128957&CODE_STATE=getMsg HTTP/1.1" 200 27
120.253.135.82 - - [18/Mar/2020:09:10:21 +0800] "GET /xingrg/check_reg.html?_=1584493941766 HTTP/1.1" 200 22
120.253.135.82 - - [18/Mar/2020:09:10:21 +0800] "GET /xingrg/all/function/internal_message.html?_=1584493941826&CODE_STATE=getMsg HTTP/1.1" 200 27
114.88.170.9 - - [18/Mar/2020:09:10:31 +0800] "GET /xingrg/all/function/internal_message.html?_=1584494121948&CODE_STATE=getMsg HTTP/1.1" 302 -
120.253.135.82 - - [18/Mar/2020:09:10:38 +0800] "GET /xingrg/all/function/internal_message.html?_=1584493581396&CODE_STATE=getMsg HTTP/1.1" 200 27
222.69.134.233 - - [18/Mar/2020:09:10:40 +0800] "GET /xingrg/all/function/internal_message.html?_=1584493835943&CODE_STATE=getMsg HTTP/1.1" 200 27
222.69.134.233 - - [18/Mar/2020:09:10:40 +0800] "GET /xingrg/check_reg.html?_=1584493835984 HTTP/1.1" 200 22
117.185.32.26 - - [18/Mar/2020:09:10:41 +0800] "GET /xingrg/check_reg.html?_=1584493839074 HTTP/1.1" 200 22
114.93.75.19 - - [18/Mar/2020:09:10:41 +0800] "GET /xingrg/all/function/internal_message.html?_=1584493839049&CODE_STATE=getMsg HTTP/1.1" 200 27
114.93.75.19 - - [18/Mar/2020:09:10:41 +0800] "GET /xingrg/check_reg.html?_=1584493839051 HTTP/1.1" 200 22
117.185.32.26 - - [18/Mar/2020:09:10:41 +0800] "GET /xingrg/all/function/internal_message.html?_=1584493839390&CODE_STATE=getMsg HTTP/1.1" 200 27
58.40.7.146 - - [18/Mar/2020:09:10:44 +0800] "GET /xingrg/all/function/internal_message.html?_=1584493842467&CODE_STATE=getMsg HTTP/1.1" 200 27
116.238.181.252 - - [18/Mar/2020:09:11:00 +0800] "GET /xingrg/all/function/internal_message.html?_=1584493862011&CODE_STATE=getMsg HTTP/1.1" 200 27
114.88.170.9 - - [18/Mar/2020:09:11:01 +0800] "GET /xingrg/check_reg.html?_=1584493857946 HTTP/1.1" 200 22
124.77.241.94 - - [18/Mar/2020:09:11:08 +0800] "GET /xingrg/all/function/internal_message.html?_=1584493875488&CODE_STATE=getMsg HTTP/1.1" 200 27
117.131.5.26 - - [18/Mar/2020:09:11:08 +0800] "GET /xingrg/all/function/internal_message.html?_=1584493883203&CODE_STATE=getMsg HTTP/1.1" 200 27
114.93.75.19 - - [18/Mar/2020:09:11:11 +0800] "GET /xingrg/all/function/internal_message.html?_=1584494188956&CODE_STATE=getMsg HTTP/1.1" 200 27
114.93.75.19 - - [18/Mar/2020:09:11:11 +0800] "GET /xingrg/check_reg.html?_=1584494188957 HTTP/1.1" 200 22
120.253.135.82 - - [18/Mar/2020:09:11:21 +0800] "GET /xingrg/all/function/internal_message.html?_=1584494001843&CODE_STATE=getMsg HTTP/1.1" 200 27
114.88.170.9 - - [18/Mar/2020:09:11:31 +0800] "GET /xingrg/all/function/internal_message.html?_=1584494181921&CODE_STATE=getMsg HTTP/1.1" 302 -
120.253.135.82 - - [18/Mar/2020:09:11:38 +0800] "GET /xingrg/all/function/internal_message.html?_=1584493641412&CODE_STATE=getMsg HTTP/1.1" 200 27
222.69.134.233 - - [18/Mar/2020:09:11:40 +0800] "GET /xingrg/all/function/internal_message.html?_=1584493895922&CODE_STATE=getMsg HTTP/1.1" 200 27
114.93.75.19 - - [18/Mar/2020:09:11:41 +0800] "GET /xingrg/all/function/internal_message.html?_=1584493899051&CODE_STATE=getMsg HTTP/1.1" 200 27
117.185.32.26 - - [18/Mar/2020:09:11:41 +0800] "GET /xingrg/all/function/internal_message.html?_=1584493899363&CODE_STATE=getMsg HTTP/1.1" 200 27
58.40.7.146 - - [18/Mar/2020:09:11:44 +0800] "GET /xingrg/all/function/internal_message.html?_=1584493902472&CODE_STATE=getMsg HTTP/1.1" 200 27
116.238.181.252 - - [18/Mar/2020:09:12:00 +0800] "GET /xingrg/all/function/internal_message.html?_=1584493922014&CODE_STATE=getMsg HTTP/1.1" 200 27
117.131.5.26 - - [18/Mar/2020:09:12:08 +0800] "GET /xingrg/check_reg.html?_=1584493942656 HTTP/1.1" 200 22
124.77.241.94 - - [18/Mar/2020:09:12:08 +0800] "GET /xingrg/all/function/internal_message.html?_=1584493935942&CODE_STATE=getMsg HTTP/1.1" 200 27
117.131.5.26 - - [18/Mar/2020:09:12:08 +0800] "GET /xingrg/all/function/internal_message.html?_=1584493943218&CODE_STATE=getMsg HTTP/1.1" 200 27
114.93.75.19 - - [18/Mar/2020:09:12:11 +0800] "GET /xingrg/all/function/internal_message.html?_=1584494248955&CODE_STATE=getMsg HTTP/1.1" 200 27
58.221.95.50 - - [18/Mar/2020:09:12:19 +0800] "GET /xingrg/check_reg.html?_=1584494284565 HTTP/1.1" 200 22
120.253.135.82 - - [18/Mar/2020:09:12:21 +0800] "GET /xingrg/all/function/internal_message.html?_=1584494061853&CODE_STATE=getMsg HTTP/1.1" 200 27
114.88.170.9 - - [18/Mar/2020:09:12:31 +0800] "GET /xingrg/all/function/internal_message.html?_=1584494241889&CODE_STATE=getMsg HTTP/1.1" 302 -
180.157.252.250 - - [18/Mar/2020:09:12:38 +0800] "GET /xingrg/check_reg.html?_=1584493949152 HTTP/1.1" 302 -
120.253.135.82 - - [18/Mar/2020:09:12:38 +0800] "GET /xingrg/check_reg.html?_=1584493701297 HTTP/1.1" 200 22
120.253.135.82 - - [18/Mar/2020:09:12:38 +0800] "GET /xingrg/all/function/internal_message.html?_=1584493701426&CODE_STATE=getMsg HTTP/1.1" 200 27
222.69.134.233 - - [18/Mar/2020:09:12:40 +0800] "GET /xingrg/all/function/internal_message.html?_=1584493955895&CODE_STATE=getMsg HTTP/1.1" 200 27
114.93.75.19 - - [18/Mar/2020:09:12:41 +0800] "GET /xingrg/all/function/internal_message.html?_=1584493959050&CODE_STATE=getMsg HTTP/1.1" 200 27
117.185.32.26 - - [18/Mar/2020:09:12:41 +0800] "GET /xingrg/all/function/internal_message.html?_=1584493959336&CODE_STATE=getMsg HTTP/1.1" 200 27
58.40.7.146 - - [18/Mar/2020:09:12:44 +0800] "GET /xingrg/all/function/internal_message.html?_=1584493962476&CODE_STATE=getMsg HTTP/1.1" 200 27
58.40.7.146 - - [18/Mar/2020:09:12:44 +0800] "GET /xingrg/check_reg.html?_=1584493962478 HTTP/1.1" 200 22
116.238.181.252 - - [18/Mar/2020:09:13:00 +0800] "GET /xingrg/all/function/internal_message.html?_=1584493982014&CODE_STATE=getMsg HTTP/1.1" 200 27
124.77.241.94 - - [18/Mar/2020:09:13:08 +0800] "GET /xingrg/all/function/internal_message.html?_=1584493995946&CODE_STATE=getMsg HTTP/1.1" 200 27
117.131.5.26 - - [18/Mar/2020:09:13:08 +0800] "GET /xingrg/all/function/internal_message.html?_=1584494003218&CODE_STATE=getMsg HTTP/1.1" 200 27
114.93.75.19 - - [18/Mar/2020:09:13:11 +0800] "GET /xingrg/all/function/internal_message.html?_=1584494308970&CODE_STATE=getMsg HTTP/1.1" 200 27
120.253.135.82 - - [18/Mar/2020:09:13:21 +0800] "GET /xingrg/all/function/internal_message.html?_=1584494121879&CODE_STATE=getMsg HTTP/1.1" 200 27
114.88.170.9 - - [18/Mar/2020:09:13:31 +0800] "GET /xingrg/all/function/internal_message.html?_=1584494301871&CODE_STATE=getMsg HTTP/1.1" 302 -
120.253.135.82 - - [18/Mar/2020:09:13:38 +0800] "GET /xingrg/all/function/internal_message.html?_=1584493761439&CODE_STATE=getMsg HTTP/1.1" 200 27
222.69.134.233 - - [18/Mar/2020:09:13:40 +0800] "GET /xingrg/all/function/internal_message.html?_=1584494015865&CODE_STATE=getMsg HTTP/1.1" 200 27
114.93.75.19 - - [18/Mar/2020:09:13:41 +0800] "GET /xingrg/all/function/internal_message.html?_=1584494019049&CODE_STATE=getMsg HTTP/1.1" 200 27
117.185.32.26 - - [18/Mar/2020:09:13:41 +0800] "GET /xingrg/all/function/internal_message.html?_=1584494019311&CODE_STATE=getMsg HTTP/1.1" 200 27
58.40.7.146 - - [18/Mar/2020:09:13:44 +0800] "GET /xingrg/all/function/internal_message.html?_=1584494022465&CODE_STATE=getMsg HTTP/1.1" 200 27
116.238.181.252 - - [18/Mar/2020:09:14:00 +0800] "GET /xingrg/all/function/internal_message.html?_=1584494042026&CODE_STATE=getMsg HTTP/1.1" 200 27
116.238.181.252 - - [18/Mar/2020:09:14:00 +0800] "GET /xingrg/check_reg.html?_=1584494042030 HTTP/1.1" 200 22
117.131.5.26 - - [18/Mar/2020:09:14:08 +0800] "GET /xingrg/all/function/internal_message.html?_=1584494063218&CODE_STATE=getMsg HTTP/1.1" 200 27
124.77.241.94 - - [18/Mar/2020:09:14:09 +0800] "GET /xingrg/all/function/internal_message.html?_=1584494056404&CODE_STATE=getMsg HTTP/1.1" 200 27
114.93.75.19 - - [18/Mar/2020:09:14:11 +0800] "GET /xingrg/all/function/internal_message.html?_=1584494368969&CODE_STATE=getMsg HTTP/1.1" 200 27
124.77.241.94 - - [18/Mar/2020:09:14:18 +0800] "GET /xingrg/check_reg.html?_=1584494065715 HTTP/1.1" 200 22
120.253.135.82 - - [18/Mar/2020:09:14:21 +0800] "GET /xingrg/all/function/internal_message.html?_=1584494181893&CODE_STATE=getMsg HTTP/1.1" 200 27
114.88.170.9 - - [18/Mar/2020:09:14:31 +0800] "GET /xingrg/all/function/internal_message.html?_=1584494361843&CODE_STATE=getMsg HTTP/1.1" 302 -
114.88.170.9 - - [18/Mar/2020:09:14:32 +0800] "GET /xingrg/check_reg.html?_=1584494362818 HTTP/1.1" 302 -
120.253.135.82 - - [18/Mar/2020:09:14:38 +0800] "GET /xingrg/all/function/internal_message.html?_=1584493821452&CODE_STATE=getMsg HTTP/1.1" 200 27
222.69.134.233 - - [18/Mar/2020:09:14:40 +0800] "GET /xingrg/all/function/internal_message.html?_=1584494075843&CODE_STATE=getMsg HTTP/1.1" 200 27
114.93.75.19 - - [18/Mar/2020:09:14:41 +0800] "GET /xingrg/all/function/internal_message.html?_=1584494079050&CODE_STATE=getMsg HTTP/1.1" 200 27
117.185.32.26 - - [18/Mar/2020:09:14:41 +0800] "GET /xingrg/all/function/internal_message.html?_=1584494079285&CODE_STATE=getMsg HTTP/1.1" 200 27
58.40.7.146 - - [18/Mar/2020:09:14:44 +0800] "GET /xingrg/all/function/internal_message.html?_=1584494082467&CODE_STATE=getMsg HTTP/1.1" 200 27
116.238.181.252 - - [18/Mar/2020:09:15:00 +0800] "GET /xingrg/all/function/internal_message.html?_=1584494102016&CODE_STATE=getMsg HTTP/1.1" 200 27
117.131.5.26 - - [18/Mar/2020:09:15:08 +0800] "GET /xingrg/all/function/internal_message.html?_=1584494123218&CODE_STATE=getMsg HTTP/1.1" 200 27
124.77.241.94 - - [18/Mar/2020:09:15:09 +0800] "GET /xingrg/all/function/internal_message.html?_=1584494116412&CODE_STATE=getMsg HTTP/1.1" 200 27
114.93.75.19 - - [18/Mar/2020:09:15:11 +0800] "GET /xingrg/all/function/internal_message.html?_=1584494428958&CODE_STATE=getMsg HTTP/1.1" 200 27
120.253.135.82 - - [18/Mar/2020:09:15:21 +0800] "GET /xingrg/check_reg.html?_=1584494241779 HTTP/1.1" 200 22
120.253.135.82 - - [18/Mar/2020:09:15:21 +0800] "GET /xingrg/all/function/internal_message.html?_=1584494241904&CODE_STATE=getMsg HTTP/1.1" 200 27
114.88.170.9 - - [18/Mar/2020:09:15:31 +0800] "GET /xingrg/all/function/internal_message.html?_=1584494421822&CODE_STATE=getMsg HTTP/1.1" 302 -
120.253.135.82 - - [18/Mar/2020:09:15:38 +0800] "GET /xingrg/all/function/internal_message.html?_=1584493881476&CODE_STATE=getMsg HTTP/1.1" 200 27
222.69.134.233 - - [18/Mar/2020:09:15:40 +0800] "GET /xingrg/all/function/internal_message.html?_=1584494135818&CODE_STATE=getMsg HTTP/1.1" 200 27
222.69.134.233 - - [18/Mar/2020:09:15:40 +0800] "GET /xingrg/check_reg.html?_=1584494135995 HTTP/1.1" 200 22
117.185.32.26 - - [18/Mar/2020:09:15:41 +0800] "GET /xingrg/check_reg.html?_=1584494139070 HTTP/1.1" 200 22
114.93.75.19 - - [18/Mar/2020:09:15:41 +0800] "GET /xingrg/all/function/internal_message.html?_=1584494139050&CODE_STATE=getMsg HTTP/1.1" 200 27
114.93.75.19 - - [18/Mar/2020:09:15:41 +0800] "GET /xingrg/check_reg.html?_=1584494139052 HTTP/1.1" 200 22
117.185.32.26 - - [18/Mar/2020:09:15:41 +0800] "GET /xingrg/all/function/internal_message.html?_=1584494139269&CODE_STATE=getMsg HTTP/1.1" 200 27
58.40.7.146 - - [18/Mar/2020:09:15:44 +0800] "GET /xingrg/all/function/internal_message.html?_=1584494142472&CODE_STATE=getMsg HTTP/1.1" 200 27
116.238.181.252 - - [18/Mar/2020:09:16:00 +0800] "GET /xingrg/all/function/internal_message.html?_=1584494162022&CODE_STATE=getMsg HTTP/1.1" 200 27
114.88.170.9 - - [18/Mar/2020:09:16:01 +0800] "GET /xingrg/check_reg.html?_=1584494157953 HTTP/1.1" 200 22
117.131.5.26 - - [18/Mar/2020:09:16:08 +0800] "GET /xingrg/all/function/internal_message.html?_=1584494183234&CODE_STATE=getMsg HTTP/1.1" 200 27
124.77.241.94 - - [18/Mar/2020:09:16:09 +0800] "GET /xingrg/all/function/internal_message.html?_=1584494176424&CODE_STATE=getMsg HTTP/1.1" 200 27
114.93.75.19 - - [18/Mar/2020:09:16:11 +0800] "GET /xingrg/check_reg.html?_=1584494488956 HTTP/1.1" 200 22
114.93.75.19 - - [18/Mar/2020:09:16:11 +0800] "GET /xingrg/all/function/internal_message.html?_=1584494488958&CODE_STATE=getMsg HTTP/1.1" 200 27
120.253.135.82 - - [18/Mar/2020:09:16:21 +0800] "GET /xingrg/all/function/internal_message.html?_=1584494301906&CODE_STATE=getMsg HTTP/1.1" 200 27
114.88.170.9 - - [18/Mar/2020:09:16:31 +0800] "GET /xingrg/all/function/internal_message.html?_=1584494481823&CODE_STATE=getMsg HTTP/1.1" 302 -
120.253.135.82 - - [18/Mar/2020:09:16:38 +0800] "GET /xingrg/all/function/internal_message.html?_=1584493941480&CODE_STATE=getMsg HTTP/1.1" 200 27
222.69.134.233 - - [18/Mar/2020:09:16:40 +0800] "GET /xingrg/all/function/internal_message.html?_=1584494195794&CODE_STATE=getMsg HTTP/1.1" 200 27
114.93.75.19 - - [18/Mar/2020:09:16:41 +0800] "GET /xingrg/all/function/internal_message.html?_=1584494199052&CODE_STATE=getMsg HTTP/1.1" 200 27
117.185.32.26 - - [18/Mar/2020:09:16:41 +0800] "GET /xingrg/all/function/internal_message.html?_=1584494199248&CODE_STATE=getMsg HTTP/1.1" 200 27
58.40.7.146 - - [18/Mar/2020:09:16:44 +0800] "GET /xingrg/all/function/internal_message.html?_=1584494202475&CODE_STATE=getMsg HTTP/1.1" 200 27
116.238.181.252 - - [18/Mar/2020:09:17:00 +0800] "GET /xingrg/all/function/internal_message.html?_=1584494222021&CODE_STATE=getMsg HTTP/1.1" 200 27
117.131.5.26 - - [18/Mar/2020:09:17:08 +0800] "GET /xingrg/check_reg.html?_=1584494242687 HTTP/1.1" 200 22
117.131.5.26 - - [18/Mar/2020:09:17:08 +0800] "GET /xingrg/all/function/internal_message.html?_=1584494243234&CODE_STATE=getMsg HTTP/1.1" 200 27
124.77.241.94 - - [18/Mar/2020:09:17:09 +0800] "GET /xingrg/all/function/internal_message.html?_=1584494236858&CODE_STATE=getMsg HTTP/1.1" 200 27
114.93.75.19 - - [18/Mar/2020:09:17:11 +0800] "GET /xingrg/all/function/internal_message.html?_=1584494548956&CODE_STATE=getMsg HTTP/1.1" 200 27
58.221.95.50 - - [18/Mar/2020:09:17:19 +0800] "GET /xingrg/check_reg.html?_=1584494584546 HTTP/1.1" 200 22
120.253.135.82 - - [18/Mar/2020:09:17:21 +0800] "GET /xingrg/all/function/internal_message.html?_=1584494361920&CODE_STATE=getMsg HTTP/1.1" 200 27
