114.88.170.9 - - [18/Mar/2020:11:22:05 +0800] "GET /xingrg/all/function/internal_message.html?_=1584502016099&CODE_STATE=getMsg HTTP/1.1" 200 27
180.156.150.85 - - [18/Mar/2020:11:22:08 +0800] "GET /xingrg/all/function/internal_message.html?_=1584501727015&CODE_STATE=getMsg HTTP/1.1" 200 27
117.131.5.26 - - [18/Mar/2020:11:22:08 +0800] "GET /xingrg/check_reg.html?_=1584501743093 HTTP/1.1" 200 22
117.131.5.26 - - [18/Mar/2020:11:22:09 +0800] "GET /xingrg/all/function/internal_message.html?_=1584501743703&CODE_STATE=getMsg HTTP/1.1" 200 27
120.253.135.82 - - [18/Mar/2020:11:22:10 +0800] "GET /xingrg/all/function/internal_message.html?_=1584501849910&CODE_STATE=getMsg HTTP/1.1" 200 27
101.81.124.227 - - [18/Mar/2020:11:22:10 +0800] "POST /xingrg/kc/buy/cgsh_order_operate.html HTTP/1.1" 200 37
180.152.227.200 - - [18/Mar/2020:11:22:11 +0800] "GET /xingrg/all/function/internal_message.html?_=1584501902831&CODE_STATE=getMsg HTTP/1.1" 200 27
101.81.124.227 - - [18/Mar/2020:11:22:12 +0800] "POST /xingrg/kc/buy/cgsh_order_operate.html HTTP/1.1" 200 12
114.93.75.19 - - [18/Mar/2020:11:22:13 +0800] "GET /xingrg/check_reg.html?_=1584501736706 HTTP/1.1" 200 22
101.81.124.227 - - [18/Mar/2020:11:22:13 +0800] "GET /xingrg/kc/buy/cgsh_order_info.html?code=212020031801483 HTTP/1.1" 200 53000
114.93.75.19 - - [18/Mar/2020:11:22:14 +0800] "GET /xingrg/all/function/internal_message.html?_=1584501738074&CODE_STATE=getMsg HTTP/1.1" 200 27
101.81.124.227 - - [18/Mar/2020:11:22:14 +0800] "GET /xingrg/javascript/easyui/themes/default/validatebox.css HTTP/1.1" 404 1104
101.81.124.227 - - [18/Mar/2020:11:22:14 +0800] "POST /xingrg/kc/buy/cgsh_order_operate.html HTTP/1.1" 200 610
101.81.124.227 - - [18/Mar/2020:11:22:15 +0800] "GET /xingrg/kc/print/load_data.html?order_code=212020031801483&kc_code=cgsh&condition= HTTP/1.1" 200 759
114.86.226.241 - - [18/Mar/2020:11:22:18 +0800] "GET /xingrg/all/function/internal_message.html?_=1584501770890&CODE_STATE=getMsg HTTP/1.1" 200 27
58.221.95.50 - - [18/Mar/2020:11:22:18 +0800] "GET /xingrg/check_reg.html?_=1584502084111 HTTP/1.1" 200 22
101.81.124.227 - - [18/Mar/2020:11:22:20 +0800] "GET /xingrg/kc/buy/cgsh_order_add.html HTTP/1.1" 200 58094
101.81.124.227 - - [18/Mar/2020:11:22:20 +0800] "GET /xingrg/javascript/easyui/themes/default/validatebox.css HTTP/1.1" 404 1104
101.81.124.227 - - [18/Mar/2020:11:22:22 +0800] "POST /xingrg/kc/buy/cgsh_order_operate.html HTTP/1.1" 200 8245
101.81.124.227 - - [18/Mar/2020:11:22:23 +0800] "GET /xingrg/javascript/easyui/themes/default/tree.css HTTP/1.1" 404 1090
101.81.124.227 - - [18/Mar/2020:11:22:23 +0800] "POST /xingrg/all/common/load_tree.html?tree=supplier_tree_json&isDelete=1 HTTP/1.1" 200 46535
180.157.252.250 - - [18/Mar/2020:11:22:26 +0800] "GET /xingrg/all/function/internal_message.html?_=1584501744045&CODE_STATE=getMsg HTTP/1.1" 200 27
124.77.241.94 - - [18/Mar/2020:11:22:29 +0800] "GET /xingrg/all/function/internal_message.html?_=1584501756762&CODE_STATE=getMsg HTTP/1.1" 200 27
180.157.252.250 - - [18/Mar/2020:11:22:38 +0800] "GET /xingrg/check_reg.html?_=1584501748997 HTTP/1.1" 302 -
117.185.32.26 - - [18/Mar/2020:11:22:41 +0800] "GET /xingrg/all/function/internal_message.html?_=1584501759265&CODE_STATE=getMsg HTTP/1.1" 200 27
114.93.75.19 - - [18/Mar/2020:11:22:43 +0800] "GET /xingrg/all/function/internal_message.html?_=1584501761016&CODE_STATE=getMsg HTTP/1.1" 200 27
180.152.227.200 - - [18/Mar/2020:11:22:44 +0800] "GET /xingrg/all/function/internal_message.html?_=1584501756332&CODE_STATE=getMsg HTTP/1.1" 200 27
101.81.124.227 - - [18/Mar/2020:11:22:44 +0800] "GET /xingrg/kc/buy/cgsh_order_operate.html?command=get_materiel&rest_code=00107&code=00101001125&supplier_code=00100319&order_time=2020-03-18 HTTP/1.1" 200 415
58.40.7.146 - - [18/Mar/2020:11:22:44 +0800] "GET /xingrg/all/function/internal_message.html?_=1584501762518&CODE_STATE=getMsg HTTP/1.1" 200 27
58.40.7.146 - - [18/Mar/2020:11:22:44 +0800] "GET /xingrg/check_reg.html?_=1584501762520 HTTP/1.1" 200 22
114.93.75.19 - - [18/Mar/2020:11:22:50 +0800] "GET /xingrg/all/function/internal_message.html?_=1584501945569&CODE_STATE=getMsg HTTP/1.1" 200 27
101.81.124.227 - - [18/Mar/2020:11:22:53 +0800] "GET /xingrg/all/function/internal_message.html?_=1584501770020&CODE_STATE=getMsg HTTP/1.1" 200 27
120.253.135.82 - - [18/Mar/2020:11:22:54 +0800] "POST /xingrg/kc/pszx/mdps_list_operate.html HTTP/1.1" 200 2412
116.238.181.252 - - [18/Mar/2020:11:23:00 +0800] "GET /xingrg/all/function/internal_message.html?_=1584501781837&CODE_STATE=getMsg HTTP/1.1" 200 27
120.253.135.82 - - [18/Mar/2020:11:23:02 +0800] "POST /xingrg/kc/pszx/mdps_list_operate.html HTTP/1.1" 200 204
120.253.135.82 - - [18/Mar/2020:11:23:02 +0800] "GET /xingrg/kc/pszx/mdps_order_info.html?code=312020031800080 HTTP/1.1" 200 23829
120.253.135.82 - - [18/Mar/2020:11:23:02 +0800] "POST /xingrg/kc/pszx/mdps_order_operate.html HTTP/1.1" 200 2287
120.253.135.82 - - [18/Mar/2020:11:23:03 +0800] "GET /xingrg/javascript/easyui/themes/default/validatebox.css HTTP/1.1" 404 1104
58.40.7.146 - - [18/Mar/2020:11:23:04 +0800] "GET /xingrg/all/function/internal_message.html?_=1584501782015&CODE_STATE=getMsg HTTP/1.1" 200 27
114.88.170.9 - - [18/Mar/2020:11:23:05 +0800] "GET /xingrg/all/function/internal_message.html?_=1584502076073&CODE_STATE=getMsg HTTP/1.1" 200 27
114.88.170.9 - - [18/Mar/2020:11:23:05 +0800] "GET /xingrg/check_reg.html?_=1584502076626 HTTP/1.1" 200 22
101.81.124.227 - - [18/Mar/2020:11:23:06 +0800] "POST /xingrg/kc/buy/cgsh_order_operate.html HTTP/1.1" 200 37
101.81.124.227 - - [18/Mar/2020:11:23:08 +0800] "POST /xingrg/kc/buy/cgsh_order_operate.html HTTP/1.1" 200 12
180.156.150.85 - - [18/Mar/2020:11:23:08 +0800] "GET /xingrg/all/function/internal_message.html?_=1584501787025&CODE_STATE=getMsg HTTP/1.1" 200 27
101.81.124.227 - - [18/Mar/2020:11:23:09 +0800] "GET /xingrg/kc/buy/cgsh_order_info.html?code=212020031801484 HTTP/1.1" 200 53000
117.131.5.26 - - [18/Mar/2020:11:23:09 +0800] "GET /xingrg/all/function/internal_message.html?_=1584501803703&CODE_STATE=getMsg HTTP/1.1" 200 27
101.81.124.227 - - [18/Mar/2020:11:23:09 +0800] "GET /xingrg/javascript/easyui/themes/default/validatebox.css HTTP/1.1" 404 1104
120.253.135.82 - - [18/Mar/2020:11:23:10 +0800] "GET /xingrg/all/function/internal_message.html?_=1584501909920&CODE_STATE=getMsg HTTP/1.1" 200 27
101.81.124.227 - - [18/Mar/2020:11:23:10 +0800] "POST /xingrg/kc/buy/cgsh_order_operate.html HTTP/1.1" 200 612
180.156.150.85 - - [18/Mar/2020:11:23:10 +0800] "GET /xingrg/kc/base/wlsy_order_list.html?syType=0 HTTP/1.1" 200 17364
180.156.150.85 - - [18/Mar/2020:11:23:10 +0800] "POST /xingrg/kc/base/wlsy_list_operate.html?syType=0 HTTP/1.1" 200 862
101.81.124.227 - - [18/Mar/2020:11:23:11 +0800] "GET /xingrg/kc/print/load_data.html?order_code=212020031801484&kc_code=cgsh&condition= HTTP/1.1" 200 696
180.152.227.200 - - [18/Mar/2020:11:23:12 +0800] "GET /xingrg/all/function/internal_message.html?_=1584501962956&CODE_STATE=getMsg HTTP/1.1" 200 27
180.156.150.85 - - [18/Mar/2020:11:23:12 +0800] "GET /xingrg/kc/base/wlsy_order_add.html?syType=0 HTTP/1.1" 200 28497
120.253.135.82 - - [18/Mar/2020:11:23:13 +0800] "POST /xingrg/kc/pszx/mdps_order_operate.html HTTP/1.1" 200 37
180.156.150.85 - - [18/Mar/2020:11:23:13 +0800] "POST /xingrg/kc/base/wlsy_order_operate.html HTTP/1.1" 200 6806
180.156.150.85 - - [18/Mar/2020:11:23:13 +0800] "GET /xingrg/javascript/easyui/themes/default/validatebox.css HTTP/1.1" 404 1104
120.253.135.82 - - [18/Mar/2020:11:23:13 +0800] "POST /xingrg/kc/pszx/mdps_order_operate.html HTTP/1.1" 200 12
114.93.75.19 - - [18/Mar/2020:11:23:14 +0800] "GET /xingrg/all/function/internal_message.html?_=1584501798089&CODE_STATE=getMsg HTTP/1.1" 200 27
120.253.135.82 - - [18/Mar/2020:11:23:14 +0800] "GET /xingrg/kc/pszx/mdps_order_info.html?code=312020031800080 HTTP/1.1" 200 19489
120.253.135.82 - - [18/Mar/2020:11:23:14 +0800] "POST /xingrg/kc/pszx/mdps_order_operate.html HTTP/1.1" 200 508
120.253.135.82 - - [18/Mar/2020:11:23:15 +0800] "GET /xingrg/javascript/easyui/themes/default/validatebox.css HTTP/1.1" 404 1104
114.86.226.241 - - [18/Mar/2020:11:23:18 +0800] "GET /xingrg/all/function/internal_message.html?_=1584501830890&CODE_STATE=getMsg HTTP/1.1" 200 27
120.253.135.82 - - [18/Mar/2020:11:23:18 +0800] "POST /xingrg/kc/pszx/mdps_list_operate.html HTTP/1.1" 200 2050
180.157.252.250 - - [18/Mar/2020:11:23:26 +0800] "GET /xingrg/all/function/internal_message.html?_=1584501804039&CODE_STATE=getMsg HTTP/1.1" 200 27
124.77.241.94 - - [18/Mar/2020:11:23:29 +0800] "GET /xingrg/all/function/internal_message.html?_=1584501817345&CODE_STATE=getMsg HTTP/1.1" 200 27
180.156.150.85 - - [18/Mar/2020:11:23:35 +0800] "POST /xingrg/all/common/load_combo.html?type=base HTTP/1.1" 200 2878
117.185.32.26 - - [18/Mar/2020:11:23:41 +0800] "GET /xingrg/all/function/internal_message.html?_=1584501819266&CODE_STATE=getMsg HTTP/1.1" 200 27
180.156.150.85 - - [18/Mar/2020:11:23:42 +0800] "GET /xingrg/javascript/easyui/themes/default/tree.css HTTP/1.1" 404 1090
180.156.150.85 - - [18/Mar/2020:11:23:42 +0800] "POST /xingrg/all/common/load_tree.html?tree=employee_tree_json HTTP/1.1" 200 22513
180.156.150.85 - - [18/Mar/2020:11:23:43 +0800] "GET /xingrg/javascript/easyui/themes/icons/accept_new.png HTTP/1.1" 200 722
114.93.75.19 - - [18/Mar/2020:11:23:43 +0800] "GET /xingrg/all/function/internal_message.html?_=1584501821015&CODE_STATE=getMsg HTTP/1.1" 200 27
180.152.227.200 - - [18/Mar/2020:11:23:44 +0800] "GET /xingrg/all/function/internal_message.html?_=1584501816332&CODE_STATE=getMsg HTTP/1.1" 200 27
58.40.7.146 - - [18/Mar/2020:11:23:44 +0800] "GET /xingrg/all/function/internal_message.html?_=1584501822524&CODE_STATE=getMsg HTTP/1.1" 200 27
180.156.150.85 - - [18/Mar/2020:11:23:47 +0800] "GET /xingrg/javascript/auto/indicator.gif HTTP/1.1" 404 1066
114.93.75.19 - - [18/Mar/2020:11:23:50 +0800] "GET /xingrg/all/function/internal_message.html?_=1584502005556&CODE_STATE=getMsg HTTP/1.1" 200 27
101.81.124.227 - - [18/Mar/2020:11:23:53 +0800] "GET /xingrg/all/function/internal_message.html?_=1584501830014&CODE_STATE=getMsg HTTP/1.1" 200 27
120.253.135.82 - - [18/Mar/2020:11:24:00 +0800] "POST /xingrg/kc/pszx/mdps_list_operate.html HTTP/1.1" 200 212
120.253.135.82 - - [18/Mar/2020:11:24:00 +0800] "GET /xingrg/kc/pszx/mdps_order_info.html?code=312020031800081 HTTP/1.1" 200 23835
116.238.181.252 - - [18/Mar/2020:11:24:00 +0800] "GET /xingrg/all/function/internal_message.html?_=1584501841823&CODE_STATE=getMsg HTTP/1.1" 200 27
120.253.135.82 - - [18/Mar/2020:11:24:00 +0800] "POST /xingrg/kc/pszx/mdps_order_operate.html HTTP/1.1" 200 2290
120.253.135.82 - - [18/Mar/2020:11:24:00 +0800] "GET /xingrg/javascript/easyui/themes/default/validatebox.css HTTP/1.1" 404 1104
180.156.150.85 - - [18/Mar/2020:11:24:03 +0800] "GET /xingrg/kc/base/wlsy_order_operate.html?command=get_materiel&rest_code=00105&base_code=0010513&code=00101008256 HTTP/1.1" 200 428
58.40.7.146 - - [18/Mar/2020:11:24:04 +0800] "GET /xingrg/check_reg.html?_=1584501842002 HTTP/1.1" 200 22
58.40.7.146 - - [18/Mar/2020:11:24:04 +0800] "GET /xingrg/all/function/internal_message.html?_=1584501842003&CODE_STATE=getMsg HTTP/1.1" 200 27
114.88.170.9 - - [18/Mar/2020:11:24:05 +0800] "GET /xingrg/all/function/internal_message.html?_=1584502136052&CODE_STATE=getMsg HTTP/1.1" 200 27
180.156.150.85 - - [18/Mar/2020:11:24:08 +0800] "GET /xingrg/check_reg.html?_=1584501847006 HTTP/1.1" 200 22
180.156.150.85 - - [18/Mar/2020:11:24:08 +0800] "GET /xingrg/all/function/internal_message.html?_=1584501847010&CODE_STATE=getMsg HTTP/1.1" 200 27
117.131.5.26 - - [18/Mar/2020:11:24:09 +0800] "GET /xingrg/all/function/internal_message.html?_=1584501863703&CODE_STATE=getMsg HTTP/1.1" 200 27
120.253.135.82 - - [18/Mar/2020:11:24:09 +0800] "GET /xingrg/check_reg.html?_=1584501969021 HTTP/1.1" 200 22
120.253.135.82 - - [18/Mar/2020:11:24:10 +0800] "GET /xingrg/all/function/internal_message.html?_=1584501969933&CODE_STATE=getMsg HTTP/1.1" 200 27
180.152.227.200 - - [18/Mar/2020:11:24:12 +0800] "GET /xingrg/all/function/internal_message.html?_=1584502022967&CODE_STATE=getMsg HTTP/1.1" 200 27
114.93.75.19 - - [18/Mar/2020:11:24:14 +0800] "GET /xingrg/all/function/internal_message.html?_=1584501858101&CODE_STATE=getMsg HTTP/1.1" 200 27
180.156.150.85 - - [18/Mar/2020:11:24:15 +0800] "GET /xingrg/kc/base/wlsy_order_operate.html?command=get_materiel&rest_code=00105&base_code=0010513&code=00101008265 HTTP/1.1" 200 412
114.86.226.241 - - [18/Mar/2020:11:24:17 +0800] "GET /xingrg/all/function/internal_message.html?_=1584501890890&CODE_STATE=getMsg HTTP/1.1" 200 27
124.77.241.94 - - [18/Mar/2020:11:24:20 +0800] "GET /xingrg/check_reg.html?_=1584501868538 HTTP/1.1" 200 22
180.157.252.250 - - [18/Mar/2020:11:24:26 +0800] "GET /xingrg/all/function/internal_message.html?_=1584501864041&CODE_STATE=getMsg HTTP/1.1" 200 27
124.77.241.94 - - [18/Mar/2020:11:24:29 +0800] "GET /xingrg/all/function/internal_message.html?_=1584501877351&CODE_STATE=getMsg HTTP/1.1" 200 27
117.185.32.26 - - [18/Mar/2020:11:24:41 +0800] "GET /xingrg/all/function/internal_message.html?_=1584501879268&CODE_STATE=getMsg HTTP/1.1" 200 27
114.93.75.19 - - [18/Mar/2020:11:24:43 +0800] "GET /xingrg/all/function/internal_message.html?_=1584501881029&CODE_STATE=getMsg HTTP/1.1" 200 27
180.152.227.200 - - [18/Mar/2020:11:24:44 +0800] "GET /xingrg/all/function/internal_message.html?_=1584501876359&CODE_STATE=getMsg HTTP/1.1" 200 27
180.152.227.200 - - [18/Mar/2020:11:24:44 +0800] "GET /xingrg/check_reg.html?_=1584501876359 HTTP/1.1" 200 22
58.40.7.146 - - [18/Mar/2020:11:24:44 +0800] "GET /xingrg/all/function/internal_message.html?_=1584501882526&CODE_STATE=getMsg HTTP/1.1" 200 27
114.93.75.19 - - [18/Mar/2020:11:24:50 +0800] "GET /xingrg/all/function/internal_message.html?_=1584502065558&CODE_STATE=getMsg HTTP/1.1" 200 27
101.81.124.227 - - [18/Mar/2020:11:24:53 +0800] "GET /xingrg/all/function/internal_message.html?_=1584501889998&CODE_STATE=getMsg HTTP/1.1" 200 27
180.156.150.85 - - [18/Mar/2020:11:24:54 +0800] "GET /xingrg/kc/base/check_order_list.html HTTP/1.1" 200 16363
180.156.150.85 - - [18/Mar/2020:11:24:54 +0800] "POST /xingrg/kc/base/check_list_operate.html HTTP/1.1" 200 781
180.156.150.85 - - [18/Mar/2020:11:24:56 +0800] "POST /xingrg/kc/base/check_list_operate.html HTTP/1.1" 200 781
180.156.150.85 - - [18/Mar/2020:11:24:59 +0800] "POST /xingrg/kc/base/check_list_operate.html HTTP/1.1" 200 5406
116.238.181.252 - - [18/Mar/2020:11:25:00 +0800] "GET /xingrg/all/function/internal_message.html?_=1584501901808&CODE_STATE=getMsg HTTP/1.1" 200 27
116.238.181.252 - - [18/Mar/2020:11:25:01 +0800] "GET /xingrg/check_reg.html?_=1584501902186 HTTP/1.1" 200 22
180.156.150.85 - - [18/Mar/2020:11:25:02 +0800] "GET /xingrg/kc/base/check_order_info.html?code=452020030100021 HTTP/1.1" 200 22846
180.156.150.85 - - [18/Mar/2020:11:25:02 +0800] "GET /xingrg/dwr/interface/AjaxComOrderService.js HTTP/1.1" 200 18264
180.156.150.85 - - [18/Mar/2020:11:25:02 +0800] "GET /xingrg/dwr/engine.js HTTP/1.1" 200 43631
180.156.150.85 - - [18/Mar/2020:11:25:02 +0800] "GET /xingrg/dwr/interface/AjaxCheckService.js HTTP/1.1" 200 14003
180.156.150.85 - - [18/Mar/2020:11:25:02 +0800] "POST /xingrg/dwr/call/plaincall/AjaxCheckService.loadOrderItems.dwr HTTP/1.1" 200 88187
58.40.7.146 - - [18/Mar/2020:11:25:04 +0800] "GET /xingrg/all/function/internal_message.html?_=1584501902006&CODE_STATE=getMsg HTTP/1.1" 200 27
114.88.170.9 - - [18/Mar/2020:11:25:05 +0800] "GET /xingrg/all/function/internal_message.html?_=1584502196031&CODE_STATE=getMsg HTTP/1.1" 200 27
180.156.150.85 - - [18/Mar/2020:11:25:08 +0800] "GET /xingrg/all/function/internal_message.html?_=1584501907030&CODE_STATE=getMsg HTTP/1.1" 200 27
117.131.5.26 - - [18/Mar/2020:11:25:09 +0800] "GET /xingrg/all/function/internal_message.html?_=1584501923718&CODE_STATE=getMsg HTTP/1.1" 200 27
120.253.135.82 - - [18/Mar/2020:11:25:10 +0800] "GET /xingrg/all/function/internal_message.html?_=1584502029945&CODE_STATE=getMsg HTTP/1.1" 200 27
180.152.227.200 - - [18/Mar/2020:11:25:10 +0800] "GET /xingrg/check_reg.html?_=1584502081724 HTTP/1.1" 200 22
180.152.227.200 - - [18/Mar/2020:11:25:12 +0800] "GET /xingrg/all/function/internal_message.html?_=1584502082981&CODE_STATE=getMsg HTTP/1.1" 200 27
114.93.75.19 - - [18/Mar/2020:11:25:14 +0800] "GET /xingrg/all/function/internal_message.html?_=1584501918120&CODE_STATE=getMsg HTTP/1.1" 200 27
114.86.226.241 - - [18/Mar/2020:11:25:17 +0800] "GET /xingrg/all/function/internal_message.html?_=1584501950890&CODE_STATE=getMsg HTTP/1.1" 200 27
180.157.252.250 - - [18/Mar/2020:11:25:26 +0800] "GET /xingrg/all/function/internal_message.html?_=1584501924046&CODE_STATE=getMsg HTTP/1.1" 200 27
124.77.241.94 - - [18/Mar/2020:11:25:29 +0800] "GET /xingrg/all/function/internal_message.html?_=1584501937364&CODE_STATE=getMsg HTTP/1.1" 200 27
180.156.150.85 - - [18/Mar/2020:11:25:35 +0800] "GET /xingrg/kc/base/wlsy_order_list.html?syType=0 HTTP/1.1" 200 17364
180.156.150.85 - - [18/Mar/2020:11:25:35 +0800] "POST /xingrg/kc/base/wlsy_list_operate.html?syType=0 HTTP/1.1" 200 862
117.185.32.26 - - [18/Mar/2020:11:25:41 +0800] "GET /xingrg/check_reg.html?_=1584501939268 HTTP/1.1" 200 22
117.185.32.26 - - [18/Mar/2020:11:25:41 +0800] "GET /xingrg/all/function/internal_message.html?_=1584501939272&CODE_STATE=getMsg HTTP/1.1" 200 27
114.93.75.19 - - [18/Mar/2020:11:25:43 +0800] "GET /xingrg/all/function/internal_message.html?_=1584501941028&CODE_STATE=getMsg HTTP/1.1" 200 27
180.152.227.200 - - [18/Mar/2020:11:25:44 +0800] "GET /xingrg/all/function/internal_message.html?_=1584501936358&CODE_STATE=getMsg HTTP/1.1" 200 27
58.40.7.146 - - [18/Mar/2020:11:25:44 +0800] "GET /xingrg/all/function/internal_message.html?_=1584501942529&CODE_STATE=getMsg HTTP/1.1" 200 27
114.93.75.19 - - [18/Mar/2020:11:25:50 +0800] "GET /xingrg/all/function/internal_message.html?_=1584502125561&CODE_STATE=getMsg HTTP/1.1" 200 27
114.93.75.19 - - [18/Mar/2020:11:25:50 +0800] "GET /xingrg/check_reg.html?_=1584502125565 HTTP/1.1" 200 22
180.156.150.85 - - [18/Mar/2020:11:25:50 +0800] "GET /xingrg/kc/base/wlsy_order_list.html?syType=0 HTTP/1.1" 200 17364
180.156.150.85 - - [18/Mar/2020:11:25:50 +0800] "POST /xingrg/kc/base/wlsy_list_operate.html?syType=0 HTTP/1.1" 200 862
180.156.150.85 - - [18/Mar/2020:11:25:53 +0800] "GET /xingrg/kc/base/wlsy_order_add.html?syType=0 HTTP/1.1" 200 28497
101.81.124.227 - - [18/Mar/2020:11:25:53 +0800] "GET /xingrg/all/function/internal_message.html?_=1584501950001&CODE_STATE=getMsg HTTP/1.1" 200 27
180.156.150.85 - - [18/Mar/2020:11:25:53 +0800] "POST /xingrg/kc/base/wlsy_order_operate.html HTTP/1.1" 200 6806
180.156.150.85 - - [18/Mar/2020:11:25:53 +0800] "GET /xingrg/javascript/easyui/themes/default/validatebox.css HTTP/1.1" 404 1104
180.156.150.85 - - [18/Mar/2020:11:25:54 +0800] "POST /xingrg/all/common/load_combo.html?type=base HTTP/1.1" 200 2878
116.238.181.252 - - [18/Mar/2020:11:26:00 +0800] "GET /xingrg/all/function/internal_message.html?_=1584501961807&CODE_STATE=getMsg HTTP/1.1" 200 27
180.156.150.85 - - [18/Mar/2020:11:26:01 +0800] "GET /xingrg/javascript/jquery_tools/images/prev.gif HTTP/1.1" 404 1086
180.156.150.85 - - [18/Mar/2020:11:26:01 +0800] "GET /xingrg/javascript/jquery_tools/images/next.gif HTTP/1.1" 404 1086
114.88.170.9 - - [18/Mar/2020:11:26:01 +0800] "GET /xingrg/check_reg.html?_=1584501958115 HTTP/1.1" 200 22
58.40.7.146 - - [18/Mar/2020:11:26:04 +0800] "GET /xingrg/all/function/internal_message.html?_=1584501962012&CODE_STATE=getMsg HTTP/1.1" 200 27
114.88.170.9 - - [18/Mar/2020:11:26:05 +0800] "GET /xingrg/all/function/internal_message.html?_=1584502256011&CODE_STATE=getMsg HTTP/1.1" 200 27
180.156.150.85 - - [18/Mar/2020:11:26:08 +0800] "GET /xingrg/all/function/internal_message.html?_=1584501967021&CODE_STATE=getMsg HTTP/1.1" 200 27
117.131.5.26 - - [18/Mar/2020:11:26:09 +0800] "GET /xingrg/all/function/internal_message.html?_=1584501983718&CODE_STATE=getMsg HTTP/1.1" 200 27
180.156.150.85 - - [18/Mar/2020:11:26:09 +0800] "GET /xingrg/javascript/auto/indicator.gif HTTP/1.1" 404 1066
120.253.135.82 - - [18/Mar/2020:11:26:10 +0800] "GET /xingrg/all/function/internal_message.html?_=1584502089961&CODE_STATE=getMsg HTTP/1.1" 200 27
180.152.227.200 - - [18/Mar/2020:11:26:12 +0800] "GET /xingrg/all/function/internal_message.html?_=1584502142994&CODE_STATE=getMsg HTTP/1.1" 200 27
114.93.75.19 - - [18/Mar/2020:11:26:14 +0800] "GET /xingrg/all/function/internal_message.html?_=1584501978128&CODE_STATE=getMsg HTTP/1.1" 200 27
114.86.226.241 - - [18/Mar/2020:11:26:17 +0800] "GET /xingrg/check_reg.html?_=1584502010890 HTTP/1.1" 200 22
114.86.226.241 - - [18/Mar/2020:11:26:17 +0800] "GET /xingrg/all/function/internal_message.html?_=1584502010890&CODE_STATE=getMsg HTTP/1.1" 200 27
180.156.150.85 - - [18/Mar/2020:11:26:24 +0800] "GET /xingrg/kc/base/wlsy_order_operate.html?command=get_materiel&rest_code=00105&base_code=0010513&code=00101008045 HTTP/1.1" 200 429
180.157.252.250 - - [18/Mar/2020:11:26:26 +0800] "GET /xingrg/check_reg.html?_=1584501984043 HTTP/1.1" 200 22
180.157.252.250 - - [18/Mar/2020:11:26:26 +0800] "GET /xingrg/all/function/internal_message.html?_=1584501984046&CODE_STATE=getMsg HTTP/1.1" 200 27
124.77.241.94 - - [18/Mar/2020:11:26:30 +0800] "GET /xingrg/all/function/internal_message.html?_=1584501997949&CODE_STATE=getMsg HTTP/1.1" 200 27
180.156.150.85 - - [18/Mar/2020:11:26:38 +0800] "GET /xingrg/kc/base/wlsy_order_operate.html?command=get_materiel&rest_code=00105&base_code=0010513&code=00101008155 HTTP/1.1" 200 426
117.185.32.26 - - [18/Mar/2020:11:26:41 +0800] "GET /xingrg/all/function/internal_message.html?_=1584501999258&CODE_STATE=getMsg HTTP/1.1" 200 27
114.93.75.19 - - [18/Mar/2020:11:26:43 +0800] "GET /xingrg/check_reg.html?_=1584502001028 HTTP/1.1" 200 22
114.93.75.19 - - [18/Mar/2020:11:26:43 +0800] "GET /xingrg/all/function/internal_message.html?_=1584502001029&CODE_STATE=getMsg HTTP/1.1" 200 27
180.152.227.200 - - [18/Mar/2020:11:26:44 +0800] "GET /xingrg/all/function/internal_message.html?_=1584501996366&CODE_STATE=getMsg HTTP/1.1" 200 27
58.40.7.146 - - [18/Mar/2020:11:26:44 +0800] "GET /xingrg/all/function/internal_message.html?_=1584502002516&CODE_STATE=getMsg HTTP/1.1" 200 27
116.232.53.242 - - [18/Mar/2020:11:26:47 +0800] "POST /xingrg/services/DataTransmitService HTTP/1.1" 200 524
116.232.53.242 - - [18/Mar/2020:11:26:47 +0800] "POST /xingrg/services/DataTransmitService HTTP/1.1" 200 2487
116.232.53.242 - - [18/Mar/2020:11:26:47 +0800] "POST /xingrg/services/DataTransmitService HTTP/1.1" 200 2319
116.232.53.242 - - [18/Mar/2020:11:26:47 +0800] "POST /xingrg/services/DataTransmitService HTTP/1.1" 200 1487
180.156.150.85 - - [18/Mar/2020:11:26:48 +0800] "GET /xingrg/kc/base/wlsy_order_operate.html?command=get_materiel&rest_code=00105&base_code=0010513&code=00101008350 HTTP/1.1" 200 425
116.232.53.242 - - [18/Mar/2020:11:26:48 +0800] "POST /xingrg/services/DataTransmitService HTTP/1.1" 200 175947
114.93.75.19 - - [18/Mar/2020:11:26:50 +0800] "GET /xingrg/all/function/internal_message.html?_=1584502185566&CODE_STATE=getMsg HTTP/1.1" 200 27
101.81.124.227 - - [18/Mar/2020:11:26:53 +0800] "GET /xingrg/check_reg.html?_=1584502009989 HTTP/1.1" 200 22
101.81.124.227 - - [18/Mar/2020:11:26:53 +0800] "GET /xingrg/all/function/internal_message.html?_=1584502009991&CODE_STATE=getMsg HTTP/1.1" 200 27
180.156.150.85 - - [18/Mar/2020:11:26:57 +0800] "GET /xingrg/kc/base/wlsy_order_operate.html?command=get_materiel&rest_code=00105&base_code=0010513&code=00101008354 HTTP/1.1" 200 429
116.238.181.252 - - [18/Mar/2020:11:27:00 +0800] "GET /xingrg/all/function/internal_message.html?_=1584502021791&CODE_STATE=getMsg HTTP/1.1" 200 27
58.40.7.146 - - [18/Mar/2020:11:27:04 +0800] "GET /xingrg/all/function/internal_message.html?_=1584502022016&CODE_STATE=getMsg HTTP/1.1" 200 27
114.88.170.9 - - [18/Mar/2020:11:27:05 +0800] "GET /xingrg/all/function/internal_message.html?_=1584502315982&CODE_STATE=getMsg HTTP/1.1" 200 27
180.156.150.85 - - [18/Mar/2020:11:27:08 +0800] "GET /xingrg/kc/base/wlsy_order_operate.html?command=get_materiel&rest_code=00105&base_code=0010513&code=00101008085 HTTP/1.1" 200 430
180.156.150.85 - - [18/Mar/2020:11:27:08 +0800] "GET /xingrg/all/function/internal_message.html?_=1584502027060&CODE_STATE=getMsg HTTP/1.1" 200 27
117.131.5.26 - - [18/Mar/2020:11:27:08 +0800] "GET /xingrg/check_reg.html?_=1584502043093 HTTP/1.1" 200 22
117.131.5.26 - - [18/Mar/2020:11:27:09 +0800] "GET /xingrg/all/function/internal_message.html?_=1584502043718&CODE_STATE=getMsg HTTP/1.1" 200 27
120.253.135.82 - - [18/Mar/2020:11:27:10 +0800] "GET /xingrg/all/function/internal_message.html?_=1584502149992&CODE_STATE=getMsg HTTP/1.1" 200 27
180.152.227.200 - - [18/Mar/2020:11:27:12 +0800] "GET /xingrg/all/function/internal_message.html?_=1584502203008&CODE_STATE=getMsg HTTP/1.1" 200 27
114.93.75.19 - - [18/Mar/2020:11:27:13 +0800] "GET /xingrg/check_reg.html?_=1584502036716 HTTP/1.1" 200 22
114.93.75.19 - - [18/Mar/2020:11:27:14 +0800] "GET /xingrg/all/function/internal_message.html?_=1584502038142&CODE_STATE=getMsg HTTP/1.1" 200 27
180.156.150.85 - - [18/Mar/2020:11:27:16 +0800] "GET /xingrg/kc/base/wlsy_order_operate.html?command=get_materiel&rest_code=00105&base_code=0010513&code=00101008186 HTTP/1.1" 200 412
114.86.226.241 - - [18/Mar/2020:11:27:17 +0800] "GET /xingrg/all/function/internal_message.html?_=1584502070890&CODE_STATE=getMsg HTTP/1.1" 200 27
58.221.95.50 - - [18/Mar/2020:11:27:18 +0800] "GET /xingrg/check_reg.html?_=1584502384090 HTTP/1.1" 200 22
180.156.150.85 - - [18/Mar/2020:11:27:19 +0800] "GET /xingrg/system/info/materiel_import.html?isSelect=1&singleSelect=false HTTP/1.1" 200 5596
180.156.150.85 - - [18/Mar/2020:11:27:19 +0800] "POST /xingrg/all/common/load_tree.html?tree=materiel_sort_tree_json HTTP/1.1" 200 8666
180.156.150.85 - - [18/Mar/2020:11:27:19 +0800] "GET /favicon.ico HTTP/1.1" 404 -
114.88.159.93 - - [18/Mar/2020:11:27:20 +0800] "GET /xingrg/index.html?sysBaseUrl=http%3A%2F%2F117.131.15.22%3A18081%2Fxingrg%2F&costTime=33×tamp=1584443456974 HTTP/1.1" 302 -
114.88.159.93 - - [18/Mar/2020:11:27:20 +0800] "GET /xingrg/login.html HTTP/1.1" 200 7639
114.88.159.93 - - [18/Mar/2020:11:27:20 +0800] "GET /favicon.ico HTTP/1.1" 404 -
180.156.150.85 - - [18/Mar/2020:11:27:25 +0800] "GET /xingrg/kc/base/wlsy_order_operate.html?command=get_materiel&rest_code=00105&base_code=0010513&code=00101008026 HTTP/1.1" 200 411
180.157.252.250 - - [18/Mar/2020:11:27:26 +0800] "GET /xingrg/all/function/internal_message.html?_=1584502044042&CODE_STATE=getMsg HTTP/1.1" 200 27
114.88.159.93 - - [18/Mar/2020:11:27:27 +0800] "POST /xingrg/login.do HTTP/1.1" 302 -
114.88.159.93 - - [18/Mar/2020:11:27:27 +0800] "GET /xingrg/index.html?sysBaseUrl=http%3A%2F%2F117.131.15.22%3A18081%2Fxingrg%2F&costTime=33×tamp=1584502047746 HTTP/1.1" 200 17157
114.88.159.93 - - [18/Mar/2020:11:27:27 +0800] "GET /favicon.ico HTTP/1.1" 404 -
114.88.159.93 - - [18/Mar/2020:11:27:27 +0800] "POST /xingrg/all/common/load_tree.html?tree=area_rest_tree_json&manage=1 HTTP/1.1" 200 351
114.88.159.93 - - [18/Mar/2020:11:27:28 +0800] "GET /xingrg/check_reg.html?_=1584501769989 HTTP/1.1" 200 22
114.88.159.93 - - [18/Mar/2020:11:27:28 +0800] "GET /xingrg/all/function/internal_message.html?_=1584501769988&CODE_STATE=count HTTP/1.1" 200 11
114.88.159.93 - - [18/Mar/2020:11:27:28 +0800] "POST /xingrg/load_menu.html HTTP/1.1" 200 5124
124.77.241.94 - - [18/Mar/2020:11:27:30 +0800] "GET /xingrg/all/function/internal_message.html?_=1584502057953&CODE_STATE=getMsg HTTP/1.1" 200 27
180.156.150.85 - - [18/Mar/2020:11:27:35 +0800] "GET /xingrg/kc/base/wlsy_order_operate.html?command=get_materiel&rest_code=00105&base_code=0010513&code=00101008096 HTTP/1.1" 200 427
180.157.252.250 - - [18/Mar/2020:11:27:38 +0800] "GET /xingrg/check_reg.html?_=1584502049011 HTTP/1.1" 302 -
114.88.159.93 - - [18/Mar/2020:11:27:39 +0800] "GET /xingrg/kc/buy/buy_main.html HTTP/1.1" 200 12398
114.88.159.93 - - [18/Mar/2020:11:27:39 +0800] "GET /xingrg/css/new_ie.css HTTP/1.1" 404 1036
114.88.159.93 - - [18/Mar/2020:11:27:40 +0800] "GET /xingrg/images/yd/bt.gif HTTP/1.1" 404 1040
114.88.159.93 - - [18/Mar/2020:11:27:41 +0800] "GET /xingrg/kc/buy/cgsh_order_list.html HTTP/1.1" 200 42040
117.185.32.26 - - [18/Mar/2020:11:27:41 +0800] "GET /xingrg/all/function/internal_message.html?_=1584502059259&CODE_STATE=getMsg HTTP/1.1" 200 27
180.156.150.85 - - [18/Mar/2020:11:27:41 +0800] "GET /xingrg/kc/base/wlsy_order_operate.html?command=get_materiel&rest_code=00105&base_code=0010513&code=00101008358 HTTP/1.1" 200 429
114.88.159.93 - - [18/Mar/2020:11:27:43 +0800] "POST /xingrg/kc/buy/cgsh_list_operate.html HTTP/1.1" 200 876
114.93.75.19 - - [18/Mar/2020:11:27:43 +0800] "GET /xingrg/all/function/internal_message.html?_=1584502061027&CODE_STATE=getMsg HTTP/1.1" 200 27
180.152.227.200 - - [18/Mar/2020:11:27:44 +0800] "GET /xingrg/all/function/internal_message.html?_=1584502056365&CODE_STATE=getMsg HTTP/1.1" 200 27
58.40.7.146 - - [18/Mar/2020:11:27:44 +0800] "GET /xingrg/all/function/internal_message.html?_=1584502062519&CODE_STATE=getMsg HTTP/1.1" 200 27
58.40.7.146 - - [18/Mar/2020:11:27:44 +0800] "GET /xingrg/check_reg.html?_=1584502062522 HTTP/1.1" 200 22
180.156.150.85 - - [18/Mar/2020:11:27:47 +0800] "GET /xingrg/kc/base/wlsy_order_operate.html?command=get_materiel&rest_code=00105&base_code=0010513&code=00101008088 HTTP/1.1" 200 425
114.93.75.19 - - [18/Mar/2020:11:27:50 +0800] "GET /xingrg/all/function/internal_message.html?_=1584502245594&CODE_STATE=getMsg HTTP/1.1" 200 27
114.88.159.93 - - [18/Mar/2020:11:27:52 +0800] "GET /xingrg/kc/buy/cgsh_order_add.html HTTP/1.1" 200 57648
114.88.159.93 - - [18/Mar/2020:11:27:52 +0800] "GET /xingrg/words/20200317135402_words.js HTTP/1.1" 304 -
114.88.159.93 - - [18/Mar/2020:11:27:52 +0800] "POST /xingrg/kc/buy/cgsh_order_operate.html HTTP/1.1" 200 8245
114.88.159.93 - - [18/Mar/2020:11:27:52 +0800] "GET /xingrg/all/common/auto_word.html?type=employee&rest_code=00141 HTTP/1.1" 200 201
114.88.159.93 - - [18/Mar/2020:11:27:52 +0800] "GET /xingrg/javascript/easyui/themes/default/validatebox.css HTTP/1.1" 404 1104
114.88.159.93 - - [18/Mar/2020:11:27:52 +0800] "GET /xingrg/all/common/auto_word.html?type=employee&rest_code=00141 HTTP/1.1" 200 201
101.81.124.227 - - [18/Mar/2020:11:27:53 +0800] "GET /xingrg/all/function/internal_message.html?_=1584502069992&CODE_STATE=getMsg HTTP/1.1" 200 27
180.156.150.85 - - [18/Mar/2020:11:27:53 +0800] "GET /xingrg/kc/base/wlsy_order_operate.html?command=get_materiel&rest_code=00105&base_code=0010513&code=00101008361 HTTP/1.1" 200 425
114.88.159.93 - - [18/Mar/2020:11:27:58 +0800] "GET /xingrg/javascript/auto/indicator.gif HTTP/1.1" 404 1066
114.88.159.93 - - [18/Mar/2020:11:27:59 +0800] "GET /xingrg/kc/buy/cgsh_order_operate.html?command=get_materiel&rest_code=00141&code=00101001047&supplier_code=&order_time=2020-03-18 HTTP/1.1" 200 421
116.238.181.252 - - [18/Mar/2020:11:28:00 +0800] "GET /xingrg/all/function/internal_message.html?_=1584502081778&CODE_STATE=getMsg HTTP/1.1" 200 27
180.156.150.85 - - [18/Mar/2020:11:28:00 +0800] "GET /xingrg/kc/base/wlsy_order_operate.html?command=get_materiel&rest_code=00105&base_code=0010513&code=00101008355 HTTP/1.1" 200 426
58.40.7.146 - - [18/Mar/2020:11:28:04 +0800] "GET /xingrg/all/function/internal_message.html?_=1584502082003&CODE_STATE=getMsg HTTP/1.1" 200 27
114.88.170.9 - - [18/Mar/2020:11:28:05 +0800] "GET /xingrg/all/function/internal_message.html?_=1584502375951&CODE_STATE=getMsg HTTP/1.1" 200 27
114.88.170.9 - - [18/Mar/2020:11:28:05 +0800] "GET /xingrg/check_reg.html?_=1584502376594 HTTP/1.1" 200 22
180.156.150.85 - - [18/Mar/2020:11:28:07 +0800] "GET /xingrg/kc/base/wlsy_order_operate.html?command=get_materiel&rest_code=00105&base_code=0010513&code=00101008264 HTTP/1.1" 200 430
180.156.150.85 - - [18/Mar/2020:11:28:08 +0800] "GET /xingrg/all/function/internal_message.html?_=1584502087043&CODE_STATE=getMsg HTTP/1.1" 200 27
117.131.5.26 - - [18/Mar/2020:11:28:09 +0800] "GET /xingrg/all/function/internal_message.html?_=1584502103718&CODE_STATE=getMsg HTTP/1.1" 200 27
120.253.135.82 - - [18/Mar/2020:11:28:10 +0800] "GET /xingrg/all/function/internal_message.html?_=1584502210002&CODE_STATE=getMsg HTTP/1.1" 200 27
180.152.227.200 - - [18/Mar/2020:11:28:12 +0800] "GET /xingrg/all/function/internal_message.html?_=1584502263152&CODE_STATE=getMsg HTTP/1.1" 200 27
114.93.75.19 - - [18/Mar/2020:11:28:14 +0800] "GET /xingrg/all/function/internal_message.html?_=1584502098156&CODE_STATE=getMsg HTTP/1.1" 200 27
180.156.150.85 - - [18/Mar/2020:11:28:15 +0800] "GET /xingrg/kc/base/wlsy_order_operate.html?command=get_materiel&rest_code=00105&base_code=0010513&code=00101008356 HTTP/1.1" 200 425
114.86.226.241 - - [18/Mar/2020:11:28:17 +0800] "GET /xingrg/all/function/internal_message.html?_=1584502130890&CODE_STATE=getMsg HTTP/1.1" 200 27
180.156.150.85 - - [18/Mar/2020:11:28:22 +0800] "GET /xingrg/kc/base/wlsy_order_operate.html?command=get_materiel&rest_code=00105&base_code=0010513&code=00101008196 HTTP/1.1" 200 431
180.157.252.250 - - [18/Mar/2020:11:28:26 +0800] "GET /xingrg/all/function/internal_message.html?_=1584502104041&CODE_STATE=getMsg HTTP/1.1" 200 27
114.88.159.93 - - [18/Mar/2020:11:28:28 +0800] "GET /xingrg/all/function/internal_message.html?_=1584501830001&CODE_STATE=getMsg HTTP/1.1" 200 27
180.156.150.85 - - [18/Mar/2020:11:28:29 +0800] "GET /xingrg/kc/base/wlsy_order_operate.html?command=get_materiel&rest_code=00105&base_code=0010513&code=00101008223 HTTP/1.1" 200 429
124.77.241.94 - - [18/Mar/2020:11:28:30 +0800] "GET /xingrg/all/function/internal_message.html?_=1584502118512&CODE_STATE=getMsg HTTP/1.1" 200 27
180.156.150.85 - - [18/Mar/2020:11:28:36 +0800] "GET /xingrg/kc/base/wlsy_order_operate.html?command=get_materiel&rest_code=00105&base_code=0010513&code=00101008357 HTTP/1.1" 200 425
117.185.32.26 - - [18/Mar/2020:11:28:41 +0800] "GET /xingrg/all/function/internal_message.html?_=1584502119259&CODE_STATE=getMsg HTTP/1.1" 200 27
114.93.75.19 - - [18/Mar/2020:11:28:43 +0800] "GET /xingrg/all/function/internal_message.html?_=1584502121026&CODE_STATE=getMsg HTTP/1.1" 200 27
180.152.227.200 - - [18/Mar/2020:11:28:44 +0800] "GET /xingrg/all/function/internal_message.html?_=1584502116364&CODE_STATE=getMsg HTTP/1.1" 200 27
58.40.7.146 - - [18/Mar/2020:11:28:44 +0800] "GET /xingrg/all/function/internal_message.html?_=1584502122525&CODE_STATE=getMsg HTTP/1.1" 200 27
180.156.150.85 - - [18/Mar/2020:11:28:45 +0800] "GET /xingrg/kc/base/wlsy_order_operate.html?command=get_materiel&rest_code=00105&base_code=0010513&code=00101008230 HTTP/1.1" 200 423
114.93.75.19 - - [18/Mar/2020:11:28:50 +0800] "GET /xingrg/all/function/internal_message.html?_=1584502305582&CODE_STATE=getMsg HTTP/1.1" 200 27
180.156.150.85 - - [18/Mar/2020:11:28:50 +0800] "POST /xingrg/kc/base/wlsy_order_operate.html HTTP/1.1" 200 1710
180.156.150.85 - - [18/Mar/2020:11:28:52 +0800] "POST /xingrg/kc/base/wlsy_order_operate.html HTTP/1.1" 200 1710
101.81.124.227 - - [18/Mar/2020:11:28:53 +0800] "GET /xingrg/all/function/internal_message.html?_=1584502129996&CODE_STATE=getMsg HTTP/1.1" 200 27
116.238.181.252 - - [18/Mar/2020:11:29:00 +0800] "GET /xingrg/all/function/internal_message.html?_=1584502141763&CODE_STATE=getMsg HTTP/1.1" 200 27
180.156.150.85 - - [18/Mar/2020:11:29:01 +0800] "GET /xingrg/kc/base/wlsy_order_operate.html?command=get_materiel&rest_code=00105&base_code=0010513&code=00101008069 HTTP/1.1" 200 428
58.40.7.146 - - [18/Mar/2020:11:29:04 +0800] "GET /xingrg/check_reg.html?_=1584502142006 HTTP/1.1" 200 22
58.40.7.146 - - [18/Mar/2020:11:29:04 +0800] "GET /xingrg/all/function/internal_message.html?_=1584502142007&CODE_STATE=getMsg HTTP/1.1" 200 27
114.88.170.9 - - [18/Mar/2020:11:29:05 +0800] "GET /xingrg/all/function/internal_message.html?_=1584502435929&CODE_STATE=getMsg HTTP/1.1" 200 27
180.156.150.85 - - [18/Mar/2020:11:29:07 +0800] "GET /xingrg/kc/base/wlsy_order_operate.html?command=get_materiel&rest_code=00105&base_code=0010513&code=00101008036 HTTP/1.1" 200 425
180.156.150.85 - - [18/Mar/2020:11:29:08 +0800] "GET /xingrg/all/function/internal_message.html?_=1584502147014&CODE_STATE=getMsg HTTP/1.1" 200 27
180.156.150.85 - - [18/Mar/2020:11:29:08 +0800] "GET /xingrg/check_reg.html?_=1584502147011 HTTP/1.1" 200 22
117.131.5.26 - - [18/Mar/2020:11:29:09 +0800] "GET /xingrg/all/function/internal_message.html?_=1584502163718&CODE_STATE=getMsg HTTP/1.1" 200 27
120.253.135.82 - - [18/Mar/2020:11:29:09 +0800] "GET /xingrg/check_reg.html?_=1584502269030 HTTP/1.1" 200 22
120.253.135.82 - - [18/Mar/2020:11:29:10 +0800] "GET /xingrg/all/function/internal_message.html?_=1584502270020&CODE_STATE=getMsg HTTP/1.1" 200 27
180.152.227.200 - - [18/Mar/2020:11:29:12 +0800] "GET /xingrg/all/function/internal_message.html?_=1584502323161&CODE_STATE=getMsg HTTP/1.1" 200 27
180.156.150.85 - - [18/Mar/2020:11:29:14 +0800] "GET /xingrg/kc/base/wlsy_order_operate.html?command=get_materiel&rest_code=00105&base_code=0010513&code=00101008006 HTTP/1.1" 200 433
114.93.75.19 - - [18/Mar/2020:11:29:14 +0800] "GET /xingrg/all/function/internal_message.html?_=1584502158169&CODE_STATE=getMsg HTTP/1.1" 200 27
114.86.226.241 - - [18/Mar/2020:11:29:16 +0800] "GET /xingrg/all/function/internal_message.html?_=1584502190890&CODE_STATE=getMsg HTTP/1.1" 200 27
124.77.241.94 - - [18/Mar/2020:11:29:20 +0800] "GET /xingrg/check_reg.html?_=1584502168550 HTTP/1.1" 200 22
180.156.150.85 - - [18/Mar/2020:11:29:23 +0800] "GET /xingrg/kc/base/wlsy_order_operate.html?command=get_materiel&rest_code=00105&base_code=0010513&code=00101008131 HTTP/1.1" 200 426
180.157.252.250 - - [18/Mar/2020:11:29:26 +0800] "GET /xingrg/all/function/internal_message.html?_=1584502164039&CODE_STATE=getMsg HTTP/1.1" 200 27
114.88.159.93 - - [18/Mar/2020:11:29:28 +0800] "GET /xingrg/all/function/internal_message.html?_=1584501890008&CODE_STATE=getMsg HTTP/1.1" 200 27
180.156.150.85 - - [18/Mar/2020:11:29:30 +0800] "GET /xingrg/kc/base/wlsy_order_operate.html?command=get_materiel&rest_code=00105&base_code=0010513&code=00101008296 HTTP/1.1" 200 435
124.77.241.94 - - [18/Mar/2020:11:29:30 +0800] "GET /xingrg/all/function/internal_message.html?_=1584502178526&CODE_STATE=getMsg HTTP/1.1" 200 27
117.185.32.26 - - [18/Mar/2020:11:29:41 +0800] "GET /xingrg/all/function/internal_message.html?_=1584502179259&CODE_STATE=getMsg HTTP/1.1" 200 27
180.156.150.85 - - [18/Mar/2020:11:29:42 +0800] "GET /xingrg/kc/base/wlsy_order_operate.html?command=get_materiel&rest_code=00105&base_code=0010513&code=00101008352 HTTP/1.1" 200 429
114.93.75.19 - - [18/Mar/2020:11:29:43 +0800] "GET /xingrg/all/function/internal_message.html?_=1584502181025&CODE_STATE=getMsg HTTP/1.1" 200 27
180.152.227.200 - - [18/Mar/2020:11:29:44 +0800] "GET /xingrg/check_reg.html?_=1584502176368 HTTP/1.1" 200 22
180.152.227.200 - - [18/Mar/2020:11:29:44 +0800] "GET /xingrg/all/function/internal_message.html?_=1584502176369&CODE_STATE=getMsg HTTP/1.1" 200 27
58.40.7.146 - - [18/Mar/2020:11:29:44 +0800] "GET /xingrg/all/function/internal_message.html?_=1584502182528&CODE_STATE=getMsg HTTP/1.1" 200 27
180.156.150.85 - - [18/Mar/2020:11:29:48 +0800] "GET /xingrg/kc/base/wlsy_order_operate.html?command=get_materiel&rest_code=00105&base_code=0010513&code=00101008098 HTTP/1.1" 200 429
114.93.75.19 - - [18/Mar/2020:11:29:50 +0800] "GET /xingrg/all/function/internal_message.html?_=1584502365585&CODE_STATE=getMsg HTTP/1.1" 200 27
101.81.124.227 - - [18/Mar/2020:11:29:53 +0800] "GET /xingrg/all/function/internal_message.html?_=1584502189989&CODE_STATE=getMsg HTTP/1.1" 200 27
180.156.150.85 - - [18/Mar/2020:11:29:57 +0800] "GET /xingrg/kc/base/wlsy_order_operate.html?command=get_materiel&rest_code=00105&base_code=0010513&code=00101008005 HTTP/1.1" 200 432
116.238.181.252 - - [18/Mar/2020:11:30:00 +0800] "GET /xingrg/all/function/internal_message.html?_=1584502201760&CODE_STATE=getMsg HTTP/1.1" 200 27
116.238.181.252 - - [18/Mar/2020:11:30:01 +0800] "GET /xingrg/check_reg.html?_=1584502202214 HTTP/1.1" 200 22
180.156.150.85 - - [18/Mar/2020:11:30:03 +0800] "GET /xingrg/kc/base/wlsy_order_operate.html?command=get_materiel&rest_code=00105&base_code=0010513&code=00101008271 HTTP/1.1" 200 425
58.40.7.146 - - [18/Mar/2020:11:30:04 +0800] "GET /xingrg/all/function/internal_message.html?_=1584502202010&CODE_STATE=getMsg HTTP/1.1" 200 27
114.88.170.9 - - [18/Mar/2020:11:30:05 +0800] "GET /xingrg/all/function/internal_message.html?_=1584502495901&CODE_STATE=getMsg HTTP/1.1" 200 27
180.156.150.85 - - [18/Mar/2020:11:30:08 +0800] "GET /xingrg/all/function/internal_message.html?_=1584502207088&CODE_STATE=getMsg HTTP/1.1" 200 27
117.131.5.26 - - [18/Mar/2020:11:30:09 +0800] "GET /xingrg/all/function/internal_message.html?_=1584502223734&CODE_STATE=getMsg HTTP/1.1" 200 27
120.253.135.82 - - [18/Mar/2020:11:30:10 +0800] "GET /xingrg/all/function/internal_message.html?_=1584502330037&CODE_STATE=getMsg HTTP/1.1" 200 27
180.152.227.200 - - [18/Mar/2020:11:30:10 +0800] "GET /xingrg/check_reg.html?_=1584502381842 HTTP/1.1" 200 22
180.152.227.200 - - [18/Mar/2020:11:30:12 +0800] "GET /xingrg/all/function/internal_message.html?_=1584502383173&CODE_STATE=getMsg HTTP/1.1" 200 27
180.156.150.85 - - [18/Mar/2020:11:30:13 +0800] "GET /xingrg/kc/base/wlsy_order_operate.html?command=get_materiel&rest_code=00105&base_code=0010513&code=00101008353 HTTP/1.1" 200 425
114.93.75.19 - - [18/Mar/2020:11:30:14 +0800] "GET /xingrg/all/function/internal_message.html?_=1584502218188&CODE_STATE=getMsg HTTP/1.1" 200 27
114.86.226.241 - - [18/Mar/2020:11:30:16 +0800] "GET /xingrg/all/function/internal_message.html?_=1584502250890&CODE_STATE=getMsg HTTP/1.1" 200 27
180.156.150.85 - - [18/Mar/2020:11:30:17 +0800] "POST /xingrg/kc/base/wlsy_order_operate.html HTTP/1.1" 200 1710
180.156.150.85 - - [18/Mar/2020:11:30:19 +0800] "POST /xingrg/kc/base/wlsy_order_operate.html HTTP/1.1" 200 1710
180.156.150.85 - - [18/Mar/2020:11:30:25 +0800] "GET /xingrg/kc/base/wlsy_order_operate.html?command=get_materiel&rest_code=00105&base_code=0010513&code=00101008213 HTTP/1.1" 200 429
180.157.252.250 - - [18/Mar/2020:11:30:26 +0800] "GET /xingrg/all/function/internal_message.html?_=1584502224041&CODE_STATE=getMsg HTTP/1.1" 200 27
114.88.159.93 - - [18/Mar/2020:11:30:28 +0800] "GET /xingrg/all/function/internal_message.html?_=1584501949995&CODE_STATE=getMsg HTTP/1.1" 200 27
124.77.241.94 - - [18/Mar/2020:11:30:30 +0800] "GET /xingrg/all/function/internal_message.html?_=1584502238539&CODE_STATE=getMsg HTTP/1.1" 200 27
180.156.150.85 - - [18/Mar/2020:11:30:37 +0800] "GET /xingrg/kc/base/wlsy_order_operate.html?command=get_materiel&rest_code=00105&base_code=0010513&code=00101008298 HTTP/1.1" 200 427
180.156.150.85 - - [18/Mar/2020:11:30:39 +0800] "GET /xingrg/system/info/materiel_import.html?isSelect=1&singleSelect=false HTTP/1.1" 200 5596
180.156.150.85 - - [18/Mar/2020:11:30:39 +0800] "GET /favicon.ico HTTP/1.1" 404 -
180.156.150.85 - - [18/Mar/2020:11:30:39 +0800] "POST /xingrg/all/common/load_tree.html?tree=materiel_sort_tree_json HTTP/1.1" 200 8666
117.185.32.26 - - [18/Mar/2020:11:30:41 +0800] "GET /xingrg/check_reg.html?_=1584502239259 HTTP/1.1" 200 22
117.185.32.26 - - [18/Mar/2020:11:30:41 +0800] "GET /xingrg/all/function/internal_message.html?_=1584502239258&CODE_STATE=getMsg HTTP/1.1" 200 27
114.93.75.19 - - [18/Mar/2020:11:30:43 +0800] "GET /xingrg/all/function/internal_message.html?_=1584502241016&CODE_STATE=getMsg HTTP/1.1" 200 27
180.152.227.200 - - [18/Mar/2020:11:30:44 +0800] "GET /xingrg/all/function/internal_message.html?_=1584502236367&CODE_STATE=getMsg HTTP/1.1" 200 27
58.40.7.146 - - [18/Mar/2020:11:30:44 +0800] "GET /xingrg/all/function/internal_message.html?_=1584502242517&CODE_STATE=getMsg HTTP/1.1" 200 27
180.156.150.85 - - [18/Mar/2020:11:30:46 +0800] "GET /xingrg/kc/base/wlsy_order_operate.html?command=get_materiel&rest_code=00105&base_code=0010513&code=00101008105 HTTP/1.1" 200 429
114.93.75.19 - - [18/Mar/2020:11:30:50 +0800] "GET /xingrg/all/function/internal_message.html?_=1584502425586&CODE_STATE=getMsg HTTP/1.1" 200 27
114.93.75.19 - - [18/Mar/2020:11:30:50 +0800] "GET /xingrg/check_reg.html?_=1584502425591 HTTP/1.1" 200 22
180.156.150.85 - - [18/Mar/2020:11:30:51 +0800] "GET /xingrg/kc/base/wlsy_order_operate.html?command=get_materiel&rest_code=00105&base_code=0010513&code=00101008119 HTTP/1.1" 200 430
101.81.124.227 - - [18/Mar/2020:11:30:53 +0800] "GET /xingrg/all/function/internal_message.html?_=1584502249990&CODE_STATE=getMsg HTTP/1.1" 200 27
180.156.150.85 - - [18/Mar/2020:11:30:58 +0800] "GET /xingrg/kc/base/wlsy_order_operate.html?command=get_materiel&rest_code=00105&base_code=0010513&code=00101008330 HTTP/1.1" 200 425
116.238.181.252 - - [18/Mar/2020:11:31:00 +0800] "GET /xingrg/all/function/internal_message.html?_=1584502261734&CODE_STATE=getMsg HTTP/1.1" 200 27
114.88.170.9 - - [18/Mar/2020:11:31:01 +0800] "GET /xingrg/check_reg.html?_=1584502258123 HTTP/1.1" 200 22
58.40.7.146 - - [18/Mar/2020:11:31:04 +0800] "GET /xingrg/all/function/internal_message.html?_=1584502262014&CODE_STATE=getMsg HTTP/1.1" 200 27
114.88.170.9 - - [18/Mar/2020:11:31:05 +0800] "GET /xingrg/all/function/internal_message.html?_=1584502555874&CODE_STATE=getMsg HTTP/1.1" 200 27
180.156.150.85 - - [18/Mar/2020:11:31:08 +0800] "GET /xingrg/all/function/internal_message.html?_=1584502267021&CODE_STATE=getMsg HTTP/1.1" 200 27
117.185.32.26 - - [18/Mar/2020:11:31:08 +0800] "GET /xingrg/kc/base/wldb_order_operate.html?command=get_materiel&rest_code=00106&base_code=0010397&code=00102004030 HTTP/1.1" 200 442
180.156.150.85 - - [18/Mar/2020:11:31:08 +0800] "GET /xingrg/kc/base/wlsy_order_operate.html?command=get_materiel&rest_code=00105&base_code=0010513&code=00101008197 HTTP/1.1" 200 434
117.131.5.26 - - [18/Mar/2020:11:31:09 +0800] "GET /xingrg/all/function/internal_message.html?_=1584502283734&CODE_STATE=getMsg HTTP/1.1" 200 27
120.253.135.82 - - [18/Mar/2020:11:31:10 +0800] "GET /xingrg/all/function/internal_message.html?_=1584502390048&CODE_STATE=getMsg HTTP/1.1" 200 27
180.152.227.200 - - [18/Mar/2020:11:31:12 +0800] "GET /xingrg/all/function/internal_message.html?_=1584502443187&CODE_STATE=getMsg HTTP/1.1" 200 27
117.185.32.26 - - [18/Mar/2020:11:31:12 +0800] "POST /xingrg/kc/base/wldb_order_operate.html HTTP/1.1" 200 37
117.185.32.26 - - [18/Mar/2020:11:31:13 +0800] "POST /xingrg/kc/base/wldb_order_operate.html HTTP/1.1" 200 2190
117.185.32.26 - - [18/Mar/2020:11:31:13 +0800] "GET /xingrg/kc/base/wldb_order_info.html?code=422020031800464 HTTP/1.1" 200 30307
117.185.32.26 - - [18/Mar/2020:11:31:13 +0800] "GET /xingrg/javascript/easyui/themes/default/validatebox.css HTTP/1.1" 404 1104
117.185.32.26 - - [18/Mar/2020:11:31:13 +0800] "POST /xingrg/kc/base/wldb_order_operate.html HTTP/1.1" 200 2190
114.93.75.19 - - [18/Mar/2020:11:31:14 +0800] "GET /xingrg/all/function/internal_message.html?_=1584502278196&CODE_STATE=getMsg HTTP/1.1" 200 27
180.156.150.85 - - [18/Mar/2020:11:31:15 +0800] "GET /xingrg/kc/base/wlsy_order_operate.html?command=get_materiel&rest_code=00105&base_code=0010513&code=00101008114 HTTP/1.1" 200 429
114.86.226.241 - - [18/Mar/2020:11:31:16 +0800] "GET /xingrg/check_reg.html?_=1584502310890 HTTP/1.1" 200 22
114.86.226.241 - - [18/Mar/2020:11:31:16 +0800] "GET /xingrg/all/function/internal_message.html?_=1584502310890&CODE_STATE=getMsg HTTP/1.1" 200 27
117.185.32.26 - - [18/Mar/2020:11:31:19 +0800] "GET /xingrg/kc/base/wldb_order_add.html HTTP/1.1" 200 30294
117.185.32.26 - - [18/Mar/2020:11:31:19 +0800] "GET /xingrg/javascript/easyui/themes/default/validatebox.css HTTP/1.1" 404 1104
117.185.32.26 - - [18/Mar/2020:11:31:19 +0800] "POST /xingrg/kc/base/wldb_order_operate.html HTTP/1.1" 200 6806
117.185.32.26 - - [18/Mar/2020:11:31:20 +0800] "POST /xingrg/all/common/load_combo.html?type=base HTTP/1.1" 200 2878
180.156.150.85 - - [18/Mar/2020:11:31:21 +0800] "GET /xingrg/kc/base/wlsy_order_operate.html?command=get_materiel&rest_code=00105&base_code=0010513&code=00101008312 HTTP/1.1" 200 429
117.185.32.26 - - [18/Mar/2020:11:31:22 +0800] "POST /xingrg/all/common/load_combo.html?type=base HTTP/1.1" 200 2878
120.253.135.82 - - [18/Mar/2020:11:31:24 +0800] "POST /xingrg/kc/pszx/mdps_list_operate.html HTTP/1.1" 200 2050
120.253.135.82 - - [18/Mar/2020:11:31:24 +0800] "POST /xingrg/kc/pszx/mdps_list_operate.html HTTP/1.1" 200 2050
120.253.135.82 - - [18/Mar/2020:11:31:24 +0800] "GET /xingrg/kc/pszx/mdps_order_list.html?orderType=0 HTTP/1.1" 200 20947
120.253.135.82 - - [18/Mar/2020:11:31:24 +0800] "POST /xingrg/kc/pszx/mdps_list_operate.html HTTP/1.1" 200 2050
180.157.252.250 - - [18/Mar/2020:11:31:26 +0800] "GET /xingrg/all/function/internal_message.html?_=1584502284047&CODE_STATE=getMsg HTTP/1.1" 200 27
180.157.252.250 - - [18/Mar/2020:11:31:26 +0800] "GET /xingrg/check_reg.html?_=1584502284049 HTTP/1.1" 200 22
114.88.159.93 - - [18/Mar/2020:11:31:28 +0800] "GET /xingrg/all/function/internal_message.html?_=1584502009995&CODE_STATE=getMsg HTTP/1.1" 200 27
120.253.135.82 - - [18/Mar/2020:11:31:28 +0800] "GET /xingrg/kc/pszx/mdps_order_add.html HTTP/1.1" 200 28881
120.253.135.82 - - [18/Mar/2020:11:31:28 +0800] "POST /xingrg/kc/pszx/mdps_order_operate.html HTTP/1.1" 200 7126
180.156.150.85 - - [18/Mar/2020:11:31:28 +0800] "GET /xingrg/kc/base/wlsy_order_operate.html?command=get_materiel&rest_code=00105&base_code=0010513&code=00101009054 HTTP/1.1" 200 416
120.253.135.82 - - [18/Mar/2020:11:31:28 +0800] "GET /xingrg/javascript/easyui/themes/default/validatebox.css HTTP/1.1" 404 1104
117.185.32.26 - - [18/Mar/2020:11:31:28 +0800] "GET /xingrg/kc/base/wldb_order_operate.html?command=get_materiel&rest_code=00106&base_code=0010397&code=00101037117 HTTP/1.1" 200 477
120.253.135.82 - - [18/Mar/2020:11:31:30 +0800] "GET /xingrg/javascript/easyui/plugins/jquery.draggable.js HTTP/1.1" 304 -
