114.93.75.19 - - [17/Mar/2020:09:34:48 +0800] "GET /xingrg/all/function/internal_message.html?_=1584408886801&CODE_STATE=getMsg HTTP/1.1" 200 27
114.93.75.19 - - [17/Mar/2020:09:34:48 +0800] "GET /xingrg/check_reg.html?_=1584408886810 HTTP/1.1" 200 22
117.184.7.26 - - [17/Mar/2020:09:34:53 +0800] "GET /xingrg/check_reg.html?_=1584408888228 HTTP/1.1" 200 22
117.184.7.30 - - [17/Mar/2020:09:34:53 +0800] "GET /xingrg/all/function/internal_message.html?_=1584408888232&CODE_STATE=getMsg HTTP/1.1" 200 27
114.93.75.19 - - [17/Mar/2020:09:34:56 +0800] "GET /xingrg/all/report/report_query.html?isQuery=1&fileName=kc/buy/wlcg_cate_hz.xml&queryString=(CONVERT(char(10)%2Ca.order_time%2C%20120)%3E%3D'2020-01-01')%20and%20(CONVERT(char(10)%2Ca.order_time%2C%20120)%3C%3D'2020-02-29')%20and%20(a.supplier_code%3D'00100313')%20and%20(a.base_code%3D'0010552')&queryText=%E3%80%90%E9%87%87%E8%B4%AD%E6%97%A5%E6%9C%9F%3A2020-01-01%20%E8%87%B3%202020-02-29%E3%80%91%20%E5%B9%B6%E4%B8%94%20%E3%80%90%E4%BE%9B%E5%BA%94%E5%95%86%3D%E8%B1%A1%E5%B1%B1%E5%86%B0%E9%B2%9C%EF%BC%88%E6%9E%97%E6%9D%BE%E5%9B%BD%EF%BC%89%E3%80%91%E5%B9%B6%E4%B8%94%E3%80%90%E4%BB%93%E5%BA%93%E5%90%8D%E7%A7%B0%20%3D%20%E5%91%98%E5%B7%A5%E9%A4%90%E3%80%91&rand=0.5754033548012278 HTTP/1.1" 200 54415
114.93.75.19 - - [17/Mar/2020:09:34:57 +0800] "GET /xingrg/all/report/report_query.html?isQuery=1&fileName=kc/buy/wlcg_cate_hz.xml&queryString=(CONVERT(char(10)%2Ca.order_time%2C%20120)%3E%3D'2020-01-01')%20and%20(CONVERT(char(10)%2Ca.order_time%2C%20120)%3C%3D'2020-02-29')%20and%20(a.supplier_code%3D'00100313')%20and%20(a.base_code%3D'0010552')&queryText=%E3%80%90%E9%87%87%E8%B4%AD%E6%97%A5%E6%9C%9F%3A2020-01-01%20%E8%87%B3%202020-02-29%E3%80%91%20%E5%B9%B6%E4%B8%94%20%E3%80%90%E4%BE%9B%E5%BA%94%E5%95%86%3D%E8%B1%A1%E5%B1%B1%E5%86%B0%E9%B2%9C%EF%BC%88%E6%9E%97%E6%9D%BE%E5%9B%BD%EF%BC%89%E3%80%91%E5%B9%B6%E4%B8%94%E3%80%90%E4%BB%93%E5%BA%93%E5%90%8D%E7%A7%B0%20%3D%20%E5%91%98%E5%B7%A5%E9%A4%90%E3%80%91&rand=0.5754033548012278 HTTP/1.1" 200 54415
114.93.75.19 - - [17/Mar/2020:09:34:57 +0800] "GET /xingrg/dwr/engine.js HTTP/1.1" 200 43631
114.93.75.19 - - [17/Mar/2020:09:34:58 +0800] "POST /xingrg/all/report/load_report_page.html HTTP/1.1" 200 10880
114.93.75.19 - - [17/Mar/2020:09:34:58 +0800] "GET /xingrg/servlets/image?cache=0.9759242833370657&image=px HTTP/1.1" 200 807
114.88.159.93 - - [17/Mar/2020:09:34:59 +0800] "GET /xingrg/all/function/internal_message.html?_=1584408625201&CODE_STATE=getMsg HTTP/1.1" 200 27
114.88.159.93 - - [17/Mar/2020:09:34:59 +0800] "GET /xingrg/check_reg.html?_=1584408625203 HTTP/1.1" 200 22
222.69.139.157 - - [17/Mar/2020:09:35:01 +0800] "GET /xingrg/all/function/internal_message.html?_=1584408898407&CODE_STATE=getMsg HTTP/1.1" 200 27
101.81.124.227 - - [17/Mar/2020:09:35:06 +0800] "GET /xingrg/all/function/internal_message.html?_=1584408904765&CODE_STATE=getMsg HTTP/1.1" 200 27
172.17.0.4 - - [17/Mar/2020:09:35:15 +0800] "GET /xingrg/all/function/internal_message.html?_=1584408919750&CODE_STATE=getMsg HTTP/1.1" 200 27
114.93.75.19 - - [17/Mar/2020:09:35:25 +0800] "GET /xingrg/check_reg.html?_=1584409245099 HTTP/1.1" 200 22
114.93.75.19 - - [17/Mar/2020:09:35:25 +0800] "GET /xingrg/all/function/internal_message.html?_=1584409245100&CODE_STATE=getMsg HTTP/1.1" 200 27
124.77.241.94 - - [17/Mar/2020:09:35:36 +0800] "GET /xingrg/all/function/internal_message.html?_=1584408940757&CODE_STATE=getMsg HTTP/1.1" 200 27
114.93.75.19 - - [17/Mar/2020:09:35:39 +0800] "GET /xingrg/all/function/internal_message.html?_=1584408938262&CODE_STATE=getMsg HTTP/1.1" 200 27
120.253.135.82 - - [17/Mar/2020:09:35:42 +0800] "GET /xingrg/all/function/internal_message.html?_=1584409064349&CODE_STATE=getMsg HTTP/1.1" 200 27
180.156.150.85 - - [17/Mar/2020:09:35:42 +0800] "GET /xingrg/all/function/internal_message.html?_=1584408941301&CODE_STATE=getMsg HTTP/1.1" 200 27
114.93.75.19 - - [17/Mar/2020:09:35:43 +0800] "GET /xingrg/all/function/internal_message.html?_=1584408939269&CODE_STATE=getMsg HTTP/1.1" 200 27
117.185.32.26 - - [17/Mar/2020:09:35:44 +0800] "GET /xingrg/all/function/internal_message.html?_=1584408942820&CODE_STATE=getMsg HTTP/1.1" 200 27
58.40.7.146 - - [17/Mar/2020:09:35:44 +0800] "GET /xingrg/all/function/internal_message.html?_=1584408942956&CODE_STATE=getMsg HTTP/1.1" 200 27
180.156.150.85 - - [17/Mar/2020:09:35:45 +0800] "GET /xingrg/check_reg.html?_=1584408944032 HTTP/1.1" 200 22
114.88.170.9 - - [17/Mar/2020:09:35:46 +0800] "GET /xingrg/all/function/internal_message.html?_=1584409236067&CODE_STATE=getMsg HTTP/1.1" 200 27
114.88.170.9 - - [17/Mar/2020:09:35:46 +0800] "GET /xingrg/check_reg.html?_=1584409236068 HTTP/1.1" 200 22
114.93.75.19 - - [17/Mar/2020:09:35:48 +0800] "GET /xingrg/all/function/internal_message.html?_=1584408946797&CODE_STATE=getMsg HTTP/1.1" 200 27
117.184.7.30 - - [17/Mar/2020:09:35:53 +0800] "GET /xingrg/all/function/internal_message.html?_=1584408948223&CODE_STATE=getMsg HTTP/1.1" 200 27
114.88.170.9 - - [17/Mar/2020:09:35:58 +0800] "GET /xingrg/check_reg.html?_=1584408956245 HTTP/1.1" 200 22
114.88.159.93 - - [17/Mar/2020:09:35:59 +0800] "GET /xingrg/all/function/internal_message.html?_=1584408685201&CODE_STATE=getMsg HTTP/1.1" 200 27
222.69.139.157 - - [17/Mar/2020:09:36:01 +0800] "GET /xingrg/all/function/internal_message.html?_=1584408958387&CODE_STATE=getMsg HTTP/1.1" 200 27
101.81.124.227 - - [17/Mar/2020:09:36:06 +0800] "GET /xingrg/all/function/internal_message.html?_=1584408964757&CODE_STATE=getMsg HTTP/1.1" 200 27
172.17.0.4 - - [17/Mar/2020:09:36:15 +0800] "GET /xingrg/all/function/internal_message.html?_=1584408979749&CODE_STATE=getMsg HTTP/1.1" 200 27
172.17.0.4 - - [17/Mar/2020:09:36:15 +0800] "GET /xingrg/check_reg.html?_=1584408979752 HTTP/1.1" 200 22
114.93.75.19 - - [17/Mar/2020:09:36:25 +0800] "GET /xingrg/all/function/internal_message.html?_=1584409305091&CODE_STATE=getMsg HTTP/1.1" 200 27
124.77.241.94 - - [17/Mar/2020:09:36:37 +0800] "GET /xingrg/all/function/internal_message.html?_=1584409001081&CODE_STATE=getMsg HTTP/1.1" 200 27
114.93.75.19 - - [17/Mar/2020:09:36:39 +0800] "GET /xingrg/all/function/internal_message.html?_=1584408998264&CODE_STATE=getMsg HTTP/1.1" 200 27
120.253.135.82 - - [17/Mar/2020:09:36:42 +0800] "GET /xingrg/all/function/internal_message.html?_=1584409124370&CODE_STATE=getMsg HTTP/1.1" 200 27
180.156.150.85 - - [17/Mar/2020:09:36:42 +0800] "GET /xingrg/all/function/internal_message.html?_=1584409001271&CODE_STATE=getMsg HTTP/1.1" 200 27
114.93.75.19 - - [17/Mar/2020:09:36:43 +0800] "GET /xingrg/all/function/internal_message.html?_=1584408999267&CODE_STATE=getMsg HTTP/1.1" 200 27
117.185.32.26 - - [17/Mar/2020:09:36:44 +0800] "GET /xingrg/all/function/internal_message.html?_=1584409002819&CODE_STATE=getMsg HTTP/1.1" 200 27
117.185.32.26 - - [17/Mar/2020:09:36:44 +0800] "GET /xingrg/check_reg.html?_=1584409002821 HTTP/1.1" 200 22
58.40.7.146 - - [17/Mar/2020:09:36:44 +0800] "GET /xingrg/all/function/internal_message.html?_=1584409002961&CODE_STATE=getMsg HTTP/1.1" 200 27
114.88.170.9 - - [17/Mar/2020:09:36:46 +0800] "GET /xingrg/all/function/internal_message.html?_=1584409296066&CODE_STATE=getMsg HTTP/1.1" 200 27
114.93.75.19 - - [17/Mar/2020:09:36:48 +0800] "GET /xingrg/all/function/internal_message.html?_=1584409006800&CODE_STATE=getMsg HTTP/1.1" 200 27
117.184.7.30 - - [17/Mar/2020:09:36:53 +0800] "GET /xingrg/all/function/internal_message.html?_=1584409008231&CODE_STATE=getMsg HTTP/1.1" 200 27
114.88.159.93 - - [17/Mar/2020:09:36:59 +0800] "GET /xingrg/all/function/internal_message.html?_=1584408745199&CODE_STATE=getMsg HTTP/1.1" 200 27
222.69.139.157 - - [17/Mar/2020:09:37:01 +0800] "GET /xingrg/all/function/internal_message.html?_=1584409018369&CODE_STATE=getMsg HTTP/1.1" 200 27
101.81.124.227 - - [17/Mar/2020:09:37:06 +0800] "GET /xingrg/all/function/internal_message.html?_=1584409024759&CODE_STATE=getMsg HTTP/1.1" 200 27
172.17.0.4 - - [17/Mar/2020:09:37:15 +0800] "GET /xingrg/all/function/internal_message.html?_=1584409039756&CODE_STATE=getMsg HTTP/1.1" 200 27
114.93.75.19 - - [17/Mar/2020:09:37:25 +0800] "GET /xingrg/all/function/internal_message.html?_=1584409365093&CODE_STATE=getMsg HTTP/1.1" 200 27
124.77.241.94 - - [17/Mar/2020:09:37:37 +0800] "GET /xingrg/all/function/internal_message.html?_=1584409061095&CODE_STATE=getMsg HTTP/1.1" 200 27
180.157.252.250 - - [17/Mar/2020:09:37:38 +0800] "GET /xingrg/check_reg.html?_=1584409050702 HTTP/1.1" 302 -
114.93.75.19 - - [17/Mar/2020:09:37:39 +0800] "GET /xingrg/all/function/internal_message.html?_=1584409058268&CODE_STATE=getMsg HTTP/1.1" 200 27
120.253.135.82 - - [17/Mar/2020:09:37:42 +0800] "GET /xingrg/all/function/internal_message.html?_=1584409184387&CODE_STATE=getMsg HTTP/1.1" 200 27
180.156.150.85 - - [17/Mar/2020:09:37:42 +0800] "GET /xingrg/all/function/internal_message.html?_=1584409061251&CODE_STATE=getMsg HTTP/1.1" 200 27
114.93.75.19 - - [17/Mar/2020:09:37:43 +0800] "GET /xingrg/all/function/internal_message.html?_=1584409059264&CODE_STATE=getMsg HTTP/1.1" 200 27
117.185.32.26 - - [17/Mar/2020:09:37:44 +0800] "GET /xingrg/all/function/internal_message.html?_=1584409062819&CODE_STATE=getMsg HTTP/1.1" 200 27
58.40.7.146 - - [17/Mar/2020:09:37:44 +0800] "GET /xingrg/all/function/internal_message.html?_=1584409062948&CODE_STATE=getMsg HTTP/1.1" 200 27
114.88.170.9 - - [17/Mar/2020:09:37:46 +0800] "GET /xingrg/all/function/internal_message.html?_=1584409356069&CODE_STATE=getMsg HTTP/1.1" 200 27
114.93.75.19 - - [17/Mar/2020:09:37:48 +0800] "GET /xingrg/all/function/internal_message.html?_=1584409066802&CODE_STATE=getMsg HTTP/1.1" 200 27
117.184.7.30 - - [17/Mar/2020:09:37:53 +0800] "GET /xingrg/all/function/internal_message.html?_=1584409068234&CODE_STATE=getMsg HTTP/1.1" 200 27
114.88.159.93 - - [17/Mar/2020:09:37:59 +0800] "GET /xingrg/all/function/internal_message.html?_=1584408805240&CODE_STATE=getMsg HTTP/1.1" 200 27
222.69.139.157 - - [17/Mar/2020:09:38:01 +0800] "GET /xingrg/all/function/internal_message.html?_=1584409078339&CODE_STATE=getMsg HTTP/1.1" 200 27
101.81.124.227 - - [17/Mar/2020:09:38:06 +0800] "GET /xingrg/all/function/internal_message.html?_=1584409084765&CODE_STATE=getMsg HTTP/1.1" 200 27
101.81.124.227 - - [17/Mar/2020:09:38:06 +0800] "GET /xingrg/check_reg.html?_=1584409084767 HTTP/1.1" 200 22
172.17.0.4 - - [17/Mar/2020:09:38:15 +0800] "GET /xingrg/all/function/internal_message.html?_=1584409099744&CODE_STATE=getMsg HTTP/1.1" 200 27
116.238.181.252 - - [17/Mar/2020:09:38:24 +0800] "GET /xingrg/check_reg.html?_=1584409105660 HTTP/1.1" 302 -
114.93.75.19 - - [17/Mar/2020:09:38:25 +0800] "GET /xingrg/all/function/internal_message.html?_=1584409425092&CODE_STATE=getMsg HTTP/1.1" 200 27
124.77.241.94 - - [17/Mar/2020:09:38:35 +0800] "GET /xingrg/check_reg.html?_=1584409119275 HTTP/1.1" 200 22
124.77.241.94 - - [17/Mar/2020:09:38:37 +0800] "GET /xingrg/all/function/internal_message.html?_=1584409121106&CODE_STATE=getMsg HTTP/1.1" 200 27
114.93.75.19 - - [17/Mar/2020:09:38:39 +0800] "GET /xingrg/all/function/internal_message.html?_=1584409118271&CODE_STATE=getMsg HTTP/1.1" 200 27
114.93.75.19 - - [17/Mar/2020:09:38:39 +0800] "GET /xingrg/check_reg.html?_=1584409118273 HTTP/1.1" 200 22
120.253.135.82 - - [17/Mar/2020:09:38:42 +0800] "GET /xingrg/check_reg.html?_=1584409244197 HTTP/1.1" 200 22
120.253.135.82 - - [17/Mar/2020:09:38:42 +0800] "GET /xingrg/all/function/internal_message.html?_=1584409244389&CODE_STATE=getMsg HTTP/1.1" 200 27
180.156.150.85 - - [17/Mar/2020:09:38:42 +0800] "GET /xingrg/all/function/internal_message.html?_=1584409121226&CODE_STATE=getMsg HTTP/1.1" 200 27
114.93.75.19 - - [17/Mar/2020:09:38:43 +0800] "GET /xingrg/all/function/internal_message.html?_=1584409119263&CODE_STATE=getMsg HTTP/1.1" 200 27
117.185.32.26 - - [17/Mar/2020:09:38:44 +0800] "GET /xingrg/all/function/internal_message.html?_=1584409122820&CODE_STATE=getMsg HTTP/1.1" 200 27
58.40.7.146 - - [17/Mar/2020:09:38:44 +0800] "GET /xingrg/all/function/internal_message.html?_=1584409122951&CODE_STATE=getMsg HTTP/1.1" 200 27
58.40.7.146 - - [17/Mar/2020:09:38:44 +0800] "GET /xingrg/check_reg.html?_=1584409122952 HTTP/1.1" 200 22
114.88.170.9 - - [17/Mar/2020:09:38:46 +0800] "GET /xingrg/all/function/internal_message.html?_=1584409416069&CODE_STATE=getMsg HTTP/1.1" 200 27
114.93.75.19 - - [17/Mar/2020:09:38:48 +0800] "GET /xingrg/all/function/internal_message.html?_=1584409126804&CODE_STATE=getMsg HTTP/1.1" 200 27
117.184.7.30 - - [17/Mar/2020:09:38:53 +0800] "GET /xingrg/all/function/internal_message.html?_=1584409128241&CODE_STATE=getMsg HTTP/1.1" 200 27
114.88.159.93 - - [17/Mar/2020:09:38:59 +0800] "GET /xingrg/all/function/internal_message.html?_=1584408865239&CODE_STATE=getMsg HTTP/1.1" 200 27
222.69.139.157 - - [17/Mar/2020:09:39:01 +0800] "GET /xingrg/all/function/internal_message.html?_=1584409138315&CODE_STATE=getMsg HTTP/1.1" 200 27
222.69.139.157 - - [17/Mar/2020:09:39:02 +0800] "GET /xingrg/check_reg.html?_=1584409138965 HTTP/1.1" 200 22
101.81.124.227 - - [17/Mar/2020:09:39:06 +0800] "GET /xingrg/all/function/internal_message.html?_=1584409144763&CODE_STATE=getMsg HTTP/1.1" 200 27
172.17.0.4 - - [17/Mar/2020:09:39:15 +0800] "GET /xingrg/all/function/internal_message.html?_=1584409159761&CODE_STATE=getMsg HTTP/1.1" 200 27
114.93.75.19 - - [17/Mar/2020:09:39:25 +0800] "GET /xingrg/all/function/internal_message.html?_=1584409485093&CODE_STATE=getMsg HTTP/1.1" 200 27
124.77.241.94 - - [17/Mar/2020:09:39:37 +0800] "GET /xingrg/all/function/internal_message.html?_=1584409181120&CODE_STATE=getMsg HTTP/1.1" 200 27
114.93.75.19 - - [17/Mar/2020:09:39:39 +0800] "GET /xingrg/all/function/internal_message.html?_=1584409178260&CODE_STATE=getMsg HTTP/1.1" 200 27
120.253.135.82 - - [17/Mar/2020:09:39:42 +0800] "GET /xingrg/all/function/internal_message.html?_=1584409304402&CODE_STATE=getMsg HTTP/1.1" 200 27
180.156.150.85 - - [17/Mar/2020:09:39:42 +0800] "GET /xingrg/all/function/internal_message.html?_=1584409181205&CODE_STATE=getMsg HTTP/1.1" 200 27
114.93.75.19 - - [17/Mar/2020:09:39:43 +0800] "GET /xingrg/all/function/internal_message.html?_=1584409179261&CODE_STATE=getMsg HTTP/1.1" 200 27
114.93.75.19 - - [17/Mar/2020:09:39:43 +0800] "GET /xingrg/check_reg.html?_=1584409179261 HTTP/1.1" 200 22
117.185.32.26 - - [17/Mar/2020:09:39:44 +0800] "GET /xingrg/all/function/internal_message.html?_=1584409182820&CODE_STATE=getMsg HTTP/1.1" 200 27
58.40.7.146 - - [17/Mar/2020:09:39:44 +0800] "GET /xingrg/all/function/internal_message.html?_=1584409182955&CODE_STATE=getMsg HTTP/1.1" 200 27
114.88.170.9 - - [17/Mar/2020:09:39:46 +0800] "GET /xingrg/all/function/internal_message.html?_=1584409476072&CODE_STATE=getMsg HTTP/1.1" 200 27
114.93.75.19 - - [17/Mar/2020:09:39:48 +0800] "GET /xingrg/all/function/internal_message.html?_=1584409186807&CODE_STATE=getMsg HTTP/1.1" 200 27
114.93.75.19 - - [17/Mar/2020:09:39:48 +0800] "GET /xingrg/check_reg.html?_=1584409186809 HTTP/1.1" 200 22
117.184.7.30 - - [17/Mar/2020:09:39:53 +0800] "GET /xingrg/check_reg.html?_=1584409188235 HTTP/1.1" 200 22
117.184.7.26 - - [17/Mar/2020:09:39:53 +0800] "GET /xingrg/all/function/internal_message.html?_=1584409188239&CODE_STATE=getMsg HTTP/1.1" 200 27
114.88.159.93 - - [17/Mar/2020:09:39:59 +0800] "GET /xingrg/check_reg.html?_=1584408925225 HTTP/1.1" 200 22
114.88.159.93 - - [17/Mar/2020:09:39:59 +0800] "GET /xingrg/all/function/internal_message.html?_=1584408925227&CODE_STATE=getMsg HTTP/1.1" 200 27
222.69.139.157 - - [17/Mar/2020:09:40:01 +0800] "GET /xingrg/all/function/internal_message.html?_=1584409198300&CODE_STATE=getMsg HTTP/1.1" 200 27
101.81.124.227 - - [17/Mar/2020:09:40:06 +0800] "GET /xingrg/all/function/internal_message.html?_=1584409204772&CODE_STATE=getMsg HTTP/1.1" 200 27
172.17.0.4 - - [17/Mar/2020:09:40:15 +0800] "GET /xingrg/all/function/internal_message.html?_=1584409219762&CODE_STATE=getMsg HTTP/1.1" 200 27
116.238.181.252 - - [17/Mar/2020:09:40:24 +0800] "GET /xingrg/kc/base/yddb_order_add.html HTTP/1.1" 302 -
116.238.181.252 - - [17/Mar/2020:09:40:24 +0800] "GET /xingrg/login.html HTTP/1.1" 200 7639
116.238.181.252 - - [17/Mar/2020:09:40:24 +0800] "GET /xingrg/login.html HTTP/1.1" 200 7639
116.238.181.252 - - [17/Mar/2020:09:40:24 +0800] "GET /favicon.ico HTTP/1.1" 404 -
114.93.75.19 - - [17/Mar/2020:09:40:25 +0800] "GET /xingrg/all/function/internal_message.html?_=1584409545092&CODE_STATE=getMsg HTTP/1.1" 200 27
114.93.75.19 - - [17/Mar/2020:09:40:25 +0800] "GET /xingrg/check_reg.html?_=1584409545094 HTTP/1.1" 200 22
116.238.181.252 - - [17/Mar/2020:09:40:25 +0800] "POST /xingrg/login.do HTTP/1.1" 302 -
116.238.181.252 - - [17/Mar/2020:09:40:25 +0800] "GET /xingrg/index.html?sysBaseUrl=http%3A%2F%2F117.131.15.22%3A18081%2Fxingrg%2F&costTime=33×tamp=1584409225847 HTTP/1.1" 200 17155
116.238.181.252 - - [17/Mar/2020:09:40:26 +0800] "GET /favicon.ico HTTP/1.1" 404 -
116.238.181.252 - - [17/Mar/2020:09:40:26 +0800] "POST /xingrg/all/common/load_tree.html?tree=area_rest_tree_json&manage=1 HTTP/1.1" 200 476
116.238.181.252 - - [17/Mar/2020:09:40:26 +0800] "GET /xingrg/all/function/internal_message.html?_=1584409227825&CODE_STATE=count HTTP/1.1" 200 11
116.238.181.252 - - [17/Mar/2020:09:40:26 +0800] "GET /xingrg/check_reg.html?_=1584409227828 HTTP/1.1" 200 22
116.238.181.252 - - [17/Mar/2020:09:40:26 +0800] "POST /xingrg/load_menu.html HTTP/1.1" 200 5124
116.238.181.252 - - [17/Mar/2020:09:40:30 +0800] "GET /xingrg/kc/buy/cgsh_order_list.html HTTP/1.1" 200 42038
116.238.181.252 - - [17/Mar/2020:09:40:31 +0800] "POST /xingrg/kc/buy/cgsh_list_operate.html HTTP/1.1" 200 876
116.238.181.252 - - [17/Mar/2020:09:40:36 +0800] "GET /xingrg/kc/buy/cgsh_order_add.html HTTP/1.1" 200 57366
116.238.181.252 - - [17/Mar/2020:09:40:36 +0800] "GET /xingrg/words/20200316124442_words.js HTTP/1.1" 304 -
116.238.181.252 - - [17/Mar/2020:09:40:37 +0800] "POST /xingrg/kc/buy/cgsh_order_operate.html HTTP/1.1" 200 8245
116.238.181.252 - - [17/Mar/2020:09:40:37 +0800] "GET /xingrg/all/common/auto_word.html?type=employee&rest_code=00151 HTTP/1.1" 200 243
116.238.181.252 - - [17/Mar/2020:09:40:37 +0800] "GET /xingrg/javascript/easyui/themes/default/validatebox.css HTTP/1.1" 404 1104
116.238.181.252 - - [17/Mar/2020:09:40:37 +0800] "GET /xingrg/all/common/auto_word.html?type=employee&rest_code=00151 HTTP/1.1" 200 243
124.77.241.94 - - [17/Mar/2020:09:40:37 +0800] "GET /xingrg/all/function/internal_message.html?_=1584409241134&CODE_STATE=getMsg HTTP/1.1" 200 27
114.93.75.19 - - [17/Mar/2020:09:40:39 +0800] "GET /xingrg/all/function/internal_message.html?_=1584409238263&CODE_STATE=getMsg HTTP/1.1" 200 27
120.253.135.82 - - [17/Mar/2020:09:40:42 +0800] "GET /xingrg/all/function/internal_message.html?_=1584409364415&CODE_STATE=getMsg HTTP/1.1" 200 27
180.156.150.85 - - [17/Mar/2020:09:40:42 +0800] "GET /xingrg/all/function/internal_message.html?_=1584409241183&CODE_STATE=getMsg HTTP/1.1" 200 27
114.93.75.19 - - [17/Mar/2020:09:40:43 +0800] "GET /xingrg/all/function/internal_message.html?_=1584409239259&CODE_STATE=getMsg HTTP/1.1" 200 27
58.40.7.146 - - [17/Mar/2020:09:40:44 +0800] "GET /xingrg/all/function/internal_message.html?_=1584409242957&CODE_STATE=getMsg HTTP/1.1" 200 27
180.156.150.85 - - [17/Mar/2020:09:40:45 +0800] "GET /xingrg/check_reg.html?_=1584409244039 HTTP/1.1" 200 22
114.88.170.9 - - [17/Mar/2020:09:40:46 +0800] "GET /xingrg/check_reg.html?_=1584409536071 HTTP/1.1" 200 22
114.88.170.9 - - [17/Mar/2020:09:40:46 +0800] "GET /xingrg/all/function/internal_message.html?_=1584409536074&CODE_STATE=getMsg HTTP/1.1" 200 27
114.93.75.19 - - [17/Mar/2020:09:40:48 +0800] "GET /xingrg/all/function/internal_message.html?_=1584409246795&CODE_STATE=getMsg HTTP/1.1" 200 27
117.184.7.26 - - [17/Mar/2020:09:40:53 +0800] "GET /xingrg/all/function/internal_message.html?_=1584409248228&CODE_STATE=getMsg HTTP/1.1" 200 27
114.88.170.9 - - [17/Mar/2020:09:40:58 +0800] "GET /xingrg/check_reg.html?_=1584409256257 HTTP/1.1" 200 22
114.88.159.93 - - [17/Mar/2020:09:40:59 +0800] "GET /xingrg/all/function/internal_message.html?_=1584408985225&CODE_STATE=getMsg HTTP/1.1" 200 27
222.69.139.157 - - [17/Mar/2020:09:41:01 +0800] "GET /xingrg/all/function/internal_message.html?_=1584409258279&CODE_STATE=getMsg HTTP/1.1" 200 27
101.81.124.227 - - [17/Mar/2020:09:41:06 +0800] "GET /xingrg/all/function/internal_message.html?_=1584409264762&CODE_STATE=getMsg HTTP/1.1" 200 27
172.17.0.4 - - [17/Mar/2020:09:41:15 +0800] "GET /xingrg/check_reg.html?_=1584409279762 HTTP/1.1" 200 22
172.17.0.4 - - [17/Mar/2020:09:41:15 +0800] "GET /xingrg/all/function/internal_message.html?_=1584409279763&CODE_STATE=getMsg HTTP/1.1" 200 27
114.93.75.19 - - [17/Mar/2020:09:41:25 +0800] "GET /xingrg/all/function/internal_message.html?_=1584409605092&CODE_STATE=getMsg HTTP/1.1" 200 27
116.238.181.252 - - [17/Mar/2020:09:41:26 +0800] "GET /xingrg/all/function/internal_message.html?_=1584409287840&CODE_STATE=getMsg HTTP/1.1" 200 27
124.77.241.94 - - [17/Mar/2020:09:41:37 +0800] "GET /xingrg/all/function/internal_message.html?_=1584409301462&CODE_STATE=getMsg HTTP/1.1" 200 27
114.93.75.19 - - [17/Mar/2020:09:41:39 +0800] "GET /xingrg/all/function/internal_message.html?_=1584409298264&CODE_STATE=getMsg HTTP/1.1" 200 27
180.156.150.85 - - [17/Mar/2020:09:41:42 +0800] "GET /xingrg/all/function/internal_message.html?_=1584409301155&CODE_STATE=getMsg HTTP/1.1" 200 27
120.253.135.82 - - [17/Mar/2020:09:41:42 +0800] "GET /xingrg/all/function/internal_message.html?_=1584409424434&CODE_STATE=getMsg HTTP/1.1" 200 27
114.93.75.19 - - [17/Mar/2020:09:41:43 +0800] "GET /xingrg/all/function/internal_message.html?_=1584409299258&CODE_STATE=getMsg HTTP/1.1" 200 27
58.40.7.146 - - [17/Mar/2020:09:41:44 +0800] "GET /xingrg/all/function/internal_message.html?_=1584409302961&CODE_STATE=getMsg HTTP/1.1" 200 27
114.88.170.9 - - [17/Mar/2020:09:41:46 +0800] "GET /xingrg/all/function/internal_message.html?_=1584409596103&CODE_STATE=getMsg HTTP/1.1" 200 27
114.93.75.19 - - [17/Mar/2020:09:41:48 +0800] "GET /xingrg/all/function/internal_message.html?_=1584409306802&CODE_STATE=getMsg HTTP/1.1" 200 27
117.184.7.26 - - [17/Mar/2020:09:41:53 +0800] "GET /xingrg/all/function/internal_message.html?_=1584409308242&CODE_STATE=getMsg HTTP/1.1" 200 27
114.88.159.93 - - [17/Mar/2020:09:41:59 +0800] "GET /xingrg/all/function/internal_message.html?_=1584409045240&CODE_STATE=getMsg HTTP/1.1" 200 27
222.69.139.157 - - [17/Mar/2020:09:42:01 +0800] "GET /xingrg/all/function/internal_message.html?_=1584409318259&CODE_STATE=getMsg HTTP/1.1" 200 27
101.81.124.227 - - [17/Mar/2020:09:42:06 +0800] "GET /xingrg/all/function/internal_message.html?_=1584409324762&CODE_STATE=getMsg HTTP/1.1" 200 27
172.17.0.4 - - [17/Mar/2020:09:42:16 +0800] "GET /xingrg/all/function/internal_message.html?_=1584409339760&CODE_STATE=getMsg HTTP/1.1" 200 27
114.93.75.19 - - [17/Mar/2020:09:42:25 +0800] "GET /xingrg/all/function/internal_message.html?_=1584409665091&CODE_STATE=getMsg HTTP/1.1" 200 27
116.238.181.252 - - [17/Mar/2020:09:42:26 +0800] "GET /xingrg/all/function/internal_message.html?_=1584409347842&CODE_STATE=getMsg HTTP/1.1" 200 27
124.77.241.94 - - [17/Mar/2020:09:42:37 +0800] "GET /xingrg/all/function/internal_message.html?_=1584409361473&CODE_STATE=getMsg HTTP/1.1" 200 27
180.157.252.250 - - [17/Mar/2020:09:42:38 +0800] "GET /xingrg/check_reg.html?_=1584409350681 HTTP/1.1" 302 -
114.93.75.19 - - [17/Mar/2020:09:42:39 +0800] "GET /xingrg/all/function/internal_message.html?_=1584409358267&CODE_STATE=getMsg HTTP/1.1" 200 27
180.156.150.85 - - [17/Mar/2020:09:42:42 +0800] "GET /xingrg/all/function/internal_message.html?_=1584409361134&CODE_STATE=getMsg HTTP/1.1" 200 27
120.253.135.82 - - [17/Mar/2020:09:42:42 +0800] "GET /xingrg/all/function/internal_message.html?_=1584409484442&CODE_STATE=getMsg HTTP/1.1" 200 27
114.93.75.19 - - [17/Mar/2020:09:42:43 +0800] "GET /xingrg/all/function/internal_message.html?_=1584409359272&CODE_STATE=getMsg HTTP/1.1" 200 27
58.40.7.146 - - [17/Mar/2020:09:42:44 +0800] "GET /xingrg/all/function/internal_message.html?_=1584409362946&CODE_STATE=getMsg HTTP/1.1" 200 27
116.238.181.252 - - [17/Mar/2020:09:42:45 +0800] "GET /xingrg/javascript/jquery_tools/images/prev.gif HTTP/1.1" 404 1086
116.238.181.252 - - [17/Mar/2020:09:42:45 +0800] "GET /xingrg/javascript/jquery_tools/images/next.gif HTTP/1.1" 404 1086
114.88.170.9 - - [17/Mar/2020:09:42:46 +0800] "GET /xingrg/all/function/internal_message.html?_=1584409656103&CODE_STATE=getMsg HTTP/1.1" 200 27
114.93.75.19 - - [17/Mar/2020:09:42:48 +0800] "GET /xingrg/all/function/internal_message.html?_=1584409366809&CODE_STATE=getMsg HTTP/1.1" 200 27
117.184.7.26 - - [17/Mar/2020:09:42:53 +0800] "GET /xingrg/all/function/internal_message.html?_=1584409368245&CODE_STATE=getMsg HTTP/1.1" 200 27
114.88.159.93 - - [17/Mar/2020:09:42:59 +0800] "GET /xingrg/all/function/internal_message.html?_=1584409105224&CODE_STATE=getMsg HTTP/1.1" 200 27
222.69.139.157 - - [17/Mar/2020:09:43:01 +0800] "GET /xingrg/all/function/internal_message.html?_=1584409378243&CODE_STATE=getMsg HTTP/1.1" 200 27
101.81.124.227 - - [17/Mar/2020:09:43:06 +0800] "GET /xingrg/all/function/internal_message.html?_=1584409384776&CODE_STATE=getMsg HTTP/1.1" 200 27
101.81.124.227 - - [17/Mar/2020:09:43:06 +0800] "GET /xingrg/check_reg.html?_=1584409384783 HTTP/1.1" 200 22
172.17.0.4 - - [17/Mar/2020:09:43:15 +0800] "GET /xingrg/all/function/internal_message.html?_=1584409399760&CODE_STATE=getMsg HTTP/1.1" 200 27
116.238.181.252 - - [17/Mar/2020:09:43:19 +0800] "GET /xingrg/javascript/auto/indicator.gif HTTP/1.1" 404 1066
114.93.75.19 - - [17/Mar/2020:09:43:25 +0800] "GET /xingrg/all/function/internal_message.html?_=1584409725089&CODE_STATE=getMsg HTTP/1.1" 200 27
116.238.181.252 - - [17/Mar/2020:09:43:26 +0800] "GET /xingrg/all/function/internal_message.html?_=1584409407837&CODE_STATE=getMsg HTTP/1.1" 200 27
116.238.181.252 - - [17/Mar/2020:09:43:26 +0800] "GET /xingrg/kc/buy/cgsh_order_operate.html?command=get_materiel&rest_code=00151&code=00101011005&supplier_code=00100047&order_time=2020-03-17 HTTP/1.1" 200 429
114.93.75.19 - - [17/Mar/2020:09:43:30 +0800] "GET /xingrg/index.html?timestamp=1551676399445&sysBaseUrl=http%3A%2F%2F117.131.15.22%3A18081%2Fxingrg%2F&costTime=9 HTTP/1.1" 302 -
114.93.75.19 - - [17/Mar/2020:09:43:30 +0800] "GET /xingrg/login.html HTTP/1.1" 200 7639
114.93.75.19 - - [17/Mar/2020:09:43:30 +0800] "GET /favicon.ico HTTP/1.1" 404 -
114.93.75.19 - - [17/Mar/2020:09:43:34 +0800] "POST /xingrg/login.do HTTP/1.1" 302 -
114.93.75.19 - - [17/Mar/2020:09:43:34 +0800] "GET /xingrg/index.html?sysBaseUrl=http%3A%2F%2F117.131.15.22%3A18081%2Fxingrg%2F&costTime=112×tamp=1584409414717 HTTP/1.1" 200 17481
114.93.75.19 - - [17/Mar/2020:09:43:34 +0800] "GET /favicon.ico HTTP/1.1" 404 -
114.93.75.19 - - [17/Mar/2020:09:43:35 +0800] "POST /xingrg/all/common/load_tree.html?tree=area_rest_tree_json&manage=1 HTTP/1.1" 200 3079
114.93.75.19 - - [17/Mar/2020:09:43:35 +0800] "GET /xingrg/all/function/internal_message.html?_=1584409412984&CODE_STATE=count HTTP/1.1" 200 11
114.93.75.19 - - [17/Mar/2020:09:43:35 +0800] "GET /xingrg/check_reg.html?_=1584409412985 HTTP/1.1" 200 22
114.93.75.19 - - [17/Mar/2020:09:43:35 +0800] "POST /xingrg/load_menu.html HTTP/1.1" 200 11550
124.77.241.94 - - [17/Mar/2020:09:43:35 +0800] "GET /xingrg/check_reg.html?_=1584409419596 HTTP/1.1" 200 22
124.77.241.94 - - [17/Mar/2020:09:43:37 +0800] "GET /xingrg/all/function/internal_message.html?_=1584409421489&CODE_STATE=getMsg HTTP/1.1" 200 27
114.93.75.19 - - [17/Mar/2020:09:43:38 +0800] "POST /xingrg/load_menu.html HTTP/1.1" 200 10683
114.93.75.19 - - [17/Mar/2020:09:43:39 +0800] "GET /xingrg/all/function/internal_message.html?_=1584409418270&CODE_STATE=getMsg HTTP/1.1" 200 27
114.93.75.19 - - [17/Mar/2020:09:43:39 +0800] "GET /xingrg/check_reg.html?_=1584409418272 HTTP/1.1" 200 22
114.93.75.19 - - [17/Mar/2020:09:43:39 +0800] "GET /xingrg/all/report/report_query.html?fileName=dma/new_5.0/yingye/order_list.xml HTTP/1.1" 200 55251
114.93.75.19 - - [17/Mar/2020:09:43:39 +0800] "GET /xingrg/dwr/interface/AjaxReportQueryService.js HTTP/1.1" 200 13203
114.93.75.19 - - [17/Mar/2020:09:43:39 +0800] "GET /xingrg/dwr/util.js HTTP/1.1" 200 35990
114.93.75.19 - - [17/Mar/2020:09:43:39 +0800] "GET /xingrg/dwr/engine.js HTTP/1.1" 200 43631
114.93.75.19 - - [17/Mar/2020:09:43:40 +0800] "POST /xingrg/dwr/call/plaincall/AjaxReportQueryService.getFixDate.dwr HTTP/1.1" 200 111
114.93.75.19 - - [17/Mar/2020:09:43:40 +0800] "POST /xingrg/all/common/load_tree.html?tree=area_station_tree_json&manage=1 HTTP/1.1" 200 2981
114.93.75.19 - - [17/Mar/2020:09:43:40 +0800] "POST /xingrg/dwr/call/plaincall/AjaxReportQueryService.getInitString.dwr HTTP/1.1" 200 76
114.93.75.19 - - [17/Mar/2020:09:43:42 +0800] "POST /xingrg/dwr/call/plaincall/AjaxReportQueryService.getFixDate.dwr HTTP/1.1" 200 111
120.253.135.82 - - [17/Mar/2020:09:43:42 +0800] "GET /xingrg/check_reg.html?_=1584409544197 HTTP/1.1" 200 22
180.156.150.85 - - [17/Mar/2020:09:43:42 +0800] "GET /xingrg/all/function/internal_message.html?_=1584409421115&CODE_STATE=getMsg HTTP/1.1" 200 27
120.253.135.82 - - [17/Mar/2020:09:43:42 +0800] "GET /xingrg/all/function/internal_message.html?_=1584409544456&CODE_STATE=getMsg HTTP/1.1" 200 27
116.238.181.252 - - [17/Mar/2020:09:43:42 +0800] "POST /xingrg/kc/buy/cgsh_order_operate.html HTTP/1.1" 200 37
114.93.75.19 - - [17/Mar/2020:09:43:43 +0800] "GET /xingrg/all/function/internal_message.html?_=1584409419270&CODE_STATE=getMsg HTTP/1.1" 200 27
114.93.75.19 - - [17/Mar/2020:09:43:43 +0800] "POST /xingrg/dwr/call/plaincall/AjaxReportQueryService.refreshCache.dwr HTTP/1.1" 200 78
114.93.75.19 - - [17/Mar/2020:09:43:44 +0800] "POST /xingrg/all/report/load_report_page.html HTTP/1.1" 200 214749
114.93.75.19 - - [17/Mar/2020:09:43:44 +0800] "GET /xingrg/servlets/image?cache=0.5674480485690503&image=px HTTP/1.1" 200 807
58.40.7.146 - - [17/Mar/2020:09:43:44 +0800] "GET /xingrg/all/function/internal_message.html?_=1584409422950&CODE_STATE=getMsg HTTP/1.1" 200 27
58.40.7.146 - - [17/Mar/2020:09:43:44 +0800] "GET /xingrg/check_reg.html?_=1584409422952 HTTP/1.1" 200 22
116.238.181.252 - - [17/Mar/2020:09:43:44 +0800] "POST /xingrg/kc/buy/cgsh_order_operate.html HTTP/1.1" 200 12
116.238.181.252 - - [17/Mar/2020:09:43:45 +0800] "GET /xingrg/kc/buy/cgsh_order_info.html?code=212020031701322 HTTP/1.1" 200 52277
114.88.170.9 - - [17/Mar/2020:09:43:46 +0800] "GET /xingrg/all/function/internal_message.html?_=1584409716103&CODE_STATE=getMsg HTTP/1.1" 200 27
101.81.124.227 - - [17/Mar/2020:09:43:46 +0800] "GET /xingrg/kc/buy/cgsh_order_operate.html?command=get_materiel&rest_code=00107&code=00101013130&supplier_code=00100006&order_time=2020-03-17 HTTP/1.1" 200 413
116.238.181.252 - - [17/Mar/2020:09:43:46 +0800] "GET /xingrg/javascript/easyui/themes/default/validatebox.css HTTP/1.1" 404 1104
116.238.181.252 - - [17/Mar/2020:09:43:46 +0800] "POST /xingrg/kc/buy/cgsh_order_operate.html HTTP/1.1" 200 606
114.93.75.19 - - [17/Mar/2020:09:43:47 +0800] "GET /xingrg/dma/order_info.html?id=265544&sid=6&sale_day=20200316 HTTP/1.1" 200 16344
114.93.75.19 - - [17/Mar/2020:09:43:47 +0800] "GET /favicon.ico HTTP/1.1" 404 -
116.238.181.252 - - [17/Mar/2020:09:43:47 +0800] "GET /xingrg/kc/print/load_config.html?kc_code=cgsh HTTP/1.1" 200 1841
116.238.181.252 - - [17/Mar/2020:09:43:47 +0800] "GET /xingrg/kc/print/load_data.html?order_code=212020031701322&kc_code=cgsh&condition= HTTP/1.1" 200 753
114.93.75.19 - - [17/Mar/2020:09:43:48 +0800] "GET /xingrg/all/function/internal_message.html?_=1584409426799&CODE_STATE=getMsg HTTP/1.1" 200 27
117.184.7.26 - - [17/Mar/2020:09:43:53 +0800] "GET /xingrg/all/function/internal_message.html?_=1584409428237&CODE_STATE=getMsg HTTP/1.1" 200 27
116.238.181.252 - - [17/Mar/2020:09:43:54 +0800] "GET /xingrg/kc/buy/cgsh_order_add.html HTTP/1.1" 200 57366
116.238.181.252 - - [17/Mar/2020:09:43:54 +0800] "GET /xingrg/javascript/easyui/themes/default/validatebox.css HTTP/1.1" 404 1104
116.238.181.252 - - [17/Mar/2020:09:43:54 +0800] "POST /xingrg/kc/buy/cgsh_order_operate.html HTTP/1.1" 200 8245
114.93.75.19 - - [17/Mar/2020:09:43:55 +0800] "POST /xingrg/all/report/load_report_page.html HTTP/1.1" 200 214237
114.93.75.19 - - [17/Mar/2020:09:43:56 +0800] "GET /xingrg/servlets/image?cache=0.7546819718897725&image=px HTTP/1.1" 200 807
101.81.124.227 - - [17/Mar/2020:09:43:58 +0800] "GET /xingrg/kc/buy/cgsh_order_operate.html?command=get_materiel&rest_code=00107&code=00101013196&supplier_code=00100006&order_time=2020-03-17 HTTP/1.1" 200 410
114.93.75.19 - - [17/Mar/2020:09:43:58 +0800] "POST /xingrg/all/report/load_report_page.html HTTP/1.1" 200 213966
114.93.75.19 - - [17/Mar/2020:09:43:58 +0800] "GET /xingrg/servlets/image?cache=0.672619895615665&image=px HTTP/1.1" 200 807
114.88.159.93 - - [17/Mar/2020:09:43:59 +0800] "GET /xingrg/all/function/internal_message.html?_=1584409165239&CODE_STATE=getMsg HTTP/1.1" 200 27
222.69.139.157 - - [17/Mar/2020:09:44:01 +0800] "GET /xingrg/all/function/internal_message.html?_=1584409438226&CODE_STATE=getMsg HTTP/1.1" 200 27
222.69.139.157 - - [17/Mar/2020:09:44:02 +0800] "GET /xingrg/check_reg.html?_=1584409438940 HTTP/1.1" 200 22
116.238.181.252 - - [17/Mar/2020:09:44:05 +0800] "GET /xingrg/kc/buy/cgsh_order_operate.html?command=get_materiel&rest_code=00151&code=00101008355&supplier_code=00100007&order_time=2020-03-17 HTTP/1.1" 200 408
101.81.124.227 - - [17/Mar/2020:09:44:06 +0800] "GET /xingrg/all/function/internal_message.html?_=1584409444772&CODE_STATE=getMsg HTTP/1.1" 200 27
116.238.181.252 - - [17/Mar/2020:09:44:15 +0800] "GET /xingrg/kc/buy/cgsh_order_operate.html?command=get_materiel&rest_code=00151&code=00101008321&supplier_code=00100007&order_time=2020-03-17 HTTP/1.1" 200 412
172.17.0.4 - - [17/Mar/2020:09:44:15 +0800] "GET /xingrg/all/function/internal_message.html?_=1584409459759&CODE_STATE=getMsg HTTP/1.1" 200 27
116.238.181.252 - - [17/Mar/2020:09:44:21 +0800] "GET /xingrg/kc/buy/cgsh_order_operate.html?command=get_materiel&rest_code=00151&code=00101008270&supplier_code=00100007&order_time=2020-03-17 HTTP/1.1" 200 412
114.93.75.19 - - [17/Mar/2020:09:44:25 +0800] "GET /xingrg/all/function/internal_message.html?_=1584409785090&CODE_STATE=getMsg HTTP/1.1" 200 27
116.238.181.252 - - [17/Mar/2020:09:44:26 +0800] "GET /xingrg/all/function/internal_message.html?_=1584409467845&CODE_STATE=getMsg HTTP/1.1" 200 27
116.238.181.252 - - [17/Mar/2020:09:44:28 +0800] "GET /xingrg/kc/buy/cgsh_order_operate.html?command=get_materiel&rest_code=00151&code=00101008286&supplier_code=00100007&order_time=2020-03-17 HTTP/1.1" 200 408
116.238.181.252 - - [17/Mar/2020:09:44:36 +0800] "GET /xingrg/kc/buy/cgsh_order_operate.html?command=get_materiel&rest_code=00151&code=00101008131&supplier_code=00100007&order_time=2020-03-17 HTTP/1.1" 200 408
124.77.241.94 - - [17/Mar/2020:09:44:37 +0800] "GET /xingrg/all/function/internal_message.html?_=1584409481506&CODE_STATE=getMsg HTTP/1.1" 200 27
114.93.75.19 - - [17/Mar/2020:09:44:39 +0800] "GET /xingrg/all/function/internal_message.html?_=1584409478275&CODE_STATE=getMsg HTTP/1.1" 200 27
180.156.150.85 - - [17/Mar/2020:09:44:42 +0800] "GET /xingrg/all/function/internal_message.html?_=1584409481086&CODE_STATE=getMsg HTTP/1.1" 200 27
120.253.135.82 - - [17/Mar/2020:09:44:42 +0800] "GET /xingrg/all/function/internal_message.html?_=1584409604470&CODE_STATE=getMsg HTTP/1.1" 200 27
116.238.181.252 - - [17/Mar/2020:09:44:43 +0800] "GET /xingrg/kc/buy/cgsh_order_operate.html?command=get_materiel&rest_code=00151&code=00101008359&supplier_code=00100007&order_time=2020-03-17 HTTP/1.1" 200 408
114.93.75.19 - - [17/Mar/2020:09:44:43 +0800] "GET /xingrg/check_reg.html?_=1584409479269 HTTP/1.1" 200 22
114.93.75.19 - - [17/Mar/2020:09:44:43 +0800] "GET /xingrg/all/function/internal_message.html?_=1584409479270&CODE_STATE=getMsg HTTP/1.1" 200 27
58.40.7.146 - - [17/Mar/2020:09:44:44 +0800] "GET /xingrg/all/function/internal_message.html?_=1584409482954&CODE_STATE=getMsg HTTP/1.1" 200 27
114.88.170.9 - - [17/Mar/2020:09:44:46 +0800] "GET /xingrg/all/function/internal_message.html?_=1584409776102&CODE_STATE=getMsg HTTP/1.1" 200 27
114.93.75.19 - - [17/Mar/2020:09:44:48 +0800] "GET /xingrg/all/function/internal_message.html?_=1584409486805&CODE_STATE=getMsg HTTP/1.1" 200 27
114.93.75.19 - - [17/Mar/2020:09:44:48 +0800] "GET /xingrg/check_reg.html?_=1584409486807 HTTP/1.1" 200 22
117.184.7.26 - - [17/Mar/2020:09:44:53 +0800] "GET /xingrg/all/function/internal_message.html?_=1584409488239&CODE_STATE=getMsg HTTP/1.1" 200 27
117.184.7.30 - - [17/Mar/2020:09:44:53 +0800] "GET /xingrg/check_reg.html?_=1584409488241 HTTP/1.1" 200 22
114.88.159.93 - - [17/Mar/2020:09:44:59 +0800] "GET /xingrg/all/function/internal_message.html?_=1584409225241&CODE_STATE=getMsg HTTP/1.1" 200 27
114.88.159.93 - - [17/Mar/2020:09:44:59 +0800] "GET /xingrg/check_reg.html?_=1584409225239 HTTP/1.1" 200 22
222.69.139.157 - - [17/Mar/2020:09:45:01 +0800] "GET /xingrg/all/function/internal_message.html?_=1584409498215&CODE_STATE=getMsg HTTP/1.1" 200 27
116.238.181.252 - - [17/Mar/2020:09:45:04 +0800] "POST /xingrg/kc/buy/cgsh_order_operate.html HTTP/1.1" 200 37
116.238.181.252 - - [17/Mar/2020:09:45:05 +0800] "POST /xingrg/kc/buy/cgsh_order_operate.html HTTP/1.1" 200 12
101.81.124.227 - - [17/Mar/2020:09:45:06 +0800] "GET /xingrg/all/function/internal_message.html?_=1584409504764&CODE_STATE=getMsg HTTP/1.1" 200 27
116.238.181.252 - - [17/Mar/2020:09:45:06 +0800] "GET /xingrg/kc/buy/cgsh_order_info.html?code=212020031701323 HTTP/1.1" 200 52277
116.238.181.252 - - [17/Mar/2020:09:45:07 +0800] "GET /xingrg/javascript/easyui/themes/default/validatebox.css HTTP/1.1" 404 1104
116.238.181.252 - - [17/Mar/2020:09:45:07 +0800] "POST /xingrg/kc/buy/cgsh_order_operate.html HTTP/1.1" 200 3558
116.238.181.252 - - [17/Mar/2020:09:45:08 +0800] "GET /xingrg/kc/print/load_data.html?order_code=212020031701323&kc_code=cgsh&condition= HTTP/1.1" 200 1888
172.17.0.4 - - [17/Mar/2020:09:45:15 +0800] "GET /xingrg/all/function/internal_message.html?_=1584409519764&CODE_STATE=getMsg HTTP/1.1" 200 27
116.238.181.252 - - [17/Mar/2020:09:45:15 +0800] "POST /xingrg/all/user/operate.html HTTP/1.1" 200 36
116.238.181.252 - - [17/Mar/2020:09:45:15 +0800] "GET /xingrg/index.html?sysBaseUrl=http%3A%2F%2F117.131.15.22%3A18081%2Fxingrg%2F&costTime=33×tamp=1584409225847 HTTP/1.1" 200 17157
116.238.181.252 - - [17/Mar/2020:09:45:15 +0800] "GET /xingrg/javascript/jquery_easy_ui/themes/default/easyui.css HTTP/1.1" 304 -
116.238.181.252 - - [17/Mar/2020:09:45:15 +0800] "GET /xingrg/javascript/jquery_easy_ui/themes/icon.css HTTP/1.1" 304 -
116.238.181.252 - - [17/Mar/2020:09:45:15 +0800] "GET /xingrg/css/form.css HTTP/1.1" 304 -
116.238.181.252 - - [17/Mar/2020:09:45:15 +0800] "GET /xingrg/javascript/jquery-1.4.2.min.js HTTP/1.1" 304 -
116.238.181.252 - - [17/Mar/2020:09:45:15 +0800] "GET /xingrg/javascript/jquery_easy_ui/jquery.easyui.min.js HTTP/1.1" 304 -
116.238.181.252 - - [17/Mar/2020:09:45:15 +0800] "GET /xingrg/javascript/jquery_easy_ui/easyui-lang-zh_CN.js HTTP/1.1" 304 -
116.238.181.252 - - [17/Mar/2020:09:45:15 +0800] "GET /xingrg/javascript/jquery.form.js HTTP/1.1" 304 -
116.238.181.252 - - [17/Mar/2020:09:45:15 +0800] "GET /xingrg/javascript/jquery.utils.js HTTP/1.1" 304 -
116.238.181.252 - - [17/Mar/2020:09:45:16 +0800] "GET /xingrg/javascript/jquery.timers.js HTTP/1.1" 304 -
116.238.181.252 - - [17/Mar/2020:09:45:16 +0800] "GET /xingrg/images/blue/jxLogo.png HTTP/1.1" 304 -
116.238.181.252 - - [17/Mar/2020:09:45:16 +0800] "GET /xingrg/javascript/jquery_easy_ui/themes/icons/settle_new.png HTTP/1.1" 304 -
116.238.181.252 - - [17/Mar/2020:09:45:16 +0800] "GET /xingrg/images/blue/navBackgound.jpg HTTP/1.1" 304 -
116.238.181.252 - - [17/Mar/2020:09:45:16 +0800] "POST /xingrg/all/common/load_tree.html?tree=area_rest_tree_json&manage=1 HTTP/1.1" 200 476
116.238.181.252 - - [17/Mar/2020:09:45:16 +0800] "GET /xingrg/all/function/internal_message.html?_=1584409517763&CODE_STATE=count HTTP/1.1" 200 11
116.238.181.252 - - [17/Mar/2020:09:45:16 +0800] "GET /xingrg/check_reg.html?_=1584409517763 HTTP/1.1" 200 22
116.238.181.252 - - [17/Mar/2020:09:45:16 +0800] "GET /xingrg/javascript/jquery_easy_ui/themes/default/images/tabs_leftarrow.png HTTP/1.1" 304 -
116.238.181.252 - - [17/Mar/2020:09:45:16 +0800] "GET /xingrg/javascript/jquery_easy_ui/themes/default/images/panel_tool_collapse.gif HTTP/1.1" 304 -
116.238.181.252 - - [17/Mar/2020:09:45:16 +0800] "GET /xingrg/images/blue/pingpu.png HTTP/1.1" 304 -
116.238.181.252 - - [17/Mar/2020:09:45:16 +0800] "GET /xingrg/javascript/jquery_easy_ui/themes/default/images/tabs_rightarrow.png HTTP/1.1" 304 -
116.238.181.252 - - [17/Mar/2020:09:45:16 +0800] "POST /xingrg/load_menu.html HTTP/1.1" 200 5124
116.238.181.252 - - [17/Mar/2020:09:45:18 +0800] "GET /xingrg/kc/buy/cgsh_order_list.html HTTP/1.1" 200 42040
116.238.181.252 - - [17/Mar/2020:09:45:18 +0800] "POST /xingrg/kc/buy/cgsh_list_operate.html HTTP/1.1" 200 876
116.238.181.252 - - [17/Mar/2020:09:45:19 +0800] "GET /xingrg/kc/buy/cgsh_order_add.html HTTP/1.1" 200 58229
116.238.181.252 - - [17/Mar/2020:09:45:20 +0800] "POST /xingrg/kc/buy/cgsh_order_operate.html HTTP/1.1" 200 8245
116.238.181.252 - - [17/Mar/2020:09:45:20 +0800] "GET /xingrg/all/common/auto_word.html?type=employee&rest_code=00150 HTTP/1.1" 200 205
116.238.181.252 - - [17/Mar/2020:09:45:20 +0800] "GET /xingrg/javascript/easyui/themes/default/validatebox.css HTTP/1.1" 404 1104
116.238.181.252 - - [17/Mar/2020:09:45:20 +0800] "GET /xingrg/all/common/auto_word.html?type=employee&rest_code=00150 HTTP/1.1" 200 205
116.238.181.252 - - [17/Mar/2020:09:45:23 +0800] "GET /xingrg/javascript/auto/indicator.gif HTTP/1.1" 404 1066
114.93.75.19 - - [17/Mar/2020:09:45:25 +0800] "GET /xingrg/all/function/internal_message.html?_=1584409845089&CODE_STATE=getMsg HTTP/1.1" 200 27
114.93.75.19 - - [17/Mar/2020:09:45:25 +0800] "GET /xingrg/check_reg.html?_=1584409845091 HTTP/1.1" 200 22
101.81.124.227 - - [17/Mar/2020:09:45:29 +0800] "POST /xingrg/kc/buy/cgsh_order_operate.html HTTP/1.1" 200 37
116.238.181.252 - - [17/Mar/2020:09:45:29 +0800] "GET /xingrg/kc/buy/cgsh_order_operate.html?command=get_materiel&rest_code=00150&code=00101008087&supplier_code=00100007&order_time=2020-03-17 HTTP/1.1" 200 412
101.81.124.227 - - [17/Mar/2020:09:45:31 +0800] "POST /xingrg/kc/buy/cgsh_order_operate.html HTTP/1.1" 200 12
101.81.124.227 - - [17/Mar/2020:09:45:33 +0800] "GET /xingrg/kc/buy/cgsh_order_info.html?code=212020031701319 HTTP/1.1" 200 52996
101.81.124.227 - - [17/Mar/2020:09:45:34 +0800] "GET /xingrg/javascript/easyui/themes/default/validatebox.css HTTP/1.1" 404 1104
101.81.124.227 - - [17/Mar/2020:09:45:34 +0800] "POST /xingrg/kc/buy/cgsh_order_operate.html HTTP/1.1" 200 11799
124.77.241.94 - - [17/Mar/2020:09:45:37 +0800] "GET /xingrg/all/function/internal_message.html?_=1584409541514&CODE_STATE=getMsg HTTP/1.1" 200 27
114.93.75.19 - - [17/Mar/2020:09:45:39 +0800] "GET /xingrg/all/function/internal_message.html?_=1584409538261&CODE_STATE=getMsg HTTP/1.1" 200 27
116.238.181.252 - - [17/Mar/2020:09:45:41 +0800] "GET /xingrg/kc/buy/cgsh_order_operate.html?command=get_materiel&rest_code=00150&code=00101008261&supplier_code=00100007&order_time=2020-03-17 HTTP/1.1" 200 408
180.156.150.85 - - [17/Mar/2020:09:45:42 +0800] "GET /xingrg/all/function/internal_message.html?_=1584409541060&CODE_STATE=getMsg HTTP/1.1" 200 27
120.253.135.82 - - [17/Mar/2020:09:45:42 +0800] "GET /xingrg/all/function/internal_message.html?_=1584409664484&CODE_STATE=getMsg HTTP/1.1" 200 27
114.93.75.19 - - [17/Mar/2020:09:45:43 +0800] "GET /xingrg/all/function/internal_message.html?_=1584409539268&CODE_STATE=getMsg HTTP/1.1" 200 27
58.40.7.146 - - [17/Mar/2020:09:45:44 +0800] "GET /xingrg/all/function/internal_message.html?_=1584409542956&CODE_STATE=getMsg HTTP/1.1" 200 27
180.156.150.85 - - [17/Mar/2020:09:45:45 +0800] "GET /xingrg/check_reg.html?_=1584409544041 HTTP/1.1" 200 22
114.88.170.9 - - [17/Mar/2020:09:45:46 +0800] "GET /xingrg/check_reg.html?_=1584409836103 HTTP/1.1" 200 22
114.88.170.9 - - [17/Mar/2020:09:45:46 +0800] "GET /xingrg/all/function/internal_message.html?_=1584409836109&CODE_STATE=getMsg HTTP/1.1" 200 27
116.238.181.252 - - [17/Mar/2020:09:45:46 +0800] "GET /xingrg/kc/buy/cgsh_order_operate.html?command=get_materiel&rest_code=00150&code=00101008199&supplier_code=00100007&order_time=2020-03-17 HTTP/1.1" 200 408
114.93.75.19 - - [17/Mar/2020:09:45:48 +0800] "GET /xingrg/all/function/internal_message.html?_=1584409546795&CODE_STATE=getMsg HTTP/1.1" 200 27
116.238.181.252 - - [17/Mar/2020:09:45:51 +0800] "GET /xingrg/kc/buy/cgsh_order_operate.html?command=get_materiel&rest_code=00150&code=00101008350&supplier_code=00100007&order_time=2020-03-17 HTTP/1.1" 200 408
117.184.7.30 - - [17/Mar/2020:09:45:53 +0800] "GET /xingrg/all/function/internal_message.html?_=1584409548249&CODE_STATE=getMsg HTTP/1.1" 200 27
114.88.170.9 - - [17/Mar/2020:09:45:58 +0800] "GET /xingrg/check_reg.html?_=1584409556258 HTTP/1.1" 200 22
114.88.159.93 - - [17/Mar/2020:09:45:59 +0800] "GET /xingrg/all/function/internal_message.html?_=1584409285239&CODE_STATE=getMsg HTTP/1.1" 200 27
116.238.181.252 - - [17/Mar/2020:09:46:00 +0800] "GET /xingrg/kc/buy/cgsh_order_operate.html?command=get_materiel&rest_code=00150&code=00101008185&supplier_code=00100007&order_time=2020-03-17 HTTP/1.1" 200 408
222.69.139.157 - - [17/Mar/2020:09:46:01 +0800] "GET /xingrg/all/function/internal_message.html?_=1584409558194&CODE_STATE=getMsg HTTP/1.1" 200 27
116.238.181.252 - - [17/Mar/2020:09:46:05 +0800] "GET /xingrg/kc/buy/cgsh_order_operate.html?command=get_materiel&rest_code=00150&code=00101008286&supplier_code=00100007&order_time=2020-03-17 HTTP/1.1" 200 408
101.81.124.227 - - [17/Mar/2020:09:46:06 +0800] "GET /xingrg/all/function/internal_message.html?_=1584409564777&CODE_STATE=getMsg HTTP/1.1" 200 27
116.238.181.252 - - [17/Mar/2020:09:46:13 +0800] "GET /xingrg/kc/buy/cgsh_order_operate.html?command=get_materiel&rest_code=00150&code=00101008032&supplier_code=00100007&order_time=2020-03-17 HTTP/1.1" 200 408
172.17.0.4 - - [17/Mar/2020:09:46:15 +0800] "GET /xingrg/all/function/internal_message.html?_=1584409579765&CODE_STATE=getMsg HTTP/1.1" 200 27
172.17.0.4 - - [17/Mar/2020:09:46:15 +0800] "GET /xingrg/check_reg.html?_=1584409579767 HTTP/1.1" 200 22
116.238.181.252 - - [17/Mar/2020:09:46:16 +0800] "GET /xingrg/all/function/internal_message.html?_=1584409577780&CODE_STATE=getMsg HTTP/1.1" 200 27
116.238.181.252 - - [17/Mar/2020:09:46:20 +0800] "GET /xingrg/kc/buy/cgsh_order_operate.html?command=get_materiel&rest_code=00150&code=00101008318&supplier_code=00100007&order_time=2020-03-17 HTTP/1.1" 200 408
114.93.75.19 - - [17/Mar/2020:09:46:25 +0800] "GET /xingrg/all/function/internal_message.html?_=1584409905088&CODE_STATE=getMsg HTTP/1.1" 200 27
116.238.181.252 - - [17/Mar/2020:09:46:27 +0800] "GET /xingrg/kc/buy/cgsh_order_operate.html?command=get_materiel&rest_code=00150&code=00101008137&supplier_code=00100007&order_time=2020-03-17 HTTP/1.1" 200 408
124.77.241.94 - - [17/Mar/2020:09:46:37 +0800] "GET /xingrg/all/function/internal_message.html?_=1584409601838&CODE_STATE=getMsg HTTP/1.1" 200 27
180.152.227.200 - - [17/Mar/2020:09:46:39 +0800] "GET /favicon.ico HTTP/1.1" 404 -
114.93.75.19 - - [17/Mar/2020:09:46:39 +0800] "GET /xingrg/all/function/internal_message.html?_=1584409598266&CODE_STATE=getMsg HTTP/1.1" 200 27
116.238.181.252 - - [17/Mar/2020:09:46:40 +0800] "GET /xingrg/kc/buy/cgsh_order_operate.html?command=get_materiel&rest_code=00150&code=00101008114&supplier_code=00100007&order_time=2020-03-17 HTTP/1.1" 200 412
180.156.150.85 - - [17/Mar/2020:09:46:42 +0800] "GET /xingrg/all/function/internal_message.html?_=1584409601037&CODE_STATE=getMsg HTTP/1.1" 200 27
120.253.135.82 - - [17/Mar/2020:09:46:42 +0800] "GET /xingrg/all/function/internal_message.html?_=1584409724500&CODE_STATE=getMsg HTTP/1.1" 200 27
114.93.75.19 - - [17/Mar/2020:09:46:43 +0800] "GET /xingrg/all/function/internal_message.html?_=1584409599266&CODE_STATE=getMsg HTTP/1.1" 200 27
58.40.7.146 - - [17/Mar/2020:09:46:44 +0800] "GET /xingrg/all/function/internal_message.html?_=1584409602962&CODE_STATE=getMsg HTTP/1.1" 200 27
114.88.170.9 - - [17/Mar/2020:09:46:46 +0800] "GET /xingrg/all/function/internal_message.html?_=1584409896094&CODE_STATE=getMsg HTTP/1.1" 200 27
114.93.75.19 - - [17/Mar/2020:09:46:48 +0800] "GET /xingrg/all/function/internal_message.html?_=1584409606799&CODE_STATE=getMsg HTTP/1.1" 200 27
117.184.7.30 - - [17/Mar/2020:09:46:53 +0800] "GET /xingrg/all/function/internal_message.html?_=1584409608251&CODE_STATE=getMsg HTTP/1.1" 200 27
180.152.227.200 - - [17/Mar/2020:09:46:57 +0800] "GET /xingrg/index.html?sysBaseUrl=http%3A%2F%2F117.131.15.22%3A18081%2Fxingrg%2F&costTime=36×tamp=1584176348182 HTTP/1.1" 302 -
180.152.227.200 - - [17/Mar/2020:09:46:58 +0800] "GET /xingrg/login.html HTTP/1.1" 200 7639
114.88.159.93 - - [17/Mar/2020:09:46:59 +0800] "GET /xingrg/all/function/internal_message.html?_=1584409345225&CODE_STATE=getMsg HTTP/1.1" 200 27
222.69.139.157 - - [17/Mar/2020:09:47:01 +0800] "GET /xingrg/all/function/internal_message.html?_=1584409618175&CODE_STATE=getMsg HTTP/1.1" 200 27
180.152.227.200 - - [17/Mar/2020:09:47:05 +0800] "GET /xingrg/images/blue/jxLogo.png HTTP/1.1" 304 -
180.152.227.200 - - [17/Mar/2020:09:47:05 +0800] "GET /xingrg/images/blue/login_bg.png HTTP/1.1" 304 -
101.81.124.227 - - [17/Mar/2020:09:47:06 +0800] "GET /xingrg/all/function/internal_message.html?_=1584409624770&CODE_STATE=getMsg HTTP/1.1" 200 27
180.152.227.200 - - [17/Mar/2020:09:47:06 +0800] "GET /xingrg/images/blue/hj.png HTTP/1.1" 304 -
180.152.227.200 - - [17/Mar/2020:09:47:08 +0800] "GET /xingrg/images/blue/srbg.png HTTP/1.1" 304 -
180.152.227.200 - - [17/Mar/2020:09:47:09 +0800] "GET /favicon.ico HTTP/1.1" 404 -
