180.152.227.200 - - [17/Mar/2020:10:45:36 +0800] "GET /xingrg/kc/buy/cgsh_order_operate.html?command=get_materiel&rest_code=00102&code=00101008393&supplier_code=00100007&order_time=2020-03-17 HTTP/1.1" 200 408
180.156.150.85 - - [17/Mar/2020:10:45:41 +0800] "GET /xingrg/all/function/internal_message.html?_=1584413139651&CODE_STATE=getMsg HTTP/1.1" 200 27
117.185.32.26 - - [17/Mar/2020:10:45:41 +0800] "GET /xingrg/all/function/internal_message.html?_=1584413140277&CODE_STATE=getMsg HTTP/1.1" 200 27
124.77.241.94 - - [17/Mar/2020:10:45:42 +0800] "GET /xingrg/all/function/internal_message.html?_=1584413146212&CODE_STATE=getMsg HTTP/1.1" 200 27
101.81.124.227 - - [17/Mar/2020:10:45:42 +0800] "GET /xingrg/all/function/internal_message.html?_=1584413140883&CODE_STATE=getMsg HTTP/1.1" 200 27
120.253.135.82 - - [17/Mar/2020:10:45:43 +0800] "GET /xingrg/all/function/internal_message.html?_=1584413265298&CODE_STATE=getMsg HTTP/1.1" 200 27
114.93.75.19 - - [17/Mar/2020:10:45:43 +0800] "GET /xingrg/all/function/internal_message.html?_=1584413139297&CODE_STATE=getMsg HTTP/1.1" 200 27
180.156.150.85 - - [17/Mar/2020:10:45:43 +0800] "GET /xingrg/kc/buy/cgsh_order_operate.html?command=get_materiel&rest_code=00105&code=00101008211&supplier_code=00100203&order_time=2020-03-17 HTTP/1.1" 200 412
58.40.7.146 - - [17/Mar/2020:10:45:44 +0800] "GET /xingrg/all/function/internal_message.html?_=1584413142971&CODE_STATE=getMsg HTTP/1.1" 200 27
180.156.150.85 - - [17/Mar/2020:10:45:45 +0800] "GET /xingrg/check_reg.html?_=1584413144112 HTTP/1.1" 200 22
114.93.75.19 - - [17/Mar/2020:10:45:48 +0800] "GET /xingrg/all/function/internal_message.html?_=1584413146806&CODE_STATE=getMsg HTTP/1.1" 200 27
114.86.230.159 - - [17/Mar/2020:10:45:49 +0800] "GET /xingrg/all/function/internal_message.html?_=1584413166233&CODE_STATE=getMsg HTTP/1.1" 200 27
180.156.150.85 - - [17/Mar/2020:10:45:50 +0800] "GET /xingrg/kc/buy/cgsh_order_operate.html?command=get_materiel&rest_code=00105&code=00101008264&supplier_code=00100203&order_time=2020-03-17 HTTP/1.1" 200 412
114.93.75.19 - - [17/Mar/2020:10:45:52 +0800] "GET /xingrg/all/function/internal_message.html?_=1584413150832&CODE_STATE=getMsg HTTP/1.1" 200 27
117.184.7.30 - - [17/Mar/2020:10:45:53 +0800] "GET /xingrg/all/function/internal_message.html?_=1584413148328&CODE_STATE=getMsg HTTP/1.1" 200 27
114.88.170.9 - - [17/Mar/2020:10:45:58 +0800] "GET /xingrg/check_reg.html?_=1584413156324 HTTP/1.1" 200 22
114.88.159.93 - - [17/Mar/2020:10:46:00 +0800] "GET /xingrg/all/function/internal_message.html?_=1584412885364&CODE_STATE=getMsg HTTP/1.1" 200 27
222.69.139.157 - - [17/Mar/2020:10:46:00 +0800] "GET /xingrg/all/function/internal_message.html?_=1584413157419&CODE_STATE=getMsg HTTP/1.1" 200 27
180.152.227.200 - - [17/Mar/2020:10:46:01 +0800] "GET /xingrg/kc/buy/cgsh_order_operate.html?command=get_materiel&rest_code=00102&code=00101008003&supplier_code=00100007&order_time=2020-03-17 HTTP/1.1" 200 410
116.238.181.252 - - [17/Mar/2020:10:46:03 +0800] "GET /xingrg/all/function/internal_message.html?_=1584413165047&CODE_STATE=getMsg HTTP/1.1" 200 27
116.238.181.252 - - [17/Mar/2020:10:46:03 +0800] "GET /xingrg/check_reg.html?_=1584413165051 HTTP/1.1" 200 22
114.88.170.9 - - [17/Mar/2020:10:46:11 +0800] "GET /xingrg/all/function/internal_message.html?_=1584413461457&CODE_STATE=getMsg HTTP/1.1" 200 27
172.17.0.4 - - [17/Mar/2020:10:46:15 +0800] "GET /xingrg/check_reg.html?_=1584413179824 HTTP/1.1" 200 22
172.17.0.4 - - [17/Mar/2020:10:46:15 +0800] "GET /xingrg/all/function/internal_message.html?_=1584413179823&CODE_STATE=getMsg HTTP/1.1" 200 27
180.152.227.200 - - [17/Mar/2020:10:46:17 +0800] "GET /xingrg/check_reg.html?_=1584413348483 HTTP/1.1" 200 22
180.152.227.200 - - [17/Mar/2020:10:46:18 +0800] "GET /xingrg/kc/buy/cgsh_order_operate.html?command=get_materiel&rest_code=00102&code=00101008300&supplier_code=00100007&order_time=2020-03-17 HTTP/1.1" 200 414
180.157.252.250 - - [17/Mar/2020:10:46:24 +0800] "GET /xingrg/all/function/internal_message.html?_=1584413182647&CODE_STATE=getMsg HTTP/1.1" 200 27
114.93.75.19 - - [17/Mar/2020:10:46:25 +0800] "GET /xingrg/all/function/internal_message.html?_=1584413505131&CODE_STATE=getMsg HTTP/1.1" 200 27
180.152.227.200 - - [17/Mar/2020:10:46:28 +0800] "GET /xingrg/all/function/internal_message.html?_=1584413358817&CODE_STATE=getMsg HTTP/1.1" 200 27
180.156.150.85 - - [17/Mar/2020:10:46:28 +0800] "GET /xingrg/kc/buy/cgsh_order_operate.html?command=get_materiel&rest_code=00105&code=00101008197&supplier_code=00100203&order_time=2020-03-17 HTTP/1.1" 200 416
114.93.75.19 - - [17/Mar/2020:10:46:31 +0800] "GET /xingrg/all/function/internal_message.html?_=1584413189547&CODE_STATE=getMsg HTTP/1.1" 200 27
180.156.150.85 - - [17/Mar/2020:10:46:41 +0800] "GET /xingrg/all/function/internal_message.html?_=1584413199593&CODE_STATE=getMsg HTTP/1.1" 200 27
117.185.32.26 - - [17/Mar/2020:10:46:41 +0800] "GET /xingrg/all/function/internal_message.html?_=1584413200257&CODE_STATE=getMsg HTTP/1.1" 200 27
101.81.124.227 - - [17/Mar/2020:10:46:42 +0800] "GET /xingrg/all/function/internal_message.html?_=1584413200882&CODE_STATE=getMsg HTTP/1.1" 200 27
124.77.241.94 - - [17/Mar/2020:10:46:42 +0800] "GET /xingrg/all/function/internal_message.html?_=1584413206533&CODE_STATE=getMsg HTTP/1.1" 200 27
117.185.32.26 - - [17/Mar/2020:10:46:42 +0800] "GET /xingrg/check_reg.html?_=1584413201462 HTTP/1.1" 200 22
101.81.124.227 - - [17/Mar/2020:10:46:42 +0800] "GET /xingrg/check_reg.html?_=1584413201123 HTTP/1.1" 200 22
180.156.150.85 - - [17/Mar/2020:10:46:42 +0800] "GET /xingrg/kc/buy/cgsh_order_operate.html?command=get_materiel&rest_code=00105&code=00101008069&supplier_code=00100203&order_time=2020-03-17 HTTP/1.1" 200 412
120.253.135.82 - - [17/Mar/2020:10:46:43 +0800] "GET /xingrg/all/function/internal_message.html?_=1584413325318&CODE_STATE=getMsg HTTP/1.1" 200 27
114.93.75.19 - - [17/Mar/2020:10:46:43 +0800] "GET /xingrg/all/function/internal_message.html?_=1584413199296&CODE_STATE=getMsg HTTP/1.1" 200 27
58.40.7.146 - - [17/Mar/2020:10:46:44 +0800] "GET /xingrg/all/function/internal_message.html?_=1584413202974&CODE_STATE=getMsg HTTP/1.1" 200 27
114.93.75.19 - - [17/Mar/2020:10:46:48 +0800] "GET /xingrg/all/function/internal_message.html?_=1584413206793&CODE_STATE=getMsg HTTP/1.1" 200 27
114.86.230.159 - - [17/Mar/2020:10:46:49 +0800] "GET /xingrg/all/function/internal_message.html?_=1584413226243&CODE_STATE=getMsg HTTP/1.1" 200 27
180.156.150.85 - - [17/Mar/2020:10:46:50 +0800] "GET /xingrg/kc/buy/cgsh_order_operate.html?command=get_materiel&rest_code=00105&code=00101008006&supplier_code=00100203&order_time=2020-03-17 HTTP/1.1" 200 416
114.93.75.19 - - [17/Mar/2020:10:46:52 +0800] "GET /xingrg/all/function/internal_message.html?_=1584413210840&CODE_STATE=getMsg HTTP/1.1" 200 27
117.184.7.30 - - [17/Mar/2020:10:46:53 +0800] "GET /xingrg/all/function/internal_message.html?_=1584413208332&CODE_STATE=getMsg HTTP/1.1" 200 27
114.88.159.93 - - [17/Mar/2020:10:46:59 +0800] "GET /xingrg/all/function/internal_message.html?_=1584412945362&CODE_STATE=getMsg HTTP/1.1" 200 27
222.69.139.157 - - [17/Mar/2020:10:47:00 +0800] "GET /xingrg/all/function/internal_message.html?_=1584413217397&CODE_STATE=getMsg HTTP/1.1" 200 27
116.238.181.252 - - [17/Mar/2020:10:47:03 +0800] "GET /xingrg/all/function/internal_message.html?_=1584413225054&CODE_STATE=getMsg HTTP/1.1" 200 27
180.156.150.85 - - [17/Mar/2020:10:47:05 +0800] "GET /xingrg/kc/buy/cgsh_order_operate.html?command=get_materiel&rest_code=00105&code=00101008353&supplier_code=00100203&order_time=2020-03-17 HTTP/1.1" 200 408
180.152.227.200 - - [17/Mar/2020:10:47:11 +0800] "GET /xingrg/kc/buy/cgsh_order_operate.html?command=get_materiel&rest_code=00102&code=00101008352&supplier_code=00100007&order_time=2020-03-17 HTTP/1.1" 200 414
114.88.170.9 - - [17/Mar/2020:10:47:12 +0800] "GET /xingrg/all/function/internal_message.html?_=1584413521450&CODE_STATE=getMsg HTTP/1.1" 200 27
114.88.170.9 - - [17/Mar/2020:10:47:12 +0800] "GET /xingrg/check_reg.html?_=1584413521447 HTTP/1.1" 200 22
180.156.150.85 - - [17/Mar/2020:10:47:13 +0800] "GET /xingrg/system/info/materiel_import.html?isSelect=1&singleSelect=false HTTP/1.1" 200 5596
180.156.150.85 - - [17/Mar/2020:10:47:14 +0800] "GET /favicon.ico HTTP/1.1" 404 -
180.156.150.85 - - [17/Mar/2020:10:47:14 +0800] "POST /xingrg/all/common/load_tree.html?tree=materiel_sort_tree_json HTTP/1.1" 200 8666
172.17.0.4 - - [17/Mar/2020:10:47:15 +0800] "GET /xingrg/all/function/internal_message.html?_=1584413239826&CODE_STATE=getMsg HTTP/1.1" 200 27
180.156.150.85 - - [17/Mar/2020:10:47:23 +0800] "GET /xingrg/kc/buy/cgsh_order_operate.html?command=get_materiel&rest_code=00105&code=00101008291&supplier_code=00100203&order_time=2020-03-17 HTTP/1.1" 200 408
180.157.252.250 - - [17/Mar/2020:10:47:24 +0800] "GET /xingrg/all/function/internal_message.html?_=1584413242646&CODE_STATE=getMsg HTTP/1.1" 200 27
114.93.75.19 - - [17/Mar/2020:10:47:25 +0800] "GET /xingrg/all/function/internal_message.html?_=1584413565130&CODE_STATE=getMsg HTTP/1.1" 200 27
180.152.227.200 - - [17/Mar/2020:10:47:28 +0800] "GET /xingrg/all/function/internal_message.html?_=1584413418831&CODE_STATE=getMsg HTTP/1.1" 200 27
114.93.75.19 - - [17/Mar/2020:10:47:31 +0800] "GET /xingrg/all/function/internal_message.html?_=1584413249532&CODE_STATE=getMsg HTTP/1.1" 200 27
180.157.252.250 - - [17/Mar/2020:10:47:38 +0800] "GET /xingrg/check_reg.html?_=1584413250643 HTTP/1.1" 302 -
180.156.150.85 - - [17/Mar/2020:10:47:40 +0800] "GET /xingrg/kc/buy/cgsh_order_operate.html?command=get_materiel&rest_code=00105&code=00101008212&supplier_code=00100203&order_time=2020-03-17 HTTP/1.1" 200 412
180.156.150.85 - - [17/Mar/2020:10:47:41 +0800] "GET /xingrg/all/function/internal_message.html?_=1584413259573&CODE_STATE=getMsg HTTP/1.1" 200 27
117.185.32.26 - - [17/Mar/2020:10:47:41 +0800] "GET /xingrg/all/function/internal_message.html?_=1584413260258&CODE_STATE=getMsg HTTP/1.1" 200 27
101.81.124.227 - - [17/Mar/2020:10:47:42 +0800] "GET /xingrg/all/function/internal_message.html?_=1584413260860&CODE_STATE=getMsg HTTP/1.1" 200 27
124.77.241.94 - - [17/Mar/2020:10:47:42 +0800] "GET /xingrg/all/function/internal_message.html?_=1584413266537&CODE_STATE=getMsg HTTP/1.1" 200 27
114.93.75.19 - - [17/Mar/2020:10:47:43 +0800] "GET /xingrg/all/function/internal_message.html?_=1584413259295&CODE_STATE=getMsg HTTP/1.1" 200 27
120.253.135.82 - - [17/Mar/2020:10:47:43 +0800] "GET /xingrg/all/function/internal_message.html?_=1584413385326&CODE_STATE=getMsg HTTP/1.1" 200 27
58.40.7.146 - - [17/Mar/2020:10:47:44 +0800] "GET /xingrg/all/function/internal_message.html?_=1584413262976&CODE_STATE=getMsg HTTP/1.1" 200 27
180.152.227.200 - - [17/Mar/2020:10:47:47 +0800] "GET /xingrg/kc/buy/cgsh_order_operate.html?command=get_materiel&rest_code=00102&code=00101008103&supplier_code=00100007&order_time=2020-03-17 HTTP/1.1" 200 417
114.93.75.19 - - [17/Mar/2020:10:47:48 +0800] "GET /xingrg/all/function/internal_message.html?_=1584413266795&CODE_STATE=getMsg HTTP/1.1" 200 27
114.86.230.159 - - [17/Mar/2020:10:47:49 +0800] "GET /xingrg/all/function/internal_message.html?_=1584413286245&CODE_STATE=getMsg HTTP/1.1" 200 27
114.93.75.19 - - [17/Mar/2020:10:47:52 +0800] "GET /xingrg/all/function/internal_message.html?_=1584413270828&CODE_STATE=getMsg HTTP/1.1" 200 27
117.184.7.30 - - [17/Mar/2020:10:47:53 +0800] "GET /xingrg/all/function/internal_message.html?_=1584413268332&CODE_STATE=getMsg HTTP/1.1" 200 27
180.156.150.85 - - [17/Mar/2020:10:47:54 +0800] "GET /xingrg/kc/buy/cgsh_order_operate.html?command=get_materiel&rest_code=00105&code=00101008357&supplier_code=00100203&order_time=2020-03-17 HTTP/1.1" 200 408
114.88.159.93 - - [17/Mar/2020:10:47:59 +0800] "GET /xingrg/all/function/internal_message.html?_=1584413005360&CODE_STATE=getMsg HTTP/1.1" 200 27
222.69.139.157 - - [17/Mar/2020:10:48:00 +0800] "GET /xingrg/all/function/internal_message.html?_=1584413277381&CODE_STATE=getMsg HTTP/1.1" 200 27
180.156.150.85 - - [17/Mar/2020:10:48:01 +0800] "GET /xingrg/kc/buy/cgsh_order_operate.html?command=get_materiel&rest_code=00105&code=00101008010&supplier_code=00100203&order_time=2020-03-17 HTTP/1.1" 200 412
116.238.181.252 - - [17/Mar/2020:10:48:03 +0800] "GET /xingrg/all/function/internal_message.html?_=1584413285056&CODE_STATE=getMsg HTTP/1.1" 200 27
180.156.150.85 - - [17/Mar/2020:10:48:10 +0800] "GET /xingrg/kc/buy/cgsh_order_operate.html?command=get_materiel&rest_code=00105&code=00101008103&supplier_code=00100203&order_time=2020-03-17 HTTP/1.1" 200 417
114.88.170.9 - - [17/Mar/2020:10:48:12 +0800] "GET /xingrg/all/function/internal_message.html?_=1584413581447&CODE_STATE=getMsg HTTP/1.1" 200 27
172.17.0.4 - - [17/Mar/2020:10:48:15 +0800] "GET /xingrg/all/function/internal_message.html?_=1584413299828&CODE_STATE=getMsg HTTP/1.1" 200 27
180.157.252.250 - - [17/Mar/2020:10:48:24 +0800] "GET /xingrg/all/function/internal_message.html?_=1584413302646&CODE_STATE=getMsg HTTP/1.1" 200 27
114.93.75.19 - - [17/Mar/2020:10:48:25 +0800] "GET /xingrg/all/function/internal_message.html?_=1584413625128&CODE_STATE=getMsg HTTP/1.1" 200 27
180.152.227.200 - - [17/Mar/2020:10:48:28 +0800] "GET /xingrg/all/function/internal_message.html?_=1584413479212&CODE_STATE=getMsg HTTP/1.1" 200 27
180.156.150.85 - - [17/Mar/2020:10:48:29 +0800] "GET /xingrg/kc/buy/cgsh_order_operate.html?command=get_materiel&rest_code=00105&code=00101008285&supplier_code=00100203&order_time=2020-03-17 HTTP/1.1" 200 412
114.93.75.19 - - [17/Mar/2020:10:48:31 +0800] "GET /xingrg/all/function/internal_message.html?_=1584413309534&CODE_STATE=getMsg HTTP/1.1" 200 27
114.93.75.19 - - [17/Mar/2020:10:48:31 +0800] "GET /xingrg/check_reg.html?_=1584413309535 HTTP/1.1" 200 22
180.152.227.200 - - [17/Mar/2020:10:48:33 +0800] "GET /xingrg/kc/buy/cgsh_order_operate.html?command=get_materiel&rest_code=00102&code=00101009030&supplier_code=00100007&order_time=2020-03-17 HTTP/1.1" 200 412
124.77.241.94 - - [17/Mar/2020:10:48:39 +0800] "GET /xingrg/check_reg.html?_=1584413323968 HTTP/1.1" 200 22
180.156.150.85 - - [17/Mar/2020:10:48:41 +0800] "GET /xingrg/all/function/internal_message.html?_=1584413319608&CODE_STATE=getMsg HTTP/1.1" 200 27
117.185.32.26 - - [17/Mar/2020:10:48:41 +0800] "GET /xingrg/all/function/internal_message.html?_=1584413320229&CODE_STATE=getMsg HTTP/1.1" 200 27
180.152.227.200 - - [17/Mar/2020:10:48:41 +0800] "POST /xingrg/kc/buy/cgsh_order_operate.html HTTP/1.1" 200 2065
101.81.124.227 - - [17/Mar/2020:10:48:42 +0800] "GET /xingrg/all/function/internal_message.html?_=1584413320851&CODE_STATE=getMsg HTTP/1.1" 200 27
124.77.241.94 - - [17/Mar/2020:10:48:42 +0800] "GET /xingrg/all/function/internal_message.html?_=1584413326549&CODE_STATE=getMsg HTTP/1.1" 200 27
120.253.135.82 - - [17/Mar/2020:10:48:42 +0800] "GET /xingrg/check_reg.html?_=1584413444301 HTTP/1.1" 200 22
114.93.75.19 - - [17/Mar/2020:10:48:43 +0800] "GET /xingrg/all/function/internal_message.html?_=1584413319292&CODE_STATE=getMsg HTTP/1.1" 200 27
120.253.135.82 - - [17/Mar/2020:10:48:43 +0800] "GET /xingrg/all/function/internal_message.html?_=1584413445340&CODE_STATE=getMsg HTTP/1.1" 200 27
180.156.150.85 - - [17/Mar/2020:10:48:44 +0800] "GET /xingrg/kc/buy/cgsh_order_operate.html?command=get_materiel&rest_code=00105&code=00101008274&supplier_code=00100203&order_time=2020-03-17 HTTP/1.1" 200 412
58.40.7.146 - - [17/Mar/2020:10:48:44 +0800] "GET /xingrg/all/function/internal_message.html?_=1584413322979&CODE_STATE=getMsg HTTP/1.1" 200 27
58.40.7.146 - - [17/Mar/2020:10:48:44 +0800] "GET /xingrg/check_reg.html?_=1584413322982 HTTP/1.1" 200 22
117.184.7.30 - - [17/Mar/2020:10:48:45 +0800] "GET /xingrg/kc/buy/cgsh_order_add.html HTTP/1.1" 200 57645
117.184.7.30 - - [17/Mar/2020:10:48:45 +0800] "GET /xingrg/words/20200316124442_words.js HTTP/1.1" 304 -
117.184.7.26 - - [17/Mar/2020:10:48:46 +0800] "GET /xingrg/javascript/easyui/themes/default/validatebox.css HTTP/1.1" 404 1104
117.184.7.30 - - [17/Mar/2020:10:48:46 +0800] "POST /xingrg/kc/buy/cgsh_order_operate.html HTTP/1.1" 200 8245
117.184.7.30 - - [17/Mar/2020:10:48:48 +0800] "GET /xingrg/javascript/auto/indicator.gif HTTP/1.1" 404 1066
114.93.75.19 - - [17/Mar/2020:10:48:48 +0800] "GET /xingrg/all/function/internal_message.html?_=1584413326798&CODE_STATE=getMsg HTTP/1.1" 200 27
117.184.7.26 - - [17/Mar/2020:10:48:48 +0800] "GET /xingrg/javascript/jquery_tools/images/prev.gif HTTP/1.1" 404 1086
117.184.7.26 - - [17/Mar/2020:10:48:48 +0800] "GET /xingrg/javascript/jquery_tools/images/next.gif HTTP/1.1" 404 1086
114.86.230.159 - - [17/Mar/2020:10:48:49 +0800] "GET /xingrg/all/function/internal_message.html?_=1584413346237&CODE_STATE=getMsg HTTP/1.1" 200 27
180.152.227.200 - - [17/Mar/2020:10:48:51 +0800] "POST /xingrg/kc/buy/cgsh_order_operate.html HTTP/1.1" 200 37
114.93.75.19 - - [17/Mar/2020:10:48:52 +0800] "GET /xingrg/check_reg.html?_=1584413330834 HTTP/1.1" 200 22
114.93.75.19 - - [17/Mar/2020:10:48:52 +0800] "GET /xingrg/all/function/internal_message.html?_=1584413330839&CODE_STATE=getMsg HTTP/1.1" 200 27
180.152.227.200 - - [17/Mar/2020:10:48:52 +0800] "POST /xingrg/kc/buy/cgsh_order_operate.html HTTP/1.1" 200 12
117.184.7.26 - - [17/Mar/2020:10:48:53 +0800] "GET /xingrg/all/function/internal_message.html?_=1584413328330&CODE_STATE=getMsg HTTP/1.1" 200 27
180.152.227.200 - - [17/Mar/2020:10:48:56 +0800] "GET /xingrg/kc/buy/cgsh_order_info.html?code=212020031701355 HTTP/1.1" 200 52457
180.152.227.200 - - [17/Mar/2020:10:48:57 +0800] "GET /xingrg/javascript/easyui/themes/default/validatebox.css HTTP/1.1" 404 1104
180.152.227.200 - - [17/Mar/2020:10:48:57 +0800] "POST /xingrg/kc/buy/cgsh_order_operate.html HTTP/1.1" 200 10055
114.88.159.93 - - [17/Mar/2020:10:48:59 +0800] "GET /xingrg/all/function/internal_message.html?_=1584413065385&CODE_STATE=getMsg HTTP/1.1" 200 27
117.184.7.26 - - [17/Mar/2020:10:49:00 +0800] "GET /xingrg/kc/buy/cgsh_order_operate.html?command=get_materiel&rest_code=00108&code=00102010745&supplier_code=00100007&order_time=2020-03-17 HTTP/1.1" 200 408
180.152.227.200 - - [17/Mar/2020:10:49:00 +0800] "GET /xingrg/kc/print/load_data.html?order_code=212020031701355&kc_code=cgsh&condition= HTTP/1.1" 200 4285
222.69.139.157 - - [17/Mar/2020:10:49:00 +0800] "GET /xingrg/all/function/internal_message.html?_=1584413337362&CODE_STATE=getMsg HTTP/1.1" 200 27
222.69.139.157 - - [17/Mar/2020:10:49:01 +0800] "GET /xingrg/check_reg.html?_=1584413338739 HTTP/1.1" 200 22
116.238.181.252 - - [17/Mar/2020:10:49:03 +0800] "GET /xingrg/all/function/internal_message.html?_=1584413345055&CODE_STATE=getMsg HTTP/1.1" 200 27
117.184.7.26 - - [17/Mar/2020:10:49:05 +0800] "GET /xingrg/kc/buy/cgsh_order_operate.html?command=get_materiel&rest_code=00108&code=00101015054&supplier_code=00100007&order_time=2020-03-17 HTTP/1.1" 200 404
180.156.150.85 - - [17/Mar/2020:10:49:05 +0800] "GET /xingrg/kc/buy/cgsh_order_operate.html?command=get_materiel&rest_code=00105&code=00101008025&supplier_code=00100203&order_time=2020-03-17 HTTP/1.1" 200 408
114.88.170.9 - - [17/Mar/2020:10:49:07 +0800] "GET /xingrg/kc/buy/cgsh_order_add.html HTTP/1.1" 200 57636
114.88.170.9 - - [17/Mar/2020:10:49:07 +0800] "POST /xingrg/kc/buy/cgsh_order_operate.html HTTP/1.1" 200 8245
114.88.170.9 - - [17/Mar/2020:10:49:07 +0800] "GET /xingrg/javascript/easyui/themes/default/validatebox.css HTTP/1.1" 404 1104
114.88.170.9 - - [17/Mar/2020:10:49:11 +0800] "GET /xingrg/all/function/internal_message.html?_=1584413641492&CODE_STATE=getMsg HTTP/1.1" 200 27
117.184.7.26 - - [17/Mar/2020:10:49:12 +0800] "GET /xingrg/kc/buy/cgsh_order_operate.html?command=get_materiel&rest_code=00108&code=00101008286&supplier_code=00100007&order_time=2020-03-17 HTTP/1.1" 200 408
117.184.7.26 - - [17/Mar/2020:10:49:12 +0800] "GET /xingrg/kc/buy/cgsh_order_operate.html?command=get_materiel&rest_code=00108&code=00101008286&supplier_code=00100007&order_time=2020-03-17 HTTP/1.1" 200 408
114.88.170.9 - - [17/Mar/2020:10:49:14 +0800] "GET /xingrg/kc/buy/cgsh_order_operate.html?command=get_materiel&rest_code=00111&code=00101002006&supplier_code=00100199&order_time=2020-03-17 HTTP/1.1" 200 433
172.17.0.4 - - [17/Mar/2020:10:49:15 +0800] "GET /xingrg/all/function/internal_message.html?_=1584413359832&CODE_STATE=getMsg HTTP/1.1" 200 27
180.152.227.200 - - [17/Mar/2020:10:49:21 +0800] "POST /xingrg/kc/buy/cgsh_list_operate.html HTTP/1.1" 200 6001
117.184.7.26 - - [17/Mar/2020:10:49:21 +0800] "POST /xingrg/kc/buy/cgsh_list_operate.html HTTP/1.1" 200 571
117.184.7.26 - - [17/Mar/2020:10:49:23 +0800] "GET /xingrg/kc/buy/cgsh_order_info.html?code=212020031601216 HTTP/1.1" 200 52560
117.184.7.26 - - [17/Mar/2020:10:49:23 +0800] "GET /xingrg/javascript/easyui/themes/default/validatebox.css HTTP/1.1" 404 1104
117.184.7.26 - - [17/Mar/2020:10:49:23 +0800] "POST /xingrg/kc/buy/cgsh_order_operate.html HTTP/1.1" 200 7191
180.157.252.250 - - [17/Mar/2020:10:49:24 +0800] "GET /xingrg/all/function/internal_message.html?_=1584413362646&CODE_STATE=getMsg HTTP/1.1" 200 27
180.157.252.250 - - [17/Mar/2020:10:49:24 +0800] "GET /xingrg/check_reg.html?_=1584413362654 HTTP/1.1" 200 22
117.184.7.26 - - [17/Mar/2020:10:49:25 +0800] "POST /xingrg/kc/buy/cgsh_list_operate.html HTTP/1.1" 200 5903
114.93.75.19 - - [17/Mar/2020:10:49:25 +0800] "GET /xingrg/all/function/internal_message.html?_=1584413685128&CODE_STATE=getMsg HTTP/1.1" 200 27
180.156.150.85 - - [17/Mar/2020:10:49:26 +0800] "GET /xingrg/kc/buy/cgsh_order_operate.html?command=get_materiel&rest_code=00105&code=00101008261&supplier_code=00100203&order_time=2020-03-17 HTTP/1.1" 200 408
117.184.7.26 - - [17/Mar/2020:10:49:26 +0800] "POST /xingrg/kc/buy/cgsh_list_operate.html HTTP/1.1" 200 420
117.184.7.26 - - [17/Mar/2020:10:49:27 +0800] "GET /xingrg/kc/buy/cgsh_order_info.html?code=212020031601178 HTTP/1.1" 200 52556
117.184.7.26 - - [17/Mar/2020:10:49:27 +0800] "GET /xingrg/javascript/easyui/themes/default/validatebox.css HTTP/1.1" 404 1104
117.184.7.26 - - [17/Mar/2020:10:49:27 +0800] "POST /xingrg/kc/buy/cgsh_order_operate.html HTTP/1.1" 200 2397
180.152.227.200 - - [17/Mar/2020:10:49:28 +0800] "GET /xingrg/all/function/internal_message.html?_=1584413539217&CODE_STATE=getMsg HTTP/1.1" 200 27
114.93.75.19 - - [17/Mar/2020:10:49:31 +0800] "GET /xingrg/all/function/internal_message.html?_=1584413369536&CODE_STATE=getMsg HTTP/1.1" 200 27
117.184.7.26 - - [17/Mar/2020:10:49:34 +0800] "POST /xingrg/kc/buy/cgsh_list_operate.html HTTP/1.1" 200 5903
117.184.7.26 - - [17/Mar/2020:10:49:36 +0800] "POST /xingrg/kc/buy/cgsh_list_operate.html HTTP/1.1" 200 5990
117.184.7.26 - - [17/Mar/2020:10:49:37 +0800] "POST /xingrg/kc/buy/cgsh_list_operate.html HTTP/1.1" 200 562
117.184.7.26 - - [17/Mar/2020:10:49:38 +0800] "GET /xingrg/kc/buy/cgsh_order_info.html?code=212020031501080 HTTP/1.1" 200 52556
117.184.7.26 - - [17/Mar/2020:10:49:38 +0800] "GET /xingrg/javascript/easyui/themes/default/validatebox.css HTTP/1.1" 404 1104
117.184.7.26 - - [17/Mar/2020:10:49:39 +0800] "POST /xingrg/kc/buy/cgsh_order_operate.html HTTP/1.1" 200 11325
180.156.150.85 - - [17/Mar/2020:10:49:39 +0800] "GET /xingrg/kc/buy/cgsh_order_operate.html?command=get_materiel&rest_code=00105&code=00101008358&supplier_code=00100203&order_time=2020-03-17 HTTP/1.1" 200 412
180.156.150.85 - - [17/Mar/2020:10:49:41 +0800] "GET /xingrg/all/function/internal_message.html?_=1584413379518&CODE_STATE=getMsg HTTP/1.1" 200 27
117.185.32.26 - - [17/Mar/2020:10:49:41 +0800] "GET /xingrg/all/function/internal_message.html?_=1584413380202&CODE_STATE=getMsg HTTP/1.1" 200 27
117.184.7.26 - - [17/Mar/2020:10:49:41 +0800] "GET /xingrg/kc/buy/cgsh_order_add.html HTTP/1.1" 200 57645
117.184.7.26 - - [17/Mar/2020:10:49:41 +0800] "GET /xingrg/javascript/easyui/themes/default/validatebox.css HTTP/1.1" 404 1104
117.184.7.26 - - [17/Mar/2020:10:49:41 +0800] "POST /xingrg/kc/buy/cgsh_order_operate.html HTTP/1.1" 200 8245
101.81.124.227 - - [17/Mar/2020:10:49:42 +0800] "GET /xingrg/all/function/internal_message.html?_=1584413380840&CODE_STATE=getMsg HTTP/1.1" 200 27
124.77.241.94 - - [17/Mar/2020:10:49:42 +0800] "GET /xingrg/all/function/internal_message.html?_=1584413386563&CODE_STATE=getMsg HTTP/1.1" 200 27
114.93.75.19 - - [17/Mar/2020:10:49:43 +0800] "GET /xingrg/all/function/internal_message.html?_=1584413379290&CODE_STATE=getMsg HTTP/1.1" 200 27
114.93.75.19 - - [17/Mar/2020:10:49:43 +0800] "GET /xingrg/check_reg.html?_=1584413379291 HTTP/1.1" 200 22
120.253.135.82 - - [17/Mar/2020:10:49:43 +0800] "GET /xingrg/all/function/internal_message.html?_=1584413505352&CODE_STATE=getMsg HTTP/1.1" 200 27
58.40.7.146 - - [17/Mar/2020:10:49:44 +0800] "GET /xingrg/all/function/internal_message.html?_=1584413382985&CODE_STATE=getMsg HTTP/1.1" 200 27
180.156.150.85 - - [17/Mar/2020:10:49:47 +0800] "GET /xingrg/kc/buy/cgsh_order_operate.html?command=get_materiel&rest_code=00105&code=00101008332&supplier_code=00100203&order_time=2020-03-17 HTTP/1.1" 200 412
114.93.75.19 - - [17/Mar/2020:10:49:48 +0800] "GET /xingrg/all/function/internal_message.html?_=1584413386801&CODE_STATE=getMsg HTTP/1.1" 200 27
114.93.75.19 - - [17/Mar/2020:10:49:49 +0800] "GET /xingrg/check_reg.html?_=1584413387006 HTTP/1.1" 200 22
114.86.230.159 - - [17/Mar/2020:10:49:49 +0800] "GET /xingrg/check_reg.html?_=1584413406235 HTTP/1.1" 200 22
114.86.230.159 - - [17/Mar/2020:10:49:49 +0800] "GET /xingrg/all/function/internal_message.html?_=1584413406234&CODE_STATE=getMsg HTTP/1.1" 200 27
114.88.170.9 - - [17/Mar/2020:10:49:50 +0800] "GET /xingrg/index.html?timestamp=1551517598852&sysBaseUrl=http%3A%2F%2F117.131.15.22%3A18081%2Fxingrg%2F&costTime=12 HTTP/1.1" 302 -
114.93.75.19 - - [17/Mar/2020:10:49:52 +0800] "GET /xingrg/all/function/internal_message.html?_=1584413390830&CODE_STATE=getMsg HTTP/1.1" 200 27
117.184.7.26 - - [17/Mar/2020:10:49:53 +0800] "GET /xingrg/all/function/internal_message.html?_=1584413388327&CODE_STATE=getMsg HTTP/1.1" 200 27
117.184.7.26 - - [17/Mar/2020:10:49:53 +0800] "GET /xingrg/check_reg.html?_=1584413388330 HTTP/1.1" 200 22
114.88.170.9 - - [17/Mar/2020:10:49:54 +0800] "GET /xingrg/login.html HTTP/1.1" 200 7639
180.156.150.85 - - [17/Mar/2020:10:49:55 +0800] "GET /xingrg/kc/buy/cgsh_order_operate.html?command=get_materiel&rest_code=00105&code=00101008003&supplier_code=00100203&order_time=2020-03-17 HTTP/1.1" 200 408
180.156.150.85 - - [17/Mar/2020:10:49:57 +0800] "GET /xingrg/system/info/materiel_import.html?isSelect=1&singleSelect=false HTTP/1.1" 200 5596
180.156.150.85 - - [17/Mar/2020:10:49:57 +0800] "POST /xingrg/all/common/load_tree.html?tree=materiel_sort_tree_json HTTP/1.1" 200 8666
180.156.150.85 - - [17/Mar/2020:10:49:57 +0800] "GET /favicon.ico HTTP/1.1" 404 -
114.88.159.93 - - [17/Mar/2020:10:49:59 +0800] "GET /xingrg/all/function/internal_message.html?_=1584413125383&CODE_STATE=getMsg HTTP/1.1" 200 27
114.88.159.93 - - [17/Mar/2020:10:49:59 +0800] "GET /xingrg/check_reg.html?_=1584413125384 HTTP/1.1" 200 22
222.69.139.157 - - [17/Mar/2020:10:50:00 +0800] "GET /xingrg/all/function/internal_message.html?_=1584413397341&CODE_STATE=getMsg HTTP/1.1" 200 27
116.238.181.252 - - [17/Mar/2020:10:50:03 +0800] "GET /xingrg/all/function/internal_message.html?_=1584413405065&CODE_STATE=getMsg HTTP/1.1" 200 27
117.184.7.26 - - [17/Mar/2020:10:50:04 +0800] "GET /xingrg/kc/buy/cgsh_order_operate.html?command=get_materiel&rest_code=00108&code=00101008059&supplier_code=00100007&order_time=2020-03-17 HTTP/1.1" 200 408
180.156.150.85 - - [17/Mar/2020:10:50:10 +0800] "POST /xingrg/kc/buy/cgsh_order_operate.html HTTP/1.1" 200 2065
114.88.170.9 - - [17/Mar/2020:10:50:10 +0800] "GET /favicon.ico HTTP/1.1" 404 -
117.184.7.26 - - [17/Mar/2020:10:50:11 +0800] "GET /xingrg/kc/buy/cgsh_order_operate.html?command=get_materiel&rest_code=00108&code=00101008025&supplier_code=00100007&order_time=2020-03-17 HTTP/1.1" 200 408
114.88.170.9 - - [17/Mar/2020:10:50:12 +0800] "POST /xingrg/login.do HTTP/1.1" 302 -
114.88.170.9 - - [17/Mar/2020:10:50:14 +0800] "GET /favicon.ico HTTP/1.1" 404 -
172.17.0.4 - - [17/Mar/2020:10:50:15 +0800] "GET /xingrg/all/function/internal_message.html?_=1584413419835&CODE_STATE=getMsg HTTP/1.1" 200 27
114.88.170.9 - - [17/Mar/2020:10:50:17 +0800] "GET /xingrg/index.html?sysBaseUrl=http%3A%2F%2F117.131.15.22%3A18081%2Fxingrg%2F&costTime=34×tamp=1584413412102 HTTP/1.1" 200 17151
114.88.170.9 - - [17/Mar/2020:10:50:17 +0800] "POST /xingrg/all/common/load_tree.html?tree=area_rest_tree_json&manage=1 HTTP/1.1" 200 342
114.88.170.9 - - [17/Mar/2020:10:50:17 +0800] "POST /xingrg/load_menu.html HTTP/1.1" 200 5124
114.88.170.9 - - [17/Mar/2020:10:50:18 +0800] "GET /xingrg/all/function/internal_message.html?_=1584413707709&CODE_STATE=count HTTP/1.1" 200 11
114.88.170.9 - - [17/Mar/2020:10:50:18 +0800] "GET /xingrg/check_reg.html?_=1584413707709 HTTP/1.1" 200 22
117.184.7.26 - - [17/Mar/2020:10:50:23 +0800] "GET /xingrg/kc/buy/cgsh_order_operate.html?command=get_materiel&rest_code=00108&code=00101008274&supplier_code=00100007&order_time=2020-03-17 HTTP/1.1" 200 412
180.157.252.250 - - [17/Mar/2020:10:50:24 +0800] "GET /xingrg/all/function/internal_message.html?_=1584413422646&CODE_STATE=getMsg HTTP/1.1" 200 27
114.93.75.19 - - [17/Mar/2020:10:50:25 +0800] "GET /xingrg/all/function/internal_message.html?_=1584413745127&CODE_STATE=getMsg HTTP/1.1" 200 27
114.93.75.19 - - [17/Mar/2020:10:50:25 +0800] "GET /xingrg/check_reg.html?_=1584413745128 HTTP/1.1" 200 22
180.152.227.200 - - [17/Mar/2020:10:50:29 +0800] "GET /xingrg/all/function/internal_message.html?_=1584413600406&CODE_STATE=getMsg HTTP/1.1" 200 27
114.93.75.19 - - [17/Mar/2020:10:50:31 +0800] "GET /xingrg/all/function/internal_message.html?_=1584413429538&CODE_STATE=getMsg HTTP/1.1" 200 27
114.88.170.9 - - [17/Mar/2020:10:50:33 +0800] "GET /xingrg/kc/buy/cgsh_order_list.html HTTP/1.1" 200 42034
117.184.7.26 - - [17/Mar/2020:10:50:35 +0800] "GET /xingrg/kc/buy/cgsh_order_operate.html?command=get_materiel&rest_code=00108&code=00101008355&supplier_code=00100007&order_time=2020-03-17 HTTP/1.1" 200 408
180.156.150.85 - - [17/Mar/2020:10:50:41 +0800] "GET /xingrg/all/function/internal_message.html?_=1584413439494&CODE_STATE=getMsg HTTP/1.1" 200 27
117.185.32.26 - - [17/Mar/2020:10:50:41 +0800] "GET /xingrg/all/function/internal_message.html?_=1584413440172&CODE_STATE=getMsg HTTP/1.1" 200 27
101.81.124.227 - - [17/Mar/2020:10:50:42 +0800] "GET /xingrg/all/function/internal_message.html?_=1584413440834&CODE_STATE=getMsg HTTP/1.1" 200 27
124.77.241.94 - - [17/Mar/2020:10:50:42 +0800] "GET /xingrg/all/function/internal_message.html?_=1584413446577&CODE_STATE=getMsg HTTP/1.1" 200 27
114.93.75.19 - - [17/Mar/2020:10:50:43 +0800] "GET /xingrg/all/function/internal_message.html?_=1584413439289&CODE_STATE=getMsg HTTP/1.1" 200 27
120.253.135.82 - - [17/Mar/2020:10:50:43 +0800] "GET /xingrg/all/function/internal_message.html?_=1584413565367&CODE_STATE=getMsg HTTP/1.1" 200 27
117.184.7.26 - - [17/Mar/2020:10:50:43 +0800] "GET /xingrg/kc/buy/cgsh_order_operate.html?command=get_materiel&rest_code=00108&code=00101008300&supplier_code=00100007&order_time=2020-03-17 HTTP/1.1" 200 412
58.40.7.146 - - [17/Mar/2020:10:50:44 +0800] "GET /xingrg/all/function/internal_message.html?_=1584413442988&CODE_STATE=getMsg HTTP/1.1" 200 27
180.156.150.85 - - [17/Mar/2020:10:50:45 +0800] "GET /xingrg/check_reg.html?_=1584413444112 HTTP/1.1" 200 22
114.88.170.9 - - [17/Mar/2020:10:50:47 +0800] "GET /xingrg/kc/buy/cgsh_order_list.html HTTP/1.1" 200 32811
114.93.75.19 - - [17/Mar/2020:10:50:48 +0800] "GET /xingrg/all/function/internal_message.html?_=1584413446796&CODE_STATE=getMsg HTTP/1.1" 200 27
114.86.230.159 - - [17/Mar/2020:10:50:49 +0800] "GET /xingrg/all/function/internal_message.html?_=1584413466234&CODE_STATE=getMsg HTTP/1.1" 200 27
114.93.75.19 - - [17/Mar/2020:10:50:52 +0800] "GET /xingrg/all/function/internal_message.html?_=1584413450834&CODE_STATE=getMsg HTTP/1.1" 200 27
117.184.7.26 - - [17/Mar/2020:10:50:53 +0800] "GET /xingrg/kc/buy/cgsh_order_operate.html?command=get_materiel&rest_code=00108&code=00101008264&supplier_code=00100007&order_time=2020-03-17 HTTP/1.1" 200 412
117.184.7.26 - - [17/Mar/2020:10:50:53 +0800] "GET /xingrg/all/function/internal_message.html?_=1584413448342&CODE_STATE=getMsg HTTP/1.1" 200 27
114.88.170.9 - - [17/Mar/2020:10:50:54 +0800] "GET /xingrg/kc/buy/cgsh_order_list.html HTTP/1.1" 200 24612
114.88.170.9 - - [17/Mar/2020:10:50:58 +0800] "GET /xingrg/check_reg.html?_=1584413456331 HTTP/1.1" 200 22
114.88.159.93 - - [17/Mar/2020:10:50:59 +0800] "GET /xingrg/all/function/internal_message.html?_=1584413185398&CODE_STATE=getMsg HTTP/1.1" 200 27
114.88.170.9 - - [17/Mar/2020:10:51:00 +0800] "GET /xingrg/index.html?timestamp=1551517598852&sysBaseUrl=http%3A%2F%2F117.131.15.22%3A18081%2Fxingrg%2F&costTime=12 HTTP/1.1" 302 -
114.88.170.9 - - [17/Mar/2020:10:51:00 +0800] "GET /xingrg/login.html HTTP/1.1" 200 7639
222.69.139.157 - - [17/Mar/2020:10:51:00 +0800] "GET /xingrg/all/function/internal_message.html?_=1584413457311&CODE_STATE=getMsg HTTP/1.1" 200 27
117.184.7.26 - - [17/Mar/2020:10:51:01 +0800] "GET /xingrg/kc/buy/cgsh_order_operate.html?command=get_materiel&rest_code=00108&code=00101008131&supplier_code=00100007&order_time=2020-03-17 HTTP/1.1" 200 408
114.88.170.9 - - [17/Mar/2020:10:51:01 +0800] "GET /favicon.ico HTTP/1.1" 404 -
114.88.170.9 - - [17/Mar/2020:10:51:03 +0800] "POST /xingrg/login.do HTTP/1.1" 302 -
116.238.181.252 - - [17/Mar/2020:10:51:03 +0800] "GET /xingrg/check_reg.html?_=1584413465070 HTTP/1.1" 200 22
116.238.181.252 - - [17/Mar/2020:10:51:03 +0800] "GET /xingrg/all/function/internal_message.html?_=1584413465071&CODE_STATE=getMsg HTTP/1.1" 200 27
114.88.170.9 - - [17/Mar/2020:10:51:04 +0800] "GET /xingrg/index.html?sysBaseUrl=http%3A%2F%2F117.131.15.22%3A18081%2Fxingrg%2F&costTime=33×tamp=1584413463034 HTTP/1.1" 200 17151
114.88.170.9 - - [17/Mar/2020:10:51:04 +0800] "GET /favicon.ico HTTP/1.1" 404 -
114.88.170.9 - - [17/Mar/2020:10:51:07 +0800] "POST /xingrg/all/common/load_tree.html?tree=area_rest_tree_json&manage=1 HTTP/1.1" 200 342
114.88.170.9 - - [17/Mar/2020:10:51:07 +0800] "POST /xingrg/load_menu.html HTTP/1.1" 200 5124
114.88.170.9 - - [17/Mar/2020:10:51:07 +0800] "GET /xingrg/check_reg.html?_=1584413757308 HTTP/1.1" 200 22
114.88.170.9 - - [17/Mar/2020:10:51:07 +0800] "GET /xingrg/all/function/internal_message.html?_=1584413757308&CODE_STATE=count HTTP/1.1" 200 11
172.17.0.4 - - [17/Mar/2020:10:51:15 +0800] "GET /xingrg/check_reg.html?_=1584413479837 HTTP/1.1" 200 22
172.17.0.4 - - [17/Mar/2020:10:51:15 +0800] "GET /xingrg/all/function/internal_message.html?_=1584413479842&CODE_STATE=getMsg HTTP/1.1" 200 27
180.152.227.200 - - [17/Mar/2020:10:51:17 +0800] "GET /xingrg/check_reg.html?_=1584413648480 HTTP/1.1" 200 22
114.88.170.9 - - [17/Mar/2020:10:51:18 +0800] "GET /xingrg/kc/buy/cgsh_order_add.html HTTP/1.1" 200 57636
114.88.170.9 - - [17/Mar/2020:10:51:19 +0800] "GET /xingrg/all/common/auto_word.html?type=employee&rest_code=00111 HTTP/1.1" 200 205
114.88.170.9 - - [17/Mar/2020:10:51:19 +0800] "GET /xingrg/all/common/auto_word.html?type=employee&rest_code=00111 HTTP/1.1" 200 205
114.88.170.9 - - [17/Mar/2020:10:51:19 +0800] "GET /xingrg/javascript/easyui/themes/default/validatebox.css HTTP/1.1" 404 1104
114.88.170.9 - - [17/Mar/2020:10:51:20 +0800] "POST /xingrg/kc/buy/cgsh_order_operate.html HTTP/1.1" 200 8245
114.88.170.9 - - [17/Mar/2020:10:51:22 +0800] "GET /xingrg/javascript/auto/indicator.gif HTTP/1.1" 404 1066
114.88.170.9 - - [17/Mar/2020:10:51:22 +0800] "GET /xingrg/javascript/jquery_tools/images/prev.gif HTTP/1.1" 404 1086
114.88.170.9 - - [17/Mar/2020:10:51:22 +0800] "GET /xingrg/javascript/jquery_tools/images/next.gif HTTP/1.1" 404 1086
180.157.252.250 - - [17/Mar/2020:10:51:24 +0800] "GET /xingrg/all/function/internal_message.html?_=1584413482646&CODE_STATE=getMsg HTTP/1.1" 200 27
114.93.75.19 - - [17/Mar/2020:10:51:25 +0800] "GET /xingrg/all/function/internal_message.html?_=1584413805127&CODE_STATE=getMsg HTTP/1.1" 200 27
114.88.170.9 - - [17/Mar/2020:10:51:28 +0800] "GET /xingrg/kc/buy/cgsh_order_list.html HTTP/1.1" 200 42034
180.152.227.200 - - [17/Mar/2020:10:51:29 +0800] "GET /xingrg/all/function/internal_message.html?_=1584413660414&CODE_STATE=getMsg HTTP/1.1" 200 27
114.88.170.9 - - [17/Mar/2020:10:51:31 +0800] "GET /xingrg/kc/buy/cgsh_order_operate.html?command=get_materiel&rest_code=00111&code=00101002006&supplier_code=00100199&order_time=2020-03-17 HTTP/1.1" 200 433
114.93.75.19 - - [17/Mar/2020:10:51:31 +0800] "GET /xingrg/all/function/internal_message.html?_=1584413489540&CODE_STATE=getMsg HTTP/1.1" 200 27
114.88.170.9 - - [17/Mar/2020:10:51:31 +0800] "POST /xingrg/kc/buy/cgsh_list_operate.html HTTP/1.1" 200 5156
180.156.150.85 - - [17/Mar/2020:10:51:41 +0800] "GET /xingrg/all/function/internal_message.html?_=1584413499465&CODE_STATE=getMsg HTTP/1.1" 200 27
117.185.32.26 - - [17/Mar/2020:10:51:41 +0800] "GET /xingrg/all/function/internal_message.html?_=1584413500149&CODE_STATE=getMsg HTTP/1.1" 200 27
114.88.170.9 - - [17/Mar/2020:10:51:41 +0800] "GET /xingrg/kc/buy/cgsh_order_operate.html?command=get_materiel&rest_code=00111&code=00101002027&supplier_code=00100199&order_time=2020-03-17 HTTP/1.1" 200 413
101.81.124.227 - - [17/Mar/2020:10:51:42 +0800] "GET /xingrg/all/function/internal_message.html?_=1584413500832&CODE_STATE=getMsg HTTP/1.1" 200 27
117.185.32.26 - - [17/Mar/2020:10:51:42 +0800] "GET /xingrg/check_reg.html?_=1584413501461 HTTP/1.1" 200 22
101.81.124.227 - - [17/Mar/2020:10:51:42 +0800] "GET /xingrg/check_reg.html?_=1584413501133 HTTP/1.1" 200 22
124.77.241.94 - - [17/Mar/2020:10:51:42 +0800] "GET /xingrg/all/function/internal_message.html?_=1584413506917&CODE_STATE=getMsg HTTP/1.1" 200 27
114.93.75.19 - - [17/Mar/2020:10:51:43 +0800] "GET /xingrg/all/function/internal_message.html?_=1584413499286&CODE_STATE=getMsg HTTP/1.1" 200 27
120.253.135.82 - - [17/Mar/2020:10:51:43 +0800] "GET /xingrg/all/function/internal_message.html?_=1584413625385&CODE_STATE=getMsg HTTP/1.1" 200 27
58.40.7.146 - - [17/Mar/2020:10:51:44 +0800] "GET /xingrg/all/function/internal_message.html?_=1584413502975&CODE_STATE=getMsg HTTP/1.1" 200 27
114.93.75.19 - - [17/Mar/2020:10:51:48 +0800] "GET /xingrg/all/function/internal_message.html?_=1584413506799&CODE_STATE=getMsg HTTP/1.1" 200 27
114.86.230.159 - - [17/Mar/2020:10:51:49 +0800] "GET /xingrg/all/function/internal_message.html?_=1584413526233&CODE_STATE=getMsg HTTP/1.1" 200 27
114.93.75.19 - - [17/Mar/2020:10:51:52 +0800] "GET /xingrg/all/function/internal_message.html?_=1584413510825&CODE_STATE=getMsg HTTP/1.1" 200 27
117.184.7.26 - - [17/Mar/2020:10:51:53 +0800] "GET /xingrg/all/function/internal_message.html?_=1584413508334&CODE_STATE=getMsg HTTP/1.1" 200 27
114.88.170.9 - - [17/Mar/2020:10:51:56 +0800] "POST /xingrg/kc/buy/cgsh_order_operate.html HTTP/1.1" 200 37
114.88.170.9 - - [17/Mar/2020:10:51:58 +0800] "POST /xingrg/kc/buy/cgsh_order_operate.html HTTP/1.1" 200 3256
114.88.159.93 - - [17/Mar/2020:10:51:59 +0800] "GET /xingrg/all/function/internal_message.html?_=1584413245397&CODE_STATE=getMsg HTTP/1.1" 200 27
222.69.139.157 - - [17/Mar/2020:10:52:00 +0800] "GET /xingrg/all/function/internal_message.html?_=1584413517294&CODE_STATE=getMsg HTTP/1.1" 200 27
116.238.181.252 - - [17/Mar/2020:10:52:03 +0800] "GET /xingrg/all/function/internal_message.html?_=1584413525070&CODE_STATE=getMsg HTTP/1.1" 200 27
114.88.170.9 - - [17/Mar/2020:10:52:07 +0800] "GET /xingrg/kc/print/load_config.html?kc_code=cgsh HTTP/1.1" 200 1841
114.88.170.9 - - [17/Mar/2020:10:52:11 +0800] "GET /xingrg/all/function/internal_message.html?_=1584413817311&CODE_STATE=getMsg HTTP/1.1" 200 27
114.88.170.9 - - [17/Mar/2020:10:52:12 +0800] "GET /xingrg/kc/print/load_data.html?order_code=212020031701356&kc_code=cgsh&condition= HTTP/1.1" 200 905
172.17.0.4 - - [17/Mar/2020:10:52:15 +0800] "GET /xingrg/all/function/internal_message.html?_=1584413539828&CODE_STATE=getMsg HTTP/1.1" 200 27
180.157.252.250 - - [17/Mar/2020:10:52:24 +0800] "GET /xingrg/all/function/internal_message.html?_=1584413542645&CODE_STATE=getMsg HTTP/1.1" 200 27
114.93.75.19 - - [17/Mar/2020:10:52:25 +0800] "GET /xingrg/all/function/internal_message.html?_=1584413865127&CODE_STATE=getMsg HTTP/1.1" 200 27
180.152.227.200 - - [17/Mar/2020:10:52:29 +0800] "GET /xingrg/all/function/internal_message.html?_=1584413720427&CODE_STATE=getMsg HTTP/1.1" 200 27
114.93.75.19 - - [17/Mar/2020:10:52:31 +0800] "GET /xingrg/all/function/internal_message.html?_=1584413549542&CODE_STATE=getMsg HTTP/1.1" 200 27
180.157.252.250 - - [17/Mar/2020:10:52:38 +0800] "GET /xingrg/check_reg.html?_=1584413550616 HTTP/1.1" 302 -
180.156.150.85 - - [17/Mar/2020:10:52:41 +0800] "GET /xingrg/all/function/internal_message.html?_=1584413559442&CODE_STATE=getMsg HTTP/1.1" 200 27
117.185.32.26 - - [17/Mar/2020:10:52:41 +0800] "GET /xingrg/all/function/internal_message.html?_=1584413560121&CODE_STATE=getMsg HTTP/1.1" 200 27
101.81.124.227 - - [17/Mar/2020:10:52:42 +0800] "GET /xingrg/all/function/internal_message.html?_=1584413560806&CODE_STATE=getMsg HTTP/1.1" 200 27
124.77.241.94 - - [17/Mar/2020:10:52:42 +0800] "GET /xingrg/all/function/internal_message.html?_=1584413566932&CODE_STATE=getMsg HTTP/1.1" 200 27
114.93.75.19 - - [17/Mar/2020:10:52:43 +0800] "GET /xingrg/all/function/internal_message.html?_=1584413559285&CODE_STATE=getMsg HTTP/1.1" 200 27
120.253.135.82 - - [17/Mar/2020:10:52:43 +0800] "GET /xingrg/all/function/internal_message.html?_=1584413685393&CODE_STATE=getMsg HTTP/1.1" 200 27
58.40.7.146 - - [17/Mar/2020:10:52:44 +0800] "GET /xingrg/all/function/internal_message.html?_=1584413562977&CODE_STATE=getMsg HTTP/1.1" 200 27
114.93.75.19 - - [17/Mar/2020:10:52:48 +0800] "GET /xingrg/all/function/internal_message.html?_=1584413566804&CODE_STATE=getMsg HTTP/1.1" 200 27
114.88.170.9 - - [17/Mar/2020:10:52:49 +0800] "GET /xingrg/index.html?sysBaseUrl=http%3A%2F%2F117.131.15.22%3A18081%2Fxingrg%2F&costTime=33×tamp=1584413463034 HTTP/1.1" 200 17151
114.88.170.9 - - [17/Mar/2020:10:52:49 +0800] "GET /xingrg/javascript/jquery_easy_ui/themes/default/easyui.css HTTP/1.1" 304 -
114.88.170.9 - - [17/Mar/2020:10:52:49 +0800] "GET /xingrg/javascript/jquery_easy_ui/themes/icon.css HTTP/1.1" 304 -
114.88.170.9 - - [17/Mar/2020:10:52:49 +0800] "GET /xingrg/css/form.css HTTP/1.1" 304 -
114.86.230.159 - - [17/Mar/2020:10:52:49 +0800] "GET /xingrg/all/function/internal_message.html?_=1584413586242&CODE_STATE=getMsg HTTP/1.1" 200 27
114.88.170.9 - - [17/Mar/2020:10:52:49 +0800] "GET /xingrg/javascript/jquery_easy_ui/jquery.easyui.min.js HTTP/1.1" 304 -
114.88.170.9 - - [17/Mar/2020:10:52:49 +0800] "GET /xingrg/javascript/jquery.form.js HTTP/1.1" 304 -
114.88.170.9 - - [17/Mar/2020:10:52:49 +0800] "GET /xingrg/javascript/jquery-1.4.2.min.js HTTP/1.1" 304 -
114.88.170.9 - - [17/Mar/2020:10:52:49 +0800] "GET /xingrg/javascript/jquery_easy_ui/easyui-lang-zh_CN.js HTTP/1.1" 304 -
114.88.170.9 - - [17/Mar/2020:10:52:49 +0800] "GET /xingrg/javascript/jquery.timers.js HTTP/1.1" 304 -
114.88.170.9 - - [17/Mar/2020:10:52:49 +0800] "GET /xingrg/javascript/jquery.utils.js HTTP/1.1" 304 -
114.88.170.9 - - [17/Mar/2020:10:52:49 +0800] "GET /xingrg/images/blue/jxLogo.png HTTP/1.1" 304 -
114.88.170.9 - - [17/Mar/2020:10:52:49 +0800] "GET /xingrg/javascript/jquery_easy_ui/themes/icons/settle_new.png HTTP/1.1" 304 -
114.88.170.9 - - [17/Mar/2020:10:52:49 +0800] "GET /xingrg/images/blue/navBackgound.jpg HTTP/1.1" 304 -
114.88.170.9 - - [17/Mar/2020:10:52:49 +0800] "POST /xingrg/all/common/load_tree.html?tree=area_rest_tree_json&manage=1 HTTP/1.1" 200 342
114.88.170.9 - - [17/Mar/2020:10:52:49 +0800] "GET /xingrg/javascript/jquery_easy_ui/themes/default/images/tabs_rightarrow.png HTTP/1.1" 304 -
114.88.170.9 - - [17/Mar/2020:10:52:49 +0800] "GET /xingrg/javascript/jquery_easy_ui/themes/default/images/panel_tool_collapse.gif HTTP/1.1" 304 -
114.88.170.9 - - [17/Mar/2020:10:52:49 +0800] "GET /xingrg/all/function/internal_message.html?_=1584413859493&CODE_STATE=count HTTP/1.1" 200 11
114.88.170.9 - - [17/Mar/2020:10:52:49 +0800] "GET /xingrg/check_reg.html?_=1584413859494 HTTP/1.1" 200 22
114.88.170.9 - - [17/Mar/2020:10:52:49 +0800] "GET /xingrg/javascript/jquery_easy_ui/themes/default/images/tabs_leftarrow.png HTTP/1.1" 304 -
114.88.170.9 - - [17/Mar/2020:10:52:49 +0800] "GET /xingrg/images/blue/pingpu.png HTTP/1.1" 304 -
114.88.170.9 - - [17/Mar/2020:10:52:49 +0800] "GET /xingrg/javascript/jquery_easy_ui/themes/default/images/tree_arrows.gif HTTP/1.1" 304 -
114.88.170.9 - - [17/Mar/2020:10:52:49 +0800] "POST /xingrg/load_menu.html HTTP/1.1" 200 5124
114.93.75.19 - - [17/Mar/2020:10:52:52 +0800] "GET /xingrg/all/function/internal_message.html?_=1584413570829&CODE_STATE=getMsg HTTP/1.1" 200 27
114.88.170.9 - - [17/Mar/2020:10:52:52 +0800] "GET /xingrg/kc/buy/cgsh_order_list.html HTTP/1.1" 200 42034
114.88.170.9 - - [17/Mar/2020:10:52:52 +0800] "POST /xingrg/kc/buy/cgsh_list_operate.html HTTP/1.1" 200 5155
117.184.7.26 - - [17/Mar/2020:10:52:53 +0800] "GET /xingrg/all/function/internal_message.html?_=1584413568333&CODE_STATE=getMsg HTTP/1.1" 200 27
114.88.170.9 - - [17/Mar/2020:10:52:57 +0800] "POST /xingrg/kc/buy/cgsh_list_operate.html HTTP/1.1" 200 5696
114.88.170.9 - - [17/Mar/2020:10:52:58 +0800] "POST /xingrg/kc/buy/cgsh_list_operate.html HTTP/1.1" 200 277
114.88.170.9 - - [17/Mar/2020:10:52:59 +0800] "GET /xingrg/kc/buy/cgsh_order_info.html?code=212020031701356 HTTP/1.1" 200 57643
114.88.170.9 - - [17/Mar/2020:10:52:59 +0800] "GET /xingrg/words/20200316124442_words.js HTTP/1.1" 304 -
114.88.170.9 - - [17/Mar/2020:10:52:59 +0800] "GET /xingrg/javascript/easyui/themes/default/validatebox.css HTTP/1.1" 404 1104
114.88.159.93 - - [17/Mar/2020:10:52:59 +0800] "GET /xingrg/all/function/internal_message.html?_=1584413305396&CODE_STATE=getMsg HTTP/1.1" 200 27
114.88.170.9 - - [17/Mar/2020:10:52:59 +0800] "POST /xingrg/kc/buy/cgsh_order_operate.html HTTP/1.1" 200 3256
222.69.139.157 - - [17/Mar/2020:10:53:00 +0800] "GET /xingrg/all/function/internal_message.html?_=1584413577266&CODE_STATE=getMsg HTTP/1.1" 200 27
114.88.170.9 - - [17/Mar/2020:10:53:02 +0800] "GET /xingrg/kc/print/load_data.html?order_code=212020031701356&kc_code=cgsh&condition= HTTP/1.1" 200 905
116.238.181.252 - - [17/Mar/2020:10:53:03 +0800] "GET /xingrg/all/function/internal_message.html?_=1584413585076&CODE_STATE=getMsg HTTP/1.1" 200 27
114.88.170.9 - - [17/Mar/2020:10:53:04 +0800] "GET /xingrg/javascript/jquery_tools/images/next.gif HTTP/1.1" 404 1086
114.88.170.9 - - [17/Mar/2020:10:53:04 +0800] "GET /xingrg/javascript/jquery_tools/images/prev.gif HTTP/1.1" 404 1086
114.88.170.9 - - [17/Mar/2020:10:53:08 +0800] "GET /xingrg/kc/buy/cgsh_order_add.html HTTP/1.1" 200 57636
114.88.170.9 - - [17/Mar/2020:10:53:08 +0800] "POST /xingrg/kc/buy/cgsh_order_operate.html HTTP/1.1" 200 8245
114.88.170.9 - - [17/Mar/2020:10:53:08 +0800] "GET /xingrg/javascript/easyui/themes/default/validatebox.css HTTP/1.1" 404 1104
114.88.170.9 - - [17/Mar/2020:10:53:09 +0800] "GET /xingrg/javascript/auto/indicator.gif HTTP/1.1" 404 1066
172.17.0.4 - - [17/Mar/2020:10:53:15 +0800] "GET /xingrg/all/function/internal_message.html?_=1584413599845&CODE_STATE=getMsg HTTP/1.1" 200 27
180.157.252.250 - - [17/Mar/2020:10:53:24 +0800] "GET /xingrg/all/function/internal_message.html?_=1584413602644&CODE_STATE=getMsg HTTP/1.1" 200 27
114.93.75.19 - - [17/Mar/2020:10:53:25 +0800] "GET /xingrg/all/function/internal_message.html?_=1584413925126&CODE_STATE=getMsg HTTP/1.1" 200 27
180.152.227.200 - - [17/Mar/2020:10:53:30 +0800] "GET /xingrg/all/function/internal_message.html?_=1584413780989&CODE_STATE=getMsg HTTP/1.1" 200 27
114.93.75.19 - - [17/Mar/2020:10:53:31 +0800] "GET /xingrg/check_reg.html?_=1584413609544 HTTP/1.1" 200 22
114.93.75.19 - - [17/Mar/2020:10:53:31 +0800] "GET /xingrg/all/function/internal_message.html?_=1584413609545&CODE_STATE=getMsg HTTP/1.1" 200 27
124.77.241.94 - - [17/Mar/2020:10:53:40 +0800] "GET /xingrg/check_reg.html?_=1584413624339 HTTP/1.1" 200 22
180.156.150.85 - - [17/Mar/2020:10:53:41 +0800] "GET /xingrg/all/function/internal_message.html?_=1584413619412&CODE_STATE=getMsg HTTP/1.1" 200 27
117.185.32.26 - - [17/Mar/2020:10:53:41 +0800] "GET /xingrg/all/function/internal_message.html?_=1584413620089&CODE_STATE=getMsg HTTP/1.1" 200 27
101.81.124.227 - - [17/Mar/2020:10:53:42 +0800] "GET /xingrg/all/function/internal_message.html?_=1584413620796&CODE_STATE=getMsg HTTP/1.1" 200 27
120.253.135.82 - - [17/Mar/2020:10:53:42 +0800] "GET /xingrg/check_reg.html?_=1584413744303 HTTP/1.1" 200 22
124.77.241.94 - - [17/Mar/2020:10:53:42 +0800] "GET /xingrg/all/function/internal_message.html?_=1584413626945&CODE_STATE=getMsg HTTP/1.1" 200 27
117.184.7.26 - - [17/Mar/2020:10:53:43 +0800] "POST /xingrg/kc/buy/cgsh_order_operate.html HTTP/1.1" 200 37
114.93.75.19 - - [17/Mar/2020:10:53:43 +0800] "GET /xingrg/all/function/internal_message.html?_=1584413619284&CODE_STATE=getMsg HTTP/1.1" 200 27
120.253.135.82 - - [17/Mar/2020:10:53:43 +0800] "GET /xingrg/all/function/internal_message.html?_=1584413745407&CODE_STATE=getMsg HTTP/1.1" 200 27
58.40.7.146 - - [17/Mar/2020:10:53:44 +0800] "GET /xingrg/all/function/internal_message.html?_=1584413622979&CODE_STATE=getMsg HTTP/1.1" 200 27
58.40.7.146 - - [17/Mar/2020:10:53:44 +0800] "GET /xingrg/check_reg.html?_=1584413622982 HTTP/1.1" 200 22
117.184.7.26 - - [17/Mar/2020:10:53:45 +0800] "POST /xingrg/kc/buy/cgsh_order_operate.html HTTP/1.1" 200 12
117.184.7.26 - - [17/Mar/2020:10:53:46 +0800] "GET /xingrg/kc/buy/cgsh_order_info.html?code=212020031701357 HTTP/1.1" 200 52548
117.184.7.30 - - [17/Mar/2020:10:53:47 +0800] "GET /xingrg/javascript/easyui/themes/default/validatebox.css HTTP/1.1" 404 1104
117.184.7.26 - - [17/Mar/2020:10:53:47 +0800] "POST /xingrg/kc/buy/cgsh_order_operate.html HTTP/1.1" 200 4167
