117.185.32.26 - - [15/Mar/2020:10:32:00 +0800] "GET /xingrg/words/20200313114423_words.js HTTP/1.1" 304 -
117.185.32.26 - - [15/Mar/2020:10:32:00 +0800] "GET /xingrg/all/common/auto_word.html?type=employee&rest_code=00106 HTTP/1.1" 200 205
117.185.32.26 - - [15/Mar/2020:10:32:00 +0800] "GET /xingrg/javascript/easyui/themes/default/validatebox.css HTTP/1.1" 404 1104
117.185.32.26 - - [15/Mar/2020:10:32:00 +0800] "GET /xingrg/all/common/auto_word.html?type=employee&rest_code=00106 HTTP/1.1" 200 205
117.185.32.26 - - [15/Mar/2020:10:32:00 +0800] "POST /xingrg/kc/buy/cgsh_order_operate.html HTTP/1.1" 200 8245
114.93.75.19 - - [15/Mar/2020:10:32:01 +0800] "GET /xingrg/all/function/internal_message.html?_=1584239522061&CODE_STATE=getMsg HTTP/1.1" 200 27
117.185.32.26 - - [15/Mar/2020:10:32:02 +0800] "GET /xingrg/javascript/easyui/themes/default/tree.css HTTP/1.1" 404 1090
117.185.32.26 - - [15/Mar/2020:10:32:02 +0800] "POST /xingrg/all/common/load_tree.html?tree=supplier_tree_json&isDelete=1 HTTP/1.1" 200 46535
180.162.232.172 - - [15/Mar/2020:10:32:08 +0800] "POST /xingrg/kc/buy/cgsh_order_operate.html HTTP/1.1" 200 37
180.162.232.172 - - [15/Mar/2020:10:32:10 +0800] "POST /xingrg/kc/buy/cgsh_order_operate.html HTTP/1.1" 200 12
172.17.0.4 - - [15/Mar/2020:10:32:11 +0800] "GET /xingrg/all/function/internal_message.html?_=1584239531781&CODE_STATE=getMsg HTTP/1.1" 302 -
180.162.232.172 - - [15/Mar/2020:10:32:11 +0800] "GET /xingrg/kc/buy/cgsh_order_info.html?code=212020031501068 HTTP/1.1" 200 53153
180.162.232.172 - - [15/Mar/2020:10:32:11 +0800] "GET /xingrg/javascript/easyui/themes/default/validatebox.css HTTP/1.1" 404 1104
180.162.232.172 - - [15/Mar/2020:10:32:11 +0800] "POST /xingrg/kc/buy/cgsh_order_operate.html HTTP/1.1" 200 1207
180.162.232.172 - - [15/Mar/2020:10:32:13 +0800] "GET /xingrg/kc/print/load_data.html?order_code=212020031501068&kc_code=cgsh&condition= HTTP/1.1" 200 1029
222.69.139.192 - - [15/Mar/2020:10:32:14 +0800] "GET /xingrg/kc/buy/cgsh_order_operate.html?command=get_materiel&rest_code=00149&code=00101001165&supplier_code=00100347&order_time=2020-03-15 HTTP/1.1" 200 416
180.162.232.172 - - [15/Mar/2020:10:32:16 +0800] "GET /xingrg/all/function/internal_message.html?_=1584239659604&CODE_STATE=getMsg HTTP/1.1" 200 27
124.77.241.94 - - [15/Mar/2020:10:32:19 +0800] "GET /xingrg/all/function/internal_message.html?_=1584239565942&CODE_STATE=getMsg HTTP/1.1" 302 -
222.69.139.192 - - [15/Mar/2020:10:32:23 +0800] "GET /xingrg/check_reg.html?_=1584239543547 HTTP/1.1" 200 22
222.69.139.192 - - [15/Mar/2020:10:32:25 +0800] "GET /xingrg/all/function/internal_message.html?_=1584239545202&CODE_STATE=getMsg HTTP/1.1" 200 27
180.157.252.250 - - [15/Mar/2020:10:32:27 +0800] "GET /xingrg/all/function/internal_message.html?_=1584239542392&CODE_STATE=getMsg HTTP/1.1" 200 27
114.93.75.19 - - [15/Mar/2020:10:32:28 +0800] "GET /xingrg/check_reg.html?_=1584239871803 HTTP/1.1" 200 22
114.93.75.19 - - [15/Mar/2020:10:32:28 +0800] "GET /xingrg/all/function/internal_message.html?_=1584239871805&CODE_STATE=getMsg HTTP/1.1" 200 27
101.81.125.204 - - [15/Mar/2020:10:32:29 +0800] "GET /xingrg/all/function/internal_message.html?_=1584238845453&CODE_STATE=getMsg HTTP/1.1" 200 27
114.93.75.19 - - [15/Mar/2020:10:32:33 +0800] "GET /xingrg/all/function/internal_message.html?_=1584239554139&CODE_STATE=getMsg HTTP/1.1" 200 27
114.88.170.138 - - [15/Mar/2020:10:32:34 +0800] "GET /xingrg/all/function/internal_message.html?_=1584239843811&CODE_STATE=getMsg HTTP/1.1" 200 27
117.185.32.26 - - [15/Mar/2020:10:32:35 +0800] "GET /xingrg/javascript/auto/indicator.gif HTTP/1.1" 404 1066
222.69.139.192 - - [15/Mar/2020:10:32:37 +0800] "GET /xingrg/kc/buy/cgsh_order_operate.html?command=get_materiel&rest_code=00149&code=00101001174&supplier_code=00100347&order_time=2020-03-15 HTTP/1.1" 200 416
114.88.170.138 - - [15/Mar/2020:10:32:38 +0800] "GET /xingrg/all/function/internal_message.html?_=1584239556143&CODE_STATE=getMsg HTTP/1.1" 302 -
117.185.32.26 - - [15/Mar/2020:10:32:39 +0800] "GET /xingrg/all/function/internal_message.html?_=1584239958154&CODE_STATE=getMsg HTTP/1.1" 200 27
180.162.232.172 - - [15/Mar/2020:10:32:42 +0800] "GET /xingrg/kc/buy/cgsh_order_add.html HTTP/1.1" 200 58241
180.162.232.172 - - [15/Mar/2020:10:32:42 +0800] "POST /xingrg/kc/buy/cgsh_order_operate.html HTTP/1.1" 200 8245
180.162.232.172 - - [15/Mar/2020:10:32:42 +0800] "GET /xingrg/javascript/easyui/themes/default/validatebox.css HTTP/1.1" 404 1104
117.185.32.26 - - [15/Mar/2020:10:32:42 +0800] "GET /xingrg/kc/buy/cgsh_order_operate.html?command=get_materiel&rest_code=00106&code=00101008126&supplier_code=00100007&order_time=2020-03-15 HTTP/1.1" 200 412
114.93.75.19 - - [15/Mar/2020:10:32:45 +0800] "GET /xingrg/all/function/internal_message.html?_=1584239565752&CODE_STATE=getMsg HTTP/1.1" 200 27
114.93.75.19 - - [15/Mar/2020:10:32:51 +0800] "GET /xingrg/all/function/internal_message.html?_=1584239571199&CODE_STATE=getMsg HTTP/1.1" 200 27
222.69.139.192 - - [15/Mar/2020:10:32:55 +0800] "GET /xingrg/kc/buy/cgsh_order_operate.html?command=get_materiel&rest_code=00149&code=00102026001&supplier_code=00100347&order_time=2020-03-15 HTTP/1.1" 200 410
180.162.232.172 - - [15/Mar/2020:10:32:57 +0800] "GET /xingrg/kc/buy/cgsh_order_operate.html?command=get_materiel&rest_code=00150&code=00101004067&supplier_code=00100312&order_time=2020-03-15 HTTP/1.1" 200 415
114.93.75.19 - - [15/Mar/2020:10:33:01 +0800] "GET /xingrg/all/function/internal_message.html?_=1584239582037&CODE_STATE=getMsg HTTP/1.1" 200 27
58.40.7.146 - - [15/Mar/2020:10:33:05 +0800] "GET /xingrg/check_reg.html?_=1584239585660 HTTP/1.1" 302 -
180.162.232.172 - - [15/Mar/2020:10:33:10 +0800] "POST /xingrg/kc/buy/cgsh_order_operate.html HTTP/1.1" 200 37
172.17.0.4 - - [15/Mar/2020:10:33:11 +0800] "GET /xingrg/all/function/internal_message.html?_=1584239591758&CODE_STATE=getMsg HTTP/1.1" 302 -
180.162.232.172 - - [15/Mar/2020:10:33:12 +0800] "POST /xingrg/kc/buy/cgsh_order_operate.html HTTP/1.1" 200 12
117.185.32.26 - - [15/Mar/2020:10:33:12 +0800] "GET /xingrg/kc/buy/cgsh_order_operate.html?command=get_materiel&rest_code=00106&code=00101008296&supplier_code=00100007&order_time=2020-03-15 HTTP/1.1" 200 416
180.162.232.172 - - [15/Mar/2020:10:33:13 +0800] "GET /xingrg/kc/buy/cgsh_order_info.html?code=212020031501069 HTTP/1.1" 200 53153
180.162.232.172 - - [15/Mar/2020:10:33:14 +0800] "GET /xingrg/javascript/easyui/themes/default/validatebox.css HTTP/1.1" 404 1104
180.162.232.172 - - [15/Mar/2020:10:33:14 +0800] "POST /xingrg/kc/buy/cgsh_order_operate.html HTTP/1.1" 200 612
180.162.232.172 - - [15/Mar/2020:10:33:15 +0800] "GET /xingrg/kc/print/load_data.html?order_code=212020031501069&kc_code=cgsh&condition= HTTP/1.1" 200 741
180.162.232.172 - - [15/Mar/2020:10:33:16 +0800] "GET /xingrg/all/function/internal_message.html?_=1584239719657&CODE_STATE=getMsg HTTP/1.1" 200 27
124.77.241.94 - - [15/Mar/2020:10:33:19 +0800] "GET /xingrg/check_reg.html?_=1584239625524 HTTP/1.1" 302 -
124.77.241.94 - - [15/Mar/2020:10:33:19 +0800] "GET /xingrg/all/function/internal_message.html?_=1584239625955&CODE_STATE=getMsg HTTP/1.1" 302 -
114.88.170.138 - - [15/Mar/2020:10:33:21 +0800] "GET /xingrg/check_reg.html?_=1584239599490 HTTP/1.1" 302 -
117.185.32.26 - - [15/Mar/2020:10:33:23 +0800] "GET /xingrg/kc/buy/cgsh_order_operate.html?command=get_materiel&rest_code=00106&code=00101008185&supplier_code=00100007&order_time=2020-03-15 HTTP/1.1" 200 408
222.69.139.192 - - [15/Mar/2020:10:33:25 +0800] "GET /xingrg/all/function/internal_message.html?_=1584239605184&CODE_STATE=getMsg HTTP/1.1" 200 27
180.157.252.250 - - [15/Mar/2020:10:33:27 +0800] "GET /xingrg/all/function/internal_message.html?_=1584239602398&CODE_STATE=getMsg HTTP/1.1" 200 27
180.162.232.172 - - [15/Mar/2020:10:33:28 +0800] "GET /xingrg/kc/buy/cgsh_order_add.html HTTP/1.1" 200 58241
114.93.75.19 - - [15/Mar/2020:10:33:28 +0800] "GET /xingrg/all/function/internal_message.html?_=1584239931803&CODE_STATE=getMsg HTTP/1.1" 200 27
180.162.232.172 - - [15/Mar/2020:10:33:28 +0800] "GET /favicon.ico HTTP/1.1" 404 -
180.162.232.172 - - [15/Mar/2020:10:33:28 +0800] "POST /xingrg/kc/buy/cgsh_order_operate.html HTTP/1.1" 200 8245
180.162.232.172 - - [15/Mar/2020:10:33:28 +0800] "GET /xingrg/javascript/easyui/themes/default/validatebox.css HTTP/1.1" 404 1104
101.81.125.204 - - [15/Mar/2020:10:33:29 +0800] "GET /xingrg/all/function/internal_message.html?_=1584238905470&CODE_STATE=getMsg HTTP/1.1" 200 27
222.69.139.192 - - [15/Mar/2020:10:33:32 +0800] "GET /xingrg/kc/buy/cgsh_order_operate.html?command=get_materiel&rest_code=00149&code=00101012073&supplier_code=00100347&order_time=2020-03-15 HTTP/1.1" 200 416
114.93.75.19 - - [15/Mar/2020:10:33:33 +0800] "GET /xingrg/all/function/internal_message.html?_=1584239614142&CODE_STATE=getMsg HTTP/1.1" 200 27
172.17.0.4 - - [15/Mar/2020:10:33:34 +0800] "GET /xingrg/check_reg.html?_=1584239615225 HTTP/1.1" 302 -
114.88.170.138 - - [15/Mar/2020:10:33:34 +0800] "GET /xingrg/all/function/internal_message.html?_=1584239903812&CODE_STATE=getMsg HTTP/1.1" 200 27
114.88.170.138 - - [15/Mar/2020:10:33:34 +0800] "GET /xingrg/check_reg.html?_=1584239903815 HTTP/1.1" 200 22
180.162.232.172 - - [15/Mar/2020:10:33:38 +0800] "GET /xingrg/kc/buy/cgsh_order_operate.html?command=get_materiel&rest_code=00150&code=00101001125&supplier_code=00100090&order_time=2020-03-15 HTTP/1.1" 200 413
114.88.170.138 - - [15/Mar/2020:10:33:38 +0800] "GET /xingrg/all/function/internal_message.html?_=1584239616174&CODE_STATE=getMsg HTTP/1.1" 302 -
117.185.32.26 - - [15/Mar/2020:10:33:39 +0800] "GET /xingrg/all/function/internal_message.html?_=1584240018149&CODE_STATE=getMsg HTTP/1.1" 200 27
114.93.75.19 - - [15/Mar/2020:10:33:45 +0800] "GET /xingrg/all/function/internal_message.html?_=1584239625753&CODE_STATE=getMsg HTTP/1.1" 200 27
114.93.75.19 - - [15/Mar/2020:10:33:51 +0800] "GET /xingrg/all/function/internal_message.html?_=1584239631200&CODE_STATE=getMsg HTTP/1.1" 200 27
180.162.232.172 - - [15/Mar/2020:10:33:56 +0800] "GET /xingrg/kc/buy/cgsh_order_operate.html?command=get_materiel&rest_code=00150&code=00101001140&supplier_code=00100090&order_time=2020-03-15 HTTP/1.1" 200 415
114.93.75.19 - - [15/Mar/2020:10:34:01 +0800] "GET /xingrg/all/function/internal_message.html?_=1584239642006&CODE_STATE=getMsg HTTP/1.1" 200 27
222.69.139.192 - - [15/Mar/2020:10:34:05 +0800] "POST /xingrg/kc/buy/cgsh_order_operate.html HTTP/1.1" 200 37
222.69.139.192 - - [15/Mar/2020:10:34:06 +0800] "POST /xingrg/kc/buy/cgsh_order_operate.html HTTP/1.1" 200 12
222.69.139.192 - - [15/Mar/2020:10:34:07 +0800] "GET /xingrg/kc/buy/cgsh_order_info.html?code=212020031501070 HTTP/1.1" 200 52545
222.69.139.192 - - [15/Mar/2020:10:34:07 +0800] "GET /xingrg/javascript/easyui/themes/default/validatebox.css HTTP/1.1" 404 1104
222.69.139.192 - - [15/Mar/2020:10:34:07 +0800] "POST /xingrg/kc/buy/cgsh_order_operate.html HTTP/1.1" 200 1809
172.17.0.4 - - [15/Mar/2020:10:34:11 +0800] "GET /xingrg/all/function/internal_message.html?_=1584239651741&CODE_STATE=getMsg HTTP/1.1" 302 -
222.69.139.192 - - [15/Mar/2020:10:34:11 +0800] "GET /xingrg/kc/print/load_data.html?order_code=212020031501070&kc_code=cgsh&condition= HTTP/1.1" 200 1171
180.162.232.172 - - [15/Mar/2020:10:34:18 +0800] "POST /xingrg/kc/buy/cgsh_order_operate.html HTTP/1.1" 200 37
180.162.232.172 - - [15/Mar/2020:10:34:19 +0800] "POST /xingrg/kc/buy/cgsh_order_operate.html HTTP/1.1" 200 12
124.77.241.94 - - [15/Mar/2020:10:34:20 +0800] "GET /xingrg/all/function/internal_message.html?_=1584239685976&CODE_STATE=getMsg HTTP/1.1" 302 -
180.162.232.172 - - [15/Mar/2020:10:34:20 +0800] "GET /xingrg/kc/buy/cgsh_order_info.html?code=212020031501071 HTTP/1.1" 200 53153
180.162.232.172 - - [15/Mar/2020:10:34:20 +0800] "GET /xingrg/javascript/easyui/themes/default/validatebox.css HTTP/1.1" 404 1104
180.162.232.172 - - [15/Mar/2020:10:34:21 +0800] "POST /xingrg/kc/buy/cgsh_order_operate.html HTTP/1.1" 200 1209
180.162.232.172 - - [15/Mar/2020:10:34:21 +0800] "GET /xingrg/check_reg.html?_=1584239784669 HTTP/1.1" 200 22
180.162.232.172 - - [15/Mar/2020:10:34:21 +0800] "GET /xingrg/all/function/internal_message.html?_=1584239784672&CODE_STATE=getMsg HTTP/1.1" 200 27
180.162.232.172 - - [15/Mar/2020:10:34:23 +0800] "GET /xingrg/kc/print/load_data.html?order_code=212020031501071&kc_code=cgsh&condition= HTTP/1.1" 200 1029
222.69.139.192 - - [15/Mar/2020:10:34:25 +0800] "GET /xingrg/all/function/internal_message.html?_=1584239665171&CODE_STATE=getMsg HTTP/1.1" 200 27
180.157.252.250 - - [15/Mar/2020:10:34:27 +0800] "GET /xingrg/check_reg.html?_=1584239662404 HTTP/1.1" 200 22
180.157.252.250 - - [15/Mar/2020:10:34:27 +0800] "GET /xingrg/all/function/internal_message.html?_=1584239662423&CODE_STATE=getMsg HTTP/1.1" 200 27
101.81.125.204 - - [15/Mar/2020:10:34:28 +0800] "GET /xingrg/check_reg.html?_=1584238963829 HTTP/1.1" 200 22
114.93.75.19 - - [15/Mar/2020:10:34:28 +0800] "GET /xingrg/all/function/internal_message.html?_=1584239991802&CODE_STATE=getMsg HTTP/1.1" 200 27
180.162.232.172 - - [15/Mar/2020:10:34:29 +0800] "GET /xingrg/kc/buy/cgsh_order_add.html HTTP/1.1" 200 58241
101.81.125.204 - - [15/Mar/2020:10:34:29 +0800] "GET /xingrg/all/function/internal_message.html?_=1584238965480&CODE_STATE=getMsg HTTP/1.1" 200 27
180.162.232.172 - - [15/Mar/2020:10:34:29 +0800] "POST /xingrg/kc/buy/cgsh_order_operate.html HTTP/1.1" 200 8245
180.162.232.172 - - [15/Mar/2020:10:34:30 +0800] "GET /xingrg/javascript/easyui/themes/default/validatebox.css HTTP/1.1" 404 1104
114.93.75.19 - - [15/Mar/2020:10:34:33 +0800] "GET /xingrg/all/function/internal_message.html?_=1584239674146&CODE_STATE=getMsg HTTP/1.1" 200 27
114.88.170.138 - - [15/Mar/2020:10:34:34 +0800] "GET /xingrg/all/function/internal_message.html?_=1584239963815&CODE_STATE=getMsg HTTP/1.1" 200 27
117.185.32.26 - - [15/Mar/2020:10:34:35 +0800] "GET /xingrg/kc/buy/cgsh_order_operate.html?command=get_materiel&rest_code=00106&code=00101008285&supplier_code=00100007&order_time=2020-03-15 HTTP/1.1" 200 412
114.88.170.138 - - [15/Mar/2020:10:34:38 +0800] "GET /xingrg/all/function/internal_message.html?_=1584239676185&CODE_STATE=getMsg HTTP/1.1" 302 -
180.162.232.172 - - [15/Mar/2020:10:34:38 +0800] "GET /xingrg/kc/buy/cgsh_order_operate.html?command=get_materiel&rest_code=00150&code=00101003003&supplier_code=00100094&order_time=2020-03-15 HTTP/1.1" 200 414
117.185.32.26 - - [15/Mar/2020:10:34:39 +0800] "GET /xingrg/all/function/internal_message.html?_=1584240078156&CODE_STATE=getMsg HTTP/1.1" 200 27
222.69.139.192 - - [15/Mar/2020:10:34:44 +0800] "GET /xingrg/kc/buy/cgsh_order_add.html HTTP/1.1" 200 57648
222.69.139.192 - - [15/Mar/2020:10:34:44 +0800] "POST /xingrg/kc/buy/cgsh_order_operate.html HTTP/1.1" 200 8245
222.69.139.192 - - [15/Mar/2020:10:34:44 +0800] "GET /xingrg/javascript/easyui/themes/default/validatebox.css HTTP/1.1" 404 1104
114.93.75.19 - - [15/Mar/2020:10:34:45 +0800] "GET /xingrg/all/function/internal_message.html?_=1584239685741&CODE_STATE=getMsg HTTP/1.1" 200 27
114.93.75.19 - - [15/Mar/2020:10:34:51 +0800] "GET /xingrg/all/function/internal_message.html?_=1584239691203&CODE_STATE=getMsg HTTP/1.1" 200 27
116.232.50.37 - - [15/Mar/2020:10:34:52 +0800] "GET /xingrg/login.html HTTP/1.1" 200 7639
116.232.50.37 - - [15/Mar/2020:10:34:53 +0800] "GET /favicon.ico HTTP/1.1" 404 -
180.162.232.172 - - [15/Mar/2020:10:34:54 +0800] "POST /xingrg/kc/buy/cgsh_order_operate.html HTTP/1.1" 200 37
180.162.232.172 - - [15/Mar/2020:10:34:56 +0800] "POST /xingrg/kc/buy/cgsh_order_operate.html HTTP/1.1" 200 12
116.232.50.37 - - [15/Mar/2020:10:34:57 +0800] "POST /xingrg/login.do HTTP/1.1" 302 -
116.232.50.37 - - [15/Mar/2020:10:34:57 +0800] "POST /xingrg/login.do HTTP/1.1" 302 -
116.232.50.37 - - [15/Mar/2020:10:34:57 +0800] "GET /xingrg/index.html?sysBaseUrl=http%3A%2F%2F117.131.15.22%3A18081%2Fxingrg%2F&costTime=48×tamp=1584239697844 HTTP/1.1" 200 17151
116.232.50.37 - - [15/Mar/2020:10:34:58 +0800] "POST /xingrg/all/common/load_tree.html?tree=area_rest_tree_json&manage=1 HTTP/1.1" 200 342
116.232.50.37 - - [15/Mar/2020:10:34:58 +0800] "POST /xingrg/load_menu.html HTTP/1.1" 200 5124
116.232.50.37 - - [15/Mar/2020:10:34:58 +0800] "GET /xingrg/check_reg.html?_=1584239720162 HTTP/1.1" 200 22
116.232.50.37 - - [15/Mar/2020:10:34:58 +0800] "GET /xingrg/all/function/internal_message.html?_=1584239720160&CODE_STATE=count HTTP/1.1" 200 11
116.232.50.37 - - [15/Mar/2020:10:34:58 +0800] "GET /xingrg/index.html?sysBaseUrl=http%3A%2F%2F117.131.15.22%3A18081%2Fxingrg%2F&costTime=49×tamp=1584239697720 HTTP/1.1" 200 16412
117.185.32.26 - - [15/Mar/2020:10:34:59 +0800] "GET /xingrg/kc/buy/cgsh_order_operate.html?command=get_materiel&rest_code=00106&code=00101008264&supplier_code=00100007&order_time=2020-03-15 HTTP/1.1" 200 412
116.232.50.37 - - [15/Mar/2020:10:34:59 +0800] "GET /xingrg/kc/buy/buy_main.html HTTP/1.1" 200 12398
116.232.50.37 - - [15/Mar/2020:10:34:59 +0800] "GET /xingrg/css/new_ie.css HTTP/1.1" 404 1036
180.162.232.172 - - [15/Mar/2020:10:35:00 +0800] "GET /xingrg/kc/buy/cgsh_order_info.html?code=212020031501072 HTTP/1.1" 200 53149
180.162.232.172 - - [15/Mar/2020:10:35:01 +0800] "GET /xingrg/javascript/easyui/themes/default/validatebox.css HTTP/1.1" 404 1104
116.232.50.37 - - [15/Mar/2020:10:35:01 +0800] "GET /xingrg/kc/buy/buy_main.html HTTP/1.1" 200 12398
180.162.232.172 - - [15/Mar/2020:10:35:01 +0800] "POST /xingrg/kc/buy/cgsh_order_operate.html HTTP/1.1" 200 614
116.232.50.37 - - [15/Mar/2020:10:35:01 +0800] "GET /xingrg/css/new_ie.css HTTP/1.1" 404 1036
116.232.50.37 - - [15/Mar/2020:10:35:01 +0800] "GET /xingrg/images/blue/button/down_ah.jpg HTTP/1.1" 200 1732
116.232.50.37 - - [15/Mar/2020:10:35:01 +0800] "GET /xingrg/images/blue/bg_dotted.jpg HTTP/1.1" 200 319
114.93.75.19 - - [15/Mar/2020:10:35:01 +0800] "GET /xingrg/all/function/internal_message.html?_=1584239701992&CODE_STATE=getMsg HTTP/1.1" 200 27
116.232.50.37 - - [15/Mar/2020:10:35:02 +0800] "GET /xingrg/kc/buy/cgsh_order_list.html HTTP/1.1" 200 42034
116.232.50.37 - - [15/Mar/2020:10:35:02 +0800] "POST /xingrg/kc/buy/cgsh_list_operate.html HTTP/1.1" 200 2393
180.162.232.172 - - [15/Mar/2020:10:35:03 +0800] "GET /xingrg/kc/print/load_data.html?order_code=212020031501072&kc_code=cgsh&condition= HTTP/1.1" 200 816
180.162.232.172 - - [15/Mar/2020:10:35:09 +0800] "GET /xingrg/kc/buy/cgsh_order_add.html HTTP/1.1" 200 58241
180.162.232.172 - - [15/Mar/2020:10:35:09 +0800] "POST /xingrg/kc/buy/cgsh_order_operate.html HTTP/1.1" 200 8245
180.162.232.172 - - [15/Mar/2020:10:35:09 +0800] "GET /xingrg/javascript/easyui/themes/default/validatebox.css HTTP/1.1" 404 1104
172.17.0.4 - - [15/Mar/2020:10:35:10 +0800] "GET /xingrg/all/function/internal_message.html?_=1584239711716&CODE_STATE=getMsg HTTP/1.1" 302 -
116.232.50.37 - - [15/Mar/2020:10:35:11 +0800] "GET /xingrg/kc/buy/cgsh_order_add.html HTTP/1.1" 200 57636
116.232.50.37 - - [15/Mar/2020:10:35:11 +0800] "GET /xingrg/words/20200313114423_words.js HTTP/1.1" 304 -
116.232.50.37 - - [15/Mar/2020:10:35:12 +0800] "POST /xingrg/kc/buy/cgsh_order_operate.html HTTP/1.1" 200 8245
116.232.50.37 - - [15/Mar/2020:10:35:12 +0800] "GET /xingrg/all/common/auto_word.html?type=employee&rest_code=00109 HTTP/1.1" 200 255
116.232.50.37 - - [15/Mar/2020:10:35:12 +0800] "GET /xingrg/javascript/easyui/themes/default/validatebox.css HTTP/1.1" 404 1104
116.232.50.37 - - [15/Mar/2020:10:35:12 +0800] "GET /xingrg/all/common/auto_word.html?type=employee&rest_code=00109 HTTP/1.1" 200 255
117.185.32.26 - - [15/Mar/2020:10:35:16 +0800] "GET /xingrg/kc/buy/cgsh_order_operate.html?command=get_materiel&rest_code=00106&code=00101008024&supplier_code=00100007&order_time=2020-03-15 HTTP/1.1" 200 408
180.162.232.172 - - [15/Mar/2020:10:35:19 +0800] "GET /xingrg/kc/buy/cgsh_order_operate.html?command=get_materiel&rest_code=00150&code=00101004065&supplier_code=00100086&order_time=2020-03-15 HTTP/1.1" 200 413
124.77.241.94 - - [15/Mar/2020:10:35:20 +0800] "GET /xingrg/all/function/internal_message.html?_=1584239745982&CODE_STATE=getMsg HTTP/1.1" 302 -
180.162.232.172 - - [15/Mar/2020:10:35:21 +0800] "GET /xingrg/all/function/internal_message.html?_=1584239844683&CODE_STATE=getMsg HTTP/1.1" 200 27
222.69.139.192 - - [15/Mar/2020:10:35:25 +0800] "GET /xingrg/all/function/internal_message.html?_=1584239725153&CODE_STATE=getMsg HTTP/1.1" 200 27
180.157.252.250 - - [15/Mar/2020:10:35:27 +0800] "GET /xingrg/all/function/internal_message.html?_=1584239722410&CODE_STATE=getMsg HTTP/1.1" 200 27
114.93.75.19 - - [15/Mar/2020:10:35:28 +0800] "GET /xingrg/all/function/internal_message.html?_=1584240051800&CODE_STATE=getMsg HTTP/1.1" 200 27
117.185.32.26 - - [15/Mar/2020:10:35:28 +0800] "GET /xingrg/kc/buy/cgsh_order_operate.html?command=get_materiel&rest_code=00106&code=00101008077&supplier_code=00100007&order_time=2020-03-15 HTTP/1.1" 200 416
101.81.125.204 - - [15/Mar/2020:10:35:29 +0800] "GET /xingrg/all/function/internal_message.html?_=1584239025505&CODE_STATE=getMsg HTTP/1.1" 200 27
180.162.232.172 - - [15/Mar/2020:10:35:31 +0800] "POST /xingrg/kc/buy/cgsh_order_operate.html HTTP/1.1" 200 37
180.162.232.172 - - [15/Mar/2020:10:35:33 +0800] "POST /xingrg/kc/buy/cgsh_order_operate.html HTTP/1.1" 200 12
114.93.75.19 - - [15/Mar/2020:10:35:33 +0800] "GET /xingrg/all/function/internal_message.html?_=1584239734134&CODE_STATE=getMsg HTTP/1.1" 200 27
180.162.232.172 - - [15/Mar/2020:10:35:34 +0800] "GET /xingrg/kc/buy/cgsh_order_info.html?code=212020031501073 HTTP/1.1" 200 53153
180.162.232.172 - - [15/Mar/2020:10:35:34 +0800] "GET /xingrg/javascript/easyui/themes/default/validatebox.css HTTP/1.1" 404 1104
114.88.170.138 - - [15/Mar/2020:10:35:34 +0800] "GET /xingrg/all/function/internal_message.html?_=1584240023814&CODE_STATE=getMsg HTTP/1.1" 200 27
180.162.232.172 - - [15/Mar/2020:10:35:34 +0800] "POST /xingrg/kc/buy/cgsh_order_operate.html HTTP/1.1" 200 610
116.232.50.37 - - [15/Mar/2020:10:35:36 +0800] "GET /xingrg/javascript/jquery_tools/images/prev.gif HTTP/1.1" 404 1086
116.232.50.37 - - [15/Mar/2020:10:35:36 +0800] "GET /xingrg/javascript/jquery_tools/images/next.gif HTTP/1.1" 404 1086
180.162.232.172 - - [15/Mar/2020:10:35:37 +0800] "GET /xingrg/kc/print/load_data.html?order_code=212020031501073&kc_code=cgsh&condition= HTTP/1.1" 200 798
114.88.170.138 - - [15/Mar/2020:10:35:38 +0800] "GET /xingrg/all/function/internal_message.html?_=1584239736222&CODE_STATE=getMsg HTTP/1.1" 302 -
117.185.32.26 - - [15/Mar/2020:10:35:39 +0800] "GET /xingrg/all/function/internal_message.html?_=1584240138150&CODE_STATE=getMsg HTTP/1.1" 200 27
116.232.50.37 - - [15/Mar/2020:10:35:41 +0800] "GET /xingrg/kc/buy/cgsh_order_operate.html?command=get_materiel&rest_code=00109&code=00102014026&supplier_code=00100151&order_time=2020-03-15 HTTP/1.1" 200 409
117.185.32.26 - - [15/Mar/2020:10:35:42 +0800] "GET /xingrg/kc/buy/cgsh_order_operate.html?command=get_materiel&rest_code=00106&code=00101008286&supplier_code=00100007&order_time=2020-03-15 HTTP/1.1" 200 408
222.69.139.192 - - [15/Mar/2020:10:35:42 +0800] "GET /xingrg/kc/buy/cgsh_order_operate.html?command=get_materiel&rest_code=00149&code=00101007085&supplier_code=00100205&order_time=2020-03-15 HTTP/1.1" 200 413
180.162.232.172 - - [15/Mar/2020:10:35:42 +0800] "GET /xingrg/kc/buy/cgsh_order_add.html HTTP/1.1" 200 58241
180.162.232.172 - - [15/Mar/2020:10:35:43 +0800] "POST /xingrg/kc/buy/cgsh_order_operate.html HTTP/1.1" 200 8245
180.162.232.172 - - [15/Mar/2020:10:35:43 +0800] "GET /xingrg/javascript/easyui/themes/default/validatebox.css HTTP/1.1" 404 1104
114.93.75.19 - - [15/Mar/2020:10:35:45 +0800] "GET /xingrg/all/function/internal_message.html?_=1584239745744&CODE_STATE=getMsg HTTP/1.1" 200 27
114.93.75.19 - - [15/Mar/2020:10:35:45 +0800] "GET /xingrg/check_reg.html?_=1584239745746 HTTP/1.1" 200 22
114.93.75.19 - - [15/Mar/2020:10:35:51 +0800] "GET /xingrg/check_reg.html?_=1584239751205 HTTP/1.1" 200 22
114.93.75.19 - - [15/Mar/2020:10:35:51 +0800] "GET /xingrg/all/function/internal_message.html?_=1584239751207&CODE_STATE=getMsg HTTP/1.1" 200 27
222.69.139.192 - - [15/Mar/2020:10:35:51 +0800] "GET /xingrg/kc/buy/cgsh_order_operate.html?command=get_materiel&rest_code=00149&code=00101007139&supplier_code=00100205&order_time=2020-03-15 HTTP/1.1" 200 412
116.232.50.37 - - [15/Mar/2020:10:35:53 +0800] "POST /xingrg/kc/buy/cgsh_order_operate.html HTTP/1.1" 200 37
116.232.50.37 - - [15/Mar/2020:10:35:54 +0800] "POST /xingrg/kc/buy/cgsh_order_operate.html HTTP/1.1" 200 2654
116.232.50.37 - - [15/Mar/2020:10:35:55 +0800] "GET /xingrg/kc/print/load_config.html?kc_code=cgsh HTTP/1.1" 200 1841
116.232.50.37 - - [15/Mar/2020:10:35:55 +0800] "GET /xingrg/kc/print/load_data.html?order_code=212020031501074&kc_code=cgsh&condition= HTTP/1.1" 200 652
117.185.32.26 - - [15/Mar/2020:10:35:58 +0800] "GET /xingrg/kc/buy/cgsh_order_operate.html?command=get_materiel&rest_code=00106&code=00101008131&supplier_code=00100007&order_time=2020-03-15 HTTP/1.1" 200 408
180.162.232.172 - - [15/Mar/2020:10:35:59 +0800] "GET /xingrg/kc/buy/cgsh_order_operate.html?command=get_materiel&rest_code=00150&code=00101002038&supplier_code=00100087&order_time=2020-03-15 HTTP/1.1" 200 414
222.69.139.192 - - [15/Mar/2020:10:36:00 +0800] "POST /xingrg/kc/buy/cgsh_order_operate.html HTTP/1.1" 200 37
114.93.75.19 - - [15/Mar/2020:10:36:00 +0800] "GET /xingrg/check_reg.html?_=1584239761369 HTTP/1.1" 200 22
114.93.75.19 - - [15/Mar/2020:10:36:01 +0800] "GET /xingrg/all/function/internal_message.html?_=1584239761964&CODE_STATE=getMsg HTTP/1.1" 200 27
116.232.50.37 - - [15/Mar/2020:10:36:02 +0800] "GET /xingrg/all/function/internal_message.html?_=1584239786645&CODE_STATE=getMsg HTTP/1.1" 200 27
222.69.139.192 - - [15/Mar/2020:10:36:03 +0800] "POST /xingrg/kc/buy/cgsh_order_operate.html HTTP/1.1" 200 12
222.69.139.192 - - [15/Mar/2020:10:36:05 +0800] "GET /xingrg/kc/buy/cgsh_order_info.html?code=212020031501075 HTTP/1.1" 200 52551
222.69.139.192 - - [15/Mar/2020:10:36:05 +0800] "GET /xingrg/javascript/easyui/themes/default/validatebox.css HTTP/1.1" 404 1104
222.69.139.192 - - [15/Mar/2020:10:36:06 +0800] "POST /xingrg/kc/buy/cgsh_order_operate.html HTTP/1.1" 200 1211
117.185.32.26 - - [15/Mar/2020:10:36:06 +0800] "GET /xingrg/kc/buy/cgsh_order_operate.html?command=get_materiel&rest_code=00106&code=00101008005&supplier_code=00100007&order_time=2020-03-15 HTTP/1.1" 200 412
172.17.0.4 - - [15/Mar/2020:10:36:10 +0800] "GET /xingrg/all/function/internal_message.html?_=1584239771688&CODE_STATE=getMsg HTTP/1.1" 302 -
222.69.139.192 - - [15/Mar/2020:10:36:15 +0800] "GET /xingrg/kc/print/load_data.html?order_code=212020031501075&kc_code=cgsh&condition= HTTP/1.1" 200 936
124.77.241.94 - - [15/Mar/2020:10:36:20 +0800] "GET /xingrg/all/function/internal_message.html?_=1584239806002&CODE_STATE=getMsg HTTP/1.1" 302 -
180.162.232.172 - - [15/Mar/2020:10:36:21 +0800] "GET /xingrg/all/function/internal_message.html?_=1584239904736&CODE_STATE=getMsg HTTP/1.1" 200 27
180.162.232.172 - - [15/Mar/2020:10:36:25 +0800] "POST /xingrg/kc/buy/cgsh_order_operate.html HTTP/1.1" 200 37
222.69.139.192 - - [15/Mar/2020:10:36:25 +0800] "GET /xingrg/all/function/internal_message.html?_=1584239785136&CODE_STATE=getMsg HTTP/1.1" 200 27
180.162.232.172 - - [15/Mar/2020:10:36:26 +0800] "POST /xingrg/kc/buy/cgsh_order_operate.html HTTP/1.1" 200 12
117.185.32.26 - - [15/Mar/2020:10:36:27 +0800] "GET /xingrg/kc/buy/cgsh_order_operate.html?command=get_materiel&rest_code=00106&code=00101008353&supplier_code=00100007&order_time=2020-03-15 HTTP/1.1" 200 408
180.157.252.250 - - [15/Mar/2020:10:36:27 +0800] "GET /xingrg/all/function/internal_message.html?_=1584239782402&CODE_STATE=getMsg HTTP/1.1" 200 27
180.162.232.172 - - [15/Mar/2020:10:36:27 +0800] "GET /xingrg/kc/buy/cgsh_order_info.html?code=212020031501076 HTTP/1.1" 200 53149
180.162.232.172 - - [15/Mar/2020:10:36:27 +0800] "GET /xingrg/javascript/easyui/themes/default/validatebox.css HTTP/1.1" 404 1104
180.162.232.172 - - [15/Mar/2020:10:36:28 +0800] "POST /xingrg/kc/buy/cgsh_order_operate.html HTTP/1.1" 200 611
114.93.75.19 - - [15/Mar/2020:10:36:28 +0800] "GET /xingrg/all/function/internal_message.html?_=1584240111800&CODE_STATE=getMsg HTTP/1.1" 200 27
180.162.232.172 - - [15/Mar/2020:10:36:29 +0800] "GET /xingrg/kc/print/load_data.html?order_code=212020031501076&kc_code=cgsh&condition= HTTP/1.1" 200 784
101.81.125.204 - - [15/Mar/2020:10:36:29 +0800] "GET /xingrg/all/function/internal_message.html?_=1584239085507&CODE_STATE=getMsg HTTP/1.1" 200 27
114.93.75.19 - - [15/Mar/2020:10:36:33 +0800] "GET /xingrg/all/function/internal_message.html?_=1584239794136&CODE_STATE=getMsg HTTP/1.1" 200 27
114.93.75.19 - - [15/Mar/2020:10:36:33 +0800] "GET /xingrg/check_reg.html?_=1584239794138 HTTP/1.1" 200 22
114.88.170.138 - - [15/Mar/2020:10:36:34 +0800] "GET /xingrg/all/function/internal_message.html?_=1584240083815&CODE_STATE=getMsg HTTP/1.1" 200 27
114.88.170.138 - - [15/Mar/2020:10:36:38 +0800] "GET /xingrg/all/function/internal_message.html?_=1584239796226&CODE_STATE=getMsg HTTP/1.1" 302 -
117.185.32.26 - - [15/Mar/2020:10:36:39 +0800] "GET /xingrg/check_reg.html?_=1584240198157 HTTP/1.1" 200 22
117.185.32.26 - - [15/Mar/2020:10:36:39 +0800] "GET /xingrg/all/function/internal_message.html?_=1584240198160&CODE_STATE=getMsg HTTP/1.1" 200 27
116.232.50.37 - - [15/Mar/2020:10:36:44 +0800] "GET /xingrg/kc/buy/buy_main.html HTTP/1.1" 200 12398
116.232.50.37 - - [15/Mar/2020:10:36:44 +0800] "GET /xingrg/css/new_ie.css HTTP/1.1" 404 1036
117.185.32.26 - - [15/Mar/2020:10:36:44 +0800] "GET /xingrg/kc/buy/cgsh_order_operate.html?command=get_materiel&rest_code=00106&code=00101008213&supplier_code=00100007&order_time=2020-03-15 HTTP/1.1" 200 412
114.93.75.19 - - [15/Mar/2020:10:36:45 +0800] "GET /xingrg/all/function/internal_message.html?_=1584239805749&CODE_STATE=getMsg HTTP/1.1" 200 27
116.232.50.37 - - [15/Mar/2020:10:36:45 +0800] "GET /xingrg/kc/buy/cgsh_order_list.html HTTP/1.1" 200 42034
116.232.50.37 - - [15/Mar/2020:10:36:46 +0800] "POST /xingrg/kc/buy/cgsh_list_operate.html HTTP/1.1" 200 2739
114.93.75.19 - - [15/Mar/2020:10:36:51 +0800] "GET /xingrg/all/function/internal_message.html?_=1584239811207&CODE_STATE=getMsg HTTP/1.1" 200 27
116.232.50.37 - - [15/Mar/2020:10:36:57 +0800] "GET /xingrg/all/function/internal_message.html?_=1584239841750&CODE_STATE=getMsg HTTP/1.1" 200 27
117.185.32.26 - - [15/Mar/2020:10:36:59 +0800] "GET /xingrg/kc/buy/cgsh_order_operate.html?command=get_materiel&rest_code=00106&code=00101008042&supplier_code=00100007&order_time=2020-03-15 HTTP/1.1" 200 416
114.93.75.19 - - [15/Mar/2020:10:37:01 +0800] "GET /xingrg/all/function/internal_message.html?_=1584239821951&CODE_STATE=getMsg HTTP/1.1" 200 27
172.17.0.4 - - [15/Mar/2020:10:37:10 +0800] "GET /xingrg/all/function/internal_message.html?_=1584239831660&CODE_STATE=getMsg HTTP/1.1" 302 -
124.77.241.94 - - [15/Mar/2020:10:37:20 +0800] "GET /xingrg/all/function/internal_message.html?_=1584239866009&CODE_STATE=getMsg HTTP/1.1" 302 -
117.185.32.26 - - [15/Mar/2020:10:37:20 +0800] "GET /xingrg/kc/buy/cgsh_order_operate.html?command=get_materiel&rest_code=00106&code=00101008211&supplier_code=00100007&order_time=2020-03-15 HTTP/1.1" 200 412
180.162.232.172 - - [15/Mar/2020:10:37:21 +0800] "GET /xingrg/all/function/internal_message.html?_=1584239964741&CODE_STATE=getMsg HTTP/1.1" 200 27
222.69.139.192 - - [15/Mar/2020:10:37:23 +0800] "GET /xingrg/check_reg.html?_=1584239843524 HTTP/1.1" 200 22
222.69.139.192 - - [15/Mar/2020:10:37:25 +0800] "GET /xingrg/all/function/internal_message.html?_=1584239845110&CODE_STATE=getMsg HTTP/1.1" 200 27
180.157.252.250 - - [15/Mar/2020:10:37:27 +0800] "GET /xingrg/all/function/internal_message.html?_=1584239842394&CODE_STATE=getMsg HTTP/1.1" 200 27
114.93.75.19 - - [15/Mar/2020:10:37:28 +0800] "GET /xingrg/all/function/internal_message.html?_=1584240171800&CODE_STATE=getMsg HTTP/1.1" 200 27
114.93.75.19 - - [15/Mar/2020:10:37:28 +0800] "GET /xingrg/check_reg.html?_=1584240171802 HTTP/1.1" 200 22
101.81.125.204 - - [15/Mar/2020:10:37:30 +0800] "GET /xingrg/all/function/internal_message.html?_=1584239145840&CODE_STATE=getMsg HTTP/1.1" 200 27
114.93.75.19 - - [15/Mar/2020:10:37:33 +0800] "GET /xingrg/all/function/internal_message.html?_=1584239854140&CODE_STATE=getMsg HTTP/1.1" 200 27
114.88.170.138 - - [15/Mar/2020:10:37:34 +0800] "GET /xingrg/all/function/internal_message.html?_=1584240143816&CODE_STATE=getMsg HTTP/1.1" 200 27
114.88.170.138 - - [15/Mar/2020:10:37:38 +0800] "GET /xingrg/all/function/internal_message.html?_=1584239856266&CODE_STATE=getMsg HTTP/1.1" 302 -
117.185.32.26 - - [15/Mar/2020:10:37:39 +0800] "GET /xingrg/all/function/internal_message.html?_=1584240258182&CODE_STATE=getMsg HTTP/1.1" 200 27
117.185.32.26 - - [15/Mar/2020:10:37:39 +0800] "GET /xingrg/kc/buy/cgsh_order_operate.html?command=get_materiel&rest_code=00106&code=00101008087&supplier_code=00100007&order_time=2020-03-15 HTTP/1.1" 200 412
114.93.75.19 - - [15/Mar/2020:10:37:45 +0800] "GET /xingrg/all/function/internal_message.html?_=1584239865753&CODE_STATE=getMsg HTTP/1.1" 200 27
114.93.75.19 - - [15/Mar/2020:10:37:51 +0800] "GET /xingrg/all/function/internal_message.html?_=1584239871192&CODE_STATE=getMsg HTTP/1.1" 200 27
116.232.50.37 - - [15/Mar/2020:10:37:56 +0800] "GET /xingrg/all/function/internal_message.html?_=1584239901747&CODE_STATE=getMsg HTTP/1.1" 200 27
114.93.75.19 - - [15/Mar/2020:10:38:01 +0800] "GET /xingrg/all/function/internal_message.html?_=1584239881929&CODE_STATE=getMsg HTTP/1.1" 200 27
58.40.7.146 - - [15/Mar/2020:10:38:05 +0800] "GET /xingrg/check_reg.html?_=1584239885635 HTTP/1.1" 302 -
117.185.32.26 - - [15/Mar/2020:10:38:10 +0800] "GET /xingrg/kc/buy/cgsh_order_operate.html?command=get_materiel&rest_code=00106&code=00101013144&supplier_code=00100007&order_time=2020-03-15 HTTP/1.1" 200 413
172.17.0.4 - - [15/Mar/2020:10:38:10 +0800] "GET /xingrg/all/function/internal_message.html?_=1584239891634&CODE_STATE=getMsg HTTP/1.1" 302 -
124.77.241.94 - - [15/Mar/2020:10:38:19 +0800] "GET /xingrg/check_reg.html?_=1584239925539 HTTP/1.1" 302 -
124.77.241.94 - - [15/Mar/2020:10:38:20 +0800] "GET /xingrg/all/function/internal_message.html?_=1584239926023&CODE_STATE=getMsg HTTP/1.1" 302 -
180.162.232.172 - - [15/Mar/2020:10:38:21 +0800] "GET /xingrg/all/function/internal_message.html?_=1584240024805&CODE_STATE=getMsg HTTP/1.1" 200 27
114.88.170.138 - - [15/Mar/2020:10:38:21 +0800] "GET /xingrg/check_reg.html?_=1584239899489 HTTP/1.1" 302 -
222.69.139.192 - - [15/Mar/2020:10:38:25 +0800] "GET /xingrg/all/function/internal_message.html?_=1584239905087&CODE_STATE=getMsg HTTP/1.1" 200 27
180.157.252.250 - - [15/Mar/2020:10:38:27 +0800] "GET /xingrg/all/function/internal_message.html?_=1584239902399&CODE_STATE=getMsg HTTP/1.1" 200 27
114.93.75.19 - - [15/Mar/2020:10:38:28 +0800] "GET /xingrg/all/function/internal_message.html?_=1584240231801&CODE_STATE=getMsg HTTP/1.1" 200 27
101.81.125.204 - - [15/Mar/2020:10:38:30 +0800] "GET /xingrg/all/function/internal_message.html?_=1584239205843&CODE_STATE=getMsg HTTP/1.1" 200 27
114.93.75.19 - - [15/Mar/2020:10:38:33 +0800] "GET /xingrg/all/function/internal_message.html?_=1584239914144&CODE_STATE=getMsg HTTP/1.1" 200 27
172.17.0.4 - - [15/Mar/2020:10:38:34 +0800] "GET /xingrg/check_reg.html?_=1584239915223 HTTP/1.1" 302 -
114.88.170.138 - - [15/Mar/2020:10:38:34 +0800] "GET /xingrg/all/function/internal_message.html?_=1584240203819&CODE_STATE=getMsg HTTP/1.1" 200 27
114.88.170.138 - - [15/Mar/2020:10:38:34 +0800] "GET /xingrg/check_reg.html?_=1584240203815 HTTP/1.1" 200 22
114.88.170.138 - - [15/Mar/2020:10:38:38 +0800] "GET /xingrg/all/function/internal_message.html?_=1584239916286&CODE_STATE=getMsg HTTP/1.1" 302 -
117.185.32.26 - - [15/Mar/2020:10:38:39 +0800] "GET /xingrg/all/function/internal_message.html?_=1584240318187&CODE_STATE=getMsg HTTP/1.1" 200 27
222.69.139.192 - - [15/Mar/2020:10:38:39 +0800] "GET /xingrg/kc/base/wldb_order_list.html HTTP/1.1" 200 19250
222.69.139.192 - - [15/Mar/2020:10:38:39 +0800] "POST /xingrg/kc/base/wldb_list_operate.html HTTP/1.1" 200 1776
222.69.139.192 - - [15/Mar/2020:10:38:41 +0800] "GET /xingrg/kc/base/wldb_order_add.html HTTP/1.1" 200 30296
222.69.139.192 - - [15/Mar/2020:10:38:41 +0800] "POST /xingrg/kc/base/wldb_order_operate.html HTTP/1.1" 200 6806
222.69.139.192 - - [15/Mar/2020:10:38:41 +0800] "GET /xingrg/all/common/auto_word.html?type=base&rest_code=00149 HTTP/1.1" 200 1603
222.69.139.192 - - [15/Mar/2020:10:38:41 +0800] "GET /xingrg/all/common/auto_word.html?type=base&rest_code=00149 HTTP/1.1" 200 1603
222.69.139.192 - - [15/Mar/2020:10:38:41 +0800] "GET /xingrg/javascript/easyui/themes/default/validatebox.css HTTP/1.1" 404 1104
114.93.75.19 - - [15/Mar/2020:10:38:45 +0800] "GET /xingrg/all/function/internal_message.html?_=1584239925744&CODE_STATE=getMsg HTTP/1.1" 200 27
222.69.139.192 - - [15/Mar/2020:10:38:49 +0800] "GET /xingrg/kc/base/wldb_order_operate.html?command=get_materiel&rest_code=00149&base_code=0010437&code=00101010197 HTTP/1.1" 200 435
114.93.75.19 - - [15/Mar/2020:10:38:51 +0800] "GET /xingrg/all/function/internal_message.html?_=1584239931193&CODE_STATE=getMsg HTTP/1.1" 200 27
124.77.241.94 - - [15/Mar/2020:10:38:55 +0800] "POST /xingrg/services/DataTransmitService HTTP/1.1" 200 524
222.69.139.192 - - [15/Mar/2020:10:38:55 +0800] "POST /xingrg/kc/base/wldb_order_operate.html HTTP/1.1" 200 37
116.232.50.37 - - [15/Mar/2020:10:38:56 +0800] "GET /xingrg/all/function/internal_message.html?_=1584239961748&CODE_STATE=getMsg HTTP/1.1" 200 27
222.69.139.192 - - [15/Mar/2020:10:38:56 +0800] "POST /xingrg/kc/base/wldb_order_operate.html HTTP/1.1" 200 12
222.69.139.192 - - [15/Mar/2020:10:38:56 +0800] "POST /xingrg/kc/base/wldb_order_operate.html HTTP/1.1" 200 2185
222.69.139.192 - - [15/Mar/2020:10:38:57 +0800] "GET /xingrg/kc/base/wldb_order_info.html?code=422020031500355 HTTP/1.1" 200 26173
222.69.139.192 - - [15/Mar/2020:10:38:58 +0800] "GET /xingrg/javascript/easyui/themes/default/validatebox.css HTTP/1.1" 404 1104
222.69.139.192 - - [15/Mar/2020:10:38:58 +0800] "POST /xingrg/kc/base/wldb_order_operate.html HTTP/1.1" 200 480
114.93.75.19 - - [15/Mar/2020:10:39:01 +0800] "GET /xingrg/all/function/internal_message.html?_=1584239941914&CODE_STATE=getMsg HTTP/1.1" 200 27
117.185.32.26 - - [15/Mar/2020:10:39:04 +0800] "GET /xingrg/kc/buy/cgsh_order_operate.html?command=get_materiel&rest_code=00106&code=00101008365&supplier_code=00100007&order_time=2020-03-15 HTTP/1.1" 200 412
172.17.0.4 - - [15/Mar/2020:10:39:10 +0800] "GET /xingrg/all/function/internal_message.html?_=1584239951641&CODE_STATE=getMsg HTTP/1.1" 302 -
222.69.139.192 - - [15/Mar/2020:10:39:18 +0800] "POST /xingrg/kc/base/wldb_list_operate.html HTTP/1.1" 200 1776
124.77.241.94 - - [15/Mar/2020:10:39:20 +0800] "GET /xingrg/all/function/internal_message.html?_=1584239986045&CODE_STATE=getMsg HTTP/1.1" 302 -
180.162.232.172 - - [15/Mar/2020:10:39:21 +0800] "GET /xingrg/check_reg.html?_=1584240084675 HTTP/1.1" 200 22
180.162.232.172 - - [15/Mar/2020:10:39:21 +0800] "GET /xingrg/all/function/internal_message.html?_=1584240084865&CODE_STATE=getMsg HTTP/1.1" 200 27
116.232.50.37 - - [15/Mar/2020:10:39:23 +0800] "GET /xingrg/kc/buy/cgsh_order_add.html HTTP/1.1" 200 57636
116.232.50.37 - - [15/Mar/2020:10:39:23 +0800] "POST /xingrg/kc/buy/cgsh_order_operate.html HTTP/1.1" 200 8245
116.232.50.37 - - [15/Mar/2020:10:39:23 +0800] "GET /xingrg/all/common/auto_word.html?type=employee&rest_code=00109 HTTP/1.1" 200 255
116.232.50.37 - - [15/Mar/2020:10:39:23 +0800] "GET /xingrg/all/common/auto_word.html?type=employee&rest_code=00109 HTTP/1.1" 200 255
116.232.50.37 - - [15/Mar/2020:10:39:23 +0800] "GET /xingrg/javascript/easyui/themes/default/validatebox.css HTTP/1.1" 404 1104
222.69.139.192 - - [15/Mar/2020:10:39:25 +0800] "GET /xingrg/all/function/internal_message.html?_=1584239965065&CODE_STATE=getMsg HTTP/1.1" 200 27
116.232.50.37 - - [15/Mar/2020:10:39:26 +0800] "GET /xingrg/javascript/jquery_tools/images/prev.gif HTTP/1.1" 404 1086
116.232.50.37 - - [15/Mar/2020:10:39:26 +0800] "GET /xingrg/javascript/jquery_tools/images/next.gif HTTP/1.1" 404 1086
180.157.252.250 - - [15/Mar/2020:10:39:27 +0800] "GET /xingrg/all/function/internal_message.html?_=1584239962405&CODE_STATE=getMsg HTTP/1.1" 200 27
180.157.252.250 - - [15/Mar/2020:10:39:27 +0800] "GET /xingrg/check_reg.html?_=1584239962411 HTTP/1.1" 200 22
101.81.125.204 - - [15/Mar/2020:10:39:28 +0800] "GET /xingrg/check_reg.html?_=1584239263844 HTTP/1.1" 200 22
114.93.75.19 - - [15/Mar/2020:10:39:28 +0800] "GET /xingrg/all/function/internal_message.html?_=1584240291801&CODE_STATE=getMsg HTTP/1.1" 200 27
222.69.139.192 - - [15/Mar/2020:10:39:29 +0800] "POST /xingrg/kc/base/wldb_list_operate.html HTTP/1.1" 200 201
101.81.125.204 - - [15/Mar/2020:10:39:30 +0800] "GET /xingrg/all/function/internal_message.html?_=1584239265859&CODE_STATE=getMsg HTTP/1.1" 200 27
222.69.139.192 - - [15/Mar/2020:10:39:32 +0800] "POST /xingrg/kc/base/wldb_list_operate.html HTTP/1.1" 200 4
222.69.139.192 - - [15/Mar/2020:10:39:33 +0800] "POST /xingrg/kc/base/wldb_list_operate.html HTTP/1.1" 200 928
114.93.75.19 - - [15/Mar/2020:10:39:33 +0800] "GET /xingrg/all/function/internal_message.html?_=1584239974134&CODE_STATE=getMsg HTTP/1.1" 200 27
114.88.170.138 - - [15/Mar/2020:10:39:34 +0800] "GET /xingrg/all/function/internal_message.html?_=1584240263819&CODE_STATE=getMsg HTTP/1.1" 200 27
114.88.170.138 - - [15/Mar/2020:10:39:38 +0800] "GET /xingrg/all/function/internal_message.html?_=1584239976321&CODE_STATE=getMsg HTTP/1.1" 302 -
117.185.32.26 - - [15/Mar/2020:10:39:39 +0800] "GET /xingrg/all/function/internal_message.html?_=1584240378181&CODE_STATE=getMsg HTTP/1.1" 200 27
114.93.75.19 - - [15/Mar/2020:10:39:45 +0800] "GET /xingrg/all/function/internal_message.html?_=1584239985752&CODE_STATE=getMsg HTTP/1.1" 200 27
117.185.32.26 - - [15/Mar/2020:10:39:47 +0800] "POST /xingrg/kc/buy/cgsh_order_operate.html HTTP/1.1" 200 37
117.185.32.26 - - [15/Mar/2020:10:39:48 +0800] "POST /xingrg/kc/buy/cgsh_order_operate.html HTTP/1.1" 200 12
117.185.32.26 - - [15/Mar/2020:10:39:49 +0800] "GET /xingrg/kc/buy/cgsh_order_info.html?code=212020031501077 HTTP/1.1" 200 52547
117.185.32.26 - - [15/Mar/2020:10:39:50 +0800] "GET /xingrg/javascript/easyui/themes/default/validatebox.css HTTP/1.1" 404 1104
117.185.32.26 - - [15/Mar/2020:10:39:50 +0800] "POST /xingrg/kc/buy/cgsh_order_operate.html HTTP/1.1" 200 10073
114.93.75.19 - - [15/Mar/2020:10:39:51 +0800] "GET /xingrg/all/function/internal_message.html?_=1584239991195&CODE_STATE=getMsg HTTP/1.1" 200 27
101.81.125.204 - - [15/Mar/2020:10:39:51 +0800] "GET /xingrg/kc/buy/cgsh_order_list.html HTTP/1.1" 200 42034
101.81.125.204 - - [15/Mar/2020:10:39:52 +0800] "POST /xingrg/kc/buy/cgsh_list_operate.html HTTP/1.1" 200 5132
117.185.32.26 - - [15/Mar/2020:10:39:55 +0800] "GET /xingrg/kc/print/load_config.html?kc_code=cgsh HTTP/1.1" 200 1841
117.185.32.26 - - [15/Mar/2020:10:39:55 +0800] "GET /xingrg/kc/print/load_data.html?order_code=212020031501077&kc_code=cgsh&condition= HTTP/1.1" 200 4333
116.232.50.37 - - [15/Mar/2020:10:39:55 +0800] "GET /xingrg/check_reg.html?_=1584240021752 HTTP/1.1" 200 22
116.232.50.37 - - [15/Mar/2020:10:39:55 +0800] "GET /xingrg/all/function/internal_message.html?_=1584240021752&CODE_STATE=getMsg HTTP/1.1" 200 27
114.93.75.19 - - [15/Mar/2020:10:40:01 +0800] "GET /xingrg/all/function/internal_message.html?_=1584240001887&CODE_STATE=getMsg HTTP/1.1" 200 27
101.81.125.204 - - [15/Mar/2020:10:40:06 +0800] "POST /xingrg/kc/buy/cgsh_list_operate.html HTTP/1.1" 200 4
101.81.125.204 - - [15/Mar/2020:10:40:09 +0800] "POST /xingrg/kc/buy/cgsh_list_operate.html HTTP/1.1" 200 1694
172.17.0.4 - - [15/Mar/2020:10:40:10 +0800] "GET /xingrg/all/function/internal_message.html?_=1584240011586&CODE_STATE=getMsg HTTP/1.1" 302 -
101.81.125.204 - - [15/Mar/2020:10:40:14 +0800] "POST /xingrg/kc/buy/cgsh_list_operate.html HTTP/1.1" 200 4
101.81.125.204 - - [15/Mar/2020:10:40:16 +0800] "POST /xingrg/kc/buy/cgsh_list_operate.html HTTP/1.1" 200 876
124.77.241.94 - - [15/Mar/2020:10:40:20 +0800] "GET /xingrg/all/function/internal_message.html?_=1584240046051&CODE_STATE=getMsg HTTP/1.1" 302 -
101.81.125.204 - - [15/Mar/2020:10:40:21 +0800] "GET /xingrg/javascript/jquery_easy_ui/themes/default/images/tabs_active.png HTTP/1.1" 304 -
180.162.232.172 - - [15/Mar/2020:10:40:21 +0800] "GET /xingrg/all/function/internal_message.html?_=1584240144876&CODE_STATE=getMsg HTTP/1.1" 200 27
222.69.139.192 - - [15/Mar/2020:10:40:25 +0800] "GET /xingrg/all/function/internal_message.html?_=1584240025049&CODE_STATE=getMsg HTTP/1.1" 200 27
180.157.252.250 - - [15/Mar/2020:10:40:27 +0800] "GET /xingrg/all/function/internal_message.html?_=1584240022399&CODE_STATE=getMsg HTTP/1.1" 200 27
114.88.159.93 - - [15/Mar/2020:10:40:27 +0800] "GET /xingrg/login.html HTTP/1.1" 200 7639
114.88.159.93 - - [15/Mar/2020:10:40:27 +0800] "GET /xingrg/images/blue/jxLogo.png HTTP/1.1" 304 -
114.88.159.93 - - [15/Mar/2020:10:40:27 +0800] "GET /xingrg/images/blue/login_bg.png HTTP/1.1" 304 -
114.88.159.93 - - [15/Mar/2020:10:40:27 +0800] "GET /xingrg/images/blue/hj.png HTTP/1.1" 304 -
114.88.159.93 - - [15/Mar/2020:10:40:27 +0800] "GET /xingrg/images/blue/srbg.png HTTP/1.1" 304 -
114.88.159.93 - - [15/Mar/2020:10:40:28 +0800] "GET /favicon.ico HTTP/1.1" 404 -
114.93.75.19 - - [15/Mar/2020:10:40:28 +0800] "GET /xingrg/all/function/internal_message.html?_=1584240351799&CODE_STATE=getMsg HTTP/1.1" 200 27
101.81.125.204 - - [15/Mar/2020:10:40:30 +0800] "GET /xingrg/all/function/internal_message.html?_=1584239326185&CODE_STATE=getMsg HTTP/1.1" 200 27
114.93.75.19 - - [15/Mar/2020:10:40:33 +0800] "GET /xingrg/all/function/internal_message.html?_=1584240034140&CODE_STATE=getMsg HTTP/1.1" 200 27
114.88.170.138 - - [15/Mar/2020:10:40:34 +0800] "GET /xingrg/all/function/internal_message.html?_=1584240323820&CODE_STATE=getMsg HTTP/1.1" 200 27
114.88.159.93 - - [15/Mar/2020:10:40:34 +0800] "POST /xingrg/login.do HTTP/1.1" 302 -
114.88.159.93 - - [15/Mar/2020:10:40:34 +0800] "GET /xingrg/index.html?sysBaseUrl=http%3A%2F%2F117.131.15.22%3A18081%2Fxingrg%2F&costTime=36×tamp=1584240034788 HTTP/1.1" 200 17397
114.88.159.93 - - [15/Mar/2020:10:40:34 +0800] "GET /xingrg/javascript/jquery_easy_ui/easyui-lang-zh_CN.js HTTP/1.1" 304 -
114.88.159.93 - - [15/Mar/2020:10:40:34 +0800] "GET /xingrg/javascript/jquery.form.js HTTP/1.1" 304 -
114.88.159.93 - - [15/Mar/2020:10:40:34 +0800] "GET /xingrg/javascript/jquery.timers.js HTTP/1.1" 304 -
114.88.159.93 - - [15/Mar/2020:10:40:35 +0800] "GET /favicon.ico HTTP/1.1" 404 -
114.88.159.93 - - [15/Mar/2020:10:40:35 +0800] "GET /xingrg/javascript/jquery_easy_ui/themes/icons/settle_new.png HTTP/1.1" 304 -
114.88.159.93 - - [15/Mar/2020:10:40:35 +0800] "GET /xingrg/images/blue/navBackgound.jpg HTTP/1.1" 304 -
114.88.159.93 - - [15/Mar/2020:10:40:35 +0800] "POST /xingrg/all/common/load_tree.html?tree=area_rest_tree_json&manage=1 HTTP/1.1" 200 3079
114.88.159.93 - - [15/Mar/2020:10:40:35 +0800] "GET /xingrg/all/function/internal_message.html?_=1584240036267&CODE_STATE=count HTTP/1.1" 200 11
114.88.159.93 - - [15/Mar/2020:10:40:35 +0800] "GET /xingrg/check_reg.html?_=1584240036268 HTTP/1.1" 200 22
114.88.159.93 - - [15/Mar/2020:10:40:35 +0800] "GET /xingrg/images/blue/pingpu.png HTTP/1.1" 304 -
114.88.159.93 - - [15/Mar/2020:10:40:35 +0800] "GET /xingrg/javascript/jquery_easy_ui/themes/default/images/tabs_leftarrow.png HTTP/1.1" 304 -
114.88.159.93 - - [15/Mar/2020:10:40:35 +0800] "GET /xingrg/javascript/jquery_easy_ui/themes/default/images/tabs_rightarrow.png HTTP/1.1" 304 -
114.88.159.93 - - [15/Mar/2020:10:40:35 +0800] "GET /xingrg/javascript/jquery_easy_ui/themes/default/images/panel_tool_expand.gif HTTP/1.1" 304 -
114.88.159.93 - - [15/Mar/2020:10:40:35 +0800] "GET /xingrg/javascript/jquery_easy_ui/themes/default/images/panel_tool_collapse.gif HTTP/1.1" 304 -
114.88.159.93 - - [15/Mar/2020:10:40:35 +0800] "POST /xingrg/load_menu.html HTTP/1.1" 200 9945
114.88.159.93 - - [15/Mar/2020:10:40:35 +0800] "GET /xingrg/javascript/jquery_easy_ui/themes/default/images/tree_arrows.gif HTTP/1.1" 304 -
114.88.159.93 - - [15/Mar/2020:10:40:35 +0800] "GET /xingrg/javascript/jquery_easy_ui/themes/default/images/tree_folder_open.gif HTTP/1.1" 304 -
114.88.159.93 - - [15/Mar/2020:10:40:35 +0800] "GET /xingrg/javascript/jquery_easy_ui/themes/icons/search_new.png HTTP/1.1" 304 -
114.88.159.93 - - [15/Mar/2020:10:40:35 +0800] "GET /xingrg/javascript/jquery_easy_ui/themes/default/images/tree_folder.gif HTTP/1.1" 304 -
114.88.159.93 - - [15/Mar/2020:10:40:35 +0800] "GET /xingrg/javascript/jquery_easy_ui/themes/icons/storage_new.png HTTP/1.1" 304 -
114.88.159.93 - - [15/Mar/2020:10:40:35 +0800] "GET /xingrg/javascript/jquery_easy_ui/themes/icons/checkout_new.png HTTP/1.1" 304 -
114.88.159.93 - - [15/Mar/2020:10:40:35 +0800] "GET /xingrg/javascript/jquery_easy_ui/themes/icons/forms_new.png HTTP/1.1" 304 -
114.88.159.93 - - [15/Mar/2020:10:40:35 +0800] "GET /xingrg/javascript/jquery_easy_ui/themes/icons/setting_new.png HTTP/1.1" 304 -
114.88.159.93 - - [15/Mar/2020:10:40:35 +0800] "GET /xingrg/javascript/jquery_easy_ui/themes/icons/systemset_new.png HTTP/1.1" 304 -
114.88.159.93 - - [15/Mar/2020:10:40:35 +0800] "GET /xingrg/javascript/jquery_easy_ui/themes/default/images/tree_file.gif HTTP/1.1" 304 -
114.88.170.138 - - [15/Mar/2020:10:40:38 +0800] "GET /xingrg/all/function/internal_message.html?_=1584240036328&CODE_STATE=getMsg HTTP/1.1" 302 -
114.88.159.93 - - [15/Mar/2020:10:40:38 +0800] "POST /xingrg/load_menu.html HTTP/1.1" 200 10062
117.185.32.26 - - [15/Mar/2020:10:40:39 +0800] "GET /xingrg/all/function/internal_message.html?_=1584240438189&CODE_STATE=getMsg HTTP/1.1" 200 27
114.88.159.93 - - [15/Mar/2020:10:40:42 +0800] "GET /xingrg/system/rest/list_page.html?p=category HTTP/1.1" 200 12820
