114.93.75.19 - - [06/Mar/2020:11:46:50 +0800] "GET /xingrg/kc/base/wlsy_order_list.html?syType=0 HTTP/1.1" 200 17370
114.93.75.19 - - [06/Mar/2020:11:46:50 +0800] "POST /xingrg/kc/base/wlsy_list_operate.html?syType=0 HTTP/1.1" 200 862
120.253.135.82 - - [06/Mar/2020:11:46:52 +0800] "GET /xingrg/all/function/internal_message.html?_=1583466476049&CODE_STATE=getMsg HTTP/1.1" 200 27
114.93.75.19 - - [06/Mar/2020:11:46:53 +0800] "POST /xingrg/kc/base/wlsy_list_operate.html?syType=0 HTTP/1.1" 200 5419
114.93.75.19 - - [06/Mar/2020:11:46:55 +0800] "POST /xingrg/kc/base/wlsy_list_operate.html?syType=0 HTTP/1.1" 200 432
114.93.75.19 - - [06/Mar/2020:11:46:57 +0800] "GET /xingrg/kc/base/wlsy_order_info.html?code=412020030100001 HTTP/1.1" 200 25142
180.156.150.85 - - [06/Mar/2020:11:46:58 +0800] "GET /xingrg/check_reg.html?_=1583466412866 HTTP/1.1" 200 22
180.156.150.85 - - [06/Mar/2020:11:46:58 +0800] "GET /xingrg/all/function/internal_message.html?_=1583466412869&CODE_STATE=getMsg HTTP/1.1" 200 27
114.93.75.19 - - [06/Mar/2020:11:46:58 +0800] "GET /xingrg/javascript/easyui/themes/default/validatebox.css HTTP/1.1" 404 1104
114.93.75.19 - - [06/Mar/2020:11:46:58 +0800] "POST /xingrg/kc/base/wlsy_order_operate.html HTTP/1.1" 200 1804
114.88.170.138 - - [06/Mar/2020:11:47:03 +0800] "GET /xingrg/all/function/internal_message.html?_=1583466419934&CODE_STATE=getMsg HTTP/1.1" 200 27
180.162.232.172 - - [06/Mar/2020:11:47:18 +0800] "GET /xingrg/all/function/internal_message.html?_=1583466536434&CODE_STATE=getMsg HTTP/1.1" 200 27
58.221.95.50 - - [06/Mar/2020:11:47:18 +0800] "GET /xingrg/all/function/internal_message.html?_=1583466776198&CODE_STATE=getMsg HTTP/1.1" 200 27
114.93.75.19 - - [06/Mar/2020:11:47:22 +0800] "GET /xingrg/all/function/internal_message.html?_=1583466439215&CODE_STATE=getMsg HTTP/1.1" 200 27
117.184.7.26 - - [06/Mar/2020:11:47:25 +0800] "GET /xingrg/all/function/internal_message.html?_=1583466441798&CODE_STATE=getMsg HTTP/1.1" 200 27
114.93.75.19 - - [06/Mar/2020:11:47:27 +0800] "GET /xingrg/all/function/internal_message.html?_=1583466610393&CODE_STATE=getMsg HTTP/1.1" 200 27
114.93.75.19 - - [06/Mar/2020:11:47:28 +0800] "GET /xingrg/all/function/internal_message.html?_=1583466447175&CODE_STATE=getMsg HTTP/1.1" 200 27
114.93.75.19 - - [06/Mar/2020:11:47:30 +0800] "GET /xingrg/all/function/internal_message.html?_=1583466458384&CODE_STATE=getMsg HTTP/1.1" 302 -
116.228.172.94 - - [06/Mar/2020:11:47:37 +0800] "GET /xingrg/check_reg.html?_=1583465763043 HTTP/1.1" 200 22
114.93.75.19 - - [06/Mar/2020:11:47:39 +0800] "GET /xingrg/kc/base/check_order_list.html HTTP/1.1" 200 16630
58.40.7.146 - - [06/Mar/2020:11:47:40 +0800] "GET /xingrg/all/function/internal_message.html?_=1583466457944&CODE_STATE=getMsg HTTP/1.1" 200 27
114.93.75.19 - - [06/Mar/2020:11:47:40 +0800] "POST /xingrg/kc/base/check_list_operate.html HTTP/1.1" 200 781
58.40.7.146 - - [06/Mar/2020:11:47:40 +0800] "GET /xingrg/check_reg.html?_=1583466458039 HTTP/1.1" 200 22
117.185.32.26 - - [06/Mar/2020:11:47:41 +0800] "GET /xingrg/all/function/internal_message.html?_=1583466848940&CODE_STATE=getMsg HTTP/1.1" 200 27
114.93.75.19 - - [06/Mar/2020:11:47:43 +0800] "GET /xingrg/all/function/internal_message.html?_=1583466784981&CODE_STATE=getMsg HTTP/1.1" 200 27
114.93.75.19 - - [06/Mar/2020:11:47:43 +0800] "POST /xingrg/kc/base/check_list_operate.html HTTP/1.1" 200 9081
114.93.75.19 - - [06/Mar/2020:11:47:44 +0800] "GET /xingrg/kc/base/check_order_info.html?code=452020030100049 HTTP/1.1" 200 23112
114.93.75.19 - - [06/Mar/2020:11:47:44 +0800] "GET /xingrg/dwr/interface/AjaxComOrderService.js HTTP/1.1" 200 18264
114.93.75.19 - - [06/Mar/2020:11:47:44 +0800] "GET /xingrg/dwr/interface/AjaxCheckService.js HTTP/1.1" 200 14003
114.93.75.19 - - [06/Mar/2020:11:47:45 +0800] "GET /xingrg/dwr/engine.js HTTP/1.1" 200 43631
114.93.75.19 - - [06/Mar/2020:11:47:45 +0800] "POST /xingrg/dwr/call/plaincall/AjaxCheckService.loadOrderItems.dwr HTTP/1.1" 200 21149
114.93.75.19 - - [06/Mar/2020:11:47:46 +0800] "GET /xingrg/all/function/internal_message.html?_=1583466469206&CODE_STATE=getMsg HTTP/1.1" 200 27
114.93.75.19 - - [06/Mar/2020:11:47:46 +0800] "GET /xingrg/all/function/internal_message.html?_=1583466464999&CODE_STATE=getMsg HTTP/1.1" 200 27
114.93.75.19 - - [06/Mar/2020:11:47:48 +0800] "GET /xingrg/check_reg.html?_=1583466475634 HTTP/1.1" 302 -
114.93.75.19 - - [06/Mar/2020:11:47:48 +0800] "GET /xingrg/all/function/internal_message.html?_=1583466475637&CODE_STATE=getMsg HTTP/1.1" 302 -
120.253.135.82 - - [06/Mar/2020:11:47:49 +0800] "GET /xingrg/check_reg.html?_=1583466532714 HTTP/1.1" 200 22
120.253.135.82 - - [06/Mar/2020:11:47:52 +0800] "GET /xingrg/all/function/internal_message.html?_=1583466536052&CODE_STATE=getMsg HTTP/1.1" 200 27
180.156.150.85 - - [06/Mar/2020:11:47:58 +0800] "GET /xingrg/all/function/internal_message.html?_=1583466472868&CODE_STATE=getMsg HTTP/1.1" 200 27
114.88.170.138 - - [06/Mar/2020:11:48:03 +0800] "GET /xingrg/all/function/internal_message.html?_=1583466479946&CODE_STATE=getMsg HTTP/1.1" 200 27
180.162.232.172 - - [06/Mar/2020:11:48:18 +0800] "GET /xingrg/all/function/internal_message.html?_=1583466596447&CODE_STATE=getMsg HTTP/1.1" 200 27
58.221.95.50 - - [06/Mar/2020:11:48:18 +0800] "GET /xingrg/all/function/internal_message.html?_=1583466836225&CODE_STATE=getMsg HTTP/1.1" 200 27
114.93.75.19 - - [06/Mar/2020:11:48:22 +0800] "GET /xingrg/all/function/internal_message.html?_=1583466499190&CODE_STATE=getMsg HTTP/1.1" 200 27
117.184.7.26 - - [06/Mar/2020:11:48:25 +0800] "GET /xingrg/all/function/internal_message.html?_=1583466501785&CODE_STATE=getMsg HTTP/1.1" 200 27
114.93.75.19 - - [06/Mar/2020:11:48:26 +0800] "GET /xingrg/check_reg.html?_=1583466505710 HTTP/1.1" 200 22
114.93.75.19 - - [06/Mar/2020:11:48:27 +0800] "GET /xingrg/check_reg.html?_=1583466670409 HTTP/1.1" 200 22
114.93.75.19 - - [06/Mar/2020:11:48:27 +0800] "GET /xingrg/all/function/internal_message.html?_=1583466670400&CODE_STATE=getMsg HTTP/1.1" 200 27
114.93.75.19 - - [06/Mar/2020:11:48:28 +0800] "GET /xingrg/all/function/internal_message.html?_=1583466507176&CODE_STATE=getMsg HTTP/1.1" 200 27
114.93.75.19 - - [06/Mar/2020:11:48:30 +0800] "GET /xingrg/all/function/internal_message.html?_=1583466518384&CODE_STATE=getMsg HTTP/1.1" 302 -
58.40.7.146 - - [06/Mar/2020:11:48:40 +0800] "GET /xingrg/all/function/internal_message.html?_=1583466517949&CODE_STATE=getMsg HTTP/1.1" 200 27
117.185.32.26 - - [06/Mar/2020:11:48:41 +0800] "GET /xingrg/all/function/internal_message.html?_=1583466908926&CODE_STATE=getMsg HTTP/1.1" 200 27
114.93.75.19 - - [06/Mar/2020:11:48:43 +0800] "GET /xingrg/all/function/internal_message.html?_=1583466844965&CODE_STATE=getMsg HTTP/1.1" 200 27
114.93.75.19 - - [06/Mar/2020:11:48:46 +0800] "GET /xingrg/all/function/internal_message.html?_=1583466529189&CODE_STATE=getMsg HTTP/1.1" 200 27
114.93.75.19 - - [06/Mar/2020:11:48:46 +0800] "GET /xingrg/all/function/internal_message.html?_=1583466524971&CODE_STATE=getMsg HTTP/1.1" 200 27
114.93.75.19 - - [06/Mar/2020:11:48:48 +0800] "GET /xingrg/all/function/internal_message.html?_=1583466535637&CODE_STATE=getMsg HTTP/1.1" 302 -
120.253.135.82 - - [06/Mar/2020:11:48:52 +0800] "GET /xingrg/all/function/internal_message.html?_=1583466596066&CODE_STATE=getMsg HTTP/1.1" 200 27
114.88.170.138 - - [06/Mar/2020:11:49:03 +0800] "GET /xingrg/all/function/internal_message.html?_=1583466539978&CODE_STATE=getMsg HTTP/1.1" 200 27
180.162.232.172 - - [06/Mar/2020:11:49:18 +0800] "GET /xingrg/all/function/internal_message.html?_=1583466656482&CODE_STATE=getMsg HTTP/1.1" 200 27
58.221.95.50 - - [06/Mar/2020:11:49:18 +0800] "GET /xingrg/all/function/internal_message.html?_=1583466896210&CODE_STATE=getMsg HTTP/1.1" 200 27
58.221.95.50 - - [06/Mar/2020:11:49:18 +0800] "GET /xingrg/check_reg.html?_=1583466896222 HTTP/1.1" 200 22
114.93.75.19 - - [06/Mar/2020:11:49:22 +0800] "GET /xingrg/all/function/internal_message.html?_=1583466559198&CODE_STATE=getMsg HTTP/1.1" 200 27
114.93.75.19 - - [06/Mar/2020:11:49:22 +0800] "GET /xingrg/check_reg.html?_=1583466559205 HTTP/1.1" 200 22
117.184.7.26 - - [06/Mar/2020:11:49:25 +0800] "GET /xingrg/all/function/internal_message.html?_=1583466561771&CODE_STATE=getMsg HTTP/1.1" 200 27
114.93.75.19 - - [06/Mar/2020:11:49:27 +0800] "GET /xingrg/all/function/internal_message.html?_=1583466730422&CODE_STATE=getMsg HTTP/1.1" 200 27
114.93.75.19 - - [06/Mar/2020:11:49:28 +0800] "GET /xingrg/all/function/internal_message.html?_=1583466567190&CODE_STATE=getMsg HTTP/1.1" 200 27
114.93.75.19 - - [06/Mar/2020:11:49:30 +0800] "POST /xingrg/dwr/call/plaincall/AjaxCheckService.uncheckOrder.dwr HTTP/1.1" 200 78
114.93.75.19 - - [06/Mar/2020:11:49:30 +0800] "GET /xingrg/all/function/internal_message.html?_=1583466578384&CODE_STATE=getMsg HTTP/1.1" 302 -
114.93.75.19 - - [06/Mar/2020:11:49:31 +0800] "GET /xingrg/dwr/interface/AjaxCheckService.js HTTP/1.1" 200 14003
114.93.75.19 - - [06/Mar/2020:11:49:31 +0800] "GET /xingrg/dwr/interface/AjaxComOrderService.js HTTP/1.1" 200 18264
114.93.75.19 - - [06/Mar/2020:11:49:31 +0800] "GET /xingrg/dwr/engine.js HTTP/1.1" 200 43631
114.93.75.19 - - [06/Mar/2020:11:49:32 +0800] "GET /xingrg/kc/base/check_order_info.html?code=452020030100049 HTTP/1.1" 200 26230
114.93.75.19 - - [06/Mar/2020:11:49:32 +0800] "POST /xingrg/dwr/call/plaincall/AjaxCheckService.loadOrderItems.dwr HTTP/1.1" 200 47517
58.40.7.146 - - [06/Mar/2020:11:49:40 +0800] "GET /xingrg/all/function/internal_message.html?_=1583466577954&CODE_STATE=getMsg HTTP/1.1" 200 27
117.185.32.26 - - [06/Mar/2020:11:49:41 +0800] "GET /xingrg/all/function/internal_message.html?_=1583466968910&CODE_STATE=getMsg HTTP/1.1" 200 27
114.93.75.19 - - [06/Mar/2020:11:49:43 +0800] "GET /xingrg/all/function/internal_message.html?_=1583466904949&CODE_STATE=getMsg HTTP/1.1" 200 27
114.93.75.19 - - [06/Mar/2020:11:49:44 +0800] "POST /xingrg/dwr/call/plaincall/AjaxCheckService.setItemNumber.dwr HTTP/1.1" 200 76
114.93.75.19 - - [06/Mar/2020:11:49:46 +0800] "GET /xingrg/all/function/internal_message.html?_=1583466589168&CODE_STATE=getMsg HTTP/1.1" 200 27
114.93.75.19 - - [06/Mar/2020:11:49:46 +0800] "GET /xingrg/all/function/internal_message.html?_=1583466584948&CODE_STATE=getMsg HTTP/1.1" 200 27
114.93.75.19 - - [06/Mar/2020:11:49:48 +0800] "GET /xingrg/all/function/internal_message.html?_=1583466595637&CODE_STATE=getMsg HTTP/1.1" 302 -
120.253.135.82 - - [06/Mar/2020:11:49:52 +0800] "GET /xingrg/all/function/internal_message.html?_=1583466656132&CODE_STATE=getMsg HTTP/1.1" 200 27
120.253.135.82 - - [06/Mar/2020:11:50:00 +0800] "GET /xingrg/check_reg.html?_=1583466337580 HTTP/1.1" 302 -
114.88.170.138 - - [06/Mar/2020:11:50:03 +0800] "GET /xingrg/all/function/internal_message.html?_=1583466599990&CODE_STATE=getMsg HTTP/1.1" 200 27
114.93.75.19 - - [06/Mar/2020:11:50:04 +0800] "POST /xingrg/dwr/call/plaincall/AjaxCheckService.setItemNumber.dwr HTTP/1.1" 200 76
114.93.75.19 - - [06/Mar/2020:11:50:05 +0800] "POST /xingrg/dwr/call/plaincall/AjaxCheckService.setItemNumber.dwr HTTP/1.1" 200 76
180.162.232.172 - - [06/Mar/2020:11:50:18 +0800] "GET /xingrg/all/function/internal_message.html?_=1583466716490&CODE_STATE=getMsg HTTP/1.1" 200 27
58.221.95.50 - - [06/Mar/2020:11:50:18 +0800] "GET /xingrg/all/function/internal_message.html?_=1583466956210&CODE_STATE=getMsg HTTP/1.1" 200 27
114.93.75.19 - - [06/Mar/2020:11:50:22 +0800] "GET /xingrg/all/function/internal_message.html?_=1583466619192&CODE_STATE=getMsg HTTP/1.1" 200 27
117.184.7.26 - - [06/Mar/2020:11:50:25 +0800] "GET /xingrg/check_reg.html?_=1583466621571 HTTP/1.1" 200 22
117.184.7.26 - - [06/Mar/2020:11:50:25 +0800] "GET /xingrg/all/function/internal_message.html?_=1583466621746&CODE_STATE=getMsg HTTP/1.1" 200 27
114.93.75.19 - - [06/Mar/2020:11:50:26 +0800] "POST /xingrg/dwr/call/plaincall/AjaxCheckService.setItemNumber.dwr HTTP/1.1" 200 76
114.93.75.19 - - [06/Mar/2020:11:50:27 +0800] "GET /xingrg/all/function/internal_message.html?_=1583466790414&CODE_STATE=getMsg HTTP/1.1" 200 27
114.93.75.19 - - [06/Mar/2020:11:50:28 +0800] "GET /xingrg/all/function/internal_message.html?_=1583466627205&CODE_STATE=getMsg HTTP/1.1" 200 27
114.93.75.19 - - [06/Mar/2020:11:50:30 +0800] "GET /xingrg/all/function/internal_message.html?_=1583466638384&CODE_STATE=getMsg HTTP/1.1" 302 -
114.93.75.19 - - [06/Mar/2020:11:50:31 +0800] "GET /xingrg/check_reg.html?_=1583466629843 HTTP/1.1" 200 22
114.93.75.19 - - [06/Mar/2020:11:50:32 +0800] "POST /xingrg/dwr/call/plaincall/AjaxCheckService.setItemNumber.dwr HTTP/1.1" 200 76
114.93.75.19 - - [06/Mar/2020:11:50:33 +0800] "POST /xingrg/dwr/call/plaincall/AjaxCheckService.setItemNumber.dwr HTTP/1.1" 200 76
114.93.75.19 - - [06/Mar/2020:11:50:36 +0800] "POST /xingrg/dwr/call/plaincall/AjaxCheckService.setItemNumber.dwr HTTP/1.1" 200 76
114.93.75.19 - - [06/Mar/2020:11:50:39 +0800] "POST /xingrg/dwr/call/plaincall/AjaxCheckService.setItemNumber.dwr HTTP/1.1" 200 76
58.40.7.146 - - [06/Mar/2020:11:50:40 +0800] "GET /xingrg/all/function/internal_message.html?_=1583466637956&CODE_STATE=getMsg HTTP/1.1" 200 27
117.185.32.26 - - [06/Mar/2020:11:50:41 +0800] "GET /xingrg/all/function/internal_message.html?_=1583467028925&CODE_STATE=getMsg HTTP/1.1" 200 27
114.93.75.19 - - [06/Mar/2020:11:50:42 +0800] "POST /xingrg/dwr/call/plaincall/AjaxCheckService.setItemNumber.dwr HTTP/1.1" 200 76
114.93.75.19 - - [06/Mar/2020:11:50:43 +0800] "GET /xingrg/all/function/internal_message.html?_=1583466964933&CODE_STATE=getMsg HTTP/1.1" 200 27
114.93.75.19 - - [06/Mar/2020:11:50:46 +0800] "GET /xingrg/all/function/internal_message.html?_=1583466649140&CODE_STATE=getMsg HTTP/1.1" 200 27
114.93.75.19 - - [06/Mar/2020:11:50:46 +0800] "GET /xingrg/all/function/internal_message.html?_=1583466644943&CODE_STATE=getMsg HTTP/1.1" 200 27
114.93.75.19 - - [06/Mar/2020:11:50:48 +0800] "GET /xingrg/all/function/internal_message.html?_=1583466655638&CODE_STATE=getMsg HTTP/1.1" 302 -
120.253.135.82 - - [06/Mar/2020:11:50:52 +0800] "GET /xingrg/all/function/internal_message.html?_=1583466716140&CODE_STATE=getMsg HTTP/1.1" 200 27
114.93.75.19 - - [06/Mar/2020:11:50:57 +0800] "GET /xingrg/check_reg.html?_=1583466979505 HTTP/1.1" 200 22
114.88.170.138 - - [06/Mar/2020:11:51:03 +0800] "GET /xingrg/all/function/internal_message.html?_=1583466660023&CODE_STATE=getMsg HTTP/1.1" 200 27
180.162.232.172 - - [06/Mar/2020:11:51:18 +0800] "GET /xingrg/check_reg.html?_=1583466776045 HTTP/1.1" 200 22
180.162.232.172 - - [06/Mar/2020:11:51:18 +0800] "GET /xingrg/all/function/internal_message.html?_=1583466776503&CODE_STATE=getMsg HTTP/1.1" 200 27
58.221.95.50 - - [06/Mar/2020:11:51:18 +0800] "GET /xingrg/all/function/internal_message.html?_=1583467016196&CODE_STATE=getMsg HTTP/1.1" 200 27
114.93.75.19 - - [06/Mar/2020:11:51:22 +0800] "GET /xingrg/all/function/internal_message.html?_=1583466679168&CODE_STATE=getMsg HTTP/1.1" 200 27
117.184.7.26 - - [06/Mar/2020:11:51:25 +0800] "GET /xingrg/all/function/internal_message.html?_=1583466681730&CODE_STATE=getMsg HTTP/1.1" 200 27
114.93.75.19 - - [06/Mar/2020:11:51:27 +0800] "GET /xingrg/all/function/internal_message.html?_=1583466850418&CODE_STATE=getMsg HTTP/1.1" 200 27
114.93.75.19 - - [06/Mar/2020:11:51:28 +0800] "GET /xingrg/all/function/internal_message.html?_=1583466687219&CODE_STATE=getMsg HTTP/1.1" 200 27
114.93.75.19 - - [06/Mar/2020:11:51:30 +0800] "GET /xingrg/check_reg.html?_=1583466698387 HTTP/1.1" 302 -
114.93.75.19 - - [06/Mar/2020:11:51:30 +0800] "GET /xingrg/all/function/internal_message.html?_=1583466698398&CODE_STATE=getMsg HTTP/1.1" 302 -
58.40.7.146 - - [06/Mar/2020:11:51:40 +0800] "GET /xingrg/all/function/internal_message.html?_=1583466697959&CODE_STATE=getMsg HTTP/1.1" 200 27
117.185.32.26 - - [06/Mar/2020:11:51:41 +0800] "GET /xingrg/check_reg.html?_=1583467088877 HTTP/1.1" 200 22
117.185.32.26 - - [06/Mar/2020:11:51:41 +0800] "GET /xingrg/all/function/internal_message.html?_=1583467088894&CODE_STATE=getMsg HTTP/1.1" 200 27
114.93.75.19 - - [06/Mar/2020:11:51:43 +0800] "GET /xingrg/all/function/internal_message.html?_=1583467024903&CODE_STATE=getMsg HTTP/1.1" 200 27
114.88.170.138 - - [06/Mar/2020:11:51:45 +0800] "GET /xingrg/check_reg.html?_=1583466701982 HTTP/1.1" 200 22
114.93.75.19 - - [06/Mar/2020:11:51:46 +0800] "GET /xingrg/check_reg.html?_=1583466709136 HTTP/1.1" 200 22
114.93.75.19 - - [06/Mar/2020:11:51:46 +0800] "GET /xingrg/all/function/internal_message.html?_=1583466709138&CODE_STATE=getMsg HTTP/1.1" 200 27
114.93.75.19 - - [06/Mar/2020:11:51:46 +0800] "GET /xingrg/all/function/internal_message.html?_=1583466704927&CODE_STATE=getMsg HTTP/1.1" 200 27
114.93.75.19 - - [06/Mar/2020:11:51:48 +0800] "GET /xingrg/all/function/internal_message.html?_=1583466715670&CODE_STATE=getMsg HTTP/1.1" 302 -
120.253.135.82 - - [06/Mar/2020:11:51:52 +0800] "GET /xingrg/all/function/internal_message.html?_=1583466776213&CODE_STATE=getMsg HTTP/1.1" 200 27
114.88.170.138 - - [06/Mar/2020:11:52:03 +0800] "GET /xingrg/all/function/internal_message.html?_=1583466720033&CODE_STATE=getMsg HTTP/1.1" 200 27
114.93.75.19 - - [06/Mar/2020:11:52:12 +0800] "POST /xingrg/dwr/call/plaincall/AjaxCheckService.checkOrder.dwr HTTP/1.1" 200 79
114.93.75.19 - - [06/Mar/2020:11:52:15 +0800] "GET /xingrg/kc/base/check_order_info.html?code=452020030100049 HTTP/1.1" 200 23112
114.93.75.19 - - [06/Mar/2020:11:52:15 +0800] "GET /xingrg/dwr/interface/AjaxComOrderService.js HTTP/1.1" 200 18264
114.93.75.19 - - [06/Mar/2020:11:52:15 +0800] "GET /xingrg/dwr/interface/AjaxCheckService.js HTTP/1.1" 200 14003
114.93.75.19 - - [06/Mar/2020:11:52:15 +0800] "GET /xingrg/dwr/engine.js HTTP/1.1" 200 43631
114.93.75.19 - - [06/Mar/2020:11:52:15 +0800] "POST /xingrg/dwr/call/plaincall/AjaxCheckService.loadOrderItems.dwr HTTP/1.1" 200 21150
180.162.232.172 - - [06/Mar/2020:11:52:18 +0800] "GET /xingrg/all/function/internal_message.html?_=1583466836516&CODE_STATE=getMsg HTTP/1.1" 200 27
58.221.95.50 - - [06/Mar/2020:11:52:18 +0800] "GET /xingrg/all/function/internal_message.html?_=1583467076211&CODE_STATE=getMsg HTTP/1.1" 200 27
114.93.75.19 - - [06/Mar/2020:11:52:19 +0800] "GET /xingrg/kc/report/report_main.html HTTP/1.1" 200 7337
114.93.75.19 - - [06/Mar/2020:11:52:20 +0800] "GET /xingrg/kc/base/crk_hz.html HTTP/1.1" 200 11239
114.93.75.19 - - [06/Mar/2020:11:52:20 +0800] "POST /xingrg/kc/cost/cost_operate.html?command=get_base_tree HTTP/1.1" 200 2314
114.93.75.19 - - [06/Mar/2020:11:52:20 +0800] "POST /xingrg/all/common/load_tree.html?tree=materiel_sort_tree_json HTTP/1.1" 200 8666
114.93.75.19 - - [06/Mar/2020:11:52:22 +0800] "GET /xingrg/all/function/internal_message.html?_=1583466739183&CODE_STATE=getMsg HTTP/1.1" 200 27
117.184.7.26 - - [06/Mar/2020:11:52:25 +0800] "GET /xingrg/all/function/internal_message.html?_=1583466741717&CODE_STATE=getMsg HTTP/1.1" 200 27
114.93.75.19 - - [06/Mar/2020:11:52:27 +0800] "GET /xingrg/all/function/internal_message.html?_=1583466910428&CODE_STATE=getMsg HTTP/1.1" 200 27
114.93.75.19 - - [06/Mar/2020:11:52:28 +0800] "GET /xingrg/all/function/internal_message.html?_=1583466747232&CODE_STATE=getMsg HTTP/1.1" 200 27
114.93.75.19 - - [06/Mar/2020:11:52:30 +0800] "GET /xingrg/all/function/internal_message.html?_=1583466758382&CODE_STATE=getMsg HTTP/1.1" 302 -
116.228.172.94 - - [06/Mar/2020:11:52:37 +0800] "GET /xingrg/check_reg.html?_=1583466063068 HTTP/1.1" 200 22
114.93.75.19 - - [06/Mar/2020:11:52:38 +0800] "GET /xingrg/kc/base/crk_hz.html?_=1583466761096&command=get_cost_id&end_date=2020-02-29&start_date=2020-01-01 HTTP/1.1" 200 51
114.93.75.19 - - [06/Mar/2020:11:52:38 +0800] "GET /xingrg/dwr/interface/AjaxReportQueryService.js HTTP/1.1" 200 13203
114.93.75.19 - - [06/Mar/2020:11:52:38 +0800] "GET /xingrg/dwr/engine.js HTTP/1.1" 200 43631
114.93.75.19 - - [06/Mar/2020:11:52:38 +0800] "GET /xingrg/all/report/report_query.html?isQuery=1&onlyBody=1&rh=99999&rw=1800&varString=start:20200101,cost_id:2516,mid:20200101&fileName=kc/base/crk_hz_type_by_base.xml&queryString=%20a.base_code%20in%20('0010376')%20%20and%20m.sort_code%20in%20('00101001','00101002','00101003','00101004','00101005','00101006','00101007','00101008','00101009','00101010','00101011','00101012','00101013','00101014','00101015','00101016','00101017','00101018','00101019','00101020','00101021','00101022','00101023','00101024','00101025','00101026','00101027','00101028','00101029','00101030','00101031','00101032','00101033','00101034','00101036','00101037','00101038','00101039')%20&queryText=ÈÕÆÚ£º2020-01-01ÖÁ2020-02-29%20²Ö¿â£ºº£ÏʳØ&tableQueryString=materiel_table$sp1$$sp$before_table$sp1$$sp$crk_table$sp1$order_day%20between%2020200101%20and%2020200229 HTTP/1.1" 200 49811
58.40.7.146 - - [06/Mar/2020:11:52:40 +0800] "GET /xingrg/all/function/internal_message.html?_=1583466757946&CODE_STATE=getMsg HTTP/1.1" 200 27
58.40.7.146 - - [06/Mar/2020:11:52:40 +0800] "GET /xingrg/check_reg.html?_=1583466758022 HTTP/1.1" 200 22
114.93.75.19 - - [06/Mar/2020:11:52:40 +0800] "POST /xingrg/all/report/load_report_page.html HTTP/1.1" 200 95029
114.93.75.19 - - [06/Mar/2020:11:52:41 +0800] "GET /xingrg/servlets/image?cache=0.8229355533919535&image=px HTTP/1.1" 200 807
117.185.32.26 - - [06/Mar/2020:11:52:41 +0800] "GET /xingrg/all/function/internal_message.html?_=1583467148878&CODE_STATE=getMsg HTTP/1.1" 200 27
114.93.75.19 - - [06/Mar/2020:11:52:43 +0800] "GET /xingrg/all/function/internal_message.html?_=1583467084887&CODE_STATE=getMsg HTTP/1.1" 200 27
114.93.75.19 - - [06/Mar/2020:11:52:45 +0800] "GET /xingrg/kc/base/crk_hz.html?_=1583466768731&command=get_cost_id&end_date=2020-02-29&start_date=2020-01-01 HTTP/1.1" 200 51
114.93.75.19 - - [06/Mar/2020:11:52:45 +0800] "GET /xingrg/dwr/interface/AjaxReportQueryService.js HTTP/1.1" 200 13203
114.93.75.19 - - [06/Mar/2020:11:52:45 +0800] "GET /xingrg/dwr/engine.js HTTP/1.1" 200 43631
114.93.75.19 - - [06/Mar/2020:11:52:46 +0800] "GET /xingrg/all/function/internal_message.html?_=1583466769148&CODE_STATE=getMsg HTTP/1.1" 200 27
114.93.75.19 - - [06/Mar/2020:11:52:46 +0800] "GET /xingrg/all/report/report_query.html?isQuery=1&onlyBody=1&rh=999&rw=1800&varString=start:20200101,cost_id:2516,mid:20200101&fileName=kc/base/crk_hz_type_by_materiel.xml&queryString=%20a.base_code%20in%20('0010376')%20%20and%20m.sort_code%20in%20('00101001','00101002','00101003','00101004','00101005','00101006','00101007','00101008','00101009','00101010','00101011','00101012','00101013','00101014','00101015','00101016','00101017','00101018','00101019','00101020','00101021','00101022','00101023','00101024','00101025','00101026','00101027','00101028','00101029','00101030','00101031','00101032','00101033','00101034','00101036','00101037','00101038','00101039')%20&queryText=ÈÕÆÚ£º2020-01-01ÖÁ2020-02-29%20²Ö¿â£ºº£ÏʳØ&tableQueryString=materiel_table$sp1$$sp$before_table$sp1$$sp$crk_table$sp1$order_day%20between%2020200101%20and%2020200229 HTTP/1.1" 200 49831
114.93.75.19 - - [06/Mar/2020:11:52:46 +0800] "GET /xingrg/all/function/internal_message.html?_=1583466764894&CODE_STATE=getMsg HTTP/1.1" 200 27
114.93.75.19 - - [06/Mar/2020:11:52:48 +0800] "GET /xingrg/check_reg.html?_=1583466775666 HTTP/1.1" 302 -
114.93.75.19 - - [06/Mar/2020:11:52:48 +0800] "GET /xingrg/all/function/internal_message.html?_=1583466775671&CODE_STATE=getMsg HTTP/1.1" 302 -
120.253.135.82 - - [06/Mar/2020:11:52:49 +0800] "GET /xingrg/check_reg.html?_=1583466832722 HTTP/1.1" 200 22
120.253.135.82 - - [06/Mar/2020:11:52:52 +0800] "GET /xingrg/all/function/internal_message.html?_=1583466836215&CODE_STATE=getMsg HTTP/1.1" 200 27
114.93.75.19 - - [06/Mar/2020:11:53:01 +0800] "POST /xingrg/all/report/load_report_page.html HTTP/1.1" 200 1300230
114.93.75.19 - - [06/Mar/2020:11:53:01 +0800] "GET /xingrg/servlets/image?cache=0.3878546369507627&image=px HTTP/1.1" 200 807
114.88.170.138 - - [06/Mar/2020:11:53:03 +0800] "GET /xingrg/all/function/internal_message.html?_=1583466780046&CODE_STATE=getMsg HTTP/1.1" 200 27
180.162.232.172 - - [06/Mar/2020:11:53:18 +0800] "GET /xingrg/all/function/internal_message.html?_=1583466896531&CODE_STATE=getMsg HTTP/1.1" 200 27
58.221.95.50 - - [06/Mar/2020:11:53:18 +0800] "GET /xingrg/all/function/internal_message.html?_=1583467136204&CODE_STATE=getMsg HTTP/1.1" 200 27
114.93.75.19 - - [06/Mar/2020:11:53:22 +0800] "GET /xingrg/all/function/internal_message.html?_=1583466799189&CODE_STATE=getMsg HTTP/1.1" 200 27
117.184.7.26 - - [06/Mar/2020:11:53:25 +0800] "GET /xingrg/all/function/internal_message.html?_=1583466801688&CODE_STATE=getMsg HTTP/1.1" 200 27
114.93.75.19 - - [06/Mar/2020:11:53:26 +0800] "GET /xingrg/check_reg.html?_=1583466805717 HTTP/1.1" 200 22
114.93.75.19 - - [06/Mar/2020:11:53:27 +0800] "GET /xingrg/check_reg.html?_=1583466970428 HTTP/1.1" 200 22
114.93.75.19 - - [06/Mar/2020:11:53:27 +0800] "GET /xingrg/all/function/internal_message.html?_=1583466970418&CODE_STATE=getMsg HTTP/1.1" 200 27
114.93.75.19 - - [06/Mar/2020:11:53:28 +0800] "GET /xingrg/all/function/internal_message.html?_=1583466807246&CODE_STATE=getMsg HTTP/1.1" 200 27
114.93.75.19 - - [06/Mar/2020:11:53:30 +0800] "GET /xingrg/all/function/internal_message.html?_=1583466818384&CODE_STATE=getMsg HTTP/1.1" 302 -
58.40.7.146 - - [06/Mar/2020:11:53:40 +0800] "GET /xingrg/all/function/internal_message.html?_=1583466817945&CODE_STATE=getMsg HTTP/1.1" 200 27
117.185.32.26 - - [06/Mar/2020:11:53:41 +0800] "GET /xingrg/all/function/internal_message.html?_=1583467208862&CODE_STATE=getMsg HTTP/1.1" 200 27
114.93.75.19 - - [06/Mar/2020:11:53:43 +0800] "GET /xingrg/all/function/internal_message.html?_=1583467144871&CODE_STATE=getMsg HTTP/1.1" 200 27
114.93.75.19 - - [06/Mar/2020:11:53:46 +0800] "GET /xingrg/all/function/internal_message.html?_=1583466829141&CODE_STATE=getMsg HTTP/1.1" 200 27
114.93.75.19 - - [06/Mar/2020:11:53:46 +0800] "GET /xingrg/all/function/internal_message.html?_=1583466824864&CODE_STATE=getMsg HTTP/1.1" 200 27
114.93.75.19 - - [06/Mar/2020:11:53:48 +0800] "GET /xingrg/all/function/internal_message.html?_=1583466835671&CODE_STATE=getMsg HTTP/1.1" 302 -
120.253.135.82 - - [06/Mar/2020:11:53:52 +0800] "GET /xingrg/all/function/internal_message.html?_=1583466896227&CODE_STATE=getMsg HTTP/1.1" 200 27
114.88.170.138 - - [06/Mar/2020:11:54:03 +0800] "GET /xingrg/all/function/internal_message.html?_=1583466840078&CODE_STATE=getMsg HTTP/1.1" 200 27
180.162.232.172 - - [06/Mar/2020:11:54:18 +0800] "GET /xingrg/all/function/internal_message.html?_=1583466956570&CODE_STATE=getMsg HTTP/1.1" 200 27
58.221.95.50 - - [06/Mar/2020:11:54:18 +0800] "GET /xingrg/all/function/internal_message.html?_=1583467196200&CODE_STATE=getMsg HTTP/1.1" 200 27
58.221.95.50 - - [06/Mar/2020:11:54:18 +0800] "GET /xingrg/check_reg.html?_=1583467196203 HTTP/1.1" 200 22
114.93.75.19 - - [06/Mar/2020:11:54:22 +0800] "GET /xingrg/all/function/internal_message.html?_=1583466859167&CODE_STATE=getMsg HTTP/1.1" 200 27
114.93.75.19 - - [06/Mar/2020:11:54:22 +0800] "GET /xingrg/check_reg.html?_=1583466859184 HTTP/1.1" 200 22
114.93.75.19 - - [06/Mar/2020:11:54:24 +0800] "GET /xingrg/kc/base/crk_hz.html?_=1583466867455&command=get_cost_id&end_date=2020-02-29&start_date=2020-01-01 HTTP/1.1" 200 51
117.184.7.26 - - [06/Mar/2020:11:54:25 +0800] "GET /xingrg/all/function/internal_message.html?_=1583466861673&CODE_STATE=getMsg HTTP/1.1" 200 27
114.93.75.19 - - [06/Mar/2020:11:54:25 +0800] "GET /xingrg/all/report/report_print.html?isPrint=1&fileName=kc/base/crk_hz_type_by_materiel.xml&condition=%20a.base_code%20in%20('0010376')%20%20and%20m.sort_code%20in%20('00101001','00101002','00101003','00101004','00101005','00101006','00101007','00101008','00101009','00101010','00101011','00101012','00101013','00101014','00101015','00101016','00101017','00101018','00101019','00101020','00101021','00101022','00101023','00101024','00101025','00101026','00101027','00101028','00101029','00101030','00101031','00101032','00101033','00101034','00101036','00101037','00101038','00101039')%20&condition_show=ÈÕÆÚ£º2020-01-01ÖÁ2020-02-29%20²Ö¿â£ºº£ÏʳØ&tableQueryString=materiel_table$sp1$$sp$before_table$sp1$$sp$crk_table$sp1$order_day%20between%2020200101%20and%2020200229&fileType=servlets/xls&varString=start:20200101,cost_id:2516,mid:20200101 HTTP/1.1" 200 105581
114.93.75.19 - - [06/Mar/2020:11:54:27 +0800] "GET /xingrg/all/function/internal_message.html?_=1583467030428&CODE_STATE=getMsg HTTP/1.1" 200 27
114.93.75.19 - - [06/Mar/2020:11:54:28 +0800] "GET /xingrg/all/function/internal_message.html?_=1583466867260&CODE_STATE=getMsg HTTP/1.1" 200 27
114.93.75.19 - - [06/Mar/2020:11:54:30 +0800] "GET /xingrg/all/function/internal_message.html?_=1583466878410&CODE_STATE=getMsg HTTP/1.1" 302 -
58.40.7.146 - - [06/Mar/2020:11:54:40 +0800] "GET /xingrg/all/function/internal_message.html?_=1583466877949&CODE_STATE=getMsg HTTP/1.1" 200 27
117.185.32.26 - - [06/Mar/2020:11:54:41 +0800] "GET /xingrg/all/function/internal_message.html?_=1583467268848&CODE_STATE=getMsg HTTP/1.1" 200 27
114.93.75.19 - - [06/Mar/2020:11:54:43 +0800] "GET /xingrg/all/function/internal_message.html?_=1583467204855&CODE_STATE=getMsg HTTP/1.1" 200 27
114.93.75.19 - - [06/Mar/2020:11:54:46 +0800] "GET /xingrg/all/function/internal_message.html?_=1583466889137&CODE_STATE=getMsg HTTP/1.1" 200 27
114.93.75.19 - - [06/Mar/2020:11:54:46 +0800] "GET /xingrg/all/function/internal_message.html?_=1583466884843&CODE_STATE=getMsg HTTP/1.1" 200 27
114.93.75.19 - - [06/Mar/2020:11:54:48 +0800] "GET /xingrg/all/function/internal_message.html?_=1583466895670&CODE_STATE=getMsg HTTP/1.1" 302 -
120.253.135.82 - - [06/Mar/2020:11:54:52 +0800] "GET /xingrg/all/function/internal_message.html?_=1583466956301&CODE_STATE=getMsg HTTP/1.1" 200 27
114.88.170.138 - - [06/Mar/2020:11:55:03 +0800] "GET /xingrg/all/function/internal_message.html?_=1583466900090&CODE_STATE=getMsg HTTP/1.1" 200 27
180.162.232.172 - - [06/Mar/2020:11:55:18 +0800] "GET /xingrg/all/function/internal_message.html?_=1583467016574&CODE_STATE=getMsg HTTP/1.1" 200 27
58.221.95.50 - - [06/Mar/2020:11:55:18 +0800] "GET /xingrg/all/function/internal_message.html?_=1583467256202&CODE_STATE=getMsg HTTP/1.1" 200 27
114.93.75.19 - - [06/Mar/2020:11:55:22 +0800] "GET /xingrg/all/function/internal_message.html?_=1583466919169&CODE_STATE=getMsg HTTP/1.1" 200 27
117.184.7.26 - - [06/Mar/2020:11:55:25 +0800] "GET /xingrg/check_reg.html?_=1583466921580 HTTP/1.1" 200 22
117.184.7.26 - - [06/Mar/2020:11:55:25 +0800] "GET /xingrg/all/function/internal_message.html?_=1583466921645&CODE_STATE=getMsg HTTP/1.1" 200 27
114.93.75.19 - - [06/Mar/2020:11:55:27 +0800] "GET /xingrg/all/function/internal_message.html?_=1583467090420&CODE_STATE=getMsg HTTP/1.1" 200 27
114.93.75.19 - - [06/Mar/2020:11:55:28 +0800] "GET /xingrg/all/function/internal_message.html?_=1583466927273&CODE_STATE=getMsg HTTP/1.1" 200 27
114.93.75.19 - - [06/Mar/2020:11:55:30 +0800] "GET /xingrg/all/function/internal_message.html?_=1583466938408&CODE_STATE=getMsg HTTP/1.1" 302 -
114.93.75.19 - - [06/Mar/2020:11:55:31 +0800] "GET /xingrg/check_reg.html?_=1583466929850 HTTP/1.1" 200 22
58.40.7.146 - - [06/Mar/2020:11:55:40 +0800] "GET /xingrg/all/function/internal_message.html?_=1583466937952&CODE_STATE=getMsg HTTP/1.1" 200 27
117.185.32.26 - - [06/Mar/2020:11:55:41 +0800] "GET /xingrg/all/function/internal_message.html?_=1583467328833&CODE_STATE=getMsg HTTP/1.1" 200 27
114.93.75.19 - - [06/Mar/2020:11:55:43 +0800] "GET /xingrg/all/function/internal_message.html?_=1583467264839&CODE_STATE=getMsg HTTP/1.1" 200 27
114.93.75.19 - - [06/Mar/2020:11:55:46 +0800] "GET /xingrg/all/function/internal_message.html?_=1583466949137&CODE_STATE=getMsg HTTP/1.1" 200 27
114.93.75.19 - - [06/Mar/2020:11:55:46 +0800] "GET /xingrg/all/function/internal_message.html?_=1583466944850&CODE_STATE=getMsg HTTP/1.1" 200 27
114.93.75.19 - - [06/Mar/2020:11:55:48 +0800] "GET /xingrg/all/function/internal_message.html?_=1583466955670&CODE_STATE=getMsg HTTP/1.1" 302 -
120.253.135.82 - - [06/Mar/2020:11:55:52 +0800] "GET /xingrg/all/function/internal_message.html?_=1583467016301&CODE_STATE=getMsg HTTP/1.1" 200 27
114.93.75.19 - - [06/Mar/2020:11:55:57 +0800] "GET /xingrg/check_reg.html?_=1583467279506 HTTP/1.1" 200 22
114.88.170.138 - - [06/Mar/2020:11:56:03 +0800] "GET /xingrg/all/function/internal_message.html?_=1583466960120&CODE_STATE=getMsg HTTP/1.1" 200 27
180.162.232.172 - - [06/Mar/2020:11:56:18 +0800] "GET /xingrg/check_reg.html?_=1583467076069 HTTP/1.1" 200 22
180.162.232.172 - - [06/Mar/2020:11:56:18 +0800] "GET /xingrg/all/function/internal_message.html?_=1583467076587&CODE_STATE=getMsg HTTP/1.1" 200 27
58.221.95.50 - - [06/Mar/2020:11:56:18 +0800] "GET /xingrg/all/function/internal_message.html?_=1583467316212&CODE_STATE=getMsg HTTP/1.1" 200 27
114.93.75.19 - - [06/Mar/2020:11:56:22 +0800] "GET /xingrg/all/function/internal_message.html?_=1583466979186&CODE_STATE=getMsg HTTP/1.1" 200 27
117.184.7.26 - - [06/Mar/2020:11:56:25 +0800] "GET /xingrg/all/function/internal_message.html?_=1583466981618&CODE_STATE=getMsg HTTP/1.1" 200 27
114.93.75.19 - - [06/Mar/2020:11:56:27 +0800] "GET /xingrg/all/function/internal_message.html?_=1583467150417&CODE_STATE=getMsg HTTP/1.1" 200 27
114.93.75.19 - - [06/Mar/2020:11:56:28 +0800] "GET /xingrg/all/function/internal_message.html?_=1583466987335&CODE_STATE=getMsg HTTP/1.1" 200 27
114.93.75.19 - - [06/Mar/2020:11:56:30 +0800] "GET /xingrg/all/function/internal_message.html?_=1583466998408&CODE_STATE=getMsg HTTP/1.1" 302 -
114.93.75.19 - - [06/Mar/2020:11:56:30 +0800] "GET /xingrg/check_reg.html?_=1583466998411 HTTP/1.1" 302 -
58.40.7.146 - - [06/Mar/2020:11:56:40 +0800] "GET /xingrg/all/function/internal_message.html?_=1583466997958&CODE_STATE=getMsg HTTP/1.1" 200 27
117.185.32.26 - - [06/Mar/2020:11:56:41 +0800] "GET /xingrg/all/function/internal_message.html?_=1583467388840&CODE_STATE=getMsg HTTP/1.1" 200 27
117.185.32.26 - - [06/Mar/2020:11:56:41 +0800] "GET /xingrg/check_reg.html?_=1583467388889 HTTP/1.1" 200 22
114.93.75.19 - - [06/Mar/2020:11:56:42 +0800] "GET /xingrg/all/function/internal_message.html?_=1583467324810&CODE_STATE=getMsg HTTP/1.1" 200 27
114.88.170.138 - - [06/Mar/2020:11:56:45 +0800] "GET /xingrg/check_reg.html?_=1583467001989 HTTP/1.1" 200 22
114.93.75.19 - - [06/Mar/2020:11:56:46 +0800] "GET /xingrg/check_reg.html?_=1583467009154 HTTP/1.1" 200 22
114.93.75.19 - - [06/Mar/2020:11:56:46 +0800] "GET /xingrg/all/function/internal_message.html?_=1583467009152&CODE_STATE=getMsg HTTP/1.1" 200 27
114.93.75.19 - - [06/Mar/2020:11:56:46 +0800] "GET /xingrg/all/function/internal_message.html?_=1583467004819&CODE_STATE=getMsg HTTP/1.1" 200 27
114.93.75.19 - - [06/Mar/2020:11:56:48 +0800] "GET /xingrg/all/function/internal_message.html?_=1583467015669&CODE_STATE=getMsg HTTP/1.1" 302 -
120.253.135.82 - - [06/Mar/2020:11:56:52 +0800] "GET /xingrg/all/function/internal_message.html?_=1583467076365&CODE_STATE=getMsg HTTP/1.1" 200 27
114.88.170.138 - - [06/Mar/2020:11:57:03 +0800] "GET /xingrg/all/function/internal_message.html?_=1583467020131&CODE_STATE=getMsg HTTP/1.1" 200 27
180.162.232.172 - - [06/Mar/2020:11:57:18 +0800] "GET /xingrg/all/function/internal_message.html?_=1583467136601&CODE_STATE=getMsg HTTP/1.1" 200 27
58.221.95.50 - - [06/Mar/2020:11:57:18 +0800] "GET /xingrg/all/function/internal_message.html?_=1583467376209&CODE_STATE=getMsg HTTP/1.1" 200 27
114.93.75.19 - - [06/Mar/2020:11:57:22 +0800] "GET /xingrg/all/function/internal_message.html?_=1583467039208&CODE_STATE=getMsg HTTP/1.1" 200 27
117.184.7.26 - - [06/Mar/2020:11:57:25 +0800] "GET /xingrg/all/function/internal_message.html?_=1583467041594&CODE_STATE=getMsg HTTP/1.1" 200 27
114.93.75.19 - - [06/Mar/2020:11:57:27 +0800] "GET /xingrg/all/function/internal_message.html?_=1583467210423&CODE_STATE=getMsg HTTP/1.1" 200 27
114.93.75.19 - - [06/Mar/2020:11:57:28 +0800] "GET /xingrg/all/function/internal_message.html?_=1583467047335&CODE_STATE=getMsg HTTP/1.1" 200 27
116.232.49.198 - - [06/Mar/2020:11:57:29 +0800] "GET /xingrg/login.html HTTP/1.1" 200 7639
116.232.49.198 - - [06/Mar/2020:11:57:30 +0800] "GET /favicon.ico HTTP/1.1" 404 -
114.93.75.19 - - [06/Mar/2020:11:57:30 +0800] "GET /xingrg/all/function/internal_message.html?_=1583467058413&CODE_STATE=getMsg HTTP/1.1" 302 -
116.228.172.94 - - [06/Mar/2020:11:57:37 +0800] "GET /xingrg/check_reg.html?_=1583466363071 HTTP/1.1" 200 22
58.40.7.146 - - [06/Mar/2020:11:57:40 +0800] "GET /xingrg/all/function/internal_message.html?_=1583467057960&CODE_STATE=getMsg HTTP/1.1" 200 27
58.40.7.146 - - [06/Mar/2020:11:57:40 +0800] "GET /xingrg/check_reg.html?_=1583467058007 HTTP/1.1" 200 22
117.185.32.26 - - [06/Mar/2020:11:57:41 +0800] "GET /xingrg/all/function/internal_message.html?_=1583467448809&CODE_STATE=getMsg HTTP/1.1" 200 27
114.93.75.19 - - [06/Mar/2020:11:57:42 +0800] "GET /xingrg/all/function/internal_message.html?_=1583467384789&CODE_STATE=getMsg HTTP/1.1" 200 27
114.93.75.19 - - [06/Mar/2020:11:57:46 +0800] "GET /xingrg/all/function/internal_message.html?_=1583467069139&CODE_STATE=getMsg HTTP/1.1" 200 27
114.93.75.19 - - [06/Mar/2020:11:57:46 +0800] "GET /xingrg/all/function/internal_message.html?_=1583467064788&CODE_STATE=getMsg HTTP/1.1" 200 27
114.93.75.19 - - [06/Mar/2020:11:57:48 +0800] "GET /xingrg/check_reg.html?_=1583467075669 HTTP/1.1" 302 -
114.93.75.19 - - [06/Mar/2020:11:57:48 +0800] "GET /xingrg/all/function/internal_message.html?_=1583467075671&CODE_STATE=getMsg HTTP/1.1" 302 -
120.253.135.82 - - [06/Mar/2020:11:57:49 +0800] "GET /xingrg/check_reg.html?_=1583467132725 HTTP/1.1" 200 22
116.232.49.198 - - [06/Mar/2020:11:57:52 +0800] "POST /xingrg/login.do HTTP/1.1" 302 -
120.253.135.82 - - [06/Mar/2020:11:57:52 +0800] "GET /xingrg/all/function/internal_message.html?_=1583467136375&CODE_STATE=getMsg HTTP/1.1" 200 27
116.232.49.198 - - [06/Mar/2020:11:57:52 +0800] "GET /xingrg/index.html?sysBaseUrl=http%3A%2F%2F117.131.15.22%3A18081%2Fxingrg%2F&costTime=48×tamp=1583467072686 HTTP/1.1" 200 17151
116.232.49.198 - - [06/Mar/2020:11:57:53 +0800] "POST /xingrg/all/common/load_tree.html?tree=area_rest_tree_json&manage=1 HTTP/1.1" 200 342
116.232.49.198 - - [06/Mar/2020:11:57:53 +0800] "GET /xingrg/all/function/internal_message.html?_=1583467104593&CODE_STATE=count HTTP/1.1" 200 11
116.232.49.198 - - [06/Mar/2020:11:57:53 +0800] "POST /xingrg/load_menu.html HTTP/1.1" 200 5124
116.232.49.198 - - [06/Mar/2020:11:57:53 +0800] "GET /xingrg/check_reg.html?_=1583467104596 HTTP/1.1" 200 22
116.232.49.198 - - [06/Mar/2020:11:57:54 +0800] "GET /xingrg/kc/buy/buy_main.html HTTP/1.1" 200 12398
116.232.49.198 - - [06/Mar/2020:11:57:54 +0800] "GET /xingrg/css/new_ie.css HTTP/1.1" 404 1036
116.232.49.198 - - [06/Mar/2020:11:57:55 +0800] "GET /xingrg/kc/buy/cgsh_order_list.html HTTP/1.1" 200 42034
116.232.49.198 - - [06/Mar/2020:11:57:56 +0800] "POST /xingrg/kc/buy/cgsh_list_operate.html HTTP/1.1" 200 876
116.232.49.198 - - [06/Mar/2020:11:57:58 +0800] "GET /xingrg/kc/buy/cgsh_order_add.html HTTP/1.1" 200 57636
116.232.49.198 - - [06/Mar/2020:11:57:58 +0800] "GET /xingrg/words/20200302155600_words.js HTTP/1.1" 304 -
116.232.49.198 - - [06/Mar/2020:11:57:59 +0800] "POST /xingrg/kc/buy/cgsh_order_operate.html HTTP/1.1" 200 8245
116.232.49.198 - - [06/Mar/2020:11:57:59 +0800] "GET /xingrg/all/common/auto_word.html?type=employee&rest_code=00109 HTTP/1.1" 200 255
116.232.49.198 - - [06/Mar/2020:11:57:59 +0800] "GET /xingrg/all/common/auto_word.html?type=employee&rest_code=00109 HTTP/1.1" 200 255
116.232.49.198 - - [06/Mar/2020:11:57:59 +0800] "GET /xingrg/javascript/easyui/themes/default/validatebox.css HTTP/1.1" 404 1104
114.88.170.138 - - [06/Mar/2020:11:58:03 +0800] "GET /xingrg/all/function/internal_message.html?_=1583467080145&CODE_STATE=getMsg HTTP/1.1" 200 27
116.232.49.198 - - [06/Mar/2020:11:58:05 +0800] "GET /xingrg/javascript/jquery_tools/images/prev.gif HTTP/1.1" 404 1086
116.232.49.198 - - [06/Mar/2020:11:58:05 +0800] "GET /xingrg/javascript/jquery_tools/images/next.gif HTTP/1.1" 404 1086
116.232.49.198 - - [06/Mar/2020:11:58:10 +0800] "GET /xingrg/kc/buy/cgsh_order_operate.html?command=get_materiel&rest_code=00109&code=00101012051&supplier_code=00100035&order_time=2020-03-06 HTTP/1.1" 200 408
116.232.49.198 - - [06/Mar/2020:11:58:17 +0800] "GET /xingrg/kc/buy/cgsh_order_operate.html?command=get_materiel&rest_code=00109&code=00101016010&supplier_code=00100035&order_time=2020-03-06 HTTP/1.1" 200 427
180.162.232.172 - - [06/Mar/2020:11:58:18 +0800] "GET /xingrg/all/function/internal_message.html?_=1583467196613&CODE_STATE=getMsg HTTP/1.1" 200 27
58.221.95.50 - - [06/Mar/2020:11:58:18 +0800] "GET /xingrg/all/function/internal_message.html?_=1583467436211&CODE_STATE=getMsg HTTP/1.1" 200 27
114.93.75.19 - - [06/Mar/2020:11:58:22 +0800] "GET /xingrg/all/function/internal_message.html?_=1583467099179&CODE_STATE=getMsg HTTP/1.1" 200 27
117.184.7.26 - - [06/Mar/2020:11:58:25 +0800] "GET /xingrg/all/function/internal_message.html?_=1583467101578&CODE_STATE=getMsg HTTP/1.1" 200 27
116.232.49.198 - - [06/Mar/2020:11:58:25 +0800] "POST /xingrg/kc/buy/cgsh_order_operate.html HTTP/1.1" 200 37
116.232.49.198 - - [06/Mar/2020:11:58:26 +0800] "POST /xingrg/kc/buy/cgsh_order_operate.html HTTP/1.1" 200 3236
114.93.75.19 - - [06/Mar/2020:11:58:26 +0800] "GET /xingrg/check_reg.html?_=1583467105757 HTTP/1.1" 200 22
114.93.75.19 - - [06/Mar/2020:11:58:27 +0800] "GET /xingrg/all/function/internal_message.html?_=1583467270425&CODE_STATE=getMsg HTTP/1.1" 200 27
114.93.75.19 - - [06/Mar/2020:11:58:27 +0800] "GET /xingrg/check_reg.html?_=1583467270429 HTTP/1.1" 200 22
114.93.75.19 - - [06/Mar/2020:11:58:28 +0800] "GET /xingrg/all/function/internal_message.html?_=1583467107348&CODE_STATE=getMsg HTTP/1.1" 200 27
116.232.49.198 - - [06/Mar/2020:11:58:28 +0800] "GET /xingrg/kc/print/load_config.html?kc_code=cgsh HTTP/1.1" 200 1841
116.232.49.198 - - [06/Mar/2020:11:58:28 +0800] "GET /xingrg/kc/print/load_data.html?order_code=212020030600396&kc_code=cgsh&condition= HTTP/1.1" 200 895
114.93.75.19 - - [06/Mar/2020:11:58:30 +0800] "GET /xingrg/all/function/internal_message.html?_=1583467118413&CODE_STATE=getMsg HTTP/1.1" 302 -
58.40.7.146 - - [06/Mar/2020:11:58:40 +0800] "GET /xingrg/all/function/internal_message.html?_=1583467117961&CODE_STATE=getMsg HTTP/1.1" 200 27
117.185.32.26 - - [06/Mar/2020:11:58:41 +0800] "GET /xingrg/all/function/internal_message.html?_=1583467508794&CODE_STATE=getMsg HTTP/1.1" 200 27
114.93.75.19 - - [06/Mar/2020:11:58:42 +0800] "GET /xingrg/all/function/internal_message.html?_=1583467444774&CODE_STATE=getMsg HTTP/1.1" 200 27
114.93.75.19 - - [06/Mar/2020:11:58:46 +0800] "GET /xingrg/all/function/internal_message.html?_=1583467129137&CODE_STATE=getMsg HTTP/1.1" 200 27
116.232.49.198 - - [06/Mar/2020:11:58:46 +0800] "GET /xingrg/kc/buy/cgsh_order_add.html HTTP/1.1" 200 57636
116.232.49.198 - - [06/Mar/2020:11:58:46 +0800] "POST /xingrg/kc/buy/cgsh_order_operate.html HTTP/1.1" 200 8245
116.232.49.198 - - [06/Mar/2020:11:58:46 +0800] "GET /xingrg/all/common/auto_word.html?type=employee&rest_code=00109 HTTP/1.1" 200 255
116.232.49.198 - - [06/Mar/2020:11:58:46 +0800] "GET /xingrg/all/common/auto_word.html?type=employee&rest_code=00109 HTTP/1.1" 200 255
116.232.49.198 - - [06/Mar/2020:11:58:46 +0800] "GET /xingrg/javascript/easyui/themes/default/validatebox.css HTTP/1.1" 404 1104
114.93.75.19 - - [06/Mar/2020:11:58:46 +0800] "GET /xingrg/all/function/internal_message.html?_=1583467124770&CODE_STATE=getMsg HTTP/1.1" 200 27
114.93.75.19 - - [06/Mar/2020:11:58:48 +0800] "GET /xingrg/all/function/internal_message.html?_=1583467135671&CODE_STATE=getMsg HTTP/1.1" 302 -
120.253.135.82 - - [06/Mar/2020:11:58:52 +0800] "GET /xingrg/all/function/internal_message.html?_=1583467196390&CODE_STATE=getMsg HTTP/1.1" 200 27
116.232.49.198 - - [06/Mar/2020:11:58:53 +0800] "GET /xingrg/all/function/internal_message.html?_=1583467166591&CODE_STATE=getMsg HTTP/1.1" 200 27
114.88.170.138 - - [06/Mar/2020:11:59:03 +0800] "GET /xingrg/all/function/internal_message.html?_=1583467140176&CODE_STATE=getMsg HTTP/1.1" 200 27
116.232.49.198 - - [06/Mar/2020:11:59:04 +0800] "GET /xingrg/javascript/jquery_tools/images/next.gif HTTP/1.1" 404 1086
116.232.49.198 - - [06/Mar/2020:11:59:04 +0800] "GET /xingrg/javascript/jquery_tools/images/prev.gif HTTP/1.1" 404 1086
116.232.49.198 - - [06/Mar/2020:11:59:10 +0800] "GET /xingrg/kc/buy/cgsh_order_operate.html?command=get_materiel&rest_code=00109&code=00101008003&supplier_code=00100005&order_time=2020-03-06 HTTP/1.1" 200 430
116.232.49.198 - - [06/Mar/2020:11:59:10 +0800] "GET /xingrg/javascript/auto/indicator.gif HTTP/1.1" 404 1066
180.162.232.172 - - [06/Mar/2020:11:59:18 +0800] "GET /xingrg/all/function/internal_message.html?_=1583467256653&CODE_STATE=getMsg HTTP/1.1" 200 27
58.221.95.50 - - [06/Mar/2020:11:59:18 +0800] "GET /xingrg/all/function/internal_message.html?_=1583467496226&CODE_STATE=getMsg HTTP/1.1" 200 27
58.221.95.50 - - [06/Mar/2020:11:59:18 +0800] "GET /xingrg/check_reg.html?_=1583467496228 HTTP/1.1" 200 22
116.232.49.198 - - [06/Mar/2020:11:59:21 +0800] "GET /xingrg/kc/buy/cgsh_order_operate.html?command=get_materiel&rest_code=00109&code=00101008126&supplier_code=00100005&order_time=2020-03-06 HTTP/1.1" 200 427
114.93.75.19 - - [06/Mar/2020:11:59:22 +0800] "GET /xingrg/all/function/internal_message.html?_=1583467159221&CODE_STATE=getMsg HTTP/1.1" 200 27
114.93.75.19 - - [06/Mar/2020:11:59:22 +0800] "GET /xingrg/check_reg.html?_=1583467159252 HTTP/1.1" 200 22
117.184.7.26 - - [06/Mar/2020:11:59:25 +0800] "GET /xingrg/all/function/internal_message.html?_=1583467161578&CODE_STATE=getMsg HTTP/1.1" 200 27
114.93.75.19 - - [06/Mar/2020:11:59:27 +0800] "GET /xingrg/all/function/internal_message.html?_=1583467330415&CODE_STATE=getMsg HTTP/1.1" 200 27
114.93.75.19 - - [06/Mar/2020:11:59:28 +0800] "GET /xingrg/all/function/internal_message.html?_=1583467167362&CODE_STATE=getMsg HTTP/1.1" 200 27
116.232.49.198 - - [06/Mar/2020:11:59:29 +0800] "GET /xingrg/kc/buy/cgsh_order_operate.html?command=get_materiel&rest_code=00109&code=00101008087&supplier_code=00100005&order_time=2020-03-06 HTTP/1.1" 200 429
114.93.75.19 - - [06/Mar/2020:11:59:30 +0800] "GET /xingrg/all/function/internal_message.html?_=1583467178412&CODE_STATE=getMsg HTTP/1.1" 302 -
116.232.49.198 - - [06/Mar/2020:11:59:36 +0800] "GET /xingrg/kc/buy/cgsh_order_operate.html?command=get_materiel&rest_code=00109&code=00101008355&supplier_code=00100005&order_time=2020-03-06 HTTP/1.1" 200 425
58.40.7.146 - - [06/Mar/2020:11:59:40 +0800] "GET /xingrg/all/function/internal_message.html?_=1583467177948&CODE_STATE=getMsg HTTP/1.1" 200 27
117.185.32.26 - - [06/Mar/2020:11:59:41 +0800] "GET /xingrg/all/function/internal_message.html?_=1583467568778&CODE_STATE=getMsg HTTP/1.1" 200 27
116.232.49.198 - - [06/Mar/2020:11:59:42 +0800] "GET /xingrg/kc/buy/cgsh_order_operate.html?command=get_materiel&rest_code=00109&code=00101008261&supplier_code=00100005&order_time=2020-03-06 HTTP/1.1" 200 430
114.93.75.19 - - [06/Mar/2020:11:59:42 +0800] "GET /xingrg/all/function/internal_message.html?_=1583467504759&CODE_STATE=getMsg HTTP/1.1" 200 27
114.93.75.19 - - [06/Mar/2020:11:59:46 +0800] "GET /xingrg/all/function/internal_message.html?_=1583467189152&CODE_STATE=getMsg HTTP/1.1" 200 27
114.93.75.19 - - [06/Mar/2020:11:59:46 +0800] "GET /xingrg/all/function/internal_message.html?_=1583467184738&CODE_STATE=getMsg HTTP/1.1" 200 27
114.93.75.19 - - [06/Mar/2020:11:59:48 +0800] "GET /xingrg/all/function/internal_message.html?_=1583467195670&CODE_STATE=getMsg HTTP/1.1" 302 -
116.232.49.198 - - [06/Mar/2020:11:59:48 +0800] "GET /xingrg/kc/buy/cgsh_order_operate.html?command=get_materiel&rest_code=00109&code=00101008072&supplier_code=00100005&order_time=2020-03-06 HTTP/1.1" 200 423
116.232.49.198 - - [06/Mar/2020:11:59:50 +0800] "GET /xingrg/all/function/internal_message.html?_=1583467226587&CODE_STATE=getMsg HTTP/1.1" 200 27
120.253.135.82 - - [06/Mar/2020:11:59:52 +0800] "GET /xingrg/all/function/internal_message.html?_=1583467256467&CODE_STATE=getMsg HTTP/1.1" 200 27
116.232.49.198 - - [06/Mar/2020:12:00:02 +0800] "GET /xingrg/kc/buy/cgsh_order_operate.html?command=get_materiel&rest_code=00109&code=00101008300&supplier_code=00100005&order_time=2020-03-06 HTTP/1.1" 200 431
114.88.170.138 - - [06/Mar/2020:12:00:03 +0800] "GET /xingrg/all/function/internal_message.html?_=1583467200189&CODE_STATE=getMsg HTTP/1.1" 200 27
116.232.49.198 - - [06/Mar/2020:12:00:07 +0800] "GET /xingrg/kc/buy/cgsh_order_operate.html?command=get_materiel&rest_code=00109&code=00101008270&supplier_code=00100005&order_time=2020-03-06 HTTP/1.1" 200 431
116.232.49.198 - - [06/Mar/2020:12:00:12 +0800] "GET /xingrg/kc/buy/cgsh_order_operate.html?command=get_materiel&rest_code=00109&code=00101008358&supplier_code=00100005&order_time=2020-03-06 HTTP/1.1" 200 428
180.162.232.172 - - [06/Mar/2020:12:00:18 +0800] "GET /xingrg/all/function/internal_message.html?_=1583467316656&CODE_STATE=getMsg HTTP/1.1" 200 27
58.221.95.50 - - [06/Mar/2020:12:00:18 +0800] "GET /xingrg/all/function/internal_message.html?_=1583467556224&CODE_STATE=getMsg HTTP/1.1" 200 27
116.232.49.198 - - [06/Mar/2020:12:00:19 +0800] "GET /xingrg/kc/buy/cgsh_order_operate.html?command=get_materiel&rest_code=00109&code=00101008005&supplier_code=00100005&order_time=2020-03-06 HTTP/1.1" 200 434
114.93.75.19 - - [06/Mar/2020:12:00:22 +0800] "GET /xingrg/all/function/internal_message.html?_=1583467219200&CODE_STATE=getMsg HTTP/1.1" 200 27
117.184.7.30 - - [06/Mar/2020:12:00:25 +0800] "GET /xingrg/all/function/internal_message.html?_=1583467221578&CODE_STATE=getMsg HTTP/1.1" 200 27
117.184.7.30 - - [06/Mar/2020:12:00:25 +0800] "GET /xingrg/check_reg.html?_=1583467221582 HTTP/1.1" 200 22
116.232.49.198 - - [06/Mar/2020:12:00:27 +0800] "GET /xingrg/kc/buy/cgsh_order_operate.html?command=get_materiel&rest_code=00109&code=00101008196&supplier_code=00100005&order_time=2020-03-06 HTTP/1.1" 200 432
