117.185.32.26 - - [06/Mar/2020:11:11:45 +0800] "POST /xingrg/kc/buy/cgsh_order_operate.html HTTP/1.1" 200 12
114.88.170.138 - - [06/Mar/2020:11:11:45 +0800] "GET /xingrg/check_reg.html?_=1583464301939 HTTP/1.1" 200 22
114.93.75.19 - - [06/Mar/2020:11:11:45 +0800] "POST /xingrg/dwr/call/plaincall/AjaxComOrderService.getMaterielSearchList.dwr HTTP/1.1" 200 76
114.93.75.19 - - [06/Mar/2020:11:11:46 +0800] "POST /xingrg/dwr/call/plaincall/AjaxComOrderService.getMaterielSearchList.dwr HTTP/1.1" 200 76
117.185.32.26 - - [06/Mar/2020:11:11:46 +0800] "GET /xingrg/kc/buy/cgsh_order_info.html?code=212020030600392 HTTP/1.1" 200 52549
117.185.32.26 - - [06/Mar/2020:11:11:46 +0800] "GET /xingrg/javascript/easyui/themes/default/validatebox.css HTTP/1.1" 404 1104
117.185.32.26 - - [06/Mar/2020:11:11:46 +0800] "POST /xingrg/kc/buy/cgsh_order_operate.html HTTP/1.1" 200 616
114.93.75.19 - - [06/Mar/2020:11:11:47 +0800] "POST /xingrg/dwr/call/plaincall/AjaxComOrderService.getMaterielSearchList.dwr HTTP/1.1" 200 1318
114.93.75.19 - - [06/Mar/2020:11:11:47 +0800] "GET /xingrg/all/function/internal_message.html?_=1583464305421&CODE_STATE=getMsg HTTP/1.1" 200 27
114.93.75.19 - - [06/Mar/2020:11:11:47 +0800] "GET /xingrg/all/function/internal_message.html?_=1583464315564&CODE_STATE=getMsg HTTP/1.1" 302 -
114.93.75.19 - - [06/Mar/2020:11:11:48 +0800] "POST /xingrg/dwr/call/plaincall/AjaxComOrderService.getMaterielByCode.dwr HTTP/1.1" 200 2450
117.185.32.26 - - [06/Mar/2020:11:11:48 +0800] "GET /xingrg/kc/print/load_data.html?order_code=212020030600392&kc_code=cgsh&condition= HTTP/1.1" 200 704
120.253.135.82 - - [06/Mar/2020:11:11:51 +0800] "GET /xingrg/all/function/internal_message.html?_=1583464374972&CODE_STATE=getMsg HTTP/1.1" 200 27
180.162.232.172 - - [06/Mar/2020:11:11:52 +0800] "GET /xingrg/kc/base/wlsy_order_operate.html?command=get_materiel&rest_code=00150&base_code=0010450&code=00101004046 HTTP/1.1" 200 434
114.93.75.19 - - [06/Mar/2020:11:11:57 +0800] "POST /xingrg/dwr/call/plaincall/AjaxCheckService.addOrderItem.dwr HTTP/1.1" 200 711
180.156.150.85 - - [06/Mar/2020:11:11:58 +0800] "GET /xingrg/all/function/internal_message.html?_=1583464312838&CODE_STATE=getMsg HTTP/1.1" 200 27
180.156.150.85 - - [06/Mar/2020:11:11:58 +0800] "GET /xingrg/check_reg.html?_=1583464312841 HTTP/1.1" 200 22
117.185.32.26 - - [06/Mar/2020:11:12:00 +0800] "GET /xingrg/kc/buy/cgsh_order_add.html HTTP/1.1" 200 57642
180.162.232.172 - - [06/Mar/2020:11:12:00 +0800] "GET /xingrg/kc/base/wlsy_order_operate.html?command=get_materiel&rest_code=00150&base_code=0010450&code=00101004047 HTTP/1.1" 200 450
117.185.32.26 - - [06/Mar/2020:11:12:00 +0800] "POST /xingrg/kc/buy/cgsh_order_operate.html HTTP/1.1" 200 8245
117.185.32.26 - - [06/Mar/2020:11:12:00 +0800] "GET /xingrg/javascript/easyui/themes/default/validatebox.css HTTP/1.1" 404 1104
114.93.75.19 - - [06/Mar/2020:11:12:02 +0800] "POST /xingrg/dwr/call/plaincall/AjaxComOrderService.getMaterielSearchList.dwr HTTP/1.1" 200 76
117.185.32.26 - - [06/Mar/2020:11:12:02 +0800] "GET /xingrg/javascript/easyui/themes/default/tree.css HTTP/1.1" 404 1090
117.185.32.26 - - [06/Mar/2020:11:12:02 +0800] "POST /xingrg/all/common/load_tree.html?tree=supplier_tree_json&isDelete=1 HTTP/1.1" 200 46535
114.88.170.138 - - [06/Mar/2020:11:12:02 +0800] "GET /xingrg/all/function/internal_message.html?_=1583464319271&CODE_STATE=getMsg HTTP/1.1" 200 27
114.93.75.19 - - [06/Mar/2020:11:12:04 +0800] "POST /xingrg/dwr/call/plaincall/AjaxComOrderService.getMaterielSearchList.dwr HTTP/1.1" 200 16820
114.93.75.19 - - [06/Mar/2020:11:12:06 +0800] "POST /xingrg/dwr/call/plaincall/AjaxComOrderService.getMaterielSearchList.dwr HTTP/1.1" 200 16821
114.93.75.19 - - [06/Mar/2020:11:12:06 +0800] "POST /xingrg/dwr/call/plaincall/AjaxComOrderService.getMaterielSearchList.dwr HTTP/1.1" 200 16821
114.93.75.19 - - [06/Mar/2020:11:12:07 +0800] "POST /xingrg/dwr/call/plaincall/AjaxComOrderService.getMaterielByCode.dwr HTTP/1.1" 200 2450
114.93.75.19 - - [06/Mar/2020:11:12:08 +0800] "POST /xingrg/dwr/call/plaincall/AjaxComOrderService.getMaterielSearchList.dwr HTTP/1.1" 200 16821
114.93.75.19 - - [06/Mar/2020:11:12:10 +0800] "POST /xingrg/dwr/call/plaincall/AjaxComOrderService.getMaterielSearchList.dwr HTTP/1.1" 200 77
114.93.75.19 - - [06/Mar/2020:11:12:11 +0800] "POST /xingrg/dwr/call/plaincall/AjaxComOrderService.getMaterielSearchList.dwr HTTP/1.1" 200 77
114.93.75.19 - - [06/Mar/2020:11:12:12 +0800] "POST /xingrg/dwr/call/plaincall/AjaxComOrderService.getMaterielSearchList.dwr HTTP/1.1" 200 13586
180.152.227.200 - - [06/Mar/2020:11:12:14 +0800] "GET /xingrg/all/function/internal_message.html?_=1583464502385&CODE_STATE=getMsg HTTP/1.1" 200 27
114.93.75.19 - - [06/Mar/2020:11:12:15 +0800] "POST /xingrg/dwr/call/plaincall/AjaxComOrderService.getMaterielByCode.dwr HTTP/1.1" 200 2450
114.93.75.19 - - [06/Mar/2020:11:12:16 +0800] "POST /xingrg/dwr/call/plaincall/AjaxComOrderService.getMaterielSearchList.dwr HTTP/1.1" 200 13586
180.162.232.172 - - [06/Mar/2020:11:12:17 +0800] "GET /xingrg/all/function/internal_message.html?_=1583464435832&CODE_STATE=getMsg HTTP/1.1" 200 27
180.162.232.172 - - [06/Mar/2020:11:12:17 +0800] "GET /xingrg/kc/base/wlsy_order_operate.html?command=get_materiel&rest_code=00150&base_code=0010450&code=00101003020 HTTP/1.1" 200 431
114.93.75.19 - - [06/Mar/2020:11:12:18 +0800] "GET /xingrg/check_reg.html?_=1583464335917 HTTP/1.1" 200 22
114.93.75.19 - - [06/Mar/2020:11:12:18 +0800] "GET /xingrg/all/function/internal_message.html?_=1583464335919&CODE_STATE=getMsg HTTP/1.1" 200 27
58.221.95.50 - - [06/Mar/2020:11:12:18 +0800] "GET /xingrg/all/function/internal_message.html?_=1583464676164&CODE_STATE=getMsg HTTP/1.1" 200 27
114.93.75.19 - - [06/Mar/2020:11:12:18 +0800] "POST /xingrg/dwr/call/plaincall/AjaxComOrderService.getMaterielSearchList.dwr HTTP/1.1" 200 77
114.93.75.19 - - [06/Mar/2020:11:12:22 +0800] "GET /xingrg/all/function/internal_message.html?_=1583464339177&CODE_STATE=getMsg HTTP/1.1" 200 27
114.93.75.19 - - [06/Mar/2020:11:12:22 +0800] "POST /xingrg/dwr/call/plaincall/AjaxComOrderService.getMaterielSearchList.dwr HTTP/1.1" 200 313
117.185.32.26 - - [06/Mar/2020:11:12:22 +0800] "GET /xingrg/kc/buy/cgsh_order_operate.html?command=get_materiel&rest_code=00106&code=00101009034&supplier_code=00100335&order_time=2020-03-06 HTTP/1.1" 200 445
114.93.75.19 - - [06/Mar/2020:11:12:22 +0800] "POST /xingrg/dwr/call/plaincall/AjaxComOrderService.getMaterielSearchList.dwr HTTP/1.1" 200 313
114.93.75.19 - - [06/Mar/2020:11:12:23 +0800] "POST /xingrg/dwr/call/plaincall/AjaxComOrderService.getMaterielSearchList.dwr HTTP/1.1" 200 365288
114.93.75.19 - - [06/Mar/2020:11:12:23 +0800] "POST /xingrg/dwr/call/plaincall/AjaxComOrderService.getMaterielByCode.dwr HTTP/1.1" 200 2456
180.162.232.172 - - [06/Mar/2020:11:12:24 +0800] "GET /xingrg/kc/base/wlsy_order_operate.html?command=get_materiel&rest_code=00150&base_code=0010450&code=00101002018 HTTP/1.1" 200 431
117.184.7.26 - - [06/Mar/2020:11:12:25 +0800] "GET /xingrg/all/function/internal_message.html?_=1583464341519&CODE_STATE=getMsg HTTP/1.1" 200 27
114.93.75.19 - - [06/Mar/2020:11:12:27 +0800] "GET /xingrg/all/function/internal_message.html?_=1583464346820&CODE_STATE=getMsg HTTP/1.1" 200 27
114.93.75.19 - - [06/Mar/2020:11:12:28 +0800] "POST /xingrg/dwr/call/plaincall/AjaxCheckService.addOrderItem.dwr HTTP/1.1" 200 715
114.93.75.19 - - [06/Mar/2020:11:12:30 +0800] "GET /xingrg/all/function/internal_message.html?_=1583464353376&CODE_STATE=getMsg HTTP/1.1" 200 27
114.93.75.19 - - [06/Mar/2020:11:12:30 +0800] "GET /xingrg/all/function/internal_message.html?_=1583464358312&CODE_STATE=getMsg HTTP/1.1" 302 -
114.93.75.19 - - [06/Mar/2020:11:12:31 +0800] "GET /xingrg/all/function/internal_message.html?_=1583464348097&CODE_STATE=getMsg HTTP/1.1" 200 27
180.162.232.172 - - [06/Mar/2020:11:12:32 +0800] "GET /xingrg/kc/base/wlsy_order_operate.html?command=get_materiel&rest_code=00150&base_code=0010450&code=00101004063 HTTP/1.1" 200 431
117.185.32.26 - - [06/Mar/2020:11:12:34 +0800] "POST /xingrg/kc/buy/cgsh_order_operate.html HTTP/1.1" 200 37
117.185.32.26 - - [06/Mar/2020:11:12:36 +0800] "POST /xingrg/kc/buy/cgsh_order_operate.html HTTP/1.1" 200 12
114.93.75.19 - - [06/Mar/2020:11:12:37 +0800] "POST /xingrg/dwr/call/plaincall/AjaxCheckService.deleteOrderItem.dwr HTTP/1.1" 200 79
117.185.32.26 - - [06/Mar/2020:11:12:37 +0800] "GET /xingrg/kc/buy/cgsh_order_info.html?code=212020030600393 HTTP/1.1" 200 52547
117.185.32.26 - - [06/Mar/2020:11:12:37 +0800] "GET /xingrg/javascript/easyui/themes/default/validatebox.css HTTP/1.1" 404 1104
117.185.32.26 - - [06/Mar/2020:11:12:37 +0800] "POST /xingrg/kc/buy/cgsh_order_operate.html HTTP/1.1" 200 616
117.185.32.26 - - [06/Mar/2020:11:12:39 +0800] "GET /xingrg/kc/print/load_data.html?order_code=212020030600393&kc_code=cgsh&condition= HTTP/1.1" 200 699
58.40.7.146 - - [06/Mar/2020:11:12:40 +0800] "GET /xingrg/all/function/internal_message.html?_=1583464357928&CODE_STATE=getMsg HTTP/1.1" 200 27
58.40.7.146 - - [06/Mar/2020:11:12:40 +0800] "GET /xingrg/check_reg.html?_=1583464358132 HTTP/1.1" 200 22
117.185.32.26 - - [06/Mar/2020:11:12:42 +0800] "GET /xingrg/all/function/internal_message.html?_=1583464749484&CODE_STATE=getMsg HTTP/1.1" 200 27
114.93.75.19 - - [06/Mar/2020:11:12:42 +0800] "GET /xingrg/all/function/internal_message.html?_=1583464525640&CODE_STATE=getMsg HTTP/1.1" 200 27
114.93.75.19 - - [06/Mar/2020:11:12:43 +0800] "GET /xingrg/all/function/internal_message.html?_=1583464685455&CODE_STATE=getMsg HTTP/1.1" 200 27
180.162.232.172 - - [06/Mar/2020:11:12:45 +0800] "GET /xingrg/kc/base/wlsy_order_operate.html?command=get_materiel&rest_code=00150&base_code=0010450&code=00101003006 HTTP/1.1" 200 426
114.93.75.19 - - [06/Mar/2020:11:12:46 +0800] "POST /xingrg/dwr/call/plaincall/AjaxCheckService.setItemNumber.dwr HTTP/1.1" 200 77
114.93.75.19 - - [06/Mar/2020:11:12:47 +0800] "GET /xingrg/all/function/internal_message.html?_=1583464365454&CODE_STATE=getMsg HTTP/1.1" 200 27
114.93.75.19 - - [06/Mar/2020:11:12:47 +0800] "GET /xingrg/all/function/internal_message.html?_=1583464375562&CODE_STATE=getMsg HTTP/1.1" 302 -
114.93.75.19 - - [06/Mar/2020:11:12:47 +0800] "GET /xingrg/check_reg.html?_=1583464375565 HTTP/1.1" 302 -
120.253.135.82 - - [06/Mar/2020:11:12:48 +0800] "GET /xingrg/check_reg.html?_=1583464432430 HTTP/1.1" 200 22
120.253.135.82 - - [06/Mar/2020:11:12:51 +0800] "GET /xingrg/all/function/internal_message.html?_=1583464434986&CODE_STATE=getMsg HTTP/1.1" 200 27
117.185.32.26 - - [06/Mar/2020:11:12:53 +0800] "GET /xingrg/kc/buy/cgsh_order_add.html HTTP/1.1" 200 57642
117.185.32.26 - - [06/Mar/2020:11:12:53 +0800] "POST /xingrg/kc/buy/cgsh_order_operate.html HTTP/1.1" 200 8245
117.185.32.26 - - [06/Mar/2020:11:12:53 +0800] "GET /xingrg/javascript/easyui/themes/default/validatebox.css HTTP/1.1" 404 1104
117.185.32.26 - - [06/Mar/2020:11:12:55 +0800] "GET /xingrg/javascript/easyui/themes/default/tree.css HTTP/1.1" 404 1090
117.185.32.26 - - [06/Mar/2020:11:12:55 +0800] "POST /xingrg/all/common/load_tree.html?tree=supplier_tree_json&isDelete=1 HTTP/1.1" 200 46535
114.93.75.19 - - [06/Mar/2020:11:12:55 +0800] "POST /xingrg/dwr/call/plaincall/AjaxCheckService.setItemNumber.dwr HTTP/1.1" 200 77
180.162.232.172 - - [06/Mar/2020:11:12:55 +0800] "GET /xingrg/kc/base/wlsy_order_operate.html?command=get_materiel&rest_code=00150&base_code=0010450&code=00101003035 HTTP/1.1" 200 426
180.156.150.85 - - [06/Mar/2020:11:12:58 +0800] "GET /xingrg/all/function/internal_message.html?_=1583464372841&CODE_STATE=getMsg HTTP/1.1" 200 27
114.88.170.138 - - [06/Mar/2020:11:13:02 +0800] "GET /xingrg/all/function/internal_message.html?_=1583464379285&CODE_STATE=getMsg HTTP/1.1" 200 27
117.185.32.26 - - [06/Mar/2020:11:13:09 +0800] "GET /xingrg/kc/buy/cgsh_order_operate.html?command=get_materiel&rest_code=00106&code=00101008337&supplier_code=00100007&order_time=2020-03-06 HTTP/1.1" 200 425
114.93.75.19 - - [06/Mar/2020:11:13:09 +0800] "POST /xingrg/dwr/call/plaincall/AjaxComOrderService.getMaterielSearchList.dwr HTTP/1.1" 200 77
114.93.75.19 - - [06/Mar/2020:11:13:10 +0800] "POST /xingrg/dwr/call/plaincall/AjaxComOrderService.getMaterielSearchList.dwr HTTP/1.1" 200 204
114.93.75.19 - - [06/Mar/2020:11:13:11 +0800] "POST /xingrg/dwr/call/plaincall/AjaxComOrderService.getMaterielSearchList.dwr HTTP/1.1" 200 77
114.93.75.19 - - [06/Mar/2020:11:13:11 +0800] "POST /xingrg/dwr/call/plaincall/AjaxComOrderService.getMaterielSearchList.dwr HTTP/1.1" 200 77
114.93.75.19 - - [06/Mar/2020:11:13:12 +0800] "POST /xingrg/dwr/call/plaincall/AjaxComOrderService.getMaterielSearchList.dwr HTTP/1.1" 200 77
180.162.232.172 - - [06/Mar/2020:11:13:12 +0800] "GET /xingrg/javascript/easyui/plugins/jquery.draggable.js HTTP/1.1" 304 -
180.162.232.172 - - [06/Mar/2020:11:13:12 +0800] "GET /xingrg/javascript/easyui/plugins/jquery.droppable.js HTTP/1.1" 304 -
180.162.232.172 - - [06/Mar/2020:11:13:12 +0800] "GET /xingrg/javascript/easyui/themes/default/tree.css HTTP/1.1" 404 1090
180.162.232.172 - - [06/Mar/2020:11:13:12 +0800] "GET /xingrg/javascript/easyui/plugins/jquery.tree.js HTTP/1.1" 304 -
180.162.232.172 - - [06/Mar/2020:11:13:12 +0800] "POST /xingrg/all/common/load_tree.html?tree=employee_tree_json HTTP/1.1" 200 22513
114.93.75.19 - - [06/Mar/2020:11:13:13 +0800] "POST /xingrg/dwr/call/plaincall/AjaxComOrderService.getMaterielSearchList.dwr HTTP/1.1" 200 2231
180.162.232.172 - - [06/Mar/2020:11:13:13 +0800] "GET /xingrg/javascript/easyui/themes/default/images/tree_arrows.gif HTTP/1.1" 304 -
180.162.232.172 - - [06/Mar/2020:11:13:13 +0800] "GET /xingrg/javascript/easyui/themes/default/images/tree_folder_open.gif HTTP/1.1" 304 -
180.162.232.172 - - [06/Mar/2020:11:13:13 +0800] "GET /xingrg/javascript/easyui/themes/icons/accept_new.png HTTP/1.1" 304 -
180.162.232.172 - - [06/Mar/2020:11:13:13 +0800] "GET /xingrg/javascript/easyui/themes/icons/rest.png HTTP/1.1" 304 -
180.162.232.172 - - [06/Mar/2020:11:13:13 +0800] "GET /xingrg/javascript/easyui/themes/icons/areas.png HTTP/1.1" 304 -
180.162.232.172 - - [06/Mar/2020:11:13:17 +0800] "GET /xingrg/all/function/internal_message.html?_=1583464495847&CODE_STATE=getMsg HTTP/1.1" 200 27
114.93.75.19 - - [06/Mar/2020:11:13:17 +0800] "POST /xingrg/dwr/call/plaincall/AjaxComOrderService.getMaterielByCode.dwr HTTP/1.1" 200 2525
114.93.75.19 - - [06/Mar/2020:11:13:18 +0800] "GET /xingrg/all/function/internal_message.html?_=1583464395921&CODE_STATE=getMsg HTTP/1.1" 200 27
58.221.95.50 - - [06/Mar/2020:11:13:18 +0800] "GET /xingrg/all/function/internal_message.html?_=1583464736162&CODE_STATE=getMsg HTTP/1.1" 200 27
180.162.232.172 - - [06/Mar/2020:11:13:21 +0800] "POST /xingrg/kc/base/wlsy_order_operate.html HTTP/1.1" 200 37
180.162.232.172 - - [06/Mar/2020:11:13:21 +0800] "POST /xingrg/kc/base/wlsy_order_operate.html HTTP/1.1" 200 5326
180.162.232.172 - - [06/Mar/2020:11:13:22 +0800] "POST /xingrg/kc/base/wlsy_order_operate.html HTTP/1.1" 200 12
114.93.75.19 - - [06/Mar/2020:11:13:22 +0800] "GET /xingrg/all/function/internal_message.html?_=1583464399179&CODE_STATE=getMsg HTTP/1.1" 200 27
180.162.232.172 - - [06/Mar/2020:11:13:23 +0800] "POST /xingrg/kc/base/wlsy_list_operate.html?syType=0 HTTP/1.1" 200 862
117.184.7.26 - - [06/Mar/2020:11:13:25 +0800] "GET /xingrg/all/function/internal_message.html?_=1583464401520&CODE_STATE=getMsg HTTP/1.1" 200 27
114.93.75.19 - - [06/Mar/2020:11:13:26 +0800] "GET /xingrg/check_reg.html?_=1583464405653 HTTP/1.1" 200 22
114.93.75.19 - - [06/Mar/2020:11:13:27 +0800] "POST /xingrg/dwr/call/plaincall/AjaxCheckService.checkOrder.dwr HTTP/1.1" 200 79
117.185.32.26 - - [06/Mar/2020:11:13:27 +0800] "GET /xingrg/kc/buy/cgsh_order_operate.html?command=get_materiel&rest_code=00106&code=00101008350&supplier_code=00100007&order_time=2020-03-06 HTTP/1.1" 200 423
114.93.75.19 - - [06/Mar/2020:11:13:27 +0800] "GET /xingrg/all/function/internal_message.html?_=1583464406823&CODE_STATE=getMsg HTTP/1.1" 200 27
114.93.75.19 - - [06/Mar/2020:11:13:27 +0800] "GET /xingrg/kc/base/check_order_info.html?code=452020030100055 HTTP/1.1" 200 22848
114.93.75.19 - - [06/Mar/2020:11:13:27 +0800] "GET /xingrg/dwr/interface/AjaxComOrderService.js HTTP/1.1" 200 18264
114.93.75.19 - - [06/Mar/2020:11:13:27 +0800] "GET /xingrg/dwr/interface/AjaxCheckService.js HTTP/1.1" 200 14003
114.93.75.19 - - [06/Mar/2020:11:13:28 +0800] "GET /xingrg/dwr/engine.js HTTP/1.1" 200 43631
114.93.75.19 - - [06/Mar/2020:11:13:28 +0800] "POST /xingrg/dwr/call/plaincall/AjaxCheckService.loadOrderItems.dwr HTTP/1.1" 200 18602
114.93.75.19 - - [06/Mar/2020:11:13:30 +0800] "GET /xingrg/all/function/internal_message.html?_=1583464413379&CODE_STATE=getMsg HTTP/1.1" 200 27
114.93.75.19 - - [06/Mar/2020:11:13:30 +0800] "GET /xingrg/all/function/internal_message.html?_=1583464418301&CODE_STATE=getMsg HTTP/1.1" 302 -
114.93.75.19 - - [06/Mar/2020:11:13:31 +0800] "GET /xingrg/all/function/internal_message.html?_=1583464408069&CODE_STATE=getMsg HTTP/1.1" 200 27
58.40.7.146 - - [06/Mar/2020:11:13:40 +0800] "GET /xingrg/all/function/internal_message.html?_=1583464417915&CODE_STATE=getMsg HTTP/1.1" 200 27
117.185.32.26 - - [06/Mar/2020:11:13:42 +0800] "GET /xingrg/all/function/internal_message.html?_=1583464809495&CODE_STATE=getMsg HTTP/1.1" 200 27
114.93.75.19 - - [06/Mar/2020:11:13:42 +0800] "GET /xingrg/all/function/internal_message.html?_=1583464585646&CODE_STATE=getMsg HTTP/1.1" 200 27
114.93.75.19 - - [06/Mar/2020:11:13:43 +0800] "GET /xingrg/all/function/internal_message.html?_=1583464745439&CODE_STATE=getMsg HTTP/1.1" 200 27
114.93.75.19 - - [06/Mar/2020:11:13:47 +0800] "GET /xingrg/all/function/internal_message.html?_=1583464425439&CODE_STATE=getMsg HTTP/1.1" 200 27
114.93.75.19 - - [06/Mar/2020:11:13:47 +0800] "GET /xingrg/all/function/internal_message.html?_=1583464435566&CODE_STATE=getMsg HTTP/1.1" 302 -
114.93.75.19 - - [06/Mar/2020:11:13:48 +0800] "GET /xingrg/kc/base/check_order_list.html?isBack=1 HTTP/1.1" 200 16369
114.93.75.19 - - [06/Mar/2020:11:13:48 +0800] "POST /xingrg/kc/base/check_list_operate.html HTTP/1.1" 200 1566
114.93.75.19 - - [06/Mar/2020:11:13:49 +0800] "GET /xingrg/kc/base/check_order_info.html?code=452020030200075 HTTP/1.1" 200 26230
114.93.75.19 - - [06/Mar/2020:11:13:49 +0800] "GET /xingrg/dwr/interface/AjaxCheckService.js HTTP/1.1" 200 14003
114.93.75.19 - - [06/Mar/2020:11:13:49 +0800] "GET /xingrg/dwr/engine.js HTTP/1.1" 200 43631
120.253.135.82 - - [06/Mar/2020:11:13:51 +0800] "GET /xingrg/all/function/internal_message.html?_=1583464494999&CODE_STATE=getMsg HTTP/1.1" 200 27
114.93.75.19 - - [06/Mar/2020:11:13:52 +0800] "GET /xingrg/dwr/interface/AjaxComOrderService.js HTTP/1.1" 200 18264
114.93.75.19 - - [06/Mar/2020:11:13:52 +0800] "POST /xingrg/dwr/call/plaincall/AjaxCheckService.loadOrderItems.dwr HTTP/1.1" 200 238726
180.156.150.85 - - [06/Mar/2020:11:13:58 +0800] "GET /xingrg/all/function/internal_message.html?_=1583464432842&CODE_STATE=getMsg HTTP/1.1" 200 27
114.88.170.138 - - [06/Mar/2020:11:14:02 +0800] "GET /xingrg/all/function/internal_message.html?_=1583464439315&CODE_STATE=getMsg HTTP/1.1" 200 27
114.93.75.19 - - [06/Mar/2020:11:14:06 +0800] "POST /xingrg/dwr/call/plaincall/AjaxCheckService.setItemNumber.dwr HTTP/1.1" 200 76
117.185.32.26 - - [06/Mar/2020:11:14:13 +0800] "GET /xingrg/kc/buy/cgsh_order_operate.html?command=get_materiel&rest_code=00106&code=00101008211&supplier_code=00100007&order_time=2020-03-06 HTTP/1.1" 200 432
114.93.75.19 - - [06/Mar/2020:11:14:13 +0800] "POST /xingrg/dwr/call/plaincall/AjaxCheckService.setItemNumber.dwr HTTP/1.1" 200 76
114.93.75.19 - - [06/Mar/2020:11:14:14 +0800] "POST /xingrg/dwr/call/plaincall/AjaxCheckService.setItemNumber.dwr HTTP/1.1" 200 76
114.93.75.19 - - [06/Mar/2020:11:14:15 +0800] "POST /xingrg/dwr/call/plaincall/AjaxCheckService.setItemNumber.dwr HTTP/1.1" 200 76
114.93.75.19 - - [06/Mar/2020:11:14:15 +0800] "POST /xingrg/dwr/call/plaincall/AjaxCheckService.setItemNumber.dwr HTTP/1.1" 200 76
180.162.232.172 - - [06/Mar/2020:11:14:17 +0800] "GET /xingrg/all/function/internal_message.html?_=1583464555879&CODE_STATE=getMsg HTTP/1.1" 200 27
114.93.75.19 - - [06/Mar/2020:11:14:18 +0800] "POST /xingrg/dwr/call/plaincall/AjaxCheckService.setItemNumber.dwr HTTP/1.1" 200 76
114.93.75.19 - - [06/Mar/2020:11:14:18 +0800] "GET /xingrg/all/function/internal_message.html?_=1583464455923&CODE_STATE=getMsg HTTP/1.1" 200 27
58.221.95.50 - - [06/Mar/2020:11:14:18 +0800] "GET /xingrg/check_reg.html?_=1583464796143 HTTP/1.1" 200 22
58.221.95.50 - - [06/Mar/2020:11:14:18 +0800] "GET /xingrg/all/function/internal_message.html?_=1583464796144&CODE_STATE=getMsg HTTP/1.1" 200 27
120.253.135.82 - - [06/Mar/2020:11:14:19 +0800] "GET /xingrg/kc/report/report_main.html HTTP/1.1" 200 9362
120.253.135.82 - - [06/Mar/2020:11:14:19 +0800] "GET /xingrg/javascript/jquery_ui/themes/humanity/humanity.css HTTP/1.1" 200 27801
114.93.75.19 - - [06/Mar/2020:11:14:22 +0800] "GET /xingrg/check_reg.html?_=1583464459167 HTTP/1.1" 200 22
114.93.75.19 - - [06/Mar/2020:11:14:22 +0800] "GET /xingrg/all/function/internal_message.html?_=1583464459169&CODE_STATE=getMsg HTTP/1.1" 200 27
114.93.75.19 - - [06/Mar/2020:11:14:23 +0800] "POST /xingrg/dwr/call/plaincall/AjaxCheckService.setItemNumber.dwr HTTP/1.1" 200 76
114.93.75.19 - - [06/Mar/2020:11:14:24 +0800] "POST /xingrg/dwr/call/plaincall/AjaxCheckService.setItemNumber.dwr HTTP/1.1" 200 76
114.93.75.19 - - [06/Mar/2020:11:14:24 +0800] "POST /xingrg/dwr/call/plaincall/AjaxCheckService.setItemNumber.dwr HTTP/1.1" 200 76
117.184.7.26 - - [06/Mar/2020:11:14:25 +0800] "GET /xingrg/all/function/internal_message.html?_=1583464461521&CODE_STATE=getMsg HTTP/1.1" 200 27
114.93.75.19 - - [06/Mar/2020:11:14:25 +0800] "POST /xingrg/dwr/call/plaincall/AjaxCheckService.setItemNumber.dwr HTTP/1.1" 200 77
114.93.75.19 - - [06/Mar/2020:11:14:26 +0800] "POST /xingrg/dwr/call/plaincall/AjaxCheckService.setItemNumber.dwr HTTP/1.1" 200 77
117.185.32.26 - - [06/Mar/2020:11:14:27 +0800] "GET /xingrg/kc/buy/cgsh_order_operate.html?command=get_materiel&rest_code=00106&code=00101008003&supplier_code=00100007&order_time=2020-03-06 HTTP/1.1" 200 430
114.93.75.19 - - [06/Mar/2020:11:14:27 +0800] "GET /xingrg/all/function/internal_message.html?_=1583464466836&CODE_STATE=getMsg HTTP/1.1" 200 27
114.93.75.19 - - [06/Mar/2020:11:14:30 +0800] "GET /xingrg/all/function/internal_message.html?_=1583464473380&CODE_STATE=getMsg HTTP/1.1" 200 27
114.93.75.19 - - [06/Mar/2020:11:14:30 +0800] "GET /xingrg/check_reg.html?_=1583464473381 HTTP/1.1" 200 22
114.93.75.19 - - [06/Mar/2020:11:14:30 +0800] "GET /xingrg/all/function/internal_message.html?_=1583464478302&CODE_STATE=getMsg HTTP/1.1" 302 -
114.93.75.19 - - [06/Mar/2020:11:14:31 +0800] "GET /xingrg/all/function/internal_message.html?_=1583464468041&CODE_STATE=getMsg HTTP/1.1" 200 27
114.93.75.19 - - [06/Mar/2020:11:14:33 +0800] "POST /xingrg/dwr/call/plaincall/AjaxCheckService.setItemNumber.dwr HTTP/1.1" 200 77
58.40.7.146 - - [06/Mar/2020:11:14:40 +0800] "GET /xingrg/all/function/internal_message.html?_=1583464477919&CODE_STATE=getMsg HTTP/1.1" 200 27
117.185.32.26 - - [06/Mar/2020:11:14:42 +0800] "GET /xingrg/all/function/internal_message.html?_=1583464869508&CODE_STATE=getMsg HTTP/1.1" 200 27
114.93.75.19 - - [06/Mar/2020:11:14:42 +0800] "GET /xingrg/all/function/internal_message.html?_=1583464645676&CODE_STATE=getMsg HTTP/1.1" 200 27
114.93.75.19 - - [06/Mar/2020:11:14:42 +0800] "GET /xingrg/check_reg.html?_=1583464645667 HTTP/1.1" 200 22
117.185.32.26 - - [06/Mar/2020:11:14:43 +0800] "GET /xingrg/kc/buy/cgsh_order_operate.html?command=get_materiel&rest_code=00106&code=00101008067&supplier_code=00100007&order_time=2020-03-06 HTTP/1.1" 200 436
114.93.75.19 - - [06/Mar/2020:11:14:43 +0800] "GET /xingrg/all/function/internal_message.html?_=1583464805424&CODE_STATE=getMsg HTTP/1.1" 200 27
114.93.75.19 - - [06/Mar/2020:11:14:46 +0800] "POST /xingrg/dwr/call/plaincall/AjaxCheckService.setItemNumber.dwr HTTP/1.1" 200 77
114.93.75.19 - - [06/Mar/2020:11:14:47 +0800] "GET /xingrg/all/function/internal_message.html?_=1583464485409&CODE_STATE=getMsg HTTP/1.1" 200 27
114.93.75.19 - - [06/Mar/2020:11:14:47 +0800] "GET /xingrg/all/function/internal_message.html?_=1583464495567&CODE_STATE=getMsg HTTP/1.1" 302 -
120.253.135.82 - - [06/Mar/2020:11:14:51 +0800] "GET /xingrg/all/function/internal_message.html?_=1583464555058&CODE_STATE=getMsg HTTP/1.1" 200 27
114.93.75.19 - - [06/Mar/2020:11:14:51 +0800] "POST /xingrg/dwr/call/plaincall/AjaxCheckService.setItemNumber.dwr HTTP/1.1" 200 77
117.185.32.26 - - [06/Mar/2020:11:14:57 +0800] "GET /xingrg/kc/buy/cgsh_order_operate.html?command=get_materiel&rest_code=00106&code=00101008264&supplier_code=00100007&order_time=2020-03-06 HTTP/1.1" 200 428
180.156.150.85 - - [06/Mar/2020:11:14:58 +0800] "GET /xingrg/all/function/internal_message.html?_=1583464492842&CODE_STATE=getMsg HTTP/1.1" 200 27
114.93.75.19 - - [06/Mar/2020:11:15:02 +0800] "POST /xingrg/dwr/call/plaincall/AjaxCheckService.setItemNumber.dwr HTTP/1.1" 200 77
114.88.170.138 - - [06/Mar/2020:11:15:02 +0800] "GET /xingrg/all/function/internal_message.html?_=1583464499327&CODE_STATE=getMsg HTTP/1.1" 200 27
120.253.135.82 - - [06/Mar/2020:11:15:05 +0800] "GET /xingrg/all/report/report_query.html?fileName=kc/buy/wlcg_cate_hz.xml HTTP/1.1" 200 53911
120.253.135.82 - - [06/Mar/2020:11:15:05 +0800] "GET /xingrg/javascript/multi_select/jqueryMultiSelect.css HTTP/1.1" 200 951
120.253.135.82 - - [06/Mar/2020:11:15:05 +0800] "GET /xingrg/javascript/calendar/timePicker.css HTTP/1.1" 200 523
120.253.135.82 - - [06/Mar/2020:11:15:05 +0800] "GET /xingrg/javascript/bigrid/fix.css HTTP/1.1" 200 1702
120.253.135.82 - - [06/Mar/2020:11:15:05 +0800] "GET /xingrg/javascript/calendar/jquery.timePicker.min.js HTTP/1.1" 200 2997
120.253.135.82 - - [06/Mar/2020:11:15:05 +0800] "GET /xingrg/javascript/bigrid/fix.js HTTP/1.1" 200 6439
120.253.135.82 - - [06/Mar/2020:11:15:05 +0800] "GET /xingrg/javascript/jqueryMultiSelect.js HTTP/1.1" 200 11866
120.253.135.82 - - [06/Mar/2020:11:15:05 +0800] "GET /xingrg/dwr/interface/AjaxReportQueryService.js HTTP/1.1" 200 13203
120.253.135.82 - - [06/Mar/2020:11:15:05 +0800] "GET /xingrg/dwr/engine.js HTTP/1.1" 200 43631
120.253.135.82 - - [06/Mar/2020:11:15:05 +0800] "GET /xingrg/images/blue/button/advance2over.gif HTTP/1.1" 200 1336
120.253.135.82 - - [06/Mar/2020:11:15:05 +0800] "GET /xingrg/images/blue/button/back2over.gif HTTP/1.1" 200 1335
120.253.135.82 - - [06/Mar/2020:11:15:05 +0800] "GET /xingrg/images/blue/button/backover.gif HTTP/1.1" 200 1348
120.253.135.82 - - [06/Mar/2020:11:15:05 +0800] "GET /xingrg/images/blue/button/advanceover.gif HTTP/1.1" 200 1347
120.253.135.82 - - [06/Mar/2020:11:15:05 +0800] "GET /xingrg/images/control/loading.gif HTTP/1.1" 200 13463
120.253.135.82 - - [06/Mar/2020:11:15:05 +0800] "GET /xingrg/javascript/jquery_easy_ui/themes/icons/help.png HTTP/1.1" 200 1187
120.253.135.82 - - [06/Mar/2020:11:15:05 +0800] "GET /xingrg/javascript/jquery_easy_ui/themes/default/images/menu.gif HTTP/1.1" 200 834
120.253.135.82 - - [06/Mar/2020:11:15:05 +0800] "GET /xingrg/javascript/jquery_easy_ui/themes/icons/pencil.png HTTP/1.1" 200 713
120.253.135.82 - - [06/Mar/2020:11:15:05 +0800] "GET /xingrg/javascript/jquery_easy_ui/themes/default/images/menu_rightarrow.png HTTP/1.1" 200 3617
120.253.135.82 - - [06/Mar/2020:11:15:05 +0800] "POST /xingrg/dwr/call/plaincall/AjaxReportQueryService.getFixDate.dwr HTTP/1.1" 200 111
120.253.135.82 - - [06/Mar/2020:11:15:05 +0800] "POST /xingrg/all/common/load_tree.html?tree=supplier_tree_json&manage=1 HTTP/1.1" 200 47142
120.253.135.82 - - [06/Mar/2020:11:15:06 +0800] "POST /xingrg/all/common/load_tree.html?tree=materiel_sort_tree_json HTTP/1.1" 200 8666
120.253.135.82 - - [06/Mar/2020:11:15:07 +0800] "POST /xingrg/all/common/load_tree.html?tree=base_tree_json HTTP/1.1" 200 1108
117.185.32.26 - - [06/Mar/2020:11:15:09 +0800] "GET /xingrg/kc/buy/cgsh_order_operate.html?command=get_materiel&rest_code=00106&code=00101008024&supplier_code=00100007&order_time=2020-03-06 HTTP/1.1" 200 425
114.93.75.19 - - [06/Mar/2020:11:15:10 +0800] "POST /xingrg/dwr/call/plaincall/AjaxCheckService.setItemNumber.dwr HTTP/1.1" 200 77
180.162.232.172 - - [06/Mar/2020:11:15:17 +0800] "GET /xingrg/all/function/internal_message.html?_=1583464615890&CODE_STATE=getMsg HTTP/1.1" 200 27
114.93.75.19 - - [06/Mar/2020:11:15:18 +0800] "GET /xingrg/all/function/internal_message.html?_=1583464515927&CODE_STATE=getMsg HTTP/1.1" 200 27
58.221.95.50 - - [06/Mar/2020:11:15:18 +0800] "GET /xingrg/all/function/internal_message.html?_=1583464856155&CODE_STATE=getMsg HTTP/1.1" 200 27
114.93.75.19 - - [06/Mar/2020:11:15:22 +0800] "GET /xingrg/all/function/internal_message.html?_=1583464519172&CODE_STATE=getMsg HTTP/1.1" 200 27
117.184.7.26 - - [06/Mar/2020:11:15:25 +0800] "GET /xingrg/check_reg.html?_=1583464521507 HTTP/1.1" 200 22
117.184.7.26 - - [06/Mar/2020:11:15:25 +0800] "GET /xingrg/all/function/internal_message.html?_=1583464521517&CODE_STATE=getMsg HTTP/1.1" 200 27
117.185.32.26 - - [06/Mar/2020:11:15:26 +0800] "GET /xingrg/kc/buy/cgsh_order_operate.html?command=get_materiel&rest_code=00106&code=00101008059&supplier_code=00100007&order_time=2020-03-06 HTTP/1.1" 200 423
114.93.75.19 - - [06/Mar/2020:11:15:27 +0800] "GET /xingrg/all/function/internal_message.html?_=1583464526851&CODE_STATE=getMsg HTTP/1.1" 200 27
114.93.75.19 - - [06/Mar/2020:11:15:27 +0800] "POST /xingrg/dwr/call/plaincall/AjaxComOrderService.getMaterielSearchList.dwr HTTP/1.1" 200 77
114.93.75.19 - - [06/Mar/2020:11:15:28 +0800] "POST /xingrg/dwr/call/plaincall/AjaxComOrderService.getMaterielSearchList.dwr HTTP/1.1" 200 77
114.93.75.19 - - [06/Mar/2020:11:15:29 +0800] "POST /xingrg/dwr/call/plaincall/AjaxComOrderService.getMaterielSearchList.dwr HTTP/1.1" 200 1967
114.93.75.19 - - [06/Mar/2020:11:15:30 +0800] "GET /xingrg/all/function/internal_message.html?_=1583464533380&CODE_STATE=getMsg HTTP/1.1" 200 27
114.93.75.19 - - [06/Mar/2020:11:15:30 +0800] "POST /xingrg/dwr/call/plaincall/AjaxComOrderService.getMaterielByCode.dwr HTTP/1.1" 200 2451
114.93.75.19 - - [06/Mar/2020:11:15:30 +0800] "GET /xingrg/all/function/internal_message.html?_=1583464538302&CODE_STATE=getMsg HTTP/1.1" 302 -
114.93.75.19 - - [06/Mar/2020:11:15:31 +0800] "GET /xingrg/check_reg.html?_=1583464529785 HTTP/1.1" 200 22
114.93.75.19 - - [06/Mar/2020:11:15:31 +0800] "GET /xingrg/all/function/internal_message.html?_=1583464528013&CODE_STATE=getMsg HTTP/1.1" 200 27
114.93.75.19 - - [06/Mar/2020:11:15:32 +0800] "GET /xingrg/check_reg.html?_=1583464529064 HTTP/1.1" 200 22
114.93.75.19 - - [06/Mar/2020:11:15:35 +0800] "POST /xingrg/dwr/call/plaincall/AjaxCheckService.setItemNumber.dwr HTTP/1.1" 200 77
58.40.7.146 - - [06/Mar/2020:11:15:40 +0800] "GET /xingrg/all/function/internal_message.html?_=1583464537922&CODE_STATE=getMsg HTTP/1.1" 200 27
120.253.135.82 - - [06/Mar/2020:11:15:42 +0800] "GET /xingrg/javascript/jquery_easy_ui/themes/default/images/tree_checkbox_1.gif HTTP/1.1" 200 174
117.185.32.26 - - [06/Mar/2020:11:15:42 +0800] "GET /xingrg/all/function/internal_message.html?_=1583464929481&CODE_STATE=getMsg HTTP/1.1" 200 27
120.253.135.82 - - [06/Mar/2020:11:15:42 +0800] "GET /xingrg/javascript/jquery_easy_ui/themes/default/images/tree_checkbox_2.gif HTTP/1.1" 200 181
114.93.75.19 - - [06/Mar/2020:11:15:42 +0800] "GET /xingrg/all/function/internal_message.html?_=1583464705662&CODE_STATE=getMsg HTTP/1.1" 200 27
114.93.75.19 - - [06/Mar/2020:11:15:43 +0800] "GET /xingrg/all/function/internal_message.html?_=1583464865407&CODE_STATE=getMsg HTTP/1.1" 200 27
114.93.75.19 - - [06/Mar/2020:11:15:47 +0800] "GET /xingrg/all/function/internal_message.html?_=1583464545389&CODE_STATE=getMsg HTTP/1.1" 200 27
114.93.75.19 - - [06/Mar/2020:11:15:47 +0800] "GET /xingrg/all/function/internal_message.html?_=1583464555567&CODE_STATE=getMsg HTTP/1.1" 302 -
117.185.32.26 - - [06/Mar/2020:11:15:48 +0800] "GET /xingrg/kc/buy/cgsh_order_operate.html?command=get_materiel&rest_code=00106&code=00101008079&supplier_code=00100007&order_time=2020-03-06 HTTP/1.1" 200 435
120.253.135.82 - - [06/Mar/2020:11:15:51 +0800] "GET /xingrg/all/function/internal_message.html?_=1583464615079&CODE_STATE=getMsg HTTP/1.1" 200 27
114.93.75.19 - - [06/Mar/2020:11:15:57 +0800] "GET /xingrg/check_reg.html?_=1583464879465 HTTP/1.1" 200 22
180.156.150.85 - - [06/Mar/2020:11:15:58 +0800] "GET /xingrg/all/function/internal_message.html?_=1583464552843&CODE_STATE=getMsg HTTP/1.1" 200 27
114.93.75.19 - - [06/Mar/2020:11:15:58 +0800] "POST /xingrg/dwr/call/plaincall/AjaxComOrderService.getMaterielSearchList.dwr HTTP/1.1" 200 77
114.93.75.19 - - [06/Mar/2020:11:15:59 +0800] "POST /xingrg/dwr/call/plaincall/AjaxComOrderService.getMaterielSearchList.dwr HTTP/1.1" 200 77
114.93.75.19 - - [06/Mar/2020:11:16:00 +0800] "POST /xingrg/dwr/call/plaincall/AjaxComOrderService.getMaterielSearchList.dwr HTTP/1.1" 200 278
114.93.75.19 - - [06/Mar/2020:11:16:01 +0800] "POST /xingrg/dwr/call/plaincall/AjaxComOrderService.getMaterielByCode.dwr HTTP/1.1" 200 2451
114.88.170.138 - - [06/Mar/2020:11:16:02 +0800] "GET /xingrg/all/function/internal_message.html?_=1583464559356&CODE_STATE=getMsg HTTP/1.1" 200 27
117.185.32.26 - - [06/Mar/2020:11:16:03 +0800] "GET /xingrg/kc/buy/cgsh_order_operate.html?command=get_materiel&rest_code=00106&code=00101008213&supplier_code=00100007&order_time=2020-03-06 HTTP/1.1" 200 428
114.93.75.19 - - [06/Mar/2020:11:16:09 +0800] "POST /xingrg/dwr/call/plaincall/AjaxCheckService.addOrderItem.dwr HTTP/1.1" 200 710
120.253.135.82 - - [06/Mar/2020:11:16:11 +0800] "POST /xingrg/dwr/call/plaincall/AjaxReportQueryService.refreshCache.dwr HTTP/1.1" 200 78
120.253.135.82 - - [06/Mar/2020:11:16:12 +0800] "POST /xingrg/all/report/load_report_page.html HTTP/1.1" 200 89
180.162.232.172 - - [06/Mar/2020:11:16:17 +0800] "GET /xingrg/check_reg.html?_=1583464675842 HTTP/1.1" 200 22
180.162.232.172 - - [06/Mar/2020:11:16:17 +0800] "GET /xingrg/all/function/internal_message.html?_=1583464675903&CODE_STATE=getMsg HTTP/1.1" 200 27
114.93.75.19 - - [06/Mar/2020:11:16:18 +0800] "GET /xingrg/all/function/internal_message.html?_=1583464575930&CODE_STATE=getMsg HTTP/1.1" 200 27
58.221.95.50 - - [06/Mar/2020:11:16:18 +0800] "GET /xingrg/all/function/internal_message.html?_=1583464916153&CODE_STATE=getMsg HTTP/1.1" 200 27
120.253.135.82 - - [06/Mar/2020:11:16:21 +0800] "POST /xingrg/dwr/call/plaincall/AjaxReportQueryService.refreshCache.dwr HTTP/1.1" 200 78
114.93.75.19 - - [06/Mar/2020:11:16:22 +0800] "GET /xingrg/all/function/internal_message.html?_=1583464579174&CODE_STATE=getMsg HTTP/1.1" 200 27
116.228.172.94 - - [06/Mar/2020:11:16:22 +0800] "GET /xingrg/check_reg.html?_=1583463888080 HTTP/1.1" 200 22
120.253.135.82 - - [06/Mar/2020:11:16:22 +0800] "POST /xingrg/all/report/load_report_page.html HTTP/1.1" 200 89
117.184.7.26 - - [06/Mar/2020:11:16:25 +0800] "GET /xingrg/all/function/internal_message.html?_=1583464581515&CODE_STATE=getMsg HTTP/1.1" 200 27
114.93.75.19 - - [06/Mar/2020:11:16:27 +0800] "GET /xingrg/all/function/internal_message.html?_=1583464586854&CODE_STATE=getMsg HTTP/1.1" 200 27
114.93.75.19 - - [06/Mar/2020:11:16:30 +0800] "GET /xingrg/all/function/internal_message.html?_=1583464593381&CODE_STATE=getMsg HTTP/1.1" 200 27
120.253.135.82 - - [06/Mar/2020:11:16:30 +0800] "POST /xingrg/dwr/call/plaincall/AjaxReportQueryService.getFixDate.dwr HTTP/1.1" 200 111
114.93.75.19 - - [06/Mar/2020:11:16:30 +0800] "GET /xingrg/check_reg.html?_=1583464598306 HTTP/1.1" 302 -
114.93.75.19 - - [06/Mar/2020:11:16:30 +0800] "GET /xingrg/all/function/internal_message.html?_=1583464598304&CODE_STATE=getMsg HTTP/1.1" 302 -
114.93.75.19 - - [06/Mar/2020:11:16:31 +0800] "GET /xingrg/all/function/internal_message.html?_=1583464587988&CODE_STATE=getMsg HTTP/1.1" 200 27
120.253.135.82 - - [06/Mar/2020:11:16:34 +0800] "POST /xingrg/dwr/call/plaincall/AjaxReportQueryService.refreshCache.dwr HTTP/1.1" 200 78
120.253.135.82 - - [06/Mar/2020:11:16:34 +0800] "POST /xingrg/all/report/load_report_page.html HTTP/1.1" 200 8722
120.253.135.82 - - [06/Mar/2020:11:16:34 +0800] "GET /xingrg/servlets/image?cache=0.2461891367912924&image=px HTTP/1.1" 200 807
117.185.32.26 - - [06/Mar/2020:11:16:36 +0800] "GET /xingrg/kc/buy/cgsh_order_operate.html?command=get_materiel&rest_code=00106&code=00101008125&supplier_code=00100007&order_time=2020-03-06 HTTP/1.1" 200 434
114.93.75.19 - - [06/Mar/2020:11:16:37 +0800] "POST /xingrg/dwr/call/plaincall/AjaxComOrderService.getMaterielSearchList.dwr HTTP/1.1" 200 1605929
58.40.7.146 - - [06/Mar/2020:11:16:40 +0800] "GET /xingrg/all/function/internal_message.html?_=1583464597923&CODE_STATE=getMsg HTTP/1.1" 200 27
117.185.32.26 - - [06/Mar/2020:11:16:41 +0800] "GET /xingrg/check_reg.html?_=1583464988852 HTTP/1.1" 200 22
117.185.32.26 - - [06/Mar/2020:11:16:42 +0800] "GET /xingrg/all/function/internal_message.html?_=1583464989457&CODE_STATE=getMsg HTTP/1.1" 200 27
114.93.75.19 - - [06/Mar/2020:11:16:42 +0800] "GET /xingrg/all/function/internal_message.html?_=1583464765669&CODE_STATE=getMsg HTTP/1.1" 200 27
114.93.75.19 - - [06/Mar/2020:11:16:43 +0800] "GET /xingrg/all/function/internal_message.html?_=1583464925393&CODE_STATE=getMsg HTTP/1.1" 200 27
114.88.170.138 - - [06/Mar/2020:11:16:45 +0800] "GET /xingrg/check_reg.html?_=1583464601950 HTTP/1.1" 200 22
114.93.75.19 - - [06/Mar/2020:11:16:45 +0800] "POST /xingrg/all/user/operate.html HTTP/1.1" 200 36
114.93.75.19 - - [06/Mar/2020:11:16:45 +0800] "GET /xingrg/javascript/jquery_easy_ui/themes/default/easyui.css HTTP/1.1" 304 -
114.93.75.19 - - [06/Mar/2020:11:16:45 +0800] "GET /xingrg/index.html?sysBaseUrl=http%3A%2F%2F117.131.15.22%3A18081%2Fxingrg%2F&costTime=35×tamp=1583462190984 HTTP/1.1" 200 17487
114.93.75.19 - - [06/Mar/2020:11:16:45 +0800] "GET /xingrg/javascript/jquery_easy_ui/themes/icon.css HTTP/1.1" 304 -
114.93.75.19 - - [06/Mar/2020:11:16:45 +0800] "GET /xingrg/css/form.css HTTP/1.1" 304 -
114.93.75.19 - - [06/Mar/2020:11:16:45 +0800] "GET /xingrg/javascript/jquery-1.4.2.min.js HTTP/1.1" 304 -
114.93.75.19 - - [06/Mar/2020:11:16:45 +0800] "GET /xingrg/javascript/jquery_easy_ui/jquery.easyui.min.js HTTP/1.1" 304 -
114.93.75.19 - - [06/Mar/2020:11:16:45 +0800] "GET /xingrg/javascript/jquery_easy_ui/easyui-lang-zh_CN.js HTTP/1.1" 304 -
114.93.75.19 - - [06/Mar/2020:11:16:45 +0800] "GET /xingrg/javascript/jquery.form.js HTTP/1.1" 304 -
114.93.75.19 - - [06/Mar/2020:11:16:45 +0800] "GET /xingrg/javascript/jquery.utils.js HTTP/1.1" 304 -
114.93.75.19 - - [06/Mar/2020:11:16:45 +0800] "GET /xingrg/javascript/jquery.timers.js HTTP/1.1" 304 -
114.93.75.19 - - [06/Mar/2020:11:16:45 +0800] "GET /xingrg/images/blue/jxLogo.png HTTP/1.1" 304 -
114.93.75.19 - - [06/Mar/2020:11:16:45 +0800] "GET /xingrg/images/blue/navBackgound.jpg HTTP/1.1" 304 -
114.93.75.19 - - [06/Mar/2020:11:16:45 +0800] "GET /xingrg/javascript/jquery_easy_ui/themes/icons/settle_new.png HTTP/1.1" 304 -
114.93.75.19 - - [06/Mar/2020:11:16:45 +0800] "POST /xingrg/all/common/load_tree.html?tree=area_rest_tree_json&manage=1 HTTP/1.1" 200 3079
114.93.75.19 - - [06/Mar/2020:11:16:46 +0800] "GET /xingrg/all/function/internal_message.html?_=1583464609101&CODE_STATE=count HTTP/1.1" 200 11
114.93.75.19 - - [06/Mar/2020:11:16:46 +0800] "GET /xingrg/check_reg.html?_=1583464609104 HTTP/1.1" 200 22
114.93.75.19 - - [06/Mar/2020:11:16:46 +0800] "GET /xingrg/javascript/jquery_easy_ui/themes/default/images/panel_tool_expand.gif HTTP/1.1" 304 -
114.93.75.19 - - [06/Mar/2020:11:16:46 +0800] "GET /xingrg/javascript/jquery_easy_ui/themes/default/images/panel_tool_collapse.gif HTTP/1.1" 304 -
114.93.75.19 - - [06/Mar/2020:11:16:46 +0800] "GET /xingrg/images/blue/pingpu.png HTTP/1.1" 304 -
114.93.75.19 - - [06/Mar/2020:11:16:46 +0800] "GET /xingrg/javascript/jquery_easy_ui/themes/default/images/tabs_rightarrow.png HTTP/1.1" 304 -
114.93.75.19 - - [06/Mar/2020:11:16:46 +0800] "GET /xingrg/javascript/jquery_easy_ui/themes/default/images/tabs_leftarrow.png HTTP/1.1" 304 -
114.93.75.19 - - [06/Mar/2020:11:16:46 +0800] "POST /xingrg/load_menu.html HTTP/1.1" 200 9945
114.93.75.19 - - [06/Mar/2020:11:16:47 +0800] "GET /xingrg/all/function/internal_message.html?_=1583464605368&CODE_STATE=getMsg HTTP/1.1" 200 27
114.93.75.19 - - [06/Mar/2020:11:16:47 +0800] "GET /xingrg/kc/report/report_main.html HTTP/1.1" 200 7337
114.93.75.19 - - [06/Mar/2020:11:16:48 +0800] "GET /xingrg/all/function/internal_message.html?_=1583464615566&CODE_STATE=getMsg HTTP/1.1" 302 -
114.93.75.19 - - [06/Mar/2020:11:16:50 +0800] "GET /xingrg/kc/base/check_order_list.html HTTP/1.1" 200 16630
114.93.75.19 - - [06/Mar/2020:11:16:50 +0800] "POST /xingrg/kc/base/check_list_operate.html HTTP/1.1" 200 1566
120.253.135.82 - - [06/Mar/2020:11:16:51 +0800] "GET /xingrg/all/function/internal_message.html?_=1583464675087&CODE_STATE=getMsg HTTP/1.1" 200 27
120.253.135.82 - - [06/Mar/2020:11:16:52 +0800] "POST /xingrg/dwr/call/plaincall/AjaxReportQueryService.refreshCache.dwr HTTP/1.1" 200 78
120.253.135.82 - - [06/Mar/2020:11:16:52 +0800] "POST /xingrg/all/report/load_report_page.html HTTP/1.1" 200 8714
120.253.135.82 - - [06/Mar/2020:11:16:52 +0800] "GET /xingrg/servlets/image?cache=0.813783677959482&image=px HTTP/1.1" 200 807
117.185.32.26 - - [06/Mar/2020:11:16:54 +0800] "GET /xingrg/kc/buy/cgsh_order_operate.html?command=get_materiel&rest_code=00106&code=00101008042&supplier_code=00100007&order_time=2020-03-06 HTTP/1.1" 200 416
180.156.150.85 - - [06/Mar/2020:11:16:58 +0800] "GET /xingrg/check_reg.html?_=1583464612843 HTTP/1.1" 200 22
180.156.150.85 - - [06/Mar/2020:11:16:58 +0800] "GET /xingrg/all/function/internal_message.html?_=1583464612846&CODE_STATE=getMsg HTTP/1.1" 200 27
114.88.170.138 - - [06/Mar/2020:11:17:02 +0800] "GET /xingrg/all/function/internal_message.html?_=1583464619371&CODE_STATE=getMsg HTTP/1.1" 200 27
117.185.32.26 - - [06/Mar/2020:11:17:08 +0800] "GET /xingrg/kc/buy/cgsh_order_operate.html?command=get_materiel&rest_code=00106&code=00101008358&supplier_code=00100007&order_time=2020-03-06 HTTP/1.1" 200 428
180.162.232.172 - - [06/Mar/2020:11:17:17 +0800] "GET /xingrg/all/function/internal_message.html?_=1583464735936&CODE_STATE=getMsg HTTP/1.1" 200 27
114.93.75.19 - - [06/Mar/2020:11:17:18 +0800] "GET /xingrg/check_reg.html?_=1583464635916 HTTP/1.1" 200 22
114.93.75.19 - - [06/Mar/2020:11:17:18 +0800] "GET /xingrg/all/function/internal_message.html?_=1583464635918&CODE_STATE=getMsg HTTP/1.1" 200 27
120.253.135.82 - - [06/Mar/2020:11:17:18 +0800] "GET /xingrg/all/report/report_query.html?fileName=kc/buy/wlcg_mx.xml HTTP/1.1" 200 51618
120.253.135.82 - - [06/Mar/2020:11:17:18 +0800] "GET /xingrg/dwr/interface/AjaxReportQueryService.js HTTP/1.1" 200 13203
120.253.135.82 - - [06/Mar/2020:11:17:18 +0800] "GET /xingrg/dwr/engine.js HTTP/1.1" 200 43631
58.221.95.50 - - [06/Mar/2020:11:17:18 +0800] "GET /xingrg/all/function/internal_message.html?_=1583464976157&CODE_STATE=getMsg HTTP/1.1" 200 27
120.253.135.82 - - [06/Mar/2020:11:17:18 +0800] "POST /xingrg/dwr/call/plaincall/AjaxReportQueryService.getFixDate.dwr HTTP/1.1" 200 111
120.253.135.82 - - [06/Mar/2020:11:17:18 +0800] "POST /xingrg/dwr/call/plaincall/AjaxReportQueryService.getInitString.dwr HTTP/1.1" 200 20370
120.253.135.82 - - [06/Mar/2020:11:17:19 +0800] "GET /xingrg/javascript/multi_select/dropdown.gif HTTP/1.1" 200 61
120.253.135.82 - - [06/Mar/2020:11:17:19 +0800] "POST /xingrg/dwr/call/plaincall/AjaxReportQueryService.getInitString.dwr HTTP/1.1" 200 363
120.253.135.82 - - [06/Mar/2020:11:17:19 +0800] "POST /xingrg/dwr/call/plaincall/AjaxReportQueryService.getInitString.dwr HTTP/1.1" 200 125
114.93.75.19 - - [06/Mar/2020:11:17:22 +0800] "GET /xingrg/all/function/internal_message.html?_=1583464639176&CODE_STATE=getMsg HTTP/1.1" 200 27
114.93.75.19 - - [06/Mar/2020:11:17:22 +0800] "POST /xingrg/dwr/call/plaincall/AjaxComOrderService.getMaterielSearchList.dwr HTTP/1.1" 200 77
117.185.32.26 - - [06/Mar/2020:11:17:23 +0800] "GET /xingrg/kc/buy/cgsh_order_operate.html?command=get_materiel&rest_code=00106&code=00101008182&supplier_code=00100007&order_time=2020-03-06 HTTP/1.1" 200 427
114.93.75.19 - - [06/Mar/2020:11:17:23 +0800] "POST /xingrg/dwr/call/plaincall/AjaxComOrderService.getMaterielSearchList.dwr HTTP/1.1" 200 77
120.253.135.82 - - [06/Mar/2020:11:17:23 +0800] "POST /xingrg/dwr/call/plaincall/AjaxReportQueryService.getFixDate.dwr HTTP/1.1" 200 111
114.93.75.19 - - [06/Mar/2020:11:17:24 +0800] "POST /xingrg/dwr/call/plaincall/AjaxComOrderService.getMaterielSearchList.dwr HTTP/1.1" 200 2279
114.93.75.19 - - [06/Mar/2020:11:17:24 +0800] "POST /xingrg/dwr/call/plaincall/AjaxComOrderService.getMaterielByCode.dwr HTTP/1.1" 200 2451
117.184.7.26 - - [06/Mar/2020:11:17:25 +0800] "GET /xingrg/all/function/internal_message.html?_=1583464641526&CODE_STATE=getMsg HTTP/1.1" 200 27
114.93.75.19 - - [06/Mar/2020:11:17:27 +0800] "GET /xingrg/all/function/internal_message.html?_=1583464646868&CODE_STATE=getMsg HTTP/1.1" 200 27
114.93.75.19 - - [06/Mar/2020:11:17:30 +0800] "GET /xingrg/all/function/internal_message.html?_=1583464658304&CODE_STATE=getMsg HTTP/1.1" 302 -
114.93.75.19 - - [06/Mar/2020:11:17:31 +0800] "GET /xingrg/all/function/internal_message.html?_=1583464647965&CODE_STATE=getMsg HTTP/1.1" 200 27
114.93.75.19 - - [06/Mar/2020:11:17:36 +0800] "POST /xingrg/dwr/call/plaincall/AjaxCheckService.setItemNumber.dwr HTTP/1.1" 200 77
114.93.75.19 - - [06/Mar/2020:11:17:38 +0800] "GET /xingrg/kc/report/report_main.html HTTP/1.1" 200 7337
114.93.75.19 - - [06/Mar/2020:11:17:39 +0800] "GET /xingrg/kc/base/crk_hz.html HTTP/1.1" 200 11239
114.93.75.19 - - [06/Mar/2020:11:17:39 +0800] "POST /xingrg/kc/cost/cost_operate.html?command=get_base_tree HTTP/1.1" 200 2314
114.93.75.19 - - [06/Mar/2020:11:17:39 +0800] "POST /xingrg/all/common/load_tree.html?tree=materiel_sort_tree_json HTTP/1.1" 200 8666
114.93.75.19 - - [06/Mar/2020:11:17:39 +0800] "POST /xingrg/dwr/call/plaincall/AjaxCheckService.setItemNumber.dwr HTTP/1.1" 200 77
120.253.135.82 - - [06/Mar/2020:11:17:39 +0800] "GET /xingrg/javascript/multi_select/dropdown_hover.gif HTTP/1.1" 200 61
114.93.75.19 - - [06/Mar/2020:11:17:40 +0800] "POST /xingrg/dwr/call/plaincall/AjaxCheckService.setItemNumber.dwr HTTP/1.1" 200 77
58.40.7.146 - - [06/Mar/2020:11:17:40 +0800] "GET /xingrg/all/function/internal_message.html?_=1583464657926&CODE_STATE=getMsg HTTP/1.1" 200 27
114.93.75.19 - - [06/Mar/2020:11:17:40 +0800] "POST /xingrg/dwr/call/plaincall/AjaxCheckService.setItemNumber.dwr HTTP/1.1" 200 77
58.40.7.146 - - [06/Mar/2020:11:17:40 +0800] "GET /xingrg/check_reg.html?_=1583464658116 HTTP/1.1" 200 22
117.185.32.26 - - [06/Mar/2020:11:17:41 +0800] "GET /xingrg/kc/buy/cgsh_order_operate.html?command=get_materiel&rest_code=00106&code=00101015052&supplier_code=00100007&order_time=2020-03-06 HTTP/1.1" 200 428
120.253.135.82 - - [06/Mar/2020:11:17:41 +0800] "GET /xingrg/javascript/multi_select/dropdown_active.gif HTTP/1.1" 200 61
117.185.32.26 - - [06/Mar/2020:11:17:42 +0800] "GET /xingrg/all/function/internal_message.html?_=1583465049428&CODE_STATE=getMsg HTTP/1.1" 200 27
114.93.75.19 - - [06/Mar/2020:11:17:42 +0800] "GET /xingrg/all/function/internal_message.html?_=1583464825660&CODE_STATE=getMsg HTTP/1.1" 200 27
114.93.75.19 - - [06/Mar/2020:11:17:43 +0800] "GET /xingrg/all/function/internal_message.html?_=1583464985377&CODE_STATE=getMsg HTTP/1.1" 200 27
114.93.75.19 - - [06/Mar/2020:11:17:46 +0800] "GET /xingrg/all/function/internal_message.html?_=1583464669120&CODE_STATE=getMsg HTTP/1.1" 200 27
114.93.75.19 - - [06/Mar/2020:11:17:47 +0800] "GET /xingrg/all/function/internal_message.html?_=1583464665364&CODE_STATE=getMsg HTTP/1.1" 200 27
114.93.75.19 - - [06/Mar/2020:11:17:47 +0800] "GET /xingrg/all/function/internal_message.html?_=1583464675568&CODE_STATE=getMsg HTTP/1.1" 302 -
114.93.75.19 - - [06/Mar/2020:11:17:47 +0800] "GET /xingrg/check_reg.html?_=1583464675566 HTTP/1.1" 302 -
120.253.135.82 - - [06/Mar/2020:11:17:48 +0800] "GET /xingrg/check_reg.html?_=1583464732501 HTTP/1.1" 200 22
114.93.75.19 - - [06/Mar/2020:11:17:48 +0800] "POST /xingrg/dwr/call/plaincall/AjaxCheckService.setItemNumber.dwr HTTP/1.1" 200 77
114.93.75.19 - - [06/Mar/2020:11:17:49 +0800] "POST /xingrg/dwr/call/plaincall/AjaxCheckService.setItemNumber.dwr HTTP/1.1" 200 77
114.93.75.19 - - [06/Mar/2020:11:17:50 +0800] "POST /xingrg/dwr/call/plaincall/AjaxCheckService.setItemNumber.dwr HTTP/1.1" 200 77
114.93.75.19 - - [06/Mar/2020:11:17:50 +0800] "POST /xingrg/dwr/call/plaincall/AjaxCheckService.setItemNumber.dwr HTTP/1.1" 200 77
120.253.135.82 - - [06/Mar/2020:11:17:51 +0800] "GET /xingrg/all/function/internal_message.html?_=1583464735100&CODE_STATE=getMsg HTTP/1.1" 200 27
114.93.75.19 - - [06/Mar/2020:11:17:51 +0800] "POST /xingrg/dwr/call/plaincall/AjaxCheckService.setItemNumber.dwr HTTP/1.1" 200 77
114.93.75.19 - - [06/Mar/2020:11:17:51 +0800] "POST /xingrg/dwr/call/plaincall/AjaxCheckService.setItemNumber.dwr HTTP/1.1" 200 77
114.93.75.19 - - [06/Mar/2020:11:17:52 +0800] "POST /xingrg/dwr/call/plaincall/AjaxCheckService.setItemNumber.dwr HTTP/1.1" 200 77
114.93.75.19 - - [06/Mar/2020:11:17:52 +0800] "POST /xingrg/dwr/call/plaincall/AjaxCheckService.setItemNumber.dwr HTTP/1.1" 200 77
114.93.75.19 - - [06/Mar/2020:11:17:53 +0800] "POST /xingrg/dwr/call/plaincall/AjaxCheckService.setItemNumber.dwr HTTP/1.1" 200 77
114.93.75.19 - - [06/Mar/2020:11:17:53 +0800] "POST /xingrg/dwr/call/plaincall/AjaxCheckService.setItemNumber.dwr HTTP/1.1" 200 77
114.93.75.19 - - [06/Mar/2020:11:17:54 +0800] "POST /xingrg/dwr/call/plaincall/AjaxCheckService.setItemNumber.dwr HTTP/1.1" 200 77
114.93.75.19 - - [06/Mar/2020:11:17:55 +0800] "POST /xingrg/dwr/call/plaincall/AjaxCheckService.setItemNumber.dwr HTTP/1.1" 200 77
114.93.75.19 - - [06/Mar/2020:11:17:55 +0800] "POST /xingrg/dwr/call/plaincall/AjaxCheckService.setItemNumber.dwr HTTP/1.1" 200 77
