114.93.75.19 - - [06/Mar/2020:11:17:56 +0800] "POST /xingrg/dwr/call/plaincall/AjaxCheckService.setItemNumber.dwr HTTP/1.1" 200 77
114.93.75.19 - - [06/Mar/2020:11:17:57 +0800] "POST /xingrg/dwr/call/plaincall/AjaxCheckService.setItemNumber.dwr HTTP/1.1" 200 77
114.93.75.19 - - [06/Mar/2020:11:17:57 +0800] "POST /xingrg/dwr/call/plaincall/AjaxCheckService.setItemNumber.dwr HTTP/1.1" 200 77
114.93.75.19 - - [06/Mar/2020:11:17:57 +0800] "POST /xingrg/dwr/call/plaincall/AjaxCheckService.setItemNumber.dwr HTTP/1.1" 200 77
180.156.150.85 - - [06/Mar/2020:11:17:58 +0800] "GET /xingrg/all/function/internal_message.html?_=1583464672846&CODE_STATE=getMsg HTTP/1.1" 200 27
114.93.75.19 - - [06/Mar/2020:11:17:58 +0800] "POST /xingrg/dwr/call/plaincall/AjaxCheckService.setItemNumber.dwr HTTP/1.1" 200 77
114.93.75.19 - - [06/Mar/2020:11:17:58 +0800] "POST /xingrg/dwr/call/plaincall/AjaxCheckService.setItemNumber.dwr HTTP/1.1" 200 77
114.93.75.19 - - [06/Mar/2020:11:17:59 +0800] "POST /xingrg/dwr/call/plaincall/AjaxCheckService.setItemNumber.dwr HTTP/1.1" 200 77
114.93.75.19 - - [06/Mar/2020:11:17:59 +0800] "POST /xingrg/dwr/call/plaincall/AjaxCheckService.setItemNumber.dwr HTTP/1.1" 200 77
114.93.75.19 - - [06/Mar/2020:11:18:00 +0800] "GET /xingrg/kc/base/crk_hz.html?_=1583464683088&command=get_cost_id&end_date=2020-02-29&start_date=2020-01-01 HTTP/1.1" 200 51
114.93.75.19 - - [06/Mar/2020:11:18:00 +0800] "GET /xingrg/all/report/report_query.html?isQuery=1&onlyBody=1&rh=999&rw=1800&varString=start:20200101,cost_id:2516,mid:20200101&fileName=kc/base/crk_hz_type_by_materiel.xml&queryString=%20a.base_code%20in%20('0010376')%20%20and%20m.sort_code%20in%20('00101001','00101002','00101003','00101004','00101005','00101006','00101007','00101008','00101009','00101010','00101011','00101012','00101013','00101014','00101015','00101016','00101017','00101018','00101019','00101020','00101021','00101022','00101023','00101024','00101025','00101026','00101027','00101028','00101029','00101030','00101031','00101032','00101033','00101034','00101036','00101037','00101038','00101039')%20&queryText=ÈÕÆÚ£º2020-01-01ÖÁ2020-02-29%20²Ö¿â£ºº£ÏʳØ&tableQueryString=materiel_table$sp1$$sp$before_table$sp1$$sp$crk_table$sp1$order_day%20between%2020200101%20and%2020200229 HTTP/1.1" 200 49831
114.93.75.19 - - [06/Mar/2020:11:18:00 +0800] "GET /xingrg/dwr/interface/AjaxReportQueryService.js HTTP/1.1" 200 13203
114.93.75.19 - - [06/Mar/2020:11:18:00 +0800] "GET /xingrg/dwr/engine.js HTTP/1.1" 200 43631
114.93.75.19 - - [06/Mar/2020:11:18:00 +0800] "POST /xingrg/dwr/call/plaincall/AjaxCheckService.setItemNumber.dwr HTTP/1.1" 200 77
114.93.75.19 - - [06/Mar/2020:11:18:01 +0800] "POST /xingrg/dwr/call/plaincall/AjaxCheckService.setItemNumber.dwr HTTP/1.1" 200 77
114.93.75.19 - - [06/Mar/2020:11:18:01 +0800] "POST /xingrg/dwr/call/plaincall/AjaxCheckService.setItemNumber.dwr HTTP/1.1" 200 77
114.93.75.19 - - [06/Mar/2020:11:18:02 +0800] "POST /xingrg/all/report/load_report_page.html HTTP/1.1" 200 1302449
114.93.75.19 - - [06/Mar/2020:11:18:02 +0800] "POST /xingrg/dwr/call/plaincall/AjaxCheckService.setItemNumber.dwr HTTP/1.1" 200 77
114.93.75.19 - - [06/Mar/2020:11:18:02 +0800] "GET /xingrg/servlets/image?cache=0.19846191821442338&image=px HTTP/1.1" 200 807
114.93.75.19 - - [06/Mar/2020:11:18:02 +0800] "POST /xingrg/dwr/call/plaincall/AjaxCheckService.setItemNumber.dwr HTTP/1.1" 200 77
114.88.170.138 - - [06/Mar/2020:11:18:02 +0800] "GET /xingrg/all/function/internal_message.html?_=1583464679382&CODE_STATE=getMsg HTTP/1.1" 200 27
114.93.75.19 - - [06/Mar/2020:11:18:03 +0800] "POST /xingrg/dwr/call/plaincall/AjaxCheckService.setItemNumber.dwr HTTP/1.1" 200 77
114.93.75.19 - - [06/Mar/2020:11:18:03 +0800] "POST /xingrg/dwr/call/plaincall/AjaxCheckService.setItemNumber.dwr HTTP/1.1" 200 77
114.93.75.19 - - [06/Mar/2020:11:18:05 +0800] "POST /xingrg/dwr/call/plaincall/AjaxCheckService.setItemNumber.dwr HTTP/1.1" 200 77
120.253.135.82 - - [06/Mar/2020:11:18:06 +0800] "POST /xingrg/dwr/call/plaincall/AjaxReportQueryService.refreshCache.dwr HTTP/1.1" 200 78
120.253.135.82 - - [06/Mar/2020:11:18:07 +0800] "POST /xingrg/all/report/load_report_page.html HTTP/1.1" 200 73898
120.253.135.82 - - [06/Mar/2020:11:18:07 +0800] "GET /xingrg/images/blue/button/back2.gif HTTP/1.1" 200 1339
120.253.135.82 - - [06/Mar/2020:11:18:07 +0800] "GET /xingrg/images/blue/button/back.gif HTTP/1.1" 200 1352
120.253.135.82 - - [06/Mar/2020:11:18:07 +0800] "GET /xingrg/servlets/image?cache=0.08816518808145746&image=px HTTP/1.1" 200 807
114.93.75.19 - - [06/Mar/2020:11:18:10 +0800] "POST /xingrg/dwr/call/plaincall/AjaxCheckService.setItemNumber.dwr HTTP/1.1" 200 77
114.93.75.19 - - [06/Mar/2020:11:18:13 +0800] "POST /xingrg/dwr/call/plaincall/AjaxCheckService.setItemNumber.dwr HTTP/1.1" 200 77
114.93.75.19 - - [06/Mar/2020:11:18:13 +0800] "POST /xingrg/dwr/call/plaincall/AjaxCheckService.setItemNumber.dwr HTTP/1.1" 200 77
114.93.75.19 - - [06/Mar/2020:11:18:14 +0800] "POST /xingrg/dwr/call/plaincall/AjaxCheckService.setItemNumber.dwr HTTP/1.1" 200 77
114.93.75.19 - - [06/Mar/2020:11:18:14 +0800] "POST /xingrg/dwr/call/plaincall/AjaxCheckService.setItemNumber.dwr HTTP/1.1" 200 77
114.93.75.19 - - [06/Mar/2020:11:18:15 +0800] "POST /xingrg/dwr/call/plaincall/AjaxCheckService.setItemNumber.dwr HTTP/1.1" 200 77
114.93.75.19 - - [06/Mar/2020:11:18:16 +0800] "POST /xingrg/dwr/call/plaincall/AjaxCheckService.setItemNumber.dwr HTTP/1.1" 200 77
114.93.75.19 - - [06/Mar/2020:11:18:16 +0800] "POST /xingrg/dwr/call/plaincall/AjaxCheckService.setItemNumber.dwr HTTP/1.1" 200 77
114.93.75.19 - - [06/Mar/2020:11:18:17 +0800] "POST /xingrg/dwr/call/plaincall/AjaxCheckService.setItemNumber.dwr HTTP/1.1" 200 77
114.93.75.19 - - [06/Mar/2020:11:18:17 +0800] "POST /xingrg/dwr/call/plaincall/AjaxCheckService.setItemNumber.dwr HTTP/1.1" 200 77
180.162.232.172 - - [06/Mar/2020:11:18:17 +0800] "GET /xingrg/all/function/internal_message.html?_=1583464795945&CODE_STATE=getMsg HTTP/1.1" 200 27
114.93.75.19 - - [06/Mar/2020:11:18:18 +0800] "POST /xingrg/dwr/call/plaincall/AjaxCheckService.setItemNumber.dwr HTTP/1.1" 200 77
114.93.75.19 - - [06/Mar/2020:11:18:18 +0800] "GET /xingrg/all/function/internal_message.html?_=1583464695920&CODE_STATE=getMsg HTTP/1.1" 200 27
58.221.95.50 - - [06/Mar/2020:11:18:18 +0800] "GET /xingrg/all/function/internal_message.html?_=1583465036147&CODE_STATE=getMsg HTTP/1.1" 200 27
114.93.75.19 - - [06/Mar/2020:11:18:19 +0800] "POST /xingrg/dwr/call/plaincall/AjaxCheckService.setItemNumber.dwr HTTP/1.1" 200 77
114.93.75.19 - - [06/Mar/2020:11:18:22 +0800] "POST /xingrg/dwr/call/plaincall/AjaxCheckService.setItemNumber.dwr HTTP/1.1" 200 77
114.93.75.19 - - [06/Mar/2020:11:18:22 +0800] "GET /xingrg/all/function/internal_message.html?_=1583464699177&CODE_STATE=getMsg HTTP/1.1" 200 27
117.184.7.26 - - [06/Mar/2020:11:18:25 +0800] "GET /xingrg/all/function/internal_message.html?_=1583464701535&CODE_STATE=getMsg HTTP/1.1" 200 27
114.93.75.19 - - [06/Mar/2020:11:18:26 +0800] "GET /xingrg/check_reg.html?_=1583464705665 HTTP/1.1" 200 22
114.93.75.19 - - [06/Mar/2020:11:18:27 +0800] "GET /xingrg/all/function/internal_message.html?_=1583464706882&CODE_STATE=getMsg HTTP/1.1" 200 27
117.185.32.26 - - [06/Mar/2020:11:18:27 +0800] "POST /xingrg/kc/buy/cgsh_order_operate.html HTTP/1.1" 200 37
114.93.75.19 - - [06/Mar/2020:11:18:30 +0800] "GET /xingrg/all/function/internal_message.html?_=1583464718329&CODE_STATE=getMsg HTTP/1.1" 302 -
117.185.32.26 - - [06/Mar/2020:11:18:31 +0800] "POST /xingrg/kc/buy/cgsh_order_operate.html HTTP/1.1" 200 12
114.93.75.19 - - [06/Mar/2020:11:18:31 +0800] "GET /xingrg/all/function/internal_message.html?_=1583464707936&CODE_STATE=getMsg HTTP/1.1" 200 27
117.185.32.26 - - [06/Mar/2020:11:18:32 +0800] "GET /xingrg/kc/buy/cgsh_order_info.html?code=212020030600394 HTTP/1.1" 200 52547
117.185.32.26 - - [06/Mar/2020:11:18:32 +0800] "GET /xingrg/javascript/easyui/themes/default/validatebox.css HTTP/1.1" 404 1104
114.93.75.19 - - [06/Mar/2020:11:18:32 +0800] "POST /xingrg/dwr/call/plaincall/AjaxCheckService.setItemNumber.dwr HTTP/1.1" 200 77
114.93.75.19 - - [06/Mar/2020:11:18:32 +0800] "GET /xingrg/kc/base/crk_hz.html?_=1583464715516&command=get_cost_id&end_date=2020-02-29&start_date=2020-01-01 HTTP/1.1" 200 51
117.185.32.26 - - [06/Mar/2020:11:18:32 +0800] "POST /xingrg/kc/buy/cgsh_order_operate.html HTTP/1.1" 200 8886
114.93.75.19 - - [06/Mar/2020:11:18:33 +0800] "GET /xingrg/all/report/report_print.html?isPrint=1&fileName=kc/base/crk_hz_type_by_materiel.xml&condition=%20a.base_code%20in%20('0010376')%20%20and%20m.sort_code%20in%20('00101001','00101002','00101003','00101004','00101005','00101006','00101007','00101008','00101009','00101010','00101011','00101012','00101013','00101014','00101015','00101016','00101017','00101018','00101019','00101020','00101021','00101022','00101023','00101024','00101025','00101026','00101027','00101028','00101029','00101030','00101031','00101032','00101033','00101034','00101036','00101037','00101038','00101039')%20&condition_show=ÈÕÆÚ£º2020-01-01ÖÁ2020-02-29%20²Ö¿â£ºº£ÏʳØ&tableQueryString=materiel_table$sp1$$sp$before_table$sp1$$sp$crk_table$sp1$order_day%20between%2020200101%20and%2020200229&fileType=servlets/xls&varString=start:20200101,cost_id:2516,mid:20200101 HTTP/1.1" 200 105581
114.93.75.19 - - [06/Mar/2020:11:18:34 +0800] "POST /xingrg/dwr/call/plaincall/AjaxCheckService.setItemNumber.dwr HTTP/1.1" 200 77
114.93.75.19 - - [06/Mar/2020:11:18:34 +0800] "POST /xingrg/dwr/call/plaincall/AjaxCheckService.setItemNumber.dwr HTTP/1.1" 200 77
117.185.32.26 - - [06/Mar/2020:11:18:35 +0800] "GET /xingrg/kc/print/load_data.html?order_code=212020030600394&kc_code=cgsh&condition= HTTP/1.1" 200 3882
58.40.7.146 - - [06/Mar/2020:11:18:40 +0800] "GET /xingrg/all/function/internal_message.html?_=1583464717915&CODE_STATE=getMsg HTTP/1.1" 200 27
117.185.32.26 - - [06/Mar/2020:11:18:42 +0800] "GET /xingrg/all/function/internal_message.html?_=1583465109434&CODE_STATE=getMsg HTTP/1.1" 200 27
114.93.75.19 - - [06/Mar/2020:11:18:42 +0800] "GET /xingrg/all/function/internal_message.html?_=1583464885667&CODE_STATE=getMsg HTTP/1.1" 200 27
114.93.75.19 - - [06/Mar/2020:11:18:43 +0800] "GET /xingrg/all/function/internal_message.html?_=1583465045360&CODE_STATE=getMsg HTTP/1.1" 200 27
120.253.135.82 - - [06/Mar/2020:11:18:45 +0800] "GET /xingrg/kc/buy/cgsh_order_list.html HTTP/1.1" 200 42034
114.93.75.19 - - [06/Mar/2020:11:18:46 +0800] "GET /xingrg/all/function/internal_message.html?_=1583464729118&CODE_STATE=getMsg HTTP/1.1" 200 27
114.93.75.19 - - [06/Mar/2020:11:18:46 +0800] "POST /xingrg/dwr/call/plaincall/AjaxCheckService.setItemNumber.dwr HTTP/1.1" 200 77
120.253.135.82 - - [06/Mar/2020:11:18:46 +0800] "POST /xingrg/kc/buy/cgsh_list_operate.html HTTP/1.1" 200 876
114.93.75.19 - - [06/Mar/2020:11:18:47 +0800] "GET /xingrg/all/function/internal_message.html?_=1583464725338&CODE_STATE=getMsg HTTP/1.1" 200 27
114.93.75.19 - - [06/Mar/2020:11:18:47 +0800] "GET /xingrg/all/function/internal_message.html?_=1583464735568&CODE_STATE=getMsg HTTP/1.1" 302 -
120.253.135.82 - - [06/Mar/2020:11:18:50 +0800] "GET /xingrg/kc/buy/cgsh_order_add.html HTTP/1.1" 200 56738
120.253.135.82 - - [06/Mar/2020:11:18:50 +0800] "POST /xingrg/kc/buy/cgsh_order_operate.html HTTP/1.1" 200 8245
120.253.135.82 - - [06/Mar/2020:11:18:50 +0800] "GET /xingrg/javascript/easyui/themes/default/validatebox.css HTTP/1.1" 404 1104
120.253.135.82 - - [06/Mar/2020:11:18:51 +0800] "GET /xingrg/all/function/internal_message.html?_=1583464795183&CODE_STATE=getMsg HTTP/1.1" 200 27
120.253.135.82 - - [06/Mar/2020:11:18:52 +0800] "GET /xingrg/javascript/easyui/themes/default/tree.css HTTP/1.1" 404 1090
120.253.135.82 - - [06/Mar/2020:11:18:52 +0800] "POST /xingrg/all/common/load_tree.html?tree=supplier_tree_json&isDelete=1 HTTP/1.1" 200 46535
120.253.135.82 - - [06/Mar/2020:11:18:53 +0800] "GET /xingrg/javascript/easyui/themes/default/images/tree_folder.gif HTTP/1.1" 200 952
120.253.135.82 - - [06/Mar/2020:11:18:53 +0800] "GET /xingrg/javascript/easyui/themes/default/images/tree_file.gif HTTP/1.1" 200 118
114.93.75.19 - - [06/Mar/2020:11:18:54 +0800] "POST /xingrg/dwr/call/plaincall/AjaxCheckService.setItemNumber.dwr HTTP/1.1" 200 77
180.156.150.85 - - [06/Mar/2020:11:18:58 +0800] "GET /xingrg/all/function/internal_message.html?_=1583464732846&CODE_STATE=getMsg HTTP/1.1" 200 27
114.88.170.138 - - [06/Mar/2020:11:19:02 +0800] "GET /xingrg/all/function/internal_message.html?_=1583464739405&CODE_STATE=getMsg HTTP/1.1" 200 27
120.253.135.82 - - [06/Mar/2020:11:19:13 +0800] "POST /xingrg/all/common/load_combo.html?type=employee HTTP/1.1" 200 2013
180.162.232.172 - - [06/Mar/2020:11:19:17 +0800] "GET /xingrg/all/function/internal_message.html?_=1583464855980&CODE_STATE=getMsg HTTP/1.1" 200 27
114.93.75.19 - - [06/Mar/2020:11:19:18 +0800] "GET /xingrg/all/function/internal_message.html?_=1583464755923&CODE_STATE=getMsg HTTP/1.1" 200 27
58.221.95.50 - - [06/Mar/2020:11:19:18 +0800] "GET /xingrg/check_reg.html?_=1583465096156 HTTP/1.1" 200 22
58.221.95.50 - - [06/Mar/2020:11:19:18 +0800] "GET /xingrg/all/function/internal_message.html?_=1583465096158&CODE_STATE=getMsg HTTP/1.1" 200 27
114.93.75.19 - - [06/Mar/2020:11:19:22 +0800] "GET /xingrg/check_reg.html?_=1583464759181 HTTP/1.1" 200 22
114.93.75.19 - - [06/Mar/2020:11:19:22 +0800] "GET /xingrg/all/function/internal_message.html?_=1583464759183&CODE_STATE=getMsg HTTP/1.1" 200 27
117.184.7.26 - - [06/Mar/2020:11:19:25 +0800] "GET /xingrg/all/function/internal_message.html?_=1583464761536&CODE_STATE=getMsg HTTP/1.1" 200 27
114.93.75.19 - - [06/Mar/2020:11:19:26 +0800] "POST /xingrg/dwr/call/plaincall/AjaxCheckService.setItemNumber.dwr HTTP/1.1" 200 77
114.93.75.19 - - [06/Mar/2020:11:19:27 +0800] "GET /xingrg/all/function/internal_message.html?_=1583464766887&CODE_STATE=getMsg HTTP/1.1" 200 27
114.93.75.19 - - [06/Mar/2020:11:19:30 +0800] "GET /xingrg/all/function/internal_message.html?_=1583464778329&CODE_STATE=getMsg HTTP/1.1" 302 -
114.93.75.19 - - [06/Mar/2020:11:19:31 +0800] "GET /xingrg/all/function/internal_message.html?_=1583464767918&CODE_STATE=getMsg HTTP/1.1" 200 27
114.93.75.19 - - [06/Mar/2020:11:19:36 +0800] "POST /xingrg/dwr/call/plaincall/AjaxCheckService.setItemNumber.dwr HTTP/1.1" 200 77
114.93.75.19 - - [06/Mar/2020:11:19:37 +0800] "POST /xingrg/dwr/call/plaincall/AjaxCheckService.setItemNumber.dwr HTTP/1.1" 200 77
114.93.75.19 - - [06/Mar/2020:11:19:38 +0800] "POST /xingrg/dwr/call/plaincall/AjaxCheckService.setItemNumber.dwr HTTP/1.1" 200 77
58.40.7.146 - - [06/Mar/2020:11:19:40 +0800] "GET /xingrg/all/function/internal_message.html?_=1583464777917&CODE_STATE=getMsg HTTP/1.1" 200 27
117.185.32.26 - - [06/Mar/2020:11:19:42 +0800] "GET /xingrg/all/function/internal_message.html?_=1583465169419&CODE_STATE=getMsg HTTP/1.1" 200 27
114.93.75.19 - - [06/Mar/2020:11:19:42 +0800] "GET /xingrg/check_reg.html?_=1583464945660 HTTP/1.1" 200 22
114.93.75.19 - - [06/Mar/2020:11:19:42 +0800] "GET /xingrg/all/function/internal_message.html?_=1583464945674&CODE_STATE=getMsg HTTP/1.1" 200 27
114.93.75.19 - - [06/Mar/2020:11:19:43 +0800] "GET /xingrg/all/function/internal_message.html?_=1583465105345&CODE_STATE=getMsg HTTP/1.1" 200 27
120.253.135.82 - - [06/Mar/2020:11:19:44 +0800] "POST /xingrg/kc/buy/cgsh_order_operate.html HTTP/1.1" 200 37
120.253.135.82 - - [06/Mar/2020:11:19:45 +0800] "POST /xingrg/kc/buy/cgsh_order_operate.html HTTP/1.1" 200 2676
114.93.75.19 - - [06/Mar/2020:11:19:46 +0800] "GET /xingrg/all/function/internal_message.html?_=1583464789119&CODE_STATE=getMsg HTTP/1.1" 200 27
114.93.75.19 - - [06/Mar/2020:11:19:47 +0800] "GET /xingrg/all/function/internal_message.html?_=1583464785316&CODE_STATE=getMsg HTTP/1.1" 200 27
114.93.75.19 - - [06/Mar/2020:11:19:47 +0800] "GET /xingrg/all/function/internal_message.html?_=1583464795594&CODE_STATE=getMsg HTTP/1.1" 302 -
120.253.135.82 - - [06/Mar/2020:11:19:51 +0800] "GET /xingrg/all/function/internal_message.html?_=1583464855190&CODE_STATE=getMsg HTTP/1.1" 200 27
180.156.150.85 - - [06/Mar/2020:11:19:58 +0800] "GET /xingrg/all/function/internal_message.html?_=1583464792846&CODE_STATE=getMsg HTTP/1.1" 200 27
120.253.135.82 - - [06/Mar/2020:11:20:00 +0800] "GET /xingrg/check_reg.html?_=1583464537546 HTTP/1.1" 302 -
114.93.75.19 - - [06/Mar/2020:11:20:02 +0800] "POST /xingrg/dwr/call/plaincall/AjaxCheckService.setItemNumber.dwr HTTP/1.1" 200 77
114.88.170.138 - - [06/Mar/2020:11:20:02 +0800] "GET /xingrg/all/function/internal_message.html?_=1583464799410&CODE_STATE=getMsg HTTP/1.1" 200 27
120.253.135.82 - - [06/Mar/2020:11:20:04 +0800] "GET /xingrg/javascript/jquery_easy_ui/themes/icons/area.png HTTP/1.1" 200 262
120.253.135.82 - - [06/Mar/2020:11:20:04 +0800] "GET /xingrg/javascript/jquery_easy_ui/themes/icons/manage.png HTTP/1.1" 200 696
120.253.135.82 - - [06/Mar/2020:11:20:07 +0800] "GET /xingrg/index.html?timestamp=1551574574294&sysBaseUrl=http%3A%2F%2F117.131.15.22%3A18081%2Fxingrg%2F&costTime=8 HTTP/1.1" 200 17481
120.253.135.82 - - [06/Mar/2020:11:20:07 +0800] "GET /xingrg/javascript/jquery_easy_ui/themes/default/easyui.css HTTP/1.1" 304 -
120.253.135.82 - - [06/Mar/2020:11:20:07 +0800] "GET /xingrg/javascript/jquery_easy_ui/themes/icon.css HTTP/1.1" 304 -
120.253.135.82 - - [06/Mar/2020:11:20:07 +0800] "GET /xingrg/css/form.css HTTP/1.1" 304 -
120.253.135.82 - - [06/Mar/2020:11:20:07 +0800] "GET /xingrg/javascript/jquery-1.4.2.min.js HTTP/1.1" 304 -
120.253.135.82 - - [06/Mar/2020:11:20:07 +0800] "GET /xingrg/javascript/jquery_easy_ui/jquery.easyui.min.js HTTP/1.1" 304 -
120.253.135.82 - - [06/Mar/2020:11:20:07 +0800] "GET /xingrg/javascript/jquery.form.js HTTP/1.1" 304 -
120.253.135.82 - - [06/Mar/2020:11:20:07 +0800] "GET /xingrg/javascript/jquery.utils.js HTTP/1.1" 304 -
120.253.135.82 - - [06/Mar/2020:11:20:07 +0800] "GET /xingrg/javascript/jquery_easy_ui/easyui-lang-zh_CN.js HTTP/1.1" 304 -
120.253.135.82 - - [06/Mar/2020:11:20:07 +0800] "GET /xingrg/javascript/jquery.timers.js HTTP/1.1" 304 -
120.253.135.82 - - [06/Mar/2020:11:20:07 +0800] "GET /xingrg/images/blue/jxLogo.png HTTP/1.1" 304 -
120.253.135.82 - - [06/Mar/2020:11:20:07 +0800] "GET /xingrg/images/blue/navBackgound.jpg HTTP/1.1" 304 -
120.253.135.82 - - [06/Mar/2020:11:20:07 +0800] "GET /xingrg/javascript/jquery_easy_ui/themes/icons/settle_new.png HTTP/1.1" 304 -
120.253.135.82 - - [06/Mar/2020:11:20:07 +0800] "GET /xingrg/images/blue/pingpu.png HTTP/1.1" 304 -
120.253.135.82 - - [06/Mar/2020:11:20:07 +0800] "GET /xingrg/javascript/jquery_easy_ui/themes/default/images/tabs_leftarrow.png HTTP/1.1" 304 -
120.253.135.82 - - [06/Mar/2020:11:20:07 +0800] "GET /xingrg/javascript/jquery_easy_ui/themes/default/images/tabs_rightarrow.png HTTP/1.1" 304 -
120.253.135.82 - - [06/Mar/2020:11:20:07 +0800] "GET /xingrg/javascript/jquery_easy_ui/themes/default/images/panel_tool_collapse.gif HTTP/1.1" 304 -
120.253.135.82 - - [06/Mar/2020:11:20:07 +0800] "POST /xingrg/all/common/load_tree.html?tree=area_rest_tree_json&manage=1 HTTP/1.1" 200 344
120.253.135.82 - - [06/Mar/2020:11:20:07 +0800] "GET /xingrg/javascript/jquery_easy_ui/themes/default/images/panel_tool_expand.gif HTTP/1.1" 304 -
120.253.135.82 - - [06/Mar/2020:11:20:08 +0800] "GET /xingrg/check_reg.html?_=1583464548570 HTTP/1.1" 200 22
120.253.135.82 - - [06/Mar/2020:11:20:08 +0800] "GET /xingrg/all/function/internal_message.html?_=1583464548568&CODE_STATE=count HTTP/1.1" 200 11
120.253.135.82 - - [06/Mar/2020:11:20:08 +0800] "GET /xingrg/javascript/jquery_easy_ui/themes/default/images/tree_arrows.gif HTTP/1.1" 304 -
120.253.135.82 - - [06/Mar/2020:11:20:08 +0800] "POST /xingrg/load_menu.html HTTP/1.1" 200 11550
120.253.135.82 - - [06/Mar/2020:11:20:08 +0800] "GET /favicon.ico HTTP/1.1" 404 -
120.253.135.82 - - [06/Mar/2020:11:20:08 +0800] "GET /xingrg/javascript/jquery_easy_ui/themes/default/images/tree_folder_open.gif HTTP/1.1" 304 -
120.253.135.82 - - [06/Mar/2020:11:20:08 +0800] "GET /xingrg/javascript/jquery_easy_ui/themes/icons/search_new.png HTTP/1.1" 304 -
120.253.135.82 - - [06/Mar/2020:11:20:08 +0800] "GET /xingrg/javascript/jquery_easy_ui/themes/icons/delivery_new.png HTTP/1.1" 304 -
120.253.135.82 - - [06/Mar/2020:11:20:08 +0800] "GET /xingrg/javascript/jquery_easy_ui/themes/icons/checkout_new.png HTTP/1.1" 304 -
120.253.135.82 - - [06/Mar/2020:11:20:08 +0800] "GET /xingrg/javascript/jquery_easy_ui/themes/icons/forms_new.png HTTP/1.1" 304 -
120.253.135.82 - - [06/Mar/2020:11:20:08 +0800] "GET /xingrg/javascript/jquery_easy_ui/themes/icons/storage_new.png HTTP/1.1" 304 -
120.253.135.82 - - [06/Mar/2020:11:20:08 +0800] "GET /xingrg/javascript/jquery_easy_ui/themes/icons/setting_new.png HTTP/1.1" 304 -
120.253.135.82 - - [06/Mar/2020:11:20:08 +0800] "GET /xingrg/javascript/jquery_easy_ui/themes/default/images/tree_file.gif HTTP/1.1" 304 -
120.253.135.82 - - [06/Mar/2020:11:20:08 +0800] "GET /xingrg/javascript/jquery_easy_ui/themes/default/images/tree_folder.gif HTTP/1.1" 304 -
120.253.135.82 - - [06/Mar/2020:11:20:08 +0800] "GET /xingrg/javascript/jquery_easy_ui/themes/icons/systemset_new.png HTTP/1.1" 304 -
114.93.75.19 - - [06/Mar/2020:11:20:10 +0800] "POST /xingrg/dwr/call/plaincall/AjaxCheckService.setItemNumber.dwr HTTP/1.1" 200 77
114.93.75.19 - - [06/Mar/2020:11:20:10 +0800] "POST /xingrg/dwr/call/plaincall/AjaxCheckService.setItemNumber.dwr HTTP/1.1" 200 77
101.229.250.100 - - [06/Mar/2020:11:20:12 +0800] "GET /favicon.ico HTTP/1.1" 404 -
120.253.135.82 - - [06/Mar/2020:11:20:15 +0800] "GET /xingrg/javascript/jquery_easy_ui/themes/default/images/tabs_close.gif HTTP/1.1" 304 -
120.253.135.82 - - [06/Mar/2020:11:20:15 +0800] "GET /xingrg/css/base.css HTTP/1.1" 304 -
120.253.135.82 - - [06/Mar/2020:11:20:15 +0800] "GET /xingrg/javascript/easyui/themes/default/easyui.css HTTP/1.1" 304 -
120.253.135.82 - - [06/Mar/2020:11:20:15 +0800] "GET /xingrg/javascript/jquery_tools/datebox.css HTTP/1.1" 304 -
120.253.135.82 - - [06/Mar/2020:11:20:15 +0800] "GET /xingrg/javascript/jquery_tools/jquery.tools.min.js HTTP/1.1" 304 -
120.253.135.82 - - [06/Mar/2020:11:20:15 +0800] "GET /xingrg/css/site.css HTTP/1.1" 304 -
120.253.135.82 - - [06/Mar/2020:11:20:15 +0800] "GET /xingrg/javascript/jquery_tools/table.css HTTP/1.1" 304 -
120.253.135.82 - - [06/Mar/2020:11:20:15 +0800] "GET /xingrg/javascript/easyui/themes/icon.css HTTP/1.1" 304 -
120.253.135.82 - - [06/Mar/2020:11:20:15 +0800] "GET /xingrg/javascript/jquery_tools/fix.css HTTP/1.1" 304 -
120.253.135.82 - - [06/Mar/2020:11:20:15 +0800] "GET /xingrg/javascript/auto/jquery.autocomplete.css HTTP/1.1" 304 -
120.253.135.82 - - [06/Mar/2020:11:20:15 +0800] "GET /xingrg/javascript/jquery_tools/jquery.tools.extend.js HTTP/1.1" 304 -
120.253.135.82 - - [06/Mar/2020:11:20:15 +0800] "GET /xingrg/javascript/jquery_tools/jquery.tools.hotkey.js HTTP/1.1" 304 -
120.253.135.82 - - [06/Mar/2020:11:20:15 +0800] "GET /xingrg/javascript/auto/jquery.autocomplete.js HTTP/1.1" 304 -
120.253.135.82 - - [06/Mar/2020:11:20:15 +0800] "GET /xingrg/javascript/jquery_tools/jquery.tools.table.js HTTP/1.1" 304 -
120.253.135.82 - - [06/Mar/2020:11:20:15 +0800] "GET /xingrg/javascript/jquery_tools/list_manager.js HTTP/1.1" 304 -
120.253.135.82 - - [06/Mar/2020:11:20:15 +0800] "GET /xingrg/javascript/jquery.cookie.js HTTP/1.1" 304 -
120.253.135.82 - - [06/Mar/2020:11:20:15 +0800] "GET /xingrg/javascript/easyui/easyloader.js HTTP/1.1" 304 -
120.253.135.82 - - [06/Mar/2020:11:20:15 +0800] "GET /xingrg/javascript/print/LodopFuncs.js HTTP/1.1" 304 -
120.253.135.82 - - [06/Mar/2020:11:20:15 +0800] "GET /xingrg/kc/buy/cgsh_order_list.html HTTP/1.1" 200 42289
120.253.135.82 - - [06/Mar/2020:11:20:16 +0800] "GET /xingrg/javascript/easyui/themes/icons/edit_add_new.png HTTP/1.1" 304 -
120.253.135.82 - - [06/Mar/2020:11:20:16 +0800] "GET /xingrg/javascript/easyui/themes/icons/field_new.png HTTP/1.1" 304 -
120.253.135.82 - - [06/Mar/2020:11:20:16 +0800] "GET /xingrg/javascript/easyui/themes/icons/import_new.png HTTP/1.1" 304 -
120.253.135.82 - - [06/Mar/2020:11:20:16 +0800] "GET /xingrg/javascript/easyui/themes/icons/check_new.png HTTP/1.1" 304 -
120.253.135.82 - - [06/Mar/2020:11:20:16 +0800] "GET /xingrg/javascript/easyui/themes/icons/uncheck_new.png HTTP/1.1" 304 -
120.253.135.82 - - [06/Mar/2020:11:20:16 +0800] "GET /xingrg/javascript/easyui/themes/icons/cance_new.png HTTP/1.1" 304 -
120.253.135.82 - - [06/Mar/2020:11:20:16 +0800] "GET /xingrg/javascript/easyui/plugins/jquery.parser.js HTTP/1.1" 304 -
120.253.135.82 - - [06/Mar/2020:11:20:16 +0800] "GET /xingrg/images/control/ajaxLoader.gif HTTP/1.1" 304 -
120.253.135.82 - - [06/Mar/2020:11:20:17 +0800] "POST /xingrg/kc/buy/cgsh_list_operate.html HTTP/1.1" 200 1696
180.162.232.172 - - [06/Mar/2020:11:20:17 +0800] "GET /xingrg/all/function/internal_message.html?_=1583464915988&CODE_STATE=getMsg HTTP/1.1" 200 27
114.93.75.19 - - [06/Mar/2020:11:20:18 +0800] "GET /xingrg/all/function/internal_message.html?_=1583464815927&CODE_STATE=getMsg HTTP/1.1" 200 27
120.253.135.82 - - [06/Mar/2020:11:20:18 +0800] "POST /xingrg/kc/buy/cgsh_list_operate.html HTTP/1.1" 200 210
58.221.95.50 - - [06/Mar/2020:11:20:18 +0800] "GET /xingrg/all/function/internal_message.html?_=1583465156164&CODE_STATE=getMsg HTTP/1.1" 200 27
120.253.135.82 - - [06/Mar/2020:11:20:20 +0800] "GET /xingrg/javascript/pic_change.js HTTP/1.1" 304 -
120.253.135.82 - - [06/Mar/2020:11:20:20 +0800] "GET /xingrg/javascript/jquery_tools/order_manager.js HTTP/1.1" 304 -
120.253.135.82 - - [06/Mar/2020:11:20:20 +0800] "GET /xingrg/javascript/json2.js HTTP/1.1" 304 -
120.253.135.82 - - [06/Mar/2020:11:20:20 +0800] "GET /xingrg/javascript/print/kc_print.js HTTP/1.1" 304 -
120.253.135.82 - - [06/Mar/2020:11:20:20 +0800] "GET /xingrg/javascript/convert.js HTTP/1.1" 304 -
120.253.135.82 - - [06/Mar/2020:11:20:20 +0800] "GET /xingrg/javascript/easyui/themes/icons/copy_new.png HTTP/1.1" 200 815
120.253.135.82 - - [06/Mar/2020:11:20:20 +0800] "GET /xingrg/kc/buy/cgsh_order_info.html?code=212020030600395 HTTP/1.1" 200 56751
120.253.135.82 - - [06/Mar/2020:11:20:20 +0800] "GET /xingrg/javascript/easyui/themes/icons/template_new.png HTTP/1.1" 304 -
120.253.135.82 - - [06/Mar/2020:11:20:20 +0800] "GET /xingrg/javascript/easyui/themes/icons/ok.png HTTP/1.1" 304 -
120.253.135.82 - - [06/Mar/2020:11:20:20 +0800] "GET /xingrg/javascript/easyui/themes/icons/print.png HTTP/1.1" 304 -
120.253.135.82 - - [06/Mar/2020:11:20:20 +0800] "GET /xingrg/javascript/easyui/themes/default/images/menu_downarrow.png HTTP/1.1" 304 -
120.253.135.82 - - [06/Mar/2020:11:20:20 +0800] "GET /xingrg/javascript/easyui/themes/icons/cancel.png HTTP/1.1" 304 -
120.253.135.82 - - [06/Mar/2020:11:20:20 +0800] "GET /xingrg/words/20200302155600_words.js HTTP/1.1" 304 -
120.253.135.82 - - [06/Mar/2020:11:20:20 +0800] "GET /xingrg/all/common/auto_word.html?type=employee&rest_code=00101 HTTP/1.1" 200 1123
120.253.135.82 - - [06/Mar/2020:11:20:20 +0800] "GET /xingrg/all/common/auto_word.html?type=employee&rest_code=00101 HTTP/1.1" 200 1123
120.253.135.82 - - [06/Mar/2020:11:20:20 +0800] "GET /xingrg/javascript/easyui/themes/default/validatebox.css HTTP/1.1" 404 1104
120.253.135.82 - - [06/Mar/2020:11:20:20 +0800] "GET /xingrg/javascript/easyui/plugins/jquery.validatebox.js HTTP/1.1" 304 -
120.253.135.82 - - [06/Mar/2020:11:20:20 +0800] "GET /xingrg/javascript/easyui/plugins/jquery.numberbox.js HTTP/1.1" 304 -
120.253.135.82 - - [06/Mar/2020:11:20:21 +0800] "POST /xingrg/kc/buy/cgsh_order_operate.html HTTP/1.1" 200 2676
120.253.135.82 - - [06/Mar/2020:11:20:21 +0800] "GET /xingrg/javascript/easyui/themes/icons/edit_remove.png HTTP/1.1" 304 -
120.253.135.82 - - [06/Mar/2020:11:20:21 +0800] "GET /xingrg/javascript/easyui/themes/default/images/button_plain_hover.png HTTP/1.1" 304 -
114.93.75.19 - - [06/Mar/2020:11:20:22 +0800] "GET /xingrg/all/function/internal_message.html?_=1583464819168&CODE_STATE=getMsg HTTP/1.1" 200 27
120.253.135.82 - - [06/Mar/2020:11:20:23 +0800] "GET /xingrg/kc/print/load_config.html?kc_code=cgsh HTTP/1.1" 200 1841
120.253.135.82 - - [06/Mar/2020:11:20:23 +0800] "GET /xingrg/kc/print/load_data.html?order_code=212020030600395&kc_code=cgsh&condition= HTTP/1.1" 200 746
114.93.75.19 - - [06/Mar/2020:11:20:24 +0800] "POST /xingrg/dwr/call/plaincall/AjaxCheckService.setItemNumber.dwr HTTP/1.1" 200 77
117.184.7.26 - - [06/Mar/2020:11:20:25 +0800] "GET /xingrg/check_reg.html?_=1583464821531 HTTP/1.1" 200 22
117.184.7.26 - - [06/Mar/2020:11:20:25 +0800] "GET /xingrg/all/function/internal_message.html?_=1583464821534&CODE_STATE=getMsg HTTP/1.1" 200 27
114.93.75.19 - - [06/Mar/2020:11:20:27 +0800] "GET /xingrg/all/function/internal_message.html?_=1583464826900&CODE_STATE=getMsg HTTP/1.1" 200 27
114.93.75.19 - - [06/Mar/2020:11:20:30 +0800] "GET /xingrg/all/function/internal_message.html?_=1583464838334&CODE_STATE=getMsg HTTP/1.1" 302 -
114.93.75.19 - - [06/Mar/2020:11:20:31 +0800] "GET /xingrg/check_reg.html?_=1583464829778 HTTP/1.1" 200 22
114.93.75.19 - - [06/Mar/2020:11:20:31 +0800] "GET /xingrg/all/function/internal_message.html?_=1583464827918&CODE_STATE=getMsg HTTP/1.1" 200 27
114.93.75.19 - - [06/Mar/2020:11:20:32 +0800] "GET /xingrg/check_reg.html?_=1583464829048 HTTP/1.1" 200 22
120.253.135.82 - - [06/Mar/2020:11:20:32 +0800] "POST /xingrg/kc/buy/cgsh_order_operate.html HTTP/1.1" 200 37
114.93.75.19 - - [06/Mar/2020:11:20:33 +0800] "POST /xingrg/dwr/call/plaincall/AjaxCheckService.setItemNumber.dwr HTTP/1.1" 200 77
120.253.135.82 - - [06/Mar/2020:11:20:34 +0800] "POST /xingrg/kc/buy/cgsh_order_operate.html HTTP/1.1" 200 12
58.40.7.146 - - [06/Mar/2020:11:20:40 +0800] "GET /xingrg/all/function/internal_message.html?_=1583464837922&CODE_STATE=getMsg HTTP/1.1" 200 27
114.93.75.19 - - [06/Mar/2020:11:20:41 +0800] "POST /xingrg/dwr/call/plaincall/AjaxCheckService.setItemNumber.dwr HTTP/1.1" 200 77
117.185.32.26 - - [06/Mar/2020:11:20:42 +0800] "GET /xingrg/all/function/internal_message.html?_=1583465229403&CODE_STATE=getMsg HTTP/1.1" 200 27
114.93.75.19 - - [06/Mar/2020:11:20:42 +0800] "GET /xingrg/all/function/internal_message.html?_=1583465005661&CODE_STATE=getMsg HTTP/1.1" 200 27
114.93.75.19 - - [06/Mar/2020:11:20:43 +0800] "GET /xingrg/all/function/internal_message.html?_=1583465165328&CODE_STATE=getMsg HTTP/1.1" 200 27
114.93.75.19 - - [06/Mar/2020:11:20:45 +0800] "POST /xingrg/dwr/call/plaincall/AjaxCheckService.setItemNumber.dwr HTTP/1.1" 200 77
114.93.75.19 - - [06/Mar/2020:11:20:46 +0800] "GET /xingrg/all/function/internal_message.html?_=1583464849120&CODE_STATE=getMsg HTTP/1.1" 200 27
114.93.75.19 - - [06/Mar/2020:11:20:46 +0800] "POST /xingrg/dwr/call/plaincall/AjaxCheckService.setItemNumber.dwr HTTP/1.1" 200 77
114.93.75.19 - - [06/Mar/2020:11:20:47 +0800] "GET /xingrg/all/function/internal_message.html?_=1583464845284&CODE_STATE=getMsg HTTP/1.1" 200 27
114.93.75.19 - - [06/Mar/2020:11:20:47 +0800] "GET /xingrg/all/function/internal_message.html?_=1583464855594&CODE_STATE=getMsg HTTP/1.1" 302 -
114.93.75.19 - - [06/Mar/2020:11:20:51 +0800] "POST /xingrg/dwr/call/plaincall/AjaxCheckService.setItemNumber.dwr HTTP/1.1" 200 77
120.253.135.82 - - [06/Mar/2020:11:20:51 +0800] "GET /xingrg/all/function/internal_message.html?_=1583464915203&CODE_STATE=getMsg HTTP/1.1" 200 27
114.93.75.19 - - [06/Mar/2020:11:20:52 +0800] "POST /xingrg/dwr/call/plaincall/AjaxCheckService.setItemNumber.dwr HTTP/1.1" 200 77
114.93.75.19 - - [06/Mar/2020:11:20:52 +0800] "POST /xingrg/dwr/call/plaincall/AjaxCheckService.setItemNumber.dwr HTTP/1.1" 200 77
114.93.75.19 - - [06/Mar/2020:11:20:53 +0800] "POST /xingrg/dwr/call/plaincall/AjaxCheckService.setItemNumber.dwr HTTP/1.1" 200 77
114.93.75.19 - - [06/Mar/2020:11:20:53 +0800] "POST /xingrg/dwr/call/plaincall/AjaxCheckService.setItemNumber.dwr HTTP/1.1" 200 77
114.93.75.19 - - [06/Mar/2020:11:20:54 +0800] "POST /xingrg/dwr/call/plaincall/AjaxCheckService.setItemNumber.dwr HTTP/1.1" 200 78
114.93.75.19 - - [06/Mar/2020:11:20:54 +0800] "POST /xingrg/dwr/call/plaincall/AjaxCheckService.setItemNumber.dwr HTTP/1.1" 200 78
114.93.75.19 - - [06/Mar/2020:11:20:55 +0800] "POST /xingrg/dwr/call/plaincall/AjaxCheckService.setItemNumber.dwr HTTP/1.1" 200 78
114.93.75.19 - - [06/Mar/2020:11:20:55 +0800] "POST /xingrg/dwr/call/plaincall/AjaxCheckService.setItemNumber.dwr HTTP/1.1" 200 78
114.93.75.19 - - [06/Mar/2020:11:20:56 +0800] "POST /xingrg/dwr/call/plaincall/AjaxCheckService.setItemNumber.dwr HTTP/1.1" 200 78
114.93.75.19 - - [06/Mar/2020:11:20:57 +0800] "POST /xingrg/dwr/call/plaincall/AjaxCheckService.setItemNumber.dwr HTTP/1.1" 200 78
114.93.75.19 - - [06/Mar/2020:11:20:57 +0800] "GET /xingrg/check_reg.html?_=1583465179464 HTTP/1.1" 200 22
114.93.75.19 - - [06/Mar/2020:11:20:57 +0800] "POST /xingrg/dwr/call/plaincall/AjaxCheckService.setItemNumber.dwr HTTP/1.1" 200 78
114.93.75.19 - - [06/Mar/2020:11:20:57 +0800] "POST /xingrg/dwr/call/plaincall/AjaxCheckService.setItemNumber.dwr HTTP/1.1" 200 78
180.156.150.85 - - [06/Mar/2020:11:20:58 +0800] "GET /xingrg/all/function/internal_message.html?_=1583464852847&CODE_STATE=getMsg HTTP/1.1" 200 27
114.93.75.19 - - [06/Mar/2020:11:20:58 +0800] "POST /xingrg/dwr/call/plaincall/AjaxCheckService.setItemNumber.dwr HTTP/1.1" 200 78
114.93.75.19 - - [06/Mar/2020:11:20:59 +0800] "POST /xingrg/dwr/call/plaincall/AjaxCheckService.setItemNumber.dwr HTTP/1.1" 200 78
114.93.75.19 - - [06/Mar/2020:11:20:59 +0800] "POST /xingrg/dwr/call/plaincall/AjaxCheckService.setItemNumber.dwr HTTP/1.1" 200 78
114.93.75.19 - - [06/Mar/2020:11:21:00 +0800] "POST /xingrg/dwr/call/plaincall/AjaxCheckService.setItemNumber.dwr HTTP/1.1" 200 78
114.93.75.19 - - [06/Mar/2020:11:21:00 +0800] "POST /xingrg/dwr/call/plaincall/AjaxCheckService.setItemNumber.dwr HTTP/1.1" 200 78
114.93.75.19 - - [06/Mar/2020:11:21:01 +0800] "POST /xingrg/dwr/call/plaincall/AjaxCheckService.setItemNumber.dwr HTTP/1.1" 200 78
114.93.75.19 - - [06/Mar/2020:11:21:01 +0800] "POST /xingrg/dwr/call/plaincall/AjaxCheckService.setItemNumber.dwr HTTP/1.1" 200 78
114.93.75.19 - - [06/Mar/2020:11:21:02 +0800] "POST /xingrg/dwr/call/plaincall/AjaxCheckService.setItemNumber.dwr HTTP/1.1" 200 78
114.88.170.138 - - [06/Mar/2020:11:21:02 +0800] "GET /xingrg/all/function/internal_message.html?_=1583464859442&CODE_STATE=getMsg HTTP/1.1" 200 27
114.93.75.19 - - [06/Mar/2020:11:21:03 +0800] "POST /xingrg/dwr/call/plaincall/AjaxCheckService.setItemNumber.dwr HTTP/1.1" 200 78
114.93.75.19 - - [06/Mar/2020:11:21:03 +0800] "POST /xingrg/dwr/call/plaincall/AjaxCheckService.setItemNumber.dwr HTTP/1.1" 200 78
114.93.75.19 - - [06/Mar/2020:11:21:04 +0800] "POST /xingrg/dwr/call/plaincall/AjaxCheckService.setItemNumber.dwr HTTP/1.1" 200 78
114.93.75.19 - - [06/Mar/2020:11:21:04 +0800] "POST /xingrg/dwr/call/plaincall/AjaxCheckService.setItemNumber.dwr HTTP/1.1" 200 78
114.93.75.19 - - [06/Mar/2020:11:21:05 +0800] "POST /xingrg/dwr/call/plaincall/AjaxCheckService.setItemNumber.dwr HTTP/1.1" 200 78
114.93.75.19 - - [06/Mar/2020:11:21:05 +0800] "POST /xingrg/dwr/call/plaincall/AjaxCheckService.setItemNumber.dwr HTTP/1.1" 200 78
114.93.75.19 - - [06/Mar/2020:11:21:06 +0800] "POST /xingrg/dwr/call/plaincall/AjaxCheckService.setItemNumber.dwr HTTP/1.1" 200 78
114.93.75.19 - - [06/Mar/2020:11:21:07 +0800] "POST /xingrg/dwr/call/plaincall/AjaxCheckService.setItemNumber.dwr HTTP/1.1" 200 78
114.93.75.19 - - [06/Mar/2020:11:21:07 +0800] "POST /xingrg/dwr/call/plaincall/AjaxCheckService.setItemNumber.dwr HTTP/1.1" 200 78
114.93.75.19 - - [06/Mar/2020:11:21:07 +0800] "POST /xingrg/dwr/call/plaincall/AjaxCheckService.setItemNumber.dwr HTTP/1.1" 200 78
114.93.75.19 - - [06/Mar/2020:11:21:08 +0800] "POST /xingrg/dwr/call/plaincall/AjaxCheckService.setItemNumber.dwr HTTP/1.1" 200 78
114.93.75.19 - - [06/Mar/2020:11:21:09 +0800] "POST /xingrg/dwr/call/plaincall/AjaxCheckService.setItemNumber.dwr HTTP/1.1" 200 78
114.93.75.19 - - [06/Mar/2020:11:21:09 +0800] "POST /xingrg/dwr/call/plaincall/AjaxCheckService.setItemNumber.dwr HTTP/1.1" 200 78
180.162.232.172 - - [06/Mar/2020:11:21:17 +0800] "GET /xingrg/check_reg.html?_=1583464975872 HTTP/1.1" 200 22
180.162.232.172 - - [06/Mar/2020:11:21:17 +0800] "GET /xingrg/all/function/internal_message.html?_=1583464976001&CODE_STATE=getMsg HTTP/1.1" 200 27
114.93.75.19 - - [06/Mar/2020:11:21:18 +0800] "GET /xingrg/all/function/internal_message.html?_=1583464875930&CODE_STATE=getMsg HTTP/1.1" 200 27
58.221.95.50 - - [06/Mar/2020:11:21:18 +0800] "GET /xingrg/all/function/internal_message.html?_=1583465216173&CODE_STATE=getMsg HTTP/1.1" 200 27
114.93.75.19 - - [06/Mar/2020:11:21:22 +0800] "GET /xingrg/all/function/internal_message.html?_=1583464879170&CODE_STATE=getMsg HTTP/1.1" 200 27
116.228.172.94 - - [06/Mar/2020:11:21:22 +0800] "GET /xingrg/check_reg.html?_=1583464188094 HTTP/1.1" 200 22
117.184.7.26 - - [06/Mar/2020:11:21:25 +0800] "GET /xingrg/all/function/internal_message.html?_=1583464881533&CODE_STATE=getMsg HTTP/1.1" 200 27
114.93.75.19 - - [06/Mar/2020:11:21:27 +0800] "GET /xingrg/all/function/internal_message.html?_=1583464886914&CODE_STATE=getMsg HTTP/1.1" 200 27
114.93.75.19 - - [06/Mar/2020:11:21:30 +0800] "POST /xingrg/dwr/call/plaincall/AjaxCheckService.setItemNumber.dwr HTTP/1.1" 200 78
114.93.75.19 - - [06/Mar/2020:11:21:30 +0800] "GET /xingrg/check_reg.html?_=1583464898333 HTTP/1.1" 302 -
114.93.75.19 - - [06/Mar/2020:11:21:30 +0800] "GET /xingrg/all/function/internal_message.html?_=1583464898359&CODE_STATE=getMsg HTTP/1.1" 302 -
114.93.75.19 - - [06/Mar/2020:11:21:31 +0800] "GET /xingrg/all/function/internal_message.html?_=1583464887893&CODE_STATE=getMsg HTTP/1.1" 200 27
114.93.75.19 - - [06/Mar/2020:11:21:32 +0800] "POST /xingrg/dwr/call/plaincall/AjaxComOrderService.getMaterielSearchList.dwr HTTP/1.1" 200 78
114.93.75.19 - - [06/Mar/2020:11:21:33 +0800] "POST /xingrg/dwr/call/plaincall/AjaxComOrderService.getMaterielSearchList.dwr HTTP/1.1" 200 78
114.93.75.19 - - [06/Mar/2020:11:21:34 +0800] "POST /xingrg/dwr/call/plaincall/AjaxComOrderService.getMaterielSearchList.dwr HTTP/1.1" 200 1470
114.93.75.19 - - [06/Mar/2020:11:21:36 +0800] "POST /xingrg/dwr/call/plaincall/AjaxComOrderService.getMaterielByCode.dwr HTTP/1.1" 200 2451
58.40.7.146 - - [06/Mar/2020:11:21:40 +0800] "GET /xingrg/all/function/internal_message.html?_=1583464897924&CODE_STATE=getMsg HTTP/1.1" 200 27
117.185.32.26 - - [06/Mar/2020:11:21:41 +0800] "GET /xingrg/check_reg.html?_=1583465288859 HTTP/1.1" 200 22
117.185.32.26 - - [06/Mar/2020:11:21:42 +0800] "GET /xingrg/all/function/internal_message.html?_=1583465289377&CODE_STATE=getMsg HTTP/1.1" 200 27
114.93.75.19 - - [06/Mar/2020:11:21:42 +0800] "GET /xingrg/all/function/internal_message.html?_=1583465065668&CODE_STATE=getMsg HTTP/1.1" 200 27
114.93.75.19 - - [06/Mar/2020:11:21:43 +0800] "POST /xingrg/dwr/call/plaincall/AjaxCheckService.setItemNumber.dwr HTTP/1.1" 200 78
114.93.75.19 - - [06/Mar/2020:11:21:43 +0800] "GET /xingrg/all/function/internal_message.html?_=1583465225340&CODE_STATE=getMsg HTTP/1.1" 200 27
114.88.170.138 - - [06/Mar/2020:11:21:45 +0800] "GET /xingrg/check_reg.html?_=1583464901952 HTTP/1.1" 200 22
114.93.75.19 - - [06/Mar/2020:11:21:46 +0800] "GET /xingrg/check_reg.html?_=1583464909121 HTTP/1.1" 200 22
114.93.75.19 - - [06/Mar/2020:11:21:46 +0800] "GET /xingrg/all/function/internal_message.html?_=1583464909125&CODE_STATE=getMsg HTTP/1.1" 200 27
114.93.75.19 - - [06/Mar/2020:11:21:46 +0800] "POST /xingrg/dwr/call/plaincall/AjaxComOrderService.getMaterielSearchList.dwr HTTP/1.1" 200 78
114.93.75.19 - - [06/Mar/2020:11:21:46 +0800] "GET /xingrg/all/function/internal_message.html?_=1583464905266&CODE_STATE=getMsg HTTP/1.1" 200 27
114.93.75.19 - - [06/Mar/2020:11:21:47 +0800] "POST /xingrg/dwr/call/plaincall/AjaxComOrderService.getMaterielSearchList.dwr HTTP/1.1" 200 78
114.93.75.19 - - [06/Mar/2020:11:21:48 +0800] "GET /xingrg/all/function/internal_message.html?_=1583464915594&CODE_STATE=getMsg HTTP/1.1" 302 -
114.93.75.19 - - [06/Mar/2020:11:21:48 +0800] "POST /xingrg/dwr/call/plaincall/AjaxComOrderService.getMaterielSearchList.dwr HTTP/1.1" 200 1176
114.93.75.19 - - [06/Mar/2020:11:21:49 +0800] "POST /xingrg/dwr/call/plaincall/AjaxComOrderService.getMaterielByCode.dwr HTTP/1.1" 200 2452
120.253.135.82 - - [06/Mar/2020:11:21:51 +0800] "GET /xingrg/all/function/internal_message.html?_=1583464975217&CODE_STATE=getMsg HTTP/1.1" 200 27
114.93.75.19 - - [06/Mar/2020:11:21:57 +0800] "POST /xingrg/dwr/call/plaincall/AjaxCheckService.setItemNumber.dwr HTTP/1.1" 200 78
180.156.150.85 - - [06/Mar/2020:11:21:58 +0800] "GET /xingrg/check_reg.html?_=1583464912847 HTTP/1.1" 200 22
180.156.150.85 - - [06/Mar/2020:11:21:58 +0800] "GET /xingrg/all/function/internal_message.html?_=1583464912850&CODE_STATE=getMsg HTTP/1.1" 200 27
114.88.170.138 - - [06/Mar/2020:11:22:03 +0800] "GET /xingrg/all/function/internal_message.html?_=1583464919454&CODE_STATE=getMsg HTTP/1.1" 200 27
114.93.75.19 - - [06/Mar/2020:11:22:05 +0800] "POST /xingrg/dwr/call/plaincall/AjaxComOrderService.getMaterielSearchList.dwr HTTP/1.1" 200 78
114.93.75.19 - - [06/Mar/2020:11:22:06 +0800] "POST /xingrg/dwr/call/plaincall/AjaxComOrderService.getMaterielSearchList.dwr HTTP/1.1" 200 78
114.93.75.19 - - [06/Mar/2020:11:22:07 +0800] "POST /xingrg/dwr/call/plaincall/AjaxComOrderService.getMaterielSearchList.dwr HTTP/1.1" 200 670
114.93.75.19 - - [06/Mar/2020:11:22:09 +0800] "POST /xingrg/dwr/call/plaincall/AjaxComOrderService.getMaterielByCode.dwr HTTP/1.1" 200 2451
114.93.75.19 - - [06/Mar/2020:11:22:17 +0800] "POST /xingrg/dwr/call/plaincall/AjaxComOrderService.getMaterielSearchList.dwr HTTP/1.1" 200 78
180.162.232.172 - - [06/Mar/2020:11:22:17 +0800] "GET /xingrg/all/function/internal_message.html?_=1583465036015&CODE_STATE=getMsg HTTP/1.1" 200 27
114.93.75.19 - - [06/Mar/2020:11:22:18 +0800] "GET /xingrg/check_reg.html?_=1583464935919 HTTP/1.1" 200 22
114.93.75.19 - - [06/Mar/2020:11:22:18 +0800] "GET /xingrg/all/function/internal_message.html?_=1583464935924&CODE_STATE=getMsg HTTP/1.1" 200 27
114.93.75.19 - - [06/Mar/2020:11:22:18 +0800] "POST /xingrg/dwr/call/plaincall/AjaxComOrderService.getMaterielSearchList.dwr HTTP/1.1" 200 34647
58.221.95.50 - - [06/Mar/2020:11:22:18 +0800] "GET /xingrg/all/function/internal_message.html?_=1583465276155&CODE_STATE=getMsg HTTP/1.1" 200 27
114.93.75.19 - - [06/Mar/2020:11:22:22 +0800] "GET /xingrg/all/function/internal_message.html?_=1583464939174&CODE_STATE=getMsg HTTP/1.1" 200 27
114.93.75.19 - - [06/Mar/2020:11:22:22 +0800] "POST /xingrg/dwr/call/plaincall/AjaxComOrderService.getMaterielSearchList.dwr HTTP/1.1" 200 34647
117.184.7.26 - - [06/Mar/2020:11:22:25 +0800] "GET /xingrg/all/function/internal_message.html?_=1583464941542&CODE_STATE=getMsg HTTP/1.1" 200 27
114.93.75.19 - - [06/Mar/2020:11:22:26 +0800] "POST /xingrg/dwr/call/plaincall/AjaxComOrderService.getMaterielSearchList.dwr HTTP/1.1" 200 34647
114.93.75.19 - - [06/Mar/2020:11:22:27 +0800] "GET /xingrg/all/function/internal_message.html?_=1583464946926&CODE_STATE=getMsg HTTP/1.1" 200 27
114.93.75.19 - - [06/Mar/2020:11:22:30 +0800] "GET /xingrg/all/function/internal_message.html?_=1583464958355&CODE_STATE=getMsg HTTP/1.1" 302 -
114.93.75.19 - - [06/Mar/2020:11:22:31 +0800] "GET /xingrg/all/function/internal_message.html?_=1583464947865&CODE_STATE=getMsg HTTP/1.1" 200 27
117.185.32.26 - - [06/Mar/2020:11:22:33 +0800] "GET /xingrg/kc/buy/buy_main.html HTTP/1.1" 200 12398
117.185.32.26 - - [06/Mar/2020:11:22:33 +0800] "GET /xingrg/css/new_ie.css HTTP/1.1" 404 1036
117.185.32.26 - - [06/Mar/2020:11:22:35 +0800] "GET /xingrg/images/yd/bt.gif HTTP/1.1" 404 1040
117.185.32.26 - - [06/Mar/2020:11:22:35 +0800] "GET /xingrg/kc/buy/cgsh_order_list.html HTTP/1.1" 200 42034
117.185.32.26 - - [06/Mar/2020:11:22:36 +0800] "POST /xingrg/kc/buy/cgsh_list_operate.html HTTP/1.1" 200 876
58.40.7.146 - - [06/Mar/2020:11:22:40 +0800] "GET /xingrg/all/function/internal_message.html?_=1583464957926&CODE_STATE=getMsg HTTP/1.1" 200 27
58.40.7.146 - - [06/Mar/2020:11:22:40 +0800] "GET /xingrg/check_reg.html?_=1583464958100 HTTP/1.1" 200 22
117.185.32.26 - - [06/Mar/2020:11:22:40 +0800] "POST /xingrg/kc/buy/cgsh_list_operate.html HTTP/1.1" 200 876
117.185.32.26 - - [06/Mar/2020:11:22:42 +0800] "GET /xingrg/all/function/internal_message.html?_=1583465349376&CODE_STATE=getMsg HTTP/1.1" 200 27
114.93.75.19 - - [06/Mar/2020:11:22:42 +0800] "GET /xingrg/all/function/internal_message.html?_=1583465125674&CODE_STATE=getMsg HTTP/1.1" 200 27
114.93.75.19 - - [06/Mar/2020:11:22:43 +0800] "GET /xingrg/all/function/internal_message.html?_=1583465285323&CODE_STATE=getMsg HTTP/1.1" 200 27
117.185.32.26 - - [06/Mar/2020:11:22:44 +0800] "GET /xingrg/kc/buy/buy_main.html HTTP/1.1" 200 12398
117.185.32.26 - - [06/Mar/2020:11:22:44 +0800] "GET /xingrg/css/new_ie.css HTTP/1.1" 404 1036
114.93.75.19 - - [06/Mar/2020:11:22:46 +0800] "GET /xingrg/all/function/internal_message.html?_=1583464969122&CODE_STATE=getMsg HTTP/1.1" 200 27
117.185.32.26 - - [06/Mar/2020:11:22:46 +0800] "GET /xingrg/kc/mdqp/qp_main.html HTTP/1.1" 200 10625
114.93.75.19 - - [06/Mar/2020:11:22:46 +0800] "GET /xingrg/all/function/internal_message.html?_=1583464965276&CODE_STATE=getMsg HTTP/1.1" 200 27
114.93.75.19 - - [06/Mar/2020:11:22:48 +0800] "GET /xingrg/check_reg.html?_=1583464975595 HTTP/1.1" 302 -
114.93.75.19 - - [06/Mar/2020:11:22:48 +0800] "GET /xingrg/all/function/internal_message.html?_=1583464975619&CODE_STATE=getMsg HTTP/1.1" 302 -
117.185.32.26 - - [06/Mar/2020:11:22:48 +0800] "GET /xingrg/images/yd/bt.gif HTTP/1.1" 404 1040
120.253.135.82 - - [06/Mar/2020:11:22:48 +0800] "GET /xingrg/check_reg.html?_=1583465032502 HTTP/1.1" 200 22
117.185.32.26 - - [06/Mar/2020:11:22:49 +0800] "GET /xingrg/kc/mdqp/pssh_order_list.html HTTP/1.1" 200 17603
117.185.32.26 - - [06/Mar/2020:11:22:49 +0800] "POST /xingrg/kc/mdqp/pssh_list_operate.html HTTP/1.1" 200 5485
120.253.135.82 - - [06/Mar/2020:11:22:51 +0800] "GET /xingrg/all/function/internal_message.html?_=1583465035229&CODE_STATE=getMsg HTTP/1.1" 200 27
117.185.32.26 - - [06/Mar/2020:11:22:55 +0800] "GET /xingrg/kc/base/base_main.html HTTP/1.1" 200 12138
180.156.150.85 - - [06/Mar/2020:11:22:58 +0800] "GET /xingrg/all/function/internal_message.html?_=1583464972836&CODE_STATE=getMsg HTTP/1.1" 200 27
114.88.170.138 - - [06/Mar/2020:11:23:03 +0800] "GET /xingrg/all/function/internal_message.html?_=1583464979468&CODE_STATE=getMsg HTTP/1.1" 200 27
117.185.32.26 - - [06/Mar/2020:11:23:05 +0800] "GET /xingrg/kc/base/wldb_order_list.html HTTP/1.1" 200 19244
117.185.32.26 - - [06/Mar/2020:11:23:05 +0800] "POST /xingrg/kc/base/wldb_list_operate.html HTTP/1.1" 200 928
114.93.75.19 - - [06/Mar/2020:11:23:06 +0800] "POST /xingrg/dwr/call/plaincall/AjaxComOrderService.getMaterielSearchList.dwr HTTP/1.1" 200 471920
114.93.75.19 - - [06/Mar/2020:11:23:08 +0800] "POST /xingrg/dwr/call/plaincall/AjaxComOrderService.getMaterielByCode.dwr HTTP/1.1" 200 2450
114.93.75.19 - - [06/Mar/2020:11:23:11 +0800] "POST /xingrg/dwr/call/plaincall/AjaxComOrderService.getMaterielSearchList.dwr HTTP/1.1" 200 78
114.93.75.19 - - [06/Mar/2020:11:23:11 +0800] "POST /xingrg/dwr/call/plaincall/AjaxComOrderService.getMaterielSearchList.dwr HTTP/1.1" 200 78
114.93.75.19 - - [06/Mar/2020:11:23:12 +0800] "POST /xingrg/dwr/call/plaincall/AjaxComOrderService.getMaterielSearchList.dwr HTTP/1.1" 200 1395
114.93.75.19 - - [06/Mar/2020:11:23:15 +0800] "POST /xingrg/dwr/call/plaincall/AjaxComOrderService.getMaterielSearchList.dwr HTTP/1.1" 200 471920
180.162.232.172 - - [06/Mar/2020:11:23:17 +0800] "GET /xingrg/all/function/internal_message.html?_=1583465096029&CODE_STATE=getMsg HTTP/1.1" 200 27
114.93.75.19 - - [06/Mar/2020:11:23:18 +0800] "GET /xingrg/all/function/internal_message.html?_=1583464995927&CODE_STATE=getMsg HTTP/1.1" 200 27
58.221.95.50 - - [06/Mar/2020:11:23:18 +0800] "GET /xingrg/all/function/internal_message.html?_=1583465336154&CODE_STATE=getMsg HTTP/1.1" 200 27
114.93.75.19 - - [06/Mar/2020:11:23:19 +0800] "POST /xingrg/dwr/call/plaincall/AjaxComOrderService.getMaterielSearchList.dwr HTTP/1.1" 200 1395
120.253.135.82 - - [06/Mar/2020:11:23:20 +0800] "GET /xingrg/kc/pszx/mdqp_order_list.html?state=10 HTTP/1.1" 200 10061
120.253.135.82 - - [06/Mar/2020:11:23:20 +0800] "GET /xingrg/dwr/interface/AjaxReportQueryService.js HTTP/1.1" 200 13203
120.253.135.82 - - [06/Mar/2020:11:23:20 +0800] "GET /xingrg/dwr/interface/AjaxQqpsService.js HTTP/1.1" 200 16326
120.253.135.82 - - [06/Mar/2020:11:23:20 +0800] "GET /xingrg/dwr/engine.js HTTP/1.1" 200 43631
120.253.135.82 - - [06/Mar/2020:11:23:20 +0800] "POST /xingrg/kc/buy/cgsh_list_operate.html HTTP/1.1" 200 876
114.93.75.19 - - [06/Mar/2020:11:23:20 +0800] "POST /xingrg/dwr/call/plaincall/AjaxComOrderService.getMaterielByCode.dwr HTTP/1.1" 200 2452
114.93.75.19 - - [06/Mar/2020:11:23:22 +0800] "GET /xingrg/all/function/internal_message.html?_=1583464999175&CODE_STATE=getMsg HTTP/1.1" 200 27
117.184.7.26 - - [06/Mar/2020:11:23:25 +0800] "GET /xingrg/all/function/internal_message.html?_=1583465001539&CODE_STATE=getMsg HTTP/1.1" 200 27
114.93.75.19 - - [06/Mar/2020:11:23:26 +0800] "GET /xingrg/check_reg.html?_=1583465005677 HTTP/1.1" 200 22
114.93.75.19 - - [06/Mar/2020:11:23:27 +0800] "GET /xingrg/all/function/internal_message.html?_=1583465006941&CODE_STATE=getMsg HTTP/1.1" 200 27
114.93.75.19 - - [06/Mar/2020:11:23:30 +0800] "GET /xingrg/all/function/internal_message.html?_=1583465018325&CODE_STATE=getMsg HTTP/1.1" 302 -
114.93.75.19 - - [06/Mar/2020:11:23:31 +0800] "GET /xingrg/all/function/internal_message.html?_=1583465007837&CODE_STATE=getMsg HTTP/1.1" 200 27
114.93.75.19 - - [06/Mar/2020:11:23:40 +0800] "POST /xingrg/dwr/call/plaincall/AjaxCheckService.addOrderItem.dwr HTTP/1.1" 200 710
58.40.7.146 - - [06/Mar/2020:11:23:40 +0800] "GET /xingrg/all/function/internal_message.html?_=1583465017913&CODE_STATE=getMsg HTTP/1.1" 200 27
