114.93.75.19 - - [05/Mar/2020:12:34:44 +0800] "GET /xingrg/javascript/easyui/themes/default/validatebox.css HTTP/1.1" 404 1104
114.93.75.19 - - [05/Mar/2020:12:34:44 +0800] "POST /xingrg/kc/buy/cgsh_order_operate.html HTTP/1.1" 200 1211
124.77.241.94 - - [05/Mar/2020:12:34:45 +0800] "GET /xingrg/all/function/internal_message.html?_=1583382897785&CODE_STATE=getMsg HTTP/1.1" 200 27
114.93.75.19 - - [05/Mar/2020:12:34:45 +0800] "GET /xingrg/kc/print/load_data.html?order_code=212020022900141&kc_code=cgsh&condition= HTTP/1.1" 200 1014
114.93.75.19 - - [05/Mar/2020:12:34:46 +0800] "GET /xingrg/all/function/internal_message.html?_=1583382892668&CODE_STATE=getMsg HTTP/1.1" 302 -
114.93.75.19 - - [05/Mar/2020:12:34:49 +0800] "POST /xingrg/kc/buy/cgsh_list_operate.html HTTP/1.1" 200 5464
117.184.7.26 - - [05/Mar/2020:12:34:49 +0800] "GET /xingrg/kc/buy/cgsh_order_operate.html?command=get_materiel&rest_code=00108&code=00101008296&supplier_code=00100007&order_time=2020-03-01 HTTP/1.1" 200 432
114.93.75.19 - - [05/Mar/2020:12:34:50 +0800] "POST /xingrg/kc/buy/cgsh_list_operate.html HTTP/1.1" 200 271
114.93.75.19 - - [05/Mar/2020:12:34:50 +0800] "GET /xingrg/kc/buy/cgsh_order_info.html?code=212020022900142 HTTP/1.1" 200 52516
114.93.75.19 - - [05/Mar/2020:12:34:51 +0800] "GET /xingrg/javascript/easyui/themes/default/validatebox.css HTTP/1.1" 404 1104
114.93.75.19 - - [05/Mar/2020:12:34:51 +0800] "POST /xingrg/kc/buy/cgsh_order_operate.html HTTP/1.1" 200 1192
114.93.75.19 - - [05/Mar/2020:12:34:52 +0800] "GET /xingrg/kc/print/load_data.html?order_code=212020022900142&kc_code=cgsh&condition= HTTP/1.1" 200 935
101.81.125.204 - - [05/Mar/2020:12:34:52 +0800] "GET /xingrg/check_reg.html?_=1583382200690 HTTP/1.1" 200 22
101.81.125.204 - - [05/Mar/2020:12:34:52 +0800] "GET /xingrg/all/function/internal_message.html?_=1583382201189&CODE_STATE=getMsg HTTP/1.1" 200 27
180.157.252.250 - - [05/Mar/2020:12:34:54 +0800] "GET /xingrg/system/rest/query_items.html?_=1583382881663&table=menu&page=1&rows=20&categoryId=&key=%25E8%25B1%25A1%25E9%25BC%25BB HTTP/1.1" 200 255
114.93.75.19 - - [05/Mar/2020:12:34:55 +0800] "POST /xingrg/kc/buy/cgsh_list_operate.html HTTP/1.1" 200 5464
114.93.75.19 - - [05/Mar/2020:12:34:56 +0800] "POST /xingrg/kc/buy/cgsh_list_operate.html HTTP/1.1" 200 207
180.157.252.250 - - [05/Mar/2020:12:34:56 +0800] "GET /xingrg/system/rest/query_items.html?_=1583382883483&table=menu&page=1&rows=20&categoryId=&key=%25E8%25B1%25A1%25E9%25BC%25BB HTTP/1.1" 200 255
114.93.75.19 - - [05/Mar/2020:12:34:56 +0800] "GET /xingrg/kc/buy/cgsh_order_info.html?code=212020022900143 HTTP/1.1" 200 52512
114.93.75.19 - - [05/Mar/2020:12:34:56 +0800] "GET /xingrg/javascript/easyui/themes/default/validatebox.css HTTP/1.1" 404 1104
114.93.75.19 - - [05/Mar/2020:12:34:56 +0800] "POST /xingrg/kc/buy/cgsh_order_operate.html HTTP/1.1" 200 615
180.157.252.250 - - [05/Mar/2020:12:34:57 +0800] "GET /xingrg/system/rest/get_item.html?table=menu&id=2043&_=1583382884188 HTTP/1.1" 200 942
180.157.252.250 - - [05/Mar/2020:12:34:57 +0800] "GET /xingrg/system/rest/get_item.html?table=menu&target=menu_rest&id=2043&_=1583382884212 HTTP/1.1" 200 649
180.157.252.250 - - [05/Mar/2020:12:34:57 +0800] "GET /xingrg/system/rest/get_item.html?table=menu&target=cook_mode&id=2043&_=1583382884211 HTTP/1.1" 200 13541
114.93.75.19 - - [05/Mar/2020:12:34:57 +0800] "GET /xingrg/kc/print/load_data.html?order_code=212020022900143&kc_code=cgsh&condition= HTTP/1.1" 200 716
180.157.252.250 - - [05/Mar/2020:12:34:57 +0800] "GET /xingrg/system/rest/get_infos.html?command=menu_img_show&id=2043 HTTP/1.1" 200 5
180.156.150.85 - - [05/Mar/2020:12:34:58 +0800] "GET /xingrg/all/function/internal_message.html?_=1583382894223&CODE_STATE=getMsg HTTP/1.1" 200 27
117.184.7.26 - - [05/Mar/2020:12:34:58 +0800] "GET /xingrg/kc/buy/cgsh_order_operate.html?command=get_materiel&rest_code=00108&code=00101008088&supplier_code=00100007&order_time=2020-03-01 HTTP/1.1" 200 424
180.157.252.250 - - [05/Mar/2020:12:35:00 +0800] "GET /xingrg/system/rest/get_item.html?table=menu&target=menu_rest_detail&id=2043&sid=14&_=1583382887551 HTTP/1.1" 200 426
114.93.75.19 - - [05/Mar/2020:12:35:01 +0800] "POST /xingrg/kc/buy/cgsh_list_operate.html HTTP/1.1" 200 5464
114.93.75.19 - - [05/Mar/2020:12:35:01 +0800] "GET /xingrg/all/function/internal_message.html?_=1583383225567&CODE_STATE=getMsg HTTP/1.1" 200 27
114.93.75.19 - - [05/Mar/2020:12:35:02 +0800] "POST /xingrg/kc/buy/cgsh_list_operate.html HTTP/1.1" 200 199
114.93.75.19 - - [05/Mar/2020:12:35:02 +0800] "GET /xingrg/kc/buy/cgsh_order_info.html?code=212020022900144 HTTP/1.1" 200 52514
114.93.75.19 - - [05/Mar/2020:12:35:02 +0800] "GET /xingrg/javascript/easyui/themes/default/validatebox.css HTTP/1.1" 404 1104
114.93.75.19 - - [05/Mar/2020:12:35:02 +0800] "POST /xingrg/kc/buy/cgsh_order_operate.html HTTP/1.1" 200 610
114.93.75.19 - - [05/Mar/2020:12:35:03 +0800] "GET /xingrg/kc/print/load_data.html?order_code=212020022900144&kc_code=cgsh&condition= HTTP/1.1" 200 763
180.157.252.250 - - [05/Mar/2020:12:35:05 +0800] "POST /xingrg/system/rest/edit_item.html HTTP/1.1" 200 4
180.157.252.250 - - [05/Mar/2020:12:35:05 +0800] "GET /xingrg/system/rest/get_item.html?table=menu&target=menu_rest&id=2043&_=1583382892755 HTTP/1.1" 200 649
117.184.7.26 - - [05/Mar/2020:12:35:05 +0800] "GET /xingrg/kc/buy/cgsh_order_operate.html?command=get_materiel&rest_code=00108&code=00101008096&supplier_code=00100007&order_time=2020-03-01 HTTP/1.1" 200 428
180.162.232.172 - - [05/Mar/2020:12:35:05 +0800] "GET /xingrg/check_reg.html?_=1583383005323 HTTP/1.1" 200 22
180.162.232.172 - - [05/Mar/2020:12:35:06 +0800] "GET /xingrg/all/function/internal_message.html?_=1583383005420&CODE_STATE=getMsg HTTP/1.1" 200 27
114.93.75.19 - - [05/Mar/2020:12:35:06 +0800] "POST /xingrg/kc/buy/cgsh_list_operate.html HTTP/1.1" 200 5464
114.93.75.19 - - [05/Mar/2020:12:35:08 +0800] "POST /xingrg/kc/buy/cgsh_list_operate.html HTTP/1.1" 200 5594
114.93.75.19 - - [05/Mar/2020:12:35:09 +0800] "POST /xingrg/kc/buy/cgsh_list_operate.html HTTP/1.1" 200 201
114.93.75.19 - - [05/Mar/2020:12:35:09 +0800] "GET /xingrg/kc/buy/cgsh_order_info.html?code=212020022900145 HTTP/1.1" 200 52515
114.93.75.19 - - [05/Mar/2020:12:35:09 +0800] "GET /xingrg/javascript/easyui/themes/default/validatebox.css HTTP/1.1" 404 1104
114.93.75.19 - - [05/Mar/2020:12:35:09 +0800] "POST /xingrg/kc/buy/cgsh_order_operate.html HTTP/1.1" 200 607
114.93.75.19 - - [05/Mar/2020:12:35:10 +0800] "GET /xingrg/kc/print/load_data.html?order_code=212020022900145&kc_code=cgsh HTTP/1.1" 200 712
117.184.7.26 - - [05/Mar/2020:12:35:12 +0800] "GET /xingrg/kc/buy/cgsh_order_operate.html?command=get_materiel&rest_code=00108&code=00101008286&supplier_code=00100007&order_time=2020-03-01 HTTP/1.1" 200 428
114.93.75.19 - - [05/Mar/2020:12:35:13 +0800] "GET /xingrg/kc/print/load_data.html?order_code=212020022900145&kc_code=cgsh&condition= HTTP/1.1" 200 712
117.184.7.26 - - [05/Mar/2020:12:35:13 +0800] "GET /xingrg/all/function/internal_message.html?_=1583382902461&CODE_STATE=getMsg HTTP/1.1" 200 27
114.93.75.19 - - [05/Mar/2020:12:35:16 +0800] "POST /xingrg/kc/buy/cgsh_list_operate.html HTTP/1.1" 200 5594
114.93.75.19 - - [05/Mar/2020:12:35:17 +0800] "POST /xingrg/kc/buy/cgsh_list_operate.html HTTP/1.1" 200 202
114.93.75.19 - - [05/Mar/2020:12:35:17 +0800] "GET /xingrg/kc/buy/cgsh_order_info.html?code=212020022900146 HTTP/1.1" 200 52512
114.93.75.19 - - [05/Mar/2020:12:35:17 +0800] "GET /xingrg/javascript/easyui/themes/default/validatebox.css HTTP/1.1" 404 1104
114.93.75.19 - - [05/Mar/2020:12:35:17 +0800] "POST /xingrg/kc/buy/cgsh_order_operate.html HTTP/1.1" 200 616
114.93.75.19 - - [05/Mar/2020:12:35:18 +0800] "GET /xingrg/kc/print/load_data.html?order_code=212020022900146&kc_code=cgsh&condition= HTTP/1.1" 200 708
117.184.7.26 - - [05/Mar/2020:12:35:20 +0800] "GET /xingrg/kc/buy/cgsh_order_operate.html?command=get_materiel&rest_code=00108&code=00101008230&supplier_code=00100007&order_time=2020-03-01 HTTP/1.1" 200 424
124.77.241.94 - - [05/Mar/2020:12:35:20 +0800] "GET /xingrg/check_reg.html?_=1583382933217 HTTP/1.1" 200 22
114.93.75.19 - - [05/Mar/2020:12:35:21 +0800] "POST /xingrg/kc/buy/cgsh_list_operate.html HTTP/1.1" 200 5594
180.157.252.250 - - [05/Mar/2020:12:35:21 +0800] "GET /xingrg/all/function/internal_message.html?_=1583382908945&CODE_STATE=getMsg HTTP/1.1" 200 27
114.93.75.19 - - [05/Mar/2020:12:35:22 +0800] "POST /xingrg/kc/buy/cgsh_list_operate.html HTTP/1.1" 200 202
114.93.75.19 - - [05/Mar/2020:12:35:22 +0800] "GET /xingrg/kc/buy/cgsh_order_info.html?code=212020022900147 HTTP/1.1" 200 52514
114.93.75.19 - - [05/Mar/2020:12:35:22 +0800] "GET /xingrg/javascript/easyui/themes/default/validatebox.css HTTP/1.1" 404 1104
114.93.75.19 - - [05/Mar/2020:12:35:22 +0800] "POST /xingrg/kc/buy/cgsh_order_operate.html HTTP/1.1" 200 612
114.93.75.19 - - [05/Mar/2020:12:35:23 +0800] "GET /xingrg/kc/print/load_data.html?order_code=212020022900147&kc_code=cgsh&condition= HTTP/1.1" 200 770
180.157.252.250 - - [05/Mar/2020:12:35:23 +0800] "POST /xingrg/services/DataTransmitService HTTP/1.1" 200 524
180.157.252.250 - - [05/Mar/2020:12:35:23 +0800] "POST /xingrg/services/DataTransmitService HTTP/1.1" 200 2059
180.157.252.250 - - [05/Mar/2020:12:35:24 +0800] "POST /xingrg/services/DataTransmitService HTTP/1.1" 200 138244
120.253.135.82 - - [05/Mar/2020:12:35:25 +0800] "GET /xingrg/all/function/internal_message.html?_=1583382990735&CODE_STATE=getMsg HTTP/1.1" 200 27
117.184.7.26 - - [05/Mar/2020:12:35:26 +0800] "GET /xingrg/kc/buy/cgsh_order_operate.html?command=get_materiel&rest_code=00108&code=00101008176&supplier_code=00100007&order_time=2020-03-01 HTTP/1.1" 200 433
114.93.75.19 - - [05/Mar/2020:12:35:26 +0800] "POST /xingrg/kc/buy/cgsh_list_operate.html HTTP/1.1" 200 5594
114.93.75.19 - - [05/Mar/2020:12:35:27 +0800] "POST /xingrg/kc/buy/cgsh_list_operate.html HTTP/1.1" 200 212
114.93.75.19 - - [05/Mar/2020:12:35:27 +0800] "GET /xingrg/kc/buy/cgsh_order_info.html?code=212020022900148 HTTP/1.1" 200 52516
114.93.75.19 - - [05/Mar/2020:12:35:27 +0800] "GET /xingrg/javascript/easyui/themes/default/validatebox.css HTTP/1.1" 404 1104
114.93.75.19 - - [05/Mar/2020:12:35:28 +0800] "POST /xingrg/kc/buy/cgsh_order_operate.html HTTP/1.1" 200 625
114.93.75.19 - - [05/Mar/2020:12:35:28 +0800] "GET /xingrg/kc/print/load_data.html?order_code=212020022900148&kc_code=cgsh&condition= HTTP/1.1" 200 736
114.93.75.19 - - [05/Mar/2020:12:35:28 +0800] "GET /xingrg/all/function/internal_message.html?_=1583382935396&CODE_STATE=getMsg HTTP/1.1" 302 -
114.93.75.19 - - [05/Mar/2020:12:35:29 +0800] "GET /xingrg/all/function/internal_message.html?_=1583382925837&CODE_STATE=getMsg HTTP/1.1" 200 27
114.93.75.19 - - [05/Mar/2020:12:35:32 +0800] "GET /xingrg/check_reg.html?_=1583382931496 HTTP/1.1" 200 22
114.93.75.19 - - [05/Mar/2020:12:35:32 +0800] "GET /xingrg/all/function/internal_message.html?_=1583382931496&CODE_STATE=getMsg HTTP/1.1" 200 27
114.93.75.19 - - [05/Mar/2020:12:35:32 +0800] "POST /xingrg/kc/buy/cgsh_list_operate.html HTTP/1.1" 200 5594
114.93.75.19 - - [05/Mar/2020:12:35:33 +0800] "POST /xingrg/kc/buy/cgsh_list_operate.html HTTP/1.1" 200 441
114.93.75.19 - - [05/Mar/2020:12:35:33 +0800] "GET /xingrg/kc/buy/cgsh_order_info.html?code=212020022900149 HTTP/1.1" 200 52516
117.184.7.26 - - [05/Mar/2020:12:35:33 +0800] "GET /xingrg/kc/buy/cgsh_order_operate.html?command=get_materiel&rest_code=00108&code=00101008210&supplier_code=00100007&order_time=2020-03-01 HTTP/1.1" 200 423
114.93.75.19 - - [05/Mar/2020:12:35:33 +0800] "GET /xingrg/javascript/easyui/themes/default/validatebox.css HTTP/1.1" 404 1104
114.93.75.19 - - [05/Mar/2020:12:35:33 +0800] "POST /xingrg/kc/buy/cgsh_order_operate.html HTTP/1.1" 200 2421
114.93.75.19 - - [05/Mar/2020:12:35:34 +0800] "GET /xingrg/kc/print/load_data.html?order_code=212020022900149&kc_code=cgsh&condition= HTTP/1.1" 200 1429
114.88.159.93 - - [05/Mar/2020:12:35:35 +0800] "GET /xingrg/all/function/internal_message.html?_=1583382664993&CODE_STATE=getMsg HTTP/1.1" 200 27
114.93.75.19 - - [05/Mar/2020:12:35:36 +0800] "GET /xingrg/all/function/internal_message.html?_=1583382932024&CODE_STATE=getMsg HTTP/1.1" 200 27
116.233.73.109 - - [05/Mar/2020:12:35:37 +0800] "GET /xingrg/all/function/internal_message.html?_=1583383005250&CODE_STATE=getMsg HTTP/1.1" 200 27
114.93.75.19 - - [05/Mar/2020:12:35:38 +0800] "POST /xingrg/kc/buy/cgsh_list_operate.html HTTP/1.1" 200 5594
114.93.75.19 - - [05/Mar/2020:12:35:38 +0800] "POST /xingrg/kc/buy/cgsh_list_operate.html HTTP/1.1" 200 360
114.93.75.19 - - [05/Mar/2020:12:35:39 +0800] "GET /xingrg/kc/buy/cgsh_order_info.html?code=212020022900150 HTTP/1.1" 200 52516
114.93.75.19 - - [05/Mar/2020:12:35:39 +0800] "GET /xingrg/javascript/easyui/themes/default/validatebox.css HTTP/1.1" 404 1104
114.93.75.19 - - [05/Mar/2020:12:35:39 +0800] "POST /xingrg/kc/buy/cgsh_order_operate.html HTTP/1.1" 200 1811
114.93.75.19 - - [05/Mar/2020:12:35:40 +0800] "GET /xingrg/kc/print/load_data.html?order_code=212020022900150&kc_code=cgsh&condition= HTTP/1.1" 200 1249
222.70.208.105 - - [05/Mar/2020:12:35:40 +0800] "GET /xingrg/all/function/internal_message.html?_=1583382941122&CODE_STATE=getMsg HTTP/1.1" 200 27
114.93.75.19 - - [05/Mar/2020:12:35:40 +0800] "GET /xingrg/all/function/internal_message.html?_=1583383102975&CODE_STATE=getMsg HTTP/1.1" 200 27
117.184.7.26 - - [05/Mar/2020:12:35:41 +0800] "GET /xingrg/kc/buy/cgsh_order_operate.html?command=get_materiel&rest_code=00108&code=00101008067&supplier_code=00100007&order_time=2020-03-01 HTTP/1.1" 200 436
114.93.75.19 - - [05/Mar/2020:12:35:43 +0800] "POST /xingrg/kc/buy/cgsh_list_operate.html HTTP/1.1" 200 5594
114.93.75.19 - - [05/Mar/2020:12:35:44 +0800] "POST /xingrg/kc/buy/cgsh_list_operate.html HTTP/1.1" 200 201
114.93.75.19 - - [05/Mar/2020:12:35:44 +0800] "GET /xingrg/kc/buy/cgsh_order_info.html?code=212020022900151 HTTP/1.1" 200 52516
114.93.75.19 - - [05/Mar/2020:12:35:44 +0800] "GET /xingrg/javascript/easyui/themes/default/validatebox.css HTTP/1.1" 404 1104
114.93.75.19 - - [05/Mar/2020:12:35:44 +0800] "POST /xingrg/kc/buy/cgsh_order_operate.html HTTP/1.1" 200 610
124.77.241.94 - - [05/Mar/2020:12:35:45 +0800] "GET /xingrg/all/function/internal_message.html?_=1583382957799&CODE_STATE=getMsg HTTP/1.1" 200 27
114.93.75.19 - - [05/Mar/2020:12:35:45 +0800] "GET /xingrg/kc/print/load_data.html?order_code=212020022900151&kc_code=cgsh&condition= HTTP/1.1" 200 777
114.93.75.19 - - [05/Mar/2020:12:35:46 +0800] "GET /xingrg/all/function/internal_message.html?_=1583382952669&CODE_STATE=getMsg HTTP/1.1" 302 -
114.93.75.19 - - [05/Mar/2020:12:35:48 +0800] "POST /xingrg/kc/buy/cgsh_list_operate.html HTTP/1.1" 200 5594
114.93.75.19 - - [05/Mar/2020:12:35:49 +0800] "POST /xingrg/kc/buy/cgsh_list_operate.html HTTP/1.1" 200 201
114.93.75.19 - - [05/Mar/2020:12:35:49 +0800] "GET /xingrg/kc/buy/cgsh_order_info.html?code=212020022900152 HTTP/1.1" 200 52514
114.93.75.19 - - [05/Mar/2020:12:35:50 +0800] "GET /xingrg/javascript/easyui/themes/default/validatebox.css HTTP/1.1" 404 1104
114.93.75.19 - - [05/Mar/2020:12:35:50 +0800] "POST /xingrg/kc/buy/cgsh_order_operate.html HTTP/1.1" 200 607
114.93.75.19 - - [05/Mar/2020:12:35:50 +0800] "GET /xingrg/kc/print/load_data.html?order_code=212020022900152&kc_code=cgsh&condition= HTTP/1.1" 200 779
117.184.7.26 - - [05/Mar/2020:12:35:50 +0800] "GET /xingrg/kc/buy/cgsh_order_operate.html?command=get_materiel&rest_code=00108&code=00101020089&supplier_code=00100007&order_time=2020-03-01 HTTP/1.1" 200 412
101.81.125.204 - - [05/Mar/2020:12:35:52 +0800] "GET /xingrg/all/function/internal_message.html?_=1583382261204&CODE_STATE=getMsg HTTP/1.1" 200 27
114.93.75.19 - - [05/Mar/2020:12:35:55 +0800] "POST /xingrg/kc/buy/cgsh_list_operate.html HTTP/1.1" 200 5594
114.93.75.19 - - [05/Mar/2020:12:35:56 +0800] "POST /xingrg/kc/buy/cgsh_list_operate.html HTTP/1.1" 200 202
114.93.75.19 - - [05/Mar/2020:12:35:56 +0800] "GET /xingrg/kc/buy/cgsh_order_info.html?code=212020022900153 HTTP/1.1" 200 52512
114.93.75.19 - - [05/Mar/2020:12:35:56 +0800] "GET /xingrg/javascript/easyui/themes/default/validatebox.css HTTP/1.1" 404 1104
114.93.75.19 - - [05/Mar/2020:12:35:56 +0800] "POST /xingrg/kc/buy/cgsh_order_operate.html HTTP/1.1" 200 612
114.93.75.19 - - [05/Mar/2020:12:35:57 +0800] "GET /xingrg/kc/print/load_data.html?order_code=212020022900153&kc_code=cgsh&condition= HTTP/1.1" 200 791
180.156.150.85 - - [05/Mar/2020:12:35:58 +0800] "GET /xingrg/all/function/internal_message.html?_=1583382954228&CODE_STATE=getMsg HTTP/1.1" 200 27
117.184.7.26 - - [05/Mar/2020:12:36:00 +0800] "GET /xingrg/kc/buy/cgsh_order_operate.html?command=get_materiel&rest_code=00108&code=00101008038&supplier_code=00100007&order_time=2020-03-01 HTTP/1.1" 200 433
114.93.75.19 - - [05/Mar/2020:12:36:01 +0800] "POST /xingrg/kc/buy/cgsh_list_operate.html HTTP/1.1" 200 5594
180.156.150.85 - - [05/Mar/2020:12:36:01 +0800] "GET /xingrg/kc/base/wlsy_order_operate.html?command=get_materiel&rest_code=00105&base_code=0010513&code=00101008197 HTTP/1.1" 200 433
114.93.75.19 - - [05/Mar/2020:12:36:01 +0800] "GET /xingrg/all/function/internal_message.html?_=1583383285566&CODE_STATE=getMsg HTTP/1.1" 200 27
114.93.75.19 - - [05/Mar/2020:12:36:01 +0800] "POST /xingrg/kc/buy/cgsh_list_operate.html HTTP/1.1" 200 212
114.93.75.19 - - [05/Mar/2020:12:36:02 +0800] "GET /xingrg/kc/buy/cgsh_order_info.html?code=212020022900154 HTTP/1.1" 200 52506
114.93.75.19 - - [05/Mar/2020:12:36:02 +0800] "GET /xingrg/javascript/easyui/themes/default/validatebox.css HTTP/1.1" 404 1104
114.93.75.19 - - [05/Mar/2020:12:36:02 +0800] "POST /xingrg/kc/buy/cgsh_order_operate.html HTTP/1.1" 200 629
114.93.75.19 - - [05/Mar/2020:12:36:03 +0800] "GET /xingrg/kc/print/load_data.html?order_code=212020022900154&kc_code=cgsh&condition= HTTP/1.1" 200 720
180.162.232.172 - - [05/Mar/2020:12:36:06 +0800] "GET /xingrg/all/function/internal_message.html?_=1583383065431&CODE_STATE=getMsg HTTP/1.1" 200 27
117.184.7.26 - - [05/Mar/2020:12:36:06 +0800] "GET /xingrg/kc/buy/cgsh_order_operate.html?command=get_materiel&rest_code=00108&code=00101008155&supplier_code=00100007&order_time=2020-03-01 HTTP/1.1" 200 425
114.93.75.19 - - [05/Mar/2020:12:36:07 +0800] "POST /xingrg/kc/buy/cgsh_list_operate.html HTTP/1.1" 200 5594
114.93.75.19 - - [05/Mar/2020:12:36:08 +0800] "POST /xingrg/kc/buy/cgsh_list_operate.html HTTP/1.1" 200 4262
114.93.75.19 - - [05/Mar/2020:12:36:11 +0800] "POST /xingrg/kc/buy/cgsh_list_operate.html HTTP/1.1" 200 589
114.93.75.19 - - [05/Mar/2020:12:36:11 +0800] "GET /xingrg/kc/buy/cgsh_order_info.html?code=212020022900155 HTTP/1.1" 200 52515
114.93.75.19 - - [05/Mar/2020:12:36:11 +0800] "GET /xingrg/javascript/easyui/themes/default/validatebox.css HTTP/1.1" 404 1104
114.93.75.19 - - [05/Mar/2020:12:36:11 +0800] "POST /xingrg/kc/buy/cgsh_order_operate.html HTTP/1.1" 200 4189
114.93.75.19 - - [05/Mar/2020:12:36:12 +0800] "GET /xingrg/kc/print/load_data.html?order_code=212020022900155&kc_code=cgsh&condition= HTTP/1.1" 200 2094
117.184.7.26 - - [05/Mar/2020:12:36:13 +0800] "GET /xingrg/kc/buy/cgsh_order_operate.html?command=get_materiel&rest_code=00108&code=00101008211&supplier_code=00100007&order_time=2020-03-01 HTTP/1.1" 200 432
117.184.7.26 - - [05/Mar/2020:12:36:13 +0800] "GET /xingrg/all/function/internal_message.html?_=1583382962455&CODE_STATE=getMsg HTTP/1.1" 200 27
114.93.75.19 - - [05/Mar/2020:12:36:16 +0800] "POST /xingrg/kc/buy/cgsh_list_operate.html HTTP/1.1" 200 4262
114.93.75.19 - - [05/Mar/2020:12:36:16 +0800] "POST /xingrg/kc/buy/cgsh_list_operate.html HTTP/1.1" 200 208
114.93.75.19 - - [05/Mar/2020:12:36:17 +0800] "GET /xingrg/kc/buy/cgsh_order_info.html?code=212020022900156 HTTP/1.1" 200 52512
114.93.75.19 - - [05/Mar/2020:12:36:17 +0800] "GET /xingrg/javascript/easyui/themes/default/validatebox.css HTTP/1.1" 404 1104
114.93.75.19 - - [05/Mar/2020:12:36:17 +0800] "POST /xingrg/kc/buy/cgsh_order_operate.html HTTP/1.1" 200 618
180.156.150.85 - - [05/Mar/2020:12:36:18 +0800] "GET /xingrg/kc/base/wlsy_order_operate.html?command=get_materiel&rest_code=00105&base_code=0010513&code=00101008114 HTTP/1.1" 200 430
114.93.75.19 - - [05/Mar/2020:12:36:18 +0800] "GET /xingrg/kc/print/load_data.html?order_code=212020022900156&kc_code=cgsh&condition= HTTP/1.1" 200 714
114.93.75.19 - - [05/Mar/2020:12:36:21 +0800] "POST /xingrg/kc/buy/cgsh_list_operate.html HTTP/1.1" 200 4262
117.184.7.26 - - [05/Mar/2020:12:36:21 +0800] "GET /xingrg/kc/buy/cgsh_order_operate.html?command=get_materiel&rest_code=00108&code=00101008251&supplier_code=00100007&order_time=2020-03-01 HTTP/1.1" 200 429
180.157.252.250 - - [05/Mar/2020:12:36:21 +0800] "GET /xingrg/all/function/internal_message.html?_=1583382968936&CODE_STATE=getMsg HTTP/1.1" 200 27
120.253.135.82 - - [05/Mar/2020:12:36:21 +0800] "GET /xingrg/check_reg.html?_=1583383047250 HTTP/1.1" 200 22
114.93.75.19 - - [05/Mar/2020:12:36:22 +0800] "POST /xingrg/kc/buy/cgsh_list_operate.html HTTP/1.1" 200 205
114.93.75.19 - - [05/Mar/2020:12:36:22 +0800] "GET /xingrg/kc/buy/cgsh_order_info.html?code=212020022900157 HTTP/1.1" 200 52504
114.93.75.19 - - [05/Mar/2020:12:36:22 +0800] "GET /xingrg/javascript/easyui/themes/default/validatebox.css HTTP/1.1" 404 1104
114.93.75.19 - - [05/Mar/2020:12:36:23 +0800] "POST /xingrg/kc/buy/cgsh_order_operate.html HTTP/1.1" 200 612
114.93.75.19 - - [05/Mar/2020:12:36:23 +0800] "GET /xingrg/kc/print/load_data.html?order_code=212020022900157&kc_code=cgsh&condition= HTTP/1.1" 200 701
120.253.135.82 - - [05/Mar/2020:12:36:25 +0800] "GET /xingrg/all/function/internal_message.html?_=1583383050745&CODE_STATE=getMsg HTTP/1.1" 200 27
114.93.75.19 - - [05/Mar/2020:12:36:27 +0800] "POST /xingrg/kc/buy/cgsh_list_operate.html HTTP/1.1" 200 4262
114.93.75.19 - - [05/Mar/2020:12:36:28 +0800] "GET /xingrg/check_reg.html?_=1583382995396 HTTP/1.1" 302 -
114.93.75.19 - - [05/Mar/2020:12:36:28 +0800] "GET /xingrg/all/function/internal_message.html?_=1583382995405&CODE_STATE=getMsg HTTP/1.1" 302 -
117.184.7.26 - - [05/Mar/2020:12:36:29 +0800] "GET /xingrg/kc/buy/cgsh_order_operate.html?command=get_materiel&rest_code=00108&code=00101008049&supplier_code=00100007&order_time=2020-03-01 HTTP/1.1" 200 408
114.93.75.19 - - [05/Mar/2020:12:36:29 +0800] "GET /xingrg/check_reg.html?_=1583382985838 HTTP/1.1" 200 22
114.93.75.19 - - [05/Mar/2020:12:36:29 +0800] "GET /xingrg/all/function/internal_message.html?_=1583382985840&CODE_STATE=getMsg HTTP/1.1" 200 27
180.156.150.85 - - [05/Mar/2020:12:36:31 +0800] "GET /xingrg/kc/base/wlsy_order_operate.html?command=get_materiel&rest_code=00105&base_code=0010513&code=00101008312 HTTP/1.1" 200 431
114.93.75.19 - - [05/Mar/2020:12:36:32 +0800] "GET /xingrg/all/function/internal_message.html?_=1583382991506&CODE_STATE=getMsg HTTP/1.1" 200 27
114.88.159.93 - - [05/Mar/2020:12:36:35 +0800] "GET /xingrg/all/function/internal_message.html?_=1583382724992&CODE_STATE=getMsg HTTP/1.1" 200 27
114.88.159.93 - - [05/Mar/2020:12:36:35 +0800] "GET /xingrg/check_reg.html?_=1583382724993 HTTP/1.1" 200 22
114.93.75.19 - - [05/Mar/2020:12:36:36 +0800] "GET /xingrg/all/function/internal_message.html?_=1583382992037&CODE_STATE=getMsg HTTP/1.1" 200 27
116.233.73.109 - - [05/Mar/2020:12:36:36 +0800] "GET /xingrg/all/function/internal_message.html?_=1583383065242&CODE_STATE=getMsg HTTP/1.1" 200 27
117.184.7.26 - - [05/Mar/2020:12:36:38 +0800] "GET /xingrg/kc/buy/cgsh_order_operate.html?command=get_materiel&rest_code=00108&code=00101008338&supplier_code=00100007&order_time=2020-03-01 HTTP/1.1" 200 423
222.70.208.105 - - [05/Mar/2020:12:36:40 +0800] "GET /xingrg/all/function/internal_message.html?_=1583383001125&CODE_STATE=getMsg HTTP/1.1" 200 27
114.93.75.19 - - [05/Mar/2020:12:36:40 +0800] "GET /xingrg/all/function/internal_message.html?_=1583383162975&CODE_STATE=getMsg HTTP/1.1" 200 27
124.77.241.94 - - [05/Mar/2020:12:36:45 +0800] "GET /xingrg/all/function/internal_message.html?_=1583383017812&CODE_STATE=getMsg HTTP/1.1" 200 27
114.93.75.19 - - [05/Mar/2020:12:36:46 +0800] "GET /xingrg/all/function/internal_message.html?_=1583383012678&CODE_STATE=getMsg HTTP/1.1" 302 -
117.184.7.26 - - [05/Mar/2020:12:36:48 +0800] "GET /xingrg/kc/buy/cgsh_order_operate.html?command=get_materiel&rest_code=00108&code=00101008353&supplier_code=00100007&order_time=2020-03-01 HTTP/1.1" 200 425
101.81.125.204 - - [05/Mar/2020:12:36:52 +0800] "GET /xingrg/all/function/internal_message.html?_=1583382321205&CODE_STATE=getMsg HTTP/1.1" 200 27
117.184.7.26 - - [05/Mar/2020:12:36:58 +0800] "GET /xingrg/kc/buy/cgsh_order_operate.html?command=get_materiel&rest_code=00108&code=00101008022&supplier_code=00100007&order_time=2020-03-01 HTTP/1.1" 200 451
180.156.150.85 - - [05/Mar/2020:12:36:58 +0800] "GET /xingrg/all/function/internal_message.html?_=1583383014246&CODE_STATE=getMsg HTTP/1.1" 200 27
180.156.150.85 - - [05/Mar/2020:12:36:58 +0800] "GET /xingrg/check_reg.html?_=1583383014248 HTTP/1.1" 200 22
180.156.150.85 - - [05/Mar/2020:12:36:59 +0800] "GET /xingrg/kc/base/wlsy_order_operate.html?command=get_materiel&rest_code=00105&base_code=0010513&code=00101009011 HTTP/1.1" 200 433
114.93.75.19 - - [05/Mar/2020:12:37:01 +0800] "GET /xingrg/all/function/internal_message.html?_=1583383345566&CODE_STATE=getMsg HTTP/1.1" 200 27
114.93.75.19 - - [05/Mar/2020:12:37:01 +0800] "GET /xingrg/check_reg.html?_=1583383345567 HTTP/1.1" 200 22
180.162.232.172 - - [05/Mar/2020:12:37:06 +0800] "GET /xingrg/all/function/internal_message.html?_=1583383125444&CODE_STATE=getMsg HTTP/1.1" 200 27
117.184.7.26 - - [05/Mar/2020:12:37:13 +0800] "GET /xingrg/all/function/internal_message.html?_=1583383022452&CODE_STATE=getMsg HTTP/1.1" 200 27
180.156.150.85 - - [05/Mar/2020:12:37:16 +0800] "GET /xingrg/kc/base/wlsy_order_operate.html?command=get_materiel&rest_code=00105&base_code=0010513&code=00101009054 HTTP/1.1" 200 429
180.156.150.85 - - [05/Mar/2020:12:37:19 +0800] "POST /xingrg/kc/base/wlsy_order_operate.html HTTP/1.1" 200 1710
180.157.252.250 - - [05/Mar/2020:12:37:21 +0800] "GET /xingrg/all/function/internal_message.html?_=1583383028939&CODE_STATE=getMsg HTTP/1.1" 200 27
117.184.7.26 - - [05/Mar/2020:12:37:22 +0800] "GET /xingrg/kc/buy/cgsh_order_operate.html?command=get_materiel&rest_code=00108&code=00101008256&supplier_code=00100007&order_time=2020-03-01 HTTP/1.1" 200 429
120.253.135.82 - - [05/Mar/2020:12:37:25 +0800] "GET /xingrg/all/function/internal_message.html?_=1583383110758&CODE_STATE=getMsg HTTP/1.1" 200 27
117.184.7.26 - - [05/Mar/2020:12:37:26 +0800] "POST /xingrg/kc/buy/cgsh_order_operate.html HTTP/1.1" 200 2065
114.93.75.19 - - [05/Mar/2020:12:37:28 +0800] "GET /xingrg/all/function/internal_message.html?_=1583383055405&CODE_STATE=getMsg HTTP/1.1" 302 -
114.93.75.19 - - [05/Mar/2020:12:37:29 +0800] "GET /xingrg/all/function/internal_message.html?_=1583383045841&CODE_STATE=getMsg HTTP/1.1" 200 27
180.156.150.85 - - [05/Mar/2020:12:37:30 +0800] "GET /xingrg/kc/base/wlsy_order_operate.html?command=get_materiel&rest_code=00105&base_code=0010513&code=00101020153 HTTP/1.1" 200 424
117.184.7.26 - - [05/Mar/2020:12:37:30 +0800] "GET /xingrg/kc/buy/cgsh_order_operate.html?command=get_materiel&rest_code=00108&code=00101008005&supplier_code=00100007&order_time=2020-03-01 HTTP/1.1" 200 430
114.93.75.19 - - [05/Mar/2020:12:37:32 +0800] "GET /xingrg/all/function/internal_message.html?_=1583383051503&CODE_STATE=getMsg HTTP/1.1" 200 27
114.88.159.93 - - [05/Mar/2020:12:37:35 +0800] "GET /xingrg/all/function/internal_message.html?_=1583382784993&CODE_STATE=getMsg HTTP/1.1" 200 27
114.93.75.19 - - [05/Mar/2020:12:37:36 +0800] "GET /xingrg/check_reg.html?_=1583383051427 HTTP/1.1" 200 22
116.233.73.109 - - [05/Mar/2020:12:37:36 +0800] "GET /xingrg/all/function/internal_message.html?_=1583383125250&CODE_STATE=getMsg HTTP/1.1" 200 27
114.93.75.19 - - [05/Mar/2020:12:37:36 +0800] "GET /xingrg/all/function/internal_message.html?_=1583383052052&CODE_STATE=getMsg HTTP/1.1" 200 27
117.184.7.26 - - [05/Mar/2020:12:37:39 +0800] "GET /xingrg/kc/buy/cgsh_order_operate.html?command=get_materiel&rest_code=00108&code=00101008098&supplier_code=00100007&order_time=2020-03-01 HTTP/1.1" 200 428
222.70.208.105 - - [05/Mar/2020:12:37:40 +0800] "GET /xingrg/all/function/internal_message.html?_=1583383061115&CODE_STATE=getMsg HTTP/1.1" 200 27
180.157.252.250 - - [05/Mar/2020:12:37:40 +0800] "GET /xingrg/check_reg.html?_=1583383064591 HTTP/1.1" 200 22
114.93.75.19 - - [05/Mar/2020:12:37:40 +0800] "GET /xingrg/all/function/internal_message.html?_=1583383222977&CODE_STATE=getMsg HTTP/1.1" 200 27
124.77.241.94 - - [05/Mar/2020:12:37:45 +0800] "GET /xingrg/all/function/internal_message.html?_=1583383077854&CODE_STATE=getMsg HTTP/1.1" 200 27
114.93.75.19 - - [05/Mar/2020:12:37:46 +0800] "GET /xingrg/check_reg.html?_=1583383072663 HTTP/1.1" 302 -
114.93.75.19 - - [05/Mar/2020:12:37:46 +0800] "GET /xingrg/all/function/internal_message.html?_=1583383072678&CODE_STATE=getMsg HTTP/1.1" 302 -
117.184.7.26 - - [05/Mar/2020:12:37:48 +0800] "GET /xingrg/kc/buy/cgsh_order_operate.html?command=get_materiel&rest_code=00108&code=00101008131&supplier_code=00100007&order_time=2020-03-01 HTTP/1.1" 200 425
101.81.125.204 - - [05/Mar/2020:12:37:52 +0800] "GET /xingrg/all/function/internal_message.html?_=1583382381219&CODE_STATE=getMsg HTTP/1.1" 200 27
180.156.150.85 - - [05/Mar/2020:12:37:54 +0800] "GET /xingrg/kc/base/wlsy_order_operate.html?command=get_materiel&rest_code=00105&base_code=0010513&code=00101004023 HTTP/1.1" 200 425
117.184.7.26 - - [05/Mar/2020:12:37:55 +0800] "GET /xingrg/kc/buy/cgsh_order_operate.html?command=get_materiel&rest_code=00108&code=00101008125&supplier_code=00100007&order_time=2020-03-01 HTTP/1.1" 200 434
180.156.150.85 - - [05/Mar/2020:12:37:58 +0800] "GET /xingrg/all/function/internal_message.html?_=1583383074259&CODE_STATE=getMsg HTTP/1.1" 200 27
114.93.75.19 - - [05/Mar/2020:12:38:01 +0800] "GET /xingrg/all/function/internal_message.html?_=1583383405566&CODE_STATE=getMsg HTTP/1.1" 200 27
180.162.232.172 - - [05/Mar/2020:12:38:06 +0800] "GET /xingrg/all/function/internal_message.html?_=1583383185475&CODE_STATE=getMsg HTTP/1.1" 200 27
180.156.150.85 - - [05/Mar/2020:12:38:08 +0800] "POST /xingrg/kc/base/wlsy_order_operate.html HTTP/1.1" 200 37
180.156.150.85 - - [05/Mar/2020:12:38:08 +0800] "POST /xingrg/kc/base/wlsy_order_operate.html HTTP/1.1" 200 20071
180.156.150.85 - - [05/Mar/2020:12:38:10 +0800] "POST /xingrg/kc/base/wlsy_list_operate.html?syType=1 HTTP/1.1" 200 1672
117.184.7.26 - - [05/Mar/2020:12:38:13 +0800] "GET /xingrg/all/function/internal_message.html?_=1583383082463&CODE_STATE=getMsg HTTP/1.1" 200 27
180.157.252.250 - - [05/Mar/2020:12:38:21 +0800] "GET /xingrg/all/function/internal_message.html?_=1583383088944&CODE_STATE=getMsg HTTP/1.1" 200 27
180.157.252.250 - - [05/Mar/2020:12:38:21 +0800] "GET /xingrg/check_reg.html?_=1583383088947 HTTP/1.1" 200 22
180.156.150.85 - - [05/Mar/2020:12:38:22 +0800] "POST /xingrg/kc/base/wlsy_list_operate.html?syType=1 HTTP/1.1" 200 565
180.156.150.85 - - [05/Mar/2020:12:38:23 +0800] "GET /xingrg/kc/base/wlsy_order_info.html?code=412020030500101 HTTP/1.1" 200 28593
180.156.150.85 - - [05/Mar/2020:12:38:23 +0800] "POST /xingrg/kc/base/wlsy_order_operate.html HTTP/1.1" 200 20071
180.156.150.85 - - [05/Mar/2020:12:38:23 +0800] "GET /xingrg/javascript/easyui/themes/default/validatebox.css HTTP/1.1" 404 1104
120.253.135.82 - - [05/Mar/2020:12:38:25 +0800] "GET /xingrg/all/function/internal_message.html?_=1583383170776&CODE_STATE=getMsg HTTP/1.1" 200 27
114.93.75.19 - - [05/Mar/2020:12:38:28 +0800] "GET /xingrg/all/function/internal_message.html?_=1583383115402&CODE_STATE=getMsg HTTP/1.1" 302 -
114.93.75.19 - - [05/Mar/2020:12:38:29 +0800] "GET /xingrg/all/function/internal_message.html?_=1583383105845&CODE_STATE=getMsg HTTP/1.1" 200 27
180.156.150.85 - - [05/Mar/2020:12:38:31 +0800] "POST /xingrg/kc/base/wlsy_order_operate.html HTTP/1.1" 200 37
180.156.150.85 - - [05/Mar/2020:12:38:31 +0800] "POST /xingrg/kc/base/wlsy_order_operate.html HTTP/1.1" 200 20071
114.93.75.19 - - [05/Mar/2020:12:38:32 +0800] "GET /xingrg/all/function/internal_message.html?_=1583383111500&CODE_STATE=getMsg HTTP/1.1" 200 27
180.156.150.85 - - [05/Mar/2020:12:38:34 +0800] "POST /xingrg/kc/base/wlsy_list_operate.html?syType=1 HTTP/1.1" 200 1672
114.88.159.93 - - [05/Mar/2020:12:38:35 +0800] "GET /xingrg/all/function/internal_message.html?_=1583382845018&CODE_STATE=getMsg HTTP/1.1" 200 27
116.233.73.109 - - [05/Mar/2020:12:38:36 +0800] "GET /xingrg/all/function/internal_message.html?_=1583383185246&CODE_STATE=getMsg HTTP/1.1" 200 27
114.93.75.19 - - [05/Mar/2020:12:38:36 +0800] "GET /xingrg/all/function/internal_message.html?_=1583383112066&CODE_STATE=getMsg HTTP/1.1" 200 27
117.184.7.26 - - [05/Mar/2020:12:38:38 +0800] "POST /xingrg/kc/buy/cgsh_order_operate.html HTTP/1.1" 200 37
117.184.7.26 - - [05/Mar/2020:12:38:39 +0800] "POST /xingrg/kc/buy/cgsh_order_operate.html HTTP/1.1" 200 15787
222.70.208.105 - - [05/Mar/2020:12:38:40 +0800] "GET /xingrg/all/function/internal_message.html?_=1583383121123&CODE_STATE=getMsg HTTP/1.1" 200 27
114.93.75.19 - - [05/Mar/2020:12:38:40 +0800] "GET /xingrg/all/function/internal_message.html?_=1583383282978&CODE_STATE=getMsg HTTP/1.1" 200 27
117.184.7.26 - - [05/Mar/2020:12:38:43 +0800] "POST /xingrg/kc/buy/cgsh_list_operate.html HTTP/1.1" 200 2773
180.156.150.85 - - [05/Mar/2020:12:38:44 +0800] "GET /xingrg/kc/base/wlsy_order_add.html?syType=1 HTTP/1.1" 200 28497
180.156.150.85 - - [05/Mar/2020:12:38:44 +0800] "POST /xingrg/kc/base/wlsy_order_operate.html HTTP/1.1" 200 6806
180.156.150.85 - - [05/Mar/2020:12:38:44 +0800] "GET /xingrg/javascript/easyui/themes/default/validatebox.css HTTP/1.1" 404 1104
124.77.241.94 - - [05/Mar/2020:12:38:45 +0800] "GET /xingrg/all/function/internal_message.html?_=1583383137855&CODE_STATE=getMsg HTTP/1.1" 200 27
114.93.75.19 - - [05/Mar/2020:12:38:46 +0800] "GET /xingrg/all/function/internal_message.html?_=1583383132664&CODE_STATE=getMsg HTTP/1.1" 302 -
180.156.150.85 - - [05/Mar/2020:12:38:48 +0800] "POST /xingrg/all/common/load_combo.html?type=base HTTP/1.1" 200 2878
101.81.125.204 - - [05/Mar/2020:12:38:52 +0800] "GET /xingrg/all/function/internal_message.html?_=1583382441232&CODE_STATE=getMsg HTTP/1.1" 200 27
180.156.150.85 - - [05/Mar/2020:12:38:56 +0800] "GET /xingrg/javascript/easyui/themes/default/tree.css HTTP/1.1" 404 1090
180.156.150.85 - - [05/Mar/2020:12:38:56 +0800] "POST /xingrg/all/common/load_tree.html?tree=employee_tree_json HTTP/1.1" 200 22513
180.156.150.85 - - [05/Mar/2020:12:38:58 +0800] "GET /xingrg/all/function/internal_message.html?_=1583383134262&CODE_STATE=getMsg HTTP/1.1" 200 27
114.93.75.19 - - [05/Mar/2020:12:39:01 +0800] "GET /xingrg/all/function/internal_message.html?_=1583383465565&CODE_STATE=getMsg HTTP/1.1" 200 27
180.162.232.172 - - [05/Mar/2020:12:39:06 +0800] "GET /xingrg/all/function/internal_message.html?_=1583383245487&CODE_STATE=getMsg HTTP/1.1" 200 27
117.184.7.26 - - [05/Mar/2020:12:39:07 +0800] "POST /xingrg/kc/buy/cgsh_list_operate.html HTTP/1.1" 200 2773
117.184.7.26 - - [05/Mar/2020:12:39:08 +0800] "POST /xingrg/kc/buy/cgsh_list_operate.html HTTP/1.1" 200 563
117.184.7.26 - - [05/Mar/2020:12:39:08 +0800] "GET /xingrg/kc/buy/cgsh_order_info.html?code=212020030500311 HTTP/1.1" 200 57660
117.184.7.26 - - [05/Mar/2020:12:39:09 +0800] "GET /xingrg/javascript/easyui/themes/default/validatebox.css HTTP/1.1" 404 1104
117.184.7.26 - - [05/Mar/2020:12:39:09 +0800] "POST /xingrg/kc/buy/cgsh_order_operate.html HTTP/1.1" 200 6822
117.184.7.26 - - [05/Mar/2020:12:39:13 +0800] "GET /xingrg/check_reg.html?_=1583383142467 HTTP/1.1" 200 22
117.184.7.26 - - [05/Mar/2020:12:39:13 +0800] "GET /xingrg/all/function/internal_message.html?_=1583383142470&CODE_STATE=getMsg HTTP/1.1" 200 27
180.157.252.250 - - [05/Mar/2020:12:39:21 +0800] "GET /xingrg/all/function/internal_message.html?_=1583383148935&CODE_STATE=getMsg HTTP/1.1" 200 27
120.253.135.82 - - [05/Mar/2020:12:39:25 +0800] "GET /xingrg/all/function/internal_message.html?_=1583383230785&CODE_STATE=getMsg HTTP/1.1" 200 27
117.184.7.26 - - [05/Mar/2020:12:39:25 +0800] "POST /xingrg/kc/buy/cgsh_order_operate.html HTTP/1.1" 200 37
117.184.7.26 - - [05/Mar/2020:12:39:26 +0800] "POST /xingrg/kc/buy/cgsh_order_operate.html HTTP/1.1" 200 6822
114.93.75.19 - - [05/Mar/2020:12:39:28 +0800] "GET /xingrg/all/function/internal_message.html?_=1583383175405&CODE_STATE=getMsg HTTP/1.1" 302 -
114.93.75.19 - - [05/Mar/2020:12:39:29 +0800] "GET /xingrg/all/function/internal_message.html?_=1583383165849&CODE_STATE=getMsg HTTP/1.1" 200 27
114.93.75.19 - - [05/Mar/2020:12:39:32 +0800] "GET /xingrg/all/function/internal_message.html?_=1583383171499&CODE_STATE=getMsg HTTP/1.1" 200 27
114.88.159.93 - - [05/Mar/2020:12:39:35 +0800] "GET /xingrg/all/function/internal_message.html?_=1583382905016&CODE_STATE=getMsg HTTP/1.1" 200 27
116.233.73.109 - - [05/Mar/2020:12:39:36 +0800] "GET /xingrg/check_reg.html?_=1583383245250 HTTP/1.1" 200 22
116.233.73.109 - - [05/Mar/2020:12:39:36 +0800] "GET /xingrg/all/function/internal_message.html?_=1583383245250&CODE_STATE=getMsg HTTP/1.1" 200 27
114.93.75.19 - - [05/Mar/2020:12:39:36 +0800] "GET /xingrg/all/function/internal_message.html?_=1583383172079&CODE_STATE=getMsg HTTP/1.1" 200 27
117.184.7.26 - - [05/Mar/2020:12:39:36 +0800] "POST /xingrg/kc/buy/cgsh_list_operate.html HTTP/1.1" 200 2773
117.184.7.26 - - [05/Mar/2020:12:39:39 +0800] "POST /xingrg/kc/buy/cgsh_list_operate.html HTTP/1.1" 200 564
222.70.208.105 - - [05/Mar/2020:12:39:40 +0800] "GET /xingrg/all/function/internal_message.html?_=1583383181114&CODE_STATE=getMsg HTTP/1.1" 200 27
222.70.208.105 - - [05/Mar/2020:12:39:40 +0800] "GET /xingrg/check_reg.html?_=1583383181119 HTTP/1.1" 200 22
117.184.7.26 - - [05/Mar/2020:12:39:40 +0800] "GET /xingrg/kc/buy/cgsh_order_info.html?code=212020030500327 HTTP/1.1" 200 57660
114.93.75.19 - - [05/Mar/2020:12:39:40 +0800] "GET /xingrg/check_reg.html?_=1583383342980 HTTP/1.1" 200 22
114.93.75.19 - - [05/Mar/2020:12:39:40 +0800] "GET /xingrg/all/function/internal_message.html?_=1583383342984&CODE_STATE=getMsg HTTP/1.1" 200 27
117.184.7.26 - - [05/Mar/2020:12:39:40 +0800] "GET /xingrg/javascript/easyui/themes/default/validatebox.css HTTP/1.1" 404 1104
117.184.7.26 - - [05/Mar/2020:12:39:40 +0800] "POST /xingrg/kc/buy/cgsh_order_operate.html HTTP/1.1" 200 15787
117.184.7.26 - - [05/Mar/2020:12:39:42 +0800] "GET /xingrg/kc/print/load_config.html?kc_code=cgsh HTTP/1.1" 200 1841
117.184.7.26 - - [05/Mar/2020:12:39:42 +0800] "GET /xingrg/kc/print/load_data.html?order_code=212020030500327&kc_code=cgsh&condition= HTTP/1.1" 200 5754
124.77.241.94 - - [05/Mar/2020:12:39:45 +0800] "GET /xingrg/all/function/internal_message.html?_=1583383197891&CODE_STATE=getMsg HTTP/1.1" 200 27
114.93.75.19 - - [05/Mar/2020:12:39:46 +0800] "GET /xingrg/all/function/internal_message.html?_=1583383192663&CODE_STATE=getMsg HTTP/1.1" 302 -
101.81.125.204 - - [05/Mar/2020:12:39:52 +0800] "GET /xingrg/check_reg.html?_=1583382500685 HTTP/1.1" 200 22
101.81.125.204 - - [05/Mar/2020:12:39:52 +0800] "GET /xingrg/all/function/internal_message.html?_=1583382501247&CODE_STATE=getMsg HTTP/1.1" 200 27
180.156.150.85 - - [05/Mar/2020:12:39:58 +0800] "GET /xingrg/all/function/internal_message.html?_=1583383194242&CODE_STATE=getMsg HTTP/1.1" 200 27
114.93.75.19 - - [05/Mar/2020:12:40:01 +0800] "GET /xingrg/all/function/internal_message.html?_=1583383525563&CODE_STATE=getMsg HTTP/1.1" 200 27
117.184.7.26 - - [05/Mar/2020:12:40:01 +0800] "POST /xingrg/kc/buy/cgsh_list_operate.html HTTP/1.1" 200 2773
117.184.7.26 - - [05/Mar/2020:12:40:03 +0800] "POST /xingrg/kc/buy/cgsh_list_operate.html HTTP/1.1" 200 2773
180.162.232.172 - - [05/Mar/2020:12:40:05 +0800] "GET /xingrg/check_reg.html?_=1583383305347 HTTP/1.1" 200 22
180.162.232.172 - - [05/Mar/2020:12:40:06 +0800] "GET /xingrg/all/function/internal_message.html?_=1583383305500&CODE_STATE=getMsg HTTP/1.1" 200 27
180.156.150.85 - - [05/Mar/2020:12:40:06 +0800] "GET /xingrg/kc/base/wlsy_order_add.html?syType=1 HTTP/1.1" 200 28497
180.156.150.85 - - [05/Mar/2020:12:40:06 +0800] "POST /xingrg/kc/base/wlsy_order_operate.html HTTP/1.1" 200 6806
180.156.150.85 - - [05/Mar/2020:12:40:06 +0800] "GET /xingrg/javascript/easyui/themes/default/validatebox.css HTTP/1.1" 404 1104
180.156.150.85 - - [05/Mar/2020:12:40:08 +0800] "POST /xingrg/all/common/load_combo.html?type=base HTTP/1.1" 200 2878
117.184.7.26 - - [05/Mar/2020:12:40:09 +0800] "POST /xingrg/kc/buy/cgsh_list_operate.html HTTP/1.1" 200 4
117.184.7.26 - - [05/Mar/2020:12:40:10 +0800] "POST /xingrg/kc/buy/cgsh_list_operate.html HTTP/1.1" 200 876
117.184.7.26 - - [05/Mar/2020:12:40:11 +0800] "POST /xingrg/kc/buy/cgsh_list_operate.html HTTP/1.1" 200 876
180.156.150.85 - - [05/Mar/2020:12:40:13 +0800] "GET /xingrg/javascript/easyui/themes/default/tree.css HTTP/1.1" 404 1090
180.156.150.85 - - [05/Mar/2020:12:40:13 +0800] "POST /xingrg/all/common/load_tree.html?tree=employee_tree_json HTTP/1.1" 200 22513
117.184.7.26 - - [05/Mar/2020:12:40:13 +0800] "GET /xingrg/all/function/internal_message.html?_=1583383202462&CODE_STATE=getMsg HTTP/1.1" 200 27
124.77.241.94 - - [05/Mar/2020:12:40:20 +0800] "GET /xingrg/check_reg.html?_=1583383233219 HTTP/1.1" 200 22
180.157.252.250 - - [05/Mar/2020:12:40:21 +0800] "GET /xingrg/all/function/internal_message.html?_=1583383208942&CODE_STATE=getMsg HTTP/1.1" 200 27
120.253.135.82 - - [05/Mar/2020:12:40:25 +0800] "GET /xingrg/all/function/internal_message.html?_=1583383290803&CODE_STATE=getMsg HTTP/1.1" 200 27
114.93.75.19 - - [05/Mar/2020:12:40:28 +0800] "GET /xingrg/all/function/internal_message.html?_=1583383235406&CODE_STATE=getMsg HTTP/1.1" 302 -
114.93.75.19 - - [05/Mar/2020:12:40:29 +0800] "GET /xingrg/all/function/internal_message.html?_=1583383225835&CODE_STATE=getMsg HTTP/1.1" 200 27
180.156.150.85 - - [05/Mar/2020:12:40:29 +0800] "GET /xingrg/kc/base/wlsy_order_operate.html?command=get_materiel&rest_code=00105&base_code=0010514&code=00101008302 HTTP/1.1" 200 428
114.93.75.19 - - [05/Mar/2020:12:40:32 +0800] "GET /xingrg/check_reg.html?_=1583383231514 HTTP/1.1" 200 22
114.93.75.19 - - [05/Mar/2020:12:40:32 +0800] "GET /xingrg/all/function/internal_message.html?_=1583383231513&CODE_STATE=getMsg HTTP/1.1" 200 27
114.88.159.93 - - [05/Mar/2020:12:40:35 +0800] "GET /xingrg/all/function/internal_message.html?_=1583382965015&CODE_STATE=getMsg HTTP/1.1" 200 27
116.233.73.109 - - [05/Mar/2020:12:40:36 +0800] "GET /xingrg/all/function/internal_message.html?_=1583383305250&CODE_STATE=getMsg HTTP/1.1" 200 27
114.93.75.19 - - [05/Mar/2020:12:40:36 +0800] "GET /xingrg/all/function/internal_message.html?_=1583383232096&CODE_STATE=getMsg HTTP/1.1" 200 27
222.70.208.105 - - [05/Mar/2020:12:40:40 +0800] "GET /xingrg/all/function/internal_message.html?_=1583383241121&CODE_STATE=getMsg HTTP/1.1" 200 27
114.93.75.19 - - [05/Mar/2020:12:40:40 +0800] "GET /xingrg/all/function/internal_message.html?_=1583383402969&CODE_STATE=getMsg HTTP/1.1" 200 27
180.156.150.85 - - [05/Mar/2020:12:40:44 +0800] "GET /xingrg/kc/base/wlsy_order_operate.html?command=get_materiel&rest_code=00105&base_code=0010514&code=00101008027 HTTP/1.1" 200 427
124.77.241.94 - - [05/Mar/2020:12:40:45 +0800] "GET /xingrg/all/function/internal_message.html?_=1583383257898&CODE_STATE=getMsg HTTP/1.1" 200 27
114.93.75.19 - - [05/Mar/2020:12:40:46 +0800] "GET /xingrg/all/function/internal_message.html?_=1583383252662&CODE_STATE=getMsg HTTP/1.1" 302 -
101.81.125.204 - - [05/Mar/2020:12:40:52 +0800] "GET /xingrg/all/function/internal_message.html?_=1583382561261&CODE_STATE=getMsg HTTP/1.1" 200 27
180.156.150.85 - - [05/Mar/2020:12:40:55 +0800] "GET /xingrg/kc/base/wlsy_order_operate.html?command=get_materiel&rest_code=00105&base_code=0010514&code=00101008350 HTTP/1.1" 200 425
180.156.150.85 - - [05/Mar/2020:12:40:58 +0800] "GET /xingrg/all/function/internal_message.html?_=1583383254253&CODE_STATE=getMsg HTTP/1.1" 200 27
114.93.75.19 - - [05/Mar/2020:12:41:01 +0800] "GET /xingrg/all/function/internal_message.html?_=1583383585563&CODE_STATE=getMsg HTTP/1.1" 200 27
180.162.232.172 - - [05/Mar/2020:12:41:06 +0800] "GET /xingrg/all/function/internal_message.html?_=1583383365514&CODE_STATE=getMsg HTTP/1.1" 200 27
114.88.159.93 - - [05/Mar/2020:12:41:11 +0800] "POST /xingrg/services/DataTransmitService HTTP/1.1" 200 524
180.156.150.85 - - [05/Mar/2020:12:41:12 +0800] "GET /xingrg/kc/base/wlsy_order_operate.html?command=get_materiel&rest_code=00105&base_code=0010514&code=00101008244 HTTP/1.1" 200 426
117.184.7.26 - - [05/Mar/2020:12:41:13 +0800] "GET /xingrg/all/function/internal_message.html?_=1583383262463&CODE_STATE=getMsg HTTP/1.1" 200 27
180.157.252.250 - - [05/Mar/2020:12:41:21 +0800] "GET /xingrg/all/function/internal_message.html?_=1583383268946&CODE_STATE=getMsg HTTP/1.1" 200 27
120.253.135.82 - - [05/Mar/2020:12:41:21 +0800] "GET /xingrg/check_reg.html?_=1583383347260 HTTP/1.1" 200 22
120.253.135.82 - - [05/Mar/2020:12:41:25 +0800] "GET /xingrg/all/function/internal_message.html?_=1583383350812&CODE_STATE=getMsg HTTP/1.1" 200 27
114.93.75.19 - - [05/Mar/2020:12:41:28 +0800] "GET /xingrg/check_reg.html?_=1583383295404 HTTP/1.1" 302 -
114.93.75.19 - - [05/Mar/2020:12:41:28 +0800] "GET /xingrg/all/function/internal_message.html?_=1583383295409&CODE_STATE=getMsg HTTP/1.1" 302 -
114.93.75.19 - - [05/Mar/2020:12:41:29 +0800] "GET /xingrg/all/function/internal_message.html?_=1583383285841&CODE_STATE=getMsg HTTP/1.1" 200 27
114.93.75.19 - - [05/Mar/2020:12:41:29 +0800] "GET /xingrg/check_reg.html?_=1583383285879 HTTP/1.1" 200 22
114.93.75.19 - - [05/Mar/2020:12:41:32 +0800] "GET /xingrg/all/function/internal_message.html?_=1583383291511&CODE_STATE=getMsg HTTP/1.1" 200 27
180.156.150.85 - - [05/Mar/2020:12:41:34 +0800] "GET /xingrg/kc/base/wlsy_order_operate.html?command=get_materiel&rest_code=00105&base_code=0010514&code=00101008354 HTTP/1.1" 200 430
114.88.159.93 - - [05/Mar/2020:12:41:35 +0800] "GET /xingrg/all/function/internal_message.html?_=1583383025014&CODE_STATE=getMsg HTTP/1.1" 200 27
114.88.159.93 - - [05/Mar/2020:12:41:35 +0800] "GET /xingrg/check_reg.html?_=1583383025016 HTTP/1.1" 200 22
116.233.73.109 - - [05/Mar/2020:12:41:35 +0800] "GET /xingrg/all/function/internal_message.html?_=1583383365250&CODE_STATE=getMsg HTTP/1.1" 200 27
114.93.75.19 - - [05/Mar/2020:12:41:36 +0800] "GET /xingrg/all/function/internal_message.html?_=1583383292105&CODE_STATE=getMsg HTTP/1.1" 200 27
222.70.208.105 - - [05/Mar/2020:12:41:40 +0800] "GET /xingrg/all/function/internal_message.html?_=1583383301114&CODE_STATE=getMsg HTTP/1.1" 200 27
114.93.75.19 - - [05/Mar/2020:12:41:40 +0800] "GET /xingrg/all/function/internal_message.html?_=1583383462971&CODE_STATE=getMsg HTTP/1.1" 200 27
124.77.241.94 - - [05/Mar/2020:12:41:45 +0800] "GET /xingrg/all/function/internal_message.html?_=1583383317914&CODE_STATE=getMsg HTTP/1.1" 200 27
114.93.75.19 - - [05/Mar/2020:12:41:46 +0800] "GET /xingrg/all/function/internal_message.html?_=1583383312661&CODE_STATE=getMsg HTTP/1.1" 302 -
101.81.125.204 - - [05/Mar/2020:12:41:52 +0800] "GET /xingrg/all/function/internal_message.html?_=1583382621274&CODE_STATE=getMsg HTTP/1.1" 200 27
180.156.150.85 - - [05/Mar/2020:12:41:58 +0800] "GET /xingrg/all/function/internal_message.html?_=1583383314233&CODE_STATE=getMsg HTTP/1.1" 200 27
180.156.150.85 - - [05/Mar/2020:12:41:58 +0800] "GET /xingrg/check_reg.html?_=1583383314237 HTTP/1.1" 200 22
114.93.75.19 - - [05/Mar/2020:12:42:01 +0800] "GET /xingrg/all/function/internal_message.html?_=1583383645561&CODE_STATE=getMsg HTTP/1.1" 200 27
114.93.75.19 - - [05/Mar/2020:12:42:01 +0800] "GET /xingrg/check_reg.html?_=1583383645563 HTTP/1.1" 200 22
180.162.232.172 - - [05/Mar/2020:12:42:06 +0800] "GET /xingrg/all/function/internal_message.html?_=1583383425527&CODE_STATE=getMsg HTTP/1.1" 200 27
180.156.150.85 - - [05/Mar/2020:12:42:07 +0800] "GET /xingrg/kc/base/wlsy_order_operate.html?command=get_materiel&rest_code=00105&base_code=0010514&code=00101008085 HTTP/1.1" 200 431
117.184.7.26 - - [05/Mar/2020:12:42:14 +0800] "GET /xingrg/all/function/internal_message.html?_=1583383322463&CODE_STATE=getMsg HTTP/1.1" 200 27
180.156.150.85 - - [05/Mar/2020:12:42:20 +0800] "GET /xingrg/kc/base/wlsy_order_operate.html?command=get_materiel&rest_code=00105&base_code=0010514&code=00101008207 HTTP/1.1" 200 424
180.157.252.250 - - [05/Mar/2020:12:42:21 +0800] "GET /xingrg/all/function/internal_message.html?_=1583383328935&CODE_STATE=getMsg HTTP/1.1" 200 27
120.253.135.82 - - [05/Mar/2020:12:42:25 +0800] "GET /xingrg/all/function/internal_message.html?_=1583383410826&CODE_STATE=getMsg HTTP/1.1" 200 27
114.93.75.19 - - [05/Mar/2020:12:42:28 +0800] "GET /xingrg/all/function/internal_message.html?_=1583383355393&CODE_STATE=getMsg HTTP/1.1" 302 -
114.93.75.19 - - [05/Mar/2020:12:42:29 +0800] "GET /xingrg/all/function/internal_message.html?_=1583383345855&CODE_STATE=getMsg HTTP/1.1" 200 27
114.93.75.19 - - [05/Mar/2020:12:42:32 +0800] "GET /xingrg/all/function/internal_message.html?_=1583383351539&CODE_STATE=getMsg HTTP/1.1" 200 27
116.233.73.109 - - [05/Mar/2020:12:42:35 +0800] "GET /xingrg/all/function/internal_message.html?_=1583383425250&CODE_STATE=getMsg HTTP/1.1" 200 27
114.88.159.93 - - [05/Mar/2020:12:42:35 +0800] "GET /xingrg/all/function/internal_message.html?_=1583383085014&CODE_STATE=getMsg HTTP/1.1" 200 27
114.93.75.19 - - [05/Mar/2020:12:42:36 +0800] "GET /xingrg/check_reg.html?_=1583383351437 HTTP/1.1" 200 22
114.93.75.19 - - [05/Mar/2020:12:42:36 +0800] "GET /xingrg/all/function/internal_message.html?_=1583383352118&CODE_STATE=getMsg HTTP/1.1" 200 27
222.70.208.105 - - [05/Mar/2020:12:42:40 +0800] "GET /xingrg/all/function/internal_message.html?_=1583383361122&CODE_STATE=getMsg HTTP/1.1" 200 27
180.157.252.250 - - [05/Mar/2020:12:42:40 +0800] "GET /xingrg/check_reg.html?_=1583383364597 HTTP/1.1" 200 22
