114.93.75.19 - - [05/Mar/2020:10:58:28 +0800] "GET /xingrg/all/function/internal_message.html?_=1583377115190&CODE_STATE=getMsg HTTP/1.1" 302 -
114.93.75.19 - - [05/Mar/2020:10:58:29 +0800] "GET /xingrg/all/function/internal_message.html?_=1583377105841&CODE_STATE=getMsg HTTP/1.1" 200 27
124.77.241.94 - - [05/Mar/2020:10:58:43 +0800] "GET /xingrg/all/function/internal_message.html?_=1583377135591&CODE_STATE=getMsg HTTP/1.1" 200 27
114.93.75.19 - - [05/Mar/2020:10:58:46 +0800] "GET /xingrg/all/function/internal_message.html?_=1583377132460&CODE_STATE=getMsg HTTP/1.1" 302 -
180.156.150.85 - - [05/Mar/2020:10:58:50 +0800] "GET /xingrg/kc/buy/cgsh_order_operate.html?command=get_materiel&rest_code=00105&code=00101008223&supplier_code=00100203&order_time=2020-03-05 HTTP/1.1" 200 427
114.93.75.19 - - [05/Mar/2020:10:58:53 +0800] "GET /xingrg/all/function/internal_message.html?_=1583377184521&CODE_STATE=getMsg HTTP/1.1" 200 27
117.185.32.26 - - [05/Mar/2020:10:59:08 +0800] "GET /xingrg/kc/buy/buy_main.html HTTP/1.1" 200 12398
117.185.32.26 - - [05/Mar/2020:10:59:08 +0800] "GET /xingrg/css/new_ie.css HTTP/1.1" 404 1036
117.185.32.26 - - [05/Mar/2020:10:59:09 +0800] "GET /xingrg/images/yd/bt.gif HTTP/1.1" 404 1040
117.185.32.26 - - [05/Mar/2020:10:59:10 +0800] "GET /xingrg/kc/buy/cgsh_order_list.html HTTP/1.1" 200 42034
117.185.32.26 - - [05/Mar/2020:10:59:11 +0800] "POST /xingrg/kc/buy/cgsh_list_operate.html HTTP/1.1" 200 876
117.184.7.26 - - [05/Mar/2020:10:59:12 +0800] "GET /xingrg/all/function/internal_message.html?_=1583377140788&CODE_STATE=getMsg HTTP/1.1" 200 27
117.185.32.26 - - [05/Mar/2020:10:59:18 +0800] "GET /xingrg/all/function/internal_message.html?_=1583377547374&CODE_STATE=getMsg HTTP/1.1" 200 27
180.156.150.85 - - [05/Mar/2020:10:59:21 +0800] "GET /xingrg/all/function/internal_message.html?_=1583377157792&CODE_STATE=getMsg HTTP/1.1" 200 27
180.157.252.250 - - [05/Mar/2020:10:59:21 +0800] "GET /xingrg/all/function/internal_message.html?_=1583377149741&CODE_STATE=getMsg HTTP/1.1" 200 27
114.93.75.19 - - [05/Mar/2020:10:59:22 +0800] "GET /xingrg/all/function/internal_message.html?_=1583377161731&CODE_STATE=getMsg HTTP/1.1" 200 27
120.253.135.82 - - [05/Mar/2020:10:59:23 +0800] "GET /xingrg/all/function/internal_message.html?_=1583377229431&CODE_STATE=getMsg HTTP/1.1" 200 27
117.185.32.26 - - [05/Mar/2020:10:59:25 +0800] "POST /xingrg/kc/buy/cgsh_list_operate.html HTTP/1.1" 200 876
117.185.32.26 - - [05/Mar/2020:10:59:26 +0800] "GET /xingrg/kc/buy/buy_main.html HTTP/1.1" 200 12398
117.185.32.26 - - [05/Mar/2020:10:59:26 +0800] "GET /xingrg/css/new_ie.css HTTP/1.1" 404 1036
117.185.32.26 - - [05/Mar/2020:10:59:27 +0800] "GET /xingrg/images/yd/bt.gif HTTP/1.1" 404 1040
117.185.32.26 - - [05/Mar/2020:10:59:28 +0800] "GET /xingrg/kc/buy/cgsh_order_list.html HTTP/1.1" 200 42034
114.93.75.19 - - [05/Mar/2020:10:59:28 +0800] "GET /xingrg/all/function/internal_message.html?_=1583377175189&CODE_STATE=getMsg HTTP/1.1" 302 -
117.185.32.26 - - [05/Mar/2020:10:59:28 +0800] "POST /xingrg/kc/buy/cgsh_list_operate.html HTTP/1.1" 200 876
114.93.75.19 - - [05/Mar/2020:10:59:29 +0800] "GET /xingrg/all/function/internal_message.html?_=1583377165844&CODE_STATE=getMsg HTTP/1.1" 200 27
117.185.32.26 - - [05/Mar/2020:10:59:33 +0800] "GET /xingrg/kc/base/base_main.html HTTP/1.1" 200 12138
117.185.32.26 - - [05/Mar/2020:10:59:35 +0800] "GET /xingrg/kc/base/wldb_order_list.html HTTP/1.1" 200 19244
117.185.32.26 - - [05/Mar/2020:10:59:36 +0800] "POST /xingrg/kc/base/wldb_list_operate.html HTTP/1.1" 200 928
124.77.241.94 - - [05/Mar/2020:10:59:43 +0800] "GET /xingrg/all/function/internal_message.html?_=1583377195635&CODE_STATE=getMsg HTTP/1.1" 200 27
114.93.75.19 - - [05/Mar/2020:10:59:46 +0800] "GET /xingrg/all/function/internal_message.html?_=1583377192462&CODE_STATE=getMsg HTTP/1.1" 302 -
114.93.75.19 - - [05/Mar/2020:10:59:53 +0800] "GET /xingrg/all/function/internal_message.html?_=1583377244549&CODE_STATE=getMsg HTTP/1.1" 200 27
180.156.150.85 - - [05/Mar/2020:10:59:59 +0800] "GET /xingrg/kc/buy/cgsh_order_operate.html?command=get_materiel&rest_code=00105&code=00101008336&supplier_code=00100203&order_time=2020-03-05 HTTP/1.1" 200 412
117.184.7.26 - - [05/Mar/2020:11:00:12 +0800] "GET /xingrg/all/function/internal_message.html?_=1583377200788&CODE_STATE=getMsg HTTP/1.1" 200 27
117.185.32.26 - - [05/Mar/2020:11:00:18 +0800] "GET /xingrg/all/function/internal_message.html?_=1583377607360&CODE_STATE=getMsg HTTP/1.1" 200 27
117.185.32.26 - - [05/Mar/2020:11:00:18 +0800] "GET /xingrg/check_reg.html?_=1583377607553 HTTP/1.1" 200 22
124.77.241.94 - - [05/Mar/2020:11:00:20 +0800] "GET /xingrg/check_reg.html?_=1583377233109 HTTP/1.1" 200 22
180.156.150.85 - - [05/Mar/2020:11:00:21 +0800] "GET /xingrg/all/function/internal_message.html?_=1583377217792&CODE_STATE=getMsg HTTP/1.1" 200 27
180.157.252.250 - - [05/Mar/2020:11:00:21 +0800] "GET /xingrg/all/function/internal_message.html?_=1583377209746&CODE_STATE=getMsg HTTP/1.1" 200 27
114.93.75.19 - - [05/Mar/2020:11:00:22 +0800] "GET /xingrg/all/function/internal_message.html?_=1583377221734&CODE_STATE=getMsg HTTP/1.1" 200 27
114.93.75.19 - - [05/Mar/2020:11:00:22 +0800] "GET /xingrg/check_reg.html?_=1583377221736 HTTP/1.1" 200 22
120.253.135.82 - - [05/Mar/2020:11:00:23 +0800] "GET /xingrg/all/function/internal_message.html?_=1583377289440&CODE_STATE=getMsg HTTP/1.1" 200 27
180.156.150.85 - - [05/Mar/2020:11:00:27 +0800] "GET /xingrg/kc/buy/cgsh_order_operate.html?command=get_materiel&rest_code=00105&code=00101008134&supplier_code=00100203&order_time=2020-03-05 HTTP/1.1" 200 427
114.93.75.19 - - [05/Mar/2020:11:00:28 +0800] "GET /xingrg/all/function/internal_message.html?_=1583377235226&CODE_STATE=getMsg HTTP/1.1" 302 -
114.93.75.19 - - [05/Mar/2020:11:00:29 +0800] "GET /xingrg/all/function/internal_message.html?_=1583377225846&CODE_STATE=getMsg HTTP/1.1" 200 27
114.93.75.19 - - [05/Mar/2020:11:00:33 +0800] "GET /xingrg/check_reg.html?_=1583377283706 HTTP/1.1" 200 22
120.253.135.82 - - [05/Mar/2020:11:00:41 +0800] "GET /xingrg/check_reg.html?_=1583376980527 HTTP/1.1" 302 -
124.77.241.94 - - [05/Mar/2020:11:00:43 +0800] "GET /xingrg/all/function/internal_message.html?_=1583377255651&CODE_STATE=getMsg HTTP/1.1" 200 27
114.93.75.19 - - [05/Mar/2020:11:00:46 +0800] "GET /xingrg/all/function/internal_message.html?_=1583377252447&CODE_STATE=getMsg HTTP/1.1" 302 -
114.93.75.19 - - [05/Mar/2020:11:00:53 +0800] "GET /xingrg/all/function/internal_message.html?_=1583377304563&CODE_STATE=getMsg HTTP/1.1" 200 27
180.156.150.85 - - [05/Mar/2020:11:00:55 +0800] "GET /xingrg/kc/buy/cgsh_order_operate.html?command=get_materiel&rest_code=00105&code=00101008079&supplier_code=00100203&order_time=2020-03-05 HTTP/1.1" 200 435
114.88.170.138 - - [05/Mar/2020:11:01:00 +0800] "POST /xingrg/services/DataTransmitService HTTP/1.1" 401 565
114.88.170.138 - - [05/Mar/2020:11:01:00 +0800] "POST /xingrg/services/DataTransmitService HTTP/1.1" 200 478
114.88.170.138 - - [05/Mar/2020:11:01:00 +0800] "POST /xingrg/services/DataTransmitService HTTP/1.1" 200 1320
114.88.170.138 - - [05/Mar/2020:11:01:00 +0800] "POST /xingrg/services/DataTransmitService HTTP/1.1" 200 478
114.88.170.138 - - [05/Mar/2020:11:01:00 +0800] "POST /xingrg/services/DataTransmitService HTTP/1.1" 200 1320
114.88.170.138 - - [05/Mar/2020:11:01:00 +0800] "POST /xingrg/services/DataTransmitService HTTP/1.1" 200 524
114.88.170.138 - - [05/Mar/2020:11:01:00 +0800] "POST /xingrg/services/DataTransmitService HTTP/1.1" 200 2487
114.88.170.138 - - [05/Mar/2020:11:01:00 +0800] "POST /xingrg/services/DataTransmitService HTTP/1.1" 200 39563
114.88.170.138 - - [05/Mar/2020:11:01:00 +0800] "POST /xingrg/services/DataTransmitService HTTP/1.1" 200 18477
117.184.7.26 - - [05/Mar/2020:11:01:12 +0800] "GET /xingrg/all/function/internal_message.html?_=1583377260794&CODE_STATE=getMsg HTTP/1.1" 200 27
117.185.32.26 - - [05/Mar/2020:11:01:18 +0800] "GET /xingrg/all/function/internal_message.html?_=1583377667389&CODE_STATE=getMsg HTTP/1.1" 200 27
180.156.150.85 - - [05/Mar/2020:11:01:21 +0800] "GET /xingrg/all/function/internal_message.html?_=1583377277791&CODE_STATE=getMsg HTTP/1.1" 200 27
180.156.150.85 - - [05/Mar/2020:11:01:21 +0800] "GET /xingrg/check_reg.html?_=1583377277795 HTTP/1.1" 200 22
120.253.135.82 - - [05/Mar/2020:11:01:21 +0800] "GET /xingrg/check_reg.html?_=1583377347149 HTTP/1.1" 200 22
180.157.252.250 - - [05/Mar/2020:11:01:21 +0800] "GET /xingrg/all/function/internal_message.html?_=1583377269733&CODE_STATE=getMsg HTTP/1.1" 200 27
114.93.75.19 - - [05/Mar/2020:11:01:22 +0800] "GET /xingrg/all/function/internal_message.html?_=1583377281739&CODE_STATE=getMsg HTTP/1.1" 200 27
120.253.135.82 - - [05/Mar/2020:11:01:23 +0800] "GET /xingrg/all/function/internal_message.html?_=1583377349454&CODE_STATE=getMsg HTTP/1.1" 200 27
114.93.75.19 - - [05/Mar/2020:11:01:28 +0800] "GET /xingrg/all/function/internal_message.html?_=1583377295193&CODE_STATE=getMsg HTTP/1.1" 302 -
114.93.75.19 - - [05/Mar/2020:11:01:28 +0800] "GET /xingrg/check_reg.html?_=1583377295197 HTTP/1.1" 302 -
114.93.75.19 - - [05/Mar/2020:11:01:29 +0800] "GET /xingrg/check_reg.html?_=1583377285849 HTTP/1.1" 200 22
114.93.75.19 - - [05/Mar/2020:11:01:29 +0800] "GET /xingrg/all/function/internal_message.html?_=1583377285850&CODE_STATE=getMsg HTTP/1.1" 200 27
180.156.150.85 - - [05/Mar/2020:11:01:41 +0800] "GET /xingrg/kc/buy/cgsh_order_operate.html?command=get_materiel&rest_code=00105&code=00101008296&supplier_code=00100203&order_time=2020-03-05 HTTP/1.1" 200 437
124.77.241.94 - - [05/Mar/2020:11:01:43 +0800] "GET /xingrg/all/function/internal_message.html?_=1583377315664&CODE_STATE=getMsg HTTP/1.1" 200 27
114.93.75.19 - - [05/Mar/2020:11:01:46 +0800] "GET /xingrg/all/function/internal_message.html?_=1583377312447&CODE_STATE=getMsg HTTP/1.1" 302 -
117.185.32.26 - - [05/Mar/2020:11:01:49 +0800] "GET /xingrg/kc/base/base_main.html HTTP/1.1" 200 12138
117.185.32.26 - - [05/Mar/2020:11:01:50 +0800] "GET /xingrg/kc/base/wldb_order_list.html HTTP/1.1" 200 19244
117.185.32.26 - - [05/Mar/2020:11:01:51 +0800] "POST /xingrg/kc/base/wldb_list_operate.html HTTP/1.1" 200 928
114.93.75.19 - - [05/Mar/2020:11:01:54 +0800] "GET /xingrg/all/function/internal_message.html?_=1583377364577&CODE_STATE=getMsg HTTP/1.1" 200 27
117.184.7.26 - - [05/Mar/2020:11:02:12 +0800] "GET /xingrg/all/function/internal_message.html?_=1583377320795&CODE_STATE=getMsg HTTP/1.1" 200 27
180.156.150.85 - - [05/Mar/2020:11:02:21 +0800] "GET /xingrg/all/function/internal_message.html?_=1583377337784&CODE_STATE=getMsg HTTP/1.1" 200 27
180.157.252.250 - - [05/Mar/2020:11:02:21 +0800] "GET /xingrg/all/function/internal_message.html?_=1583377329736&CODE_STATE=getMsg HTTP/1.1" 200 27
114.93.75.19 - - [05/Mar/2020:11:02:22 +0800] "GET /xingrg/all/function/internal_message.html?_=1583377341741&CODE_STATE=getMsg HTTP/1.1" 200 27
120.253.135.82 - - [05/Mar/2020:11:02:24 +0800] "GET /xingrg/all/function/internal_message.html?_=1583377409467&CODE_STATE=getMsg HTTP/1.1" 200 27
114.93.75.19 - - [05/Mar/2020:11:02:28 +0800] "GET /xingrg/all/function/internal_message.html?_=1583377355198&CODE_STATE=getMsg HTTP/1.1" 302 -
180.156.150.85 - - [05/Mar/2020:11:02:29 +0800] "GET /xingrg/kc/buy/cgsh_order_operate.html?command=get_materiel&rest_code=00105&code=00101008201&supplier_code=00100203&order_time=2020-03-05 HTTP/1.1" 200 428
114.93.75.19 - - [05/Mar/2020:11:02:29 +0800] "GET /xingrg/all/function/internal_message.html?_=1583377345835&CODE_STATE=getMsg HTTP/1.1" 200 27
180.157.252.250 - - [05/Mar/2020:11:02:40 +0800] "GET /xingrg/check_reg.html?_=1583377364487 HTTP/1.1" 200 22
124.77.241.94 - - [05/Mar/2020:11:02:43 +0800] "GET /xingrg/all/function/internal_message.html?_=1583377375711&CODE_STATE=getMsg HTTP/1.1" 200 27
114.93.75.19 - - [05/Mar/2020:11:02:46 +0800] "GET /xingrg/all/function/internal_message.html?_=1583377372447&CODE_STATE=getMsg HTTP/1.1" 302 -
114.93.75.19 - - [05/Mar/2020:11:02:46 +0800] "GET /xingrg/check_reg.html?_=1583377372451 HTTP/1.1" 302 -
114.93.75.19 - - [05/Mar/2020:11:02:54 +0800] "GET /xingrg/all/function/internal_message.html?_=1583377424606&CODE_STATE=getMsg HTTP/1.1" 200 27
180.156.150.85 - - [05/Mar/2020:11:03:08 +0800] "POST /xingrg/kc/buy/cgsh_order_operate.html HTTP/1.1" 200 37
180.156.150.85 - - [05/Mar/2020:11:03:09 +0800] "POST /xingrg/kc/buy/cgsh_order_operate.html HTTP/1.1" 200 7385
180.156.150.85 - - [05/Mar/2020:11:03:12 +0800] "GET /xingrg/kc/print/load_config.html?kc_code=cgsh HTTP/1.1" 200 1841
180.156.150.85 - - [05/Mar/2020:11:03:12 +0800] "GET /xingrg/kc/print/load_data.html?order_code=212020030500309&kc_code=cgsh&condition= HTTP/1.1" 200 2448
117.184.7.26 - - [05/Mar/2020:11:03:12 +0800] "GET /xingrg/check_reg.html?_=1583377380796 HTTP/1.1" 200 22
117.184.7.26 - - [05/Mar/2020:11:03:12 +0800] "GET /xingrg/all/function/internal_message.html?_=1583377380799&CODE_STATE=getMsg HTTP/1.1" 200 27
180.156.150.85 - - [05/Mar/2020:11:03:21 +0800] "GET /xingrg/all/function/internal_message.html?_=1583377397802&CODE_STATE=getMsg HTTP/1.1" 200 27
180.157.252.250 - - [05/Mar/2020:11:03:21 +0800] "GET /xingrg/check_reg.html?_=1583377389741 HTTP/1.1" 200 22
180.157.252.250 - - [05/Mar/2020:11:03:21 +0800] "GET /xingrg/all/function/internal_message.html?_=1583377389742&CODE_STATE=getMsg HTTP/1.1" 200 27
114.93.75.19 - - [05/Mar/2020:11:03:22 +0800] "GET /xingrg/all/function/internal_message.html?_=1583377401744&CODE_STATE=getMsg HTTP/1.1" 200 27
120.253.135.82 - - [05/Mar/2020:11:03:24 +0800] "GET /xingrg/all/function/internal_message.html?_=1583377469481&CODE_STATE=getMsg HTTP/1.1" 200 27
114.93.75.19 - - [05/Mar/2020:11:03:28 +0800] "GET /xingrg/all/function/internal_message.html?_=1583377415182&CODE_STATE=getMsg HTTP/1.1" 302 -
114.93.75.19 - - [05/Mar/2020:11:03:29 +0800] "GET /xingrg/all/function/internal_message.html?_=1583377405836&CODE_STATE=getMsg HTTP/1.1" 200 27
124.77.241.94 - - [05/Mar/2020:11:03:43 +0800] "GET /xingrg/all/function/internal_message.html?_=1583377435723&CODE_STATE=getMsg HTTP/1.1" 200 27
114.93.75.19 - - [05/Mar/2020:11:03:46 +0800] "GET /xingrg/all/function/internal_message.html?_=1583377432449&CODE_STATE=getMsg HTTP/1.1" 302 -
114.93.75.19 - - [05/Mar/2020:11:03:54 +0800] "GET /xingrg/all/function/internal_message.html?_=1583377484620&CODE_STATE=getMsg HTTP/1.1" 200 27
117.184.7.26 - - [05/Mar/2020:11:04:12 +0800] "GET /xingrg/all/function/internal_message.html?_=1583377440804&CODE_STATE=getMsg HTTP/1.1" 200 27
180.156.150.85 - - [05/Mar/2020:11:04:21 +0800] "GET /xingrg/all/function/internal_message.html?_=1583377457800&CODE_STATE=getMsg HTTP/1.1" 200 27
180.157.252.250 - - [05/Mar/2020:11:04:21 +0800] "GET /xingrg/all/function/internal_message.html?_=1583377449744&CODE_STATE=getMsg HTTP/1.1" 200 27
114.93.75.19 - - [05/Mar/2020:11:04:22 +0800] "GET /xingrg/all/function/internal_message.html?_=1583377461730&CODE_STATE=getMsg HTTP/1.1" 200 27
120.253.135.82 - - [05/Mar/2020:11:04:24 +0800] "GET /xingrg/all/function/internal_message.html?_=1583377529499&CODE_STATE=getMsg HTTP/1.1" 200 27
114.93.75.19 - - [05/Mar/2020:11:04:28 +0800] "GET /xingrg/all/function/internal_message.html?_=1583377475182&CODE_STATE=getMsg HTTP/1.1" 302 -
114.93.75.19 - - [05/Mar/2020:11:04:29 +0800] "GET /xingrg/all/function/internal_message.html?_=1583377465839&CODE_STATE=getMsg HTTP/1.1" 200 27
124.77.241.94 - - [05/Mar/2020:11:04:43 +0800] "GET /xingrg/all/function/internal_message.html?_=1583377495765&CODE_STATE=getMsg HTTP/1.1" 200 27
114.93.75.19 - - [05/Mar/2020:11:04:46 +0800] "GET /xingrg/all/function/internal_message.html?_=1583377492451&CODE_STATE=getMsg HTTP/1.1" 302 -
114.93.75.19 - - [05/Mar/2020:11:04:54 +0800] "GET /xingrg/all/function/internal_message.html?_=1583377544650&CODE_STATE=getMsg HTTP/1.1" 200 27
117.184.7.26 - - [05/Mar/2020:11:05:12 +0800] "GET /xingrg/all/function/internal_message.html?_=1583377500804&CODE_STATE=getMsg HTTP/1.1" 200 27
124.77.241.94 - - [05/Mar/2020:11:05:20 +0800] "GET /xingrg/check_reg.html?_=1583377533122 HTTP/1.1" 200 22
180.156.150.85 - - [05/Mar/2020:11:05:21 +0800] "GET /xingrg/all/function/internal_message.html?_=1583377517800&CODE_STATE=getMsg HTTP/1.1" 200 27
180.157.252.250 - - [05/Mar/2020:11:05:21 +0800] "GET /xingrg/all/function/internal_message.html?_=1583377509747&CODE_STATE=getMsg HTTP/1.1" 200 27
114.93.75.19 - - [05/Mar/2020:11:05:22 +0800] "GET /xingrg/all/function/internal_message.html?_=1583377521732&CODE_STATE=getMsg HTTP/1.1" 200 27
114.93.75.19 - - [05/Mar/2020:11:05:22 +0800] "GET /xingrg/check_reg.html?_=1583377521735 HTTP/1.1" 200 22
120.253.135.82 - - [05/Mar/2020:11:05:24 +0800] "GET /xingrg/all/function/internal_message.html?_=1583377589508&CODE_STATE=getMsg HTTP/1.1" 200 27
114.93.75.19 - - [05/Mar/2020:11:05:28 +0800] "GET /xingrg/all/function/internal_message.html?_=1583377535209&CODE_STATE=getMsg HTTP/1.1" 302 -
114.93.75.19 - - [05/Mar/2020:11:05:29 +0800] "GET /xingrg/all/function/internal_message.html?_=1583377525840&CODE_STATE=getMsg HTTP/1.1" 200 27
114.93.75.19 - - [05/Mar/2020:11:05:33 +0800] "GET /xingrg/check_reg.html?_=1583377583711 HTTP/1.1" 200 22
120.253.135.82 - - [05/Mar/2020:11:05:41 +0800] "GET /xingrg/check_reg.html?_=1583377280546 HTTP/1.1" 302 -
124.77.241.94 - - [05/Mar/2020:11:05:43 +0800] "GET /xingrg/all/function/internal_message.html?_=1583377555781&CODE_STATE=getMsg HTTP/1.1" 200 27
114.93.75.19 - - [05/Mar/2020:11:05:46 +0800] "GET /xingrg/all/function/internal_message.html?_=1583377552452&CODE_STATE=getMsg HTTP/1.1" 302 -
114.93.75.19 - - [05/Mar/2020:11:05:54 +0800] "GET /xingrg/all/function/internal_message.html?_=1583377604662&CODE_STATE=getMsg HTTP/1.1" 200 27
117.184.7.26 - - [05/Mar/2020:11:06:12 +0800] "GET /xingrg/all/function/internal_message.html?_=1583377560805&CODE_STATE=getMsg HTTP/1.1" 200 27
180.156.150.85 - - [05/Mar/2020:11:06:21 +0800] "GET /xingrg/all/function/internal_message.html?_=1583377577800&CODE_STATE=getMsg HTTP/1.1" 200 27
180.156.150.85 - - [05/Mar/2020:11:06:21 +0800] "GET /xingrg/check_reg.html?_=1583377577803 HTTP/1.1" 200 22
120.253.135.82 - - [05/Mar/2020:11:06:21 +0800] "GET /xingrg/check_reg.html?_=1583377647154 HTTP/1.1" 200 22
180.157.252.250 - - [05/Mar/2020:11:06:21 +0800] "GET /xingrg/all/function/internal_message.html?_=1583377569736&CODE_STATE=getMsg HTTP/1.1" 200 27
114.93.75.19 - - [05/Mar/2020:11:06:22 +0800] "GET /xingrg/all/function/internal_message.html?_=1583377581738&CODE_STATE=getMsg HTTP/1.1" 200 27
120.253.135.82 - - [05/Mar/2020:11:06:24 +0800] "GET /xingrg/all/function/internal_message.html?_=1583377649522&CODE_STATE=getMsg HTTP/1.1" 200 27
114.93.75.19 - - [05/Mar/2020:11:06:28 +0800] "GET /xingrg/all/function/internal_message.html?_=1583377595209&CODE_STATE=getMsg HTTP/1.1" 302 -
114.93.75.19 - - [05/Mar/2020:11:06:28 +0800] "GET /xingrg/check_reg.html?_=1583377595218 HTTP/1.1" 302 -
114.93.75.19 - - [05/Mar/2020:11:06:29 +0800] "GET /xingrg/all/function/internal_message.html?_=1583377585842&CODE_STATE=getMsg HTTP/1.1" 200 27
114.93.75.19 - - [05/Mar/2020:11:06:29 +0800] "GET /xingrg/check_reg.html?_=1583377585843 HTTP/1.1" 200 22
114.93.75.19 - - [05/Mar/2020:11:06:42 +0800] "GET /xingrg/login.html HTTP/1.1" 200 7639
114.93.75.19 - - [05/Mar/2020:11:06:42 +0800] "GET /xingrg/images/blue/login_bg.png HTTP/1.1" 304 -
114.93.75.19 - - [05/Mar/2020:11:06:43 +0800] "GET /xingrg/images/blue/jxLogo.png HTTP/1.1" 304 -
124.77.241.94 - - [05/Mar/2020:11:06:43 +0800] "GET /xingrg/all/function/internal_message.html?_=1583377615794&CODE_STATE=getMsg HTTP/1.1" 200 27
114.93.75.19 - - [05/Mar/2020:11:06:43 +0800] "GET /xingrg/images/blue/hj.png HTTP/1.1" 304 -
114.93.75.19 - - [05/Mar/2020:11:06:43 +0800] "GET /xingrg/images/blue/srbg.png HTTP/1.1" 304 -
114.93.75.19 - - [05/Mar/2020:11:06:46 +0800] "GET /xingrg/all/function/internal_message.html?_=1583377612485&CODE_STATE=getMsg HTTP/1.1" 302 -
114.93.75.19 - - [05/Mar/2020:11:06:55 +0800] "POST /xingrg/login.do HTTP/1.1" 302 -
114.93.75.19 - - [05/Mar/2020:11:06:55 +0800] "GET /xingrg/index.html?sysBaseUrl=http%3A%2F%2F117.131.15.22%3A18081%2Fxingrg%2F&costTime=36×tamp=1583377615799 HTTP/1.1" 200 17481
114.93.75.19 - - [05/Mar/2020:11:06:55 +0800] "GET /xingrg/javascript/jquery_easy_ui/themes/default/easyui.css HTTP/1.1" 304 -
114.93.75.19 - - [05/Mar/2020:11:06:55 +0800] "GET /xingrg/javascript/jquery_easy_ui/themes/icon.css HTTP/1.1" 304 -
114.93.75.19 - - [05/Mar/2020:11:06:55 +0800] "GET /xingrg/css/form.css HTTP/1.1" 304 -
114.93.75.19 - - [05/Mar/2020:11:06:55 +0800] "GET /xingrg/javascript/jquery-1.4.2.min.js HTTP/1.1" 304 -
114.93.75.19 - - [05/Mar/2020:11:06:55 +0800] "GET /xingrg/javascript/jquery_easy_ui/easyui-lang-zh_CN.js HTTP/1.1" 304 -
114.93.75.19 - - [05/Mar/2020:11:06:55 +0800] "GET /xingrg/javascript/jquery_easy_ui/jquery.easyui.min.js HTTP/1.1" 304 -
114.93.75.19 - - [05/Mar/2020:11:06:55 +0800] "GET /xingrg/javascript/jquery.timers.js HTTP/1.1" 304 -
114.93.75.19 - - [05/Mar/2020:11:06:55 +0800] "GET /xingrg/javascript/jquery.form.js HTTP/1.1" 304 -
114.93.75.19 - - [05/Mar/2020:11:06:55 +0800] "GET /xingrg/javascript/jquery.utils.js HTTP/1.1" 304 -
114.93.75.19 - - [05/Mar/2020:11:06:56 +0800] "GET /xingrg/images/blue/navBackgound.jpg HTTP/1.1" 304 -
114.93.75.19 - - [05/Mar/2020:11:06:56 +0800] "GET /xingrg/javascript/jquery_easy_ui/themes/icons/settle_new.png HTTP/1.1" 304 -
114.93.75.19 - - [05/Mar/2020:11:06:56 +0800] "POST /xingrg/all/common/load_tree.html?tree=area_rest_tree_json&manage=1 HTTP/1.1" 200 3079
114.93.75.19 - - [05/Mar/2020:11:06:56 +0800] "GET /xingrg/images/blue/pingpu.png HTTP/1.1" 304 -
114.93.75.19 - - [05/Mar/2020:11:06:56 +0800] "GET /xingrg/javascript/jquery_easy_ui/themes/default/images/tabs_leftarrow.png HTTP/1.1" 304 -
114.93.75.19 - - [05/Mar/2020:11:06:56 +0800] "GET /xingrg/javascript/jquery_easy_ui/themes/default/images/tabs_rightarrow.png HTTP/1.1" 304 -
114.93.75.19 - - [05/Mar/2020:11:06:56 +0800] "GET /xingrg/javascript/jquery_easy_ui/themes/default/images/panel_tool_collapse.gif HTTP/1.1" 304 -
114.93.75.19 - - [05/Mar/2020:11:06:56 +0800] "GET /xingrg/javascript/jquery_easy_ui/themes/default/images/panel_tool_expand.gif HTTP/1.1" 304 -
114.93.75.19 - - [05/Mar/2020:11:06:56 +0800] "GET /xingrg/all/function/internal_message.html?_=1583377667192&CODE_STATE=count HTTP/1.1" 200 11
114.93.75.19 - - [05/Mar/2020:11:06:56 +0800] "GET /xingrg/check_reg.html?_=1583377667194 HTTP/1.1" 200 22
114.93.75.19 - - [05/Mar/2020:11:06:56 +0800] "POST /xingrg/load_menu.html HTTP/1.1" 200 11550
114.93.75.19 - - [05/Mar/2020:11:06:56 +0800] "GET /xingrg/javascript/jquery_easy_ui/themes/default/images/tree_arrows.gif HTTP/1.1" 304 -
114.93.75.19 - - [05/Mar/2020:11:06:57 +0800] "GET /xingrg/javascript/jquery_easy_ui/themes/default/images/tree_folder_open.gif HTTP/1.1" 304 -
114.93.75.19 - - [05/Mar/2020:11:06:57 +0800] "GET /xingrg/javascript/jquery_easy_ui/themes/icons/search_new.png HTTP/1.1" 304 -
114.93.75.19 - - [05/Mar/2020:11:06:57 +0800] "GET /xingrg/javascript/jquery_easy_ui/themes/icons/delivery_new.png HTTP/1.1" 304 -
114.93.75.19 - - [05/Mar/2020:11:06:57 +0800] "GET /xingrg/javascript/jquery_easy_ui/themes/icons/storage_new.png HTTP/1.1" 304 -
114.93.75.19 - - [05/Mar/2020:11:06:57 +0800] "GET /xingrg/javascript/jquery_easy_ui/themes/icons/checkout_new.png HTTP/1.1" 304 -
114.93.75.19 - - [05/Mar/2020:11:06:57 +0800] "GET /xingrg/javascript/jquery_easy_ui/themes/icons/forms_new.png HTTP/1.1" 304 -
114.93.75.19 - - [05/Mar/2020:11:06:57 +0800] "GET /xingrg/javascript/jquery_easy_ui/themes/icons/setting_new.png HTTP/1.1" 304 -
114.93.75.19 - - [05/Mar/2020:11:06:57 +0800] "GET /xingrg/javascript/jquery_easy_ui/themes/icons/systemset_new.png HTTP/1.1" 304 -
114.93.75.19 - - [05/Mar/2020:11:06:57 +0800] "GET /xingrg/javascript/jquery_easy_ui/themes/default/images/tree_file.gif HTTP/1.1" 304 -
114.93.75.19 - - [05/Mar/2020:11:06:57 +0800] "GET /xingrg/javascript/jquery_easy_ui/themes/default/images/tree_folder.gif HTTP/1.1" 304 -
114.93.75.19 - - [05/Mar/2020:11:07:12 +0800] "POST /xingrg/load_menu.html HTTP/1.1" 200 10683
180.156.150.85 - - [05/Mar/2020:11:07:21 +0800] "GET /xingrg/all/function/internal_message.html?_=1583377637802&CODE_STATE=getMsg HTTP/1.1" 200 27
180.157.252.250 - - [05/Mar/2020:11:07:21 +0800] "GET /xingrg/all/function/internal_message.html?_=1583377629738&CODE_STATE=getMsg HTTP/1.1" 200 27
114.93.75.19 - - [05/Mar/2020:11:07:22 +0800] "GET /xingrg/javascript/jquery_easy_ui/themes/default/images/tabs_close.gif HTTP/1.1" 304 -
114.93.75.19 - - [05/Mar/2020:11:07:22 +0800] "GET /xingrg/all/report/report_query.html?fileName=dma/new_5.0/yingye/yy_hz.xml&rw=1600 HTTP/1.1" 200 56125
114.93.75.19 - - [05/Mar/2020:11:07:22 +0800] "GET /xingrg/css/blue.css HTTP/1.1" 304 -
114.93.75.19 - - [05/Mar/2020:11:07:22 +0800] "GET /xingrg/javascript/multi_select/jqueryMultiSelect.css HTTP/1.1" 304 -
114.93.75.19 - - [05/Mar/2020:11:07:22 +0800] "GET /xingrg/javascript/calendar/timePicker.css HTTP/1.1" 304 -
114.93.75.19 - - [05/Mar/2020:11:07:22 +0800] "GET /xingrg/javascript/bigrid/fix.css HTTP/1.1" 304 -
114.93.75.19 - - [05/Mar/2020:11:07:22 +0800] "GET /xingrg/javascript/pic_change.js HTTP/1.1" 304 -
114.93.75.19 - - [05/Mar/2020:11:07:22 +0800] "GET /xingrg/dwr/interface/AjaxReportQueryService.js HTTP/1.1" 200 13203
114.93.75.19 - - [05/Mar/2020:11:07:22 +0800] "GET /xingrg/dwr/util.js HTTP/1.1" 304 -
114.93.75.19 - - [05/Mar/2020:11:07:22 +0800] "GET /xingrg/dwr/engine.js HTTP/1.1" 200 43631
114.93.75.19 - - [05/Mar/2020:11:07:22 +0800] "GET /xingrg/javascript/myfunction.js HTTP/1.1" 304 -
114.93.75.19 - - [05/Mar/2020:11:07:22 +0800] "GET /xingrg/javascript/jqueryMultiSelect.js HTTP/1.1" 304 -
114.93.75.19 - - [05/Mar/2020:11:07:22 +0800] "GET /xingrg/javascript/Calendar.js HTTP/1.1" 304 -
114.93.75.19 - - [05/Mar/2020:11:07:22 +0800] "GET /xingrg/javascript/calendar/jquery.timePicker.min.js HTTP/1.1" 304 -
114.93.75.19 - - [05/Mar/2020:11:07:22 +0800] "GET /xingrg/all/function/internal_message.html?_=1583377641743&CODE_STATE=getMsg HTTP/1.1" 200 27
114.93.75.19 - - [05/Mar/2020:11:07:22 +0800] "GET /xingrg/javascript/bigrid/fix.js HTTP/1.1" 304 -
114.93.75.19 - - [05/Mar/2020:11:07:22 +0800] "GET /xingrg/images/control/loading.gif HTTP/1.1" 304 -
114.93.75.19 - - [05/Mar/2020:11:07:22 +0800] "GET /xingrg/images/blue/button/advance2over.gif HTTP/1.1" 304 -
114.93.75.19 - - [05/Mar/2020:11:07:22 +0800] "GET /xingrg/images/blue/button/advanceover.gif HTTP/1.1" 304 -
114.93.75.19 - - [05/Mar/2020:11:07:22 +0800] "GET /xingrg/images/blue/button/back2over.gif HTTP/1.1" 304 -
114.93.75.19 - - [05/Mar/2020:11:07:22 +0800] "GET /xingrg/images/blue/button/backover.gif HTTP/1.1" 304 -
114.93.75.19 - - [05/Mar/2020:11:07:22 +0800] "GET /xingrg/javascript/jquery_easy_ui/themes/icons/help.png HTTP/1.1" 304 -
114.93.75.19 - - [05/Mar/2020:11:07:22 +0800] "GET /xingrg/javascript/jquery_easy_ui/themes/default/images/menu_downarrow.png HTTP/1.1" 304 -
114.93.75.19 - - [05/Mar/2020:11:07:22 +0800] "GET /xingrg/javascript/jquery_easy_ui/themes/default/images/menu.gif HTTP/1.1" 304 -
114.93.75.19 - - [05/Mar/2020:11:07:22 +0800] "GET /xingrg/javascript/jquery_easy_ui/themes/icons/print.png HTTP/1.1" 304 -
114.93.75.19 - - [05/Mar/2020:11:07:22 +0800] "GET /xingrg/javascript/jquery_easy_ui/themes/icons/pencil.png HTTP/1.1" 304 -
114.93.75.19 - - [05/Mar/2020:11:07:22 +0800] "GET /xingrg/javascript/jquery_easy_ui/themes/default/images/menu_rightarrow.png HTTP/1.1" 304 -
114.93.75.19 - - [05/Mar/2020:11:07:23 +0800] "POST /xingrg/dwr/call/plaincall/AjaxReportQueryService.getFixDate.dwr HTTP/1.1" 200 111
114.93.75.19 - - [05/Mar/2020:11:07:23 +0800] "GET /xingrg/javascript/jquery_easy_ui/themes/default/images/combo_arrow_dot.gif HTTP/1.1" 304 -
114.93.75.19 - - [05/Mar/2020:11:07:23 +0800] "POST /xingrg/all/common/load_tree.html?tree=area_station_tree_json&manage=1 HTTP/1.1" 200 2981
114.93.75.19 - - [05/Mar/2020:11:07:23 +0800] "GET /xingrg/javascript/jquery_easy_ui/themes/default/images/tree_checkbox_0.gif HTTP/1.1" 304 -
114.93.75.19 - - [05/Mar/2020:11:07:23 +0800] "GET /xingrg/javascript/jquery_easy_ui/themes/icons/rest.png HTTP/1.1" 304 -
114.93.75.19 - - [05/Mar/2020:11:07:23 +0800] "GET /xingrg/javascript/jquery_easy_ui/themes/icons/area.png HTTP/1.1" 304 -
114.93.75.19 - - [05/Mar/2020:11:07:23 +0800] "GET /xingrg/javascript/jquery_easy_ui/themes/icons/manage.png HTTP/1.1" 304 -
120.253.135.82 - - [05/Mar/2020:11:07:24 +0800] "GET /xingrg/all/function/internal_message.html?_=1583377709536&CODE_STATE=getMsg HTTP/1.1" 200 27
114.93.75.19 - - [05/Mar/2020:11:07:28 +0800] "POST /xingrg/dwr/call/plaincall/AjaxReportQueryService.refreshCache.dwr HTTP/1.1" 200 78
114.93.75.19 - - [05/Mar/2020:11:07:28 +0800] "GET /xingrg/all/function/internal_message.html?_=1583377655218&CODE_STATE=getMsg HTTP/1.1" 302 -
117.131.5.26 - - [05/Mar/2020:11:07:28 +0800] "POST /xingrg/services/DataTransmitService HTTP/1.1" 200 524
114.93.75.19 - - [05/Mar/2020:11:07:29 +0800] "GET /xingrg/all/function/internal_message.html?_=1583377645844&CODE_STATE=getMsg HTTP/1.1" 200 27
114.93.75.19 - - [05/Mar/2020:11:07:32 +0800] "POST /xingrg/all/report/load_report_page.html HTTP/1.1" 200 135950
114.93.75.19 - - [05/Mar/2020:11:07:32 +0800] "GET /xingrg/servlets/image?cache=0.8099337512501807&image=px HTTP/1.1" 200 807
180.157.252.250 - - [05/Mar/2020:11:07:40 +0800] "GET /xingrg/check_reg.html?_=1583377664487 HTTP/1.1" 200 22
124.77.241.94 - - [05/Mar/2020:11:07:43 +0800] "GET /xingrg/all/function/internal_message.html?_=1583377675838&CODE_STATE=getMsg HTTP/1.1" 200 27
114.93.75.19 - - [05/Mar/2020:11:07:46 +0800] "GET /xingrg/all/function/internal_message.html?_=1583377672492&CODE_STATE=getMsg HTTP/1.1" 302 -
114.93.75.19 - - [05/Mar/2020:11:07:46 +0800] "GET /xingrg/check_reg.html?_=1583377672485 HTTP/1.1" 302 -
114.93.75.19 - - [05/Mar/2020:11:07:57 +0800] "GET /xingrg/all/function/internal_message.html?_=1583377727629&CODE_STATE=getMsg HTTP/1.1" 200 27
180.156.150.85 - - [05/Mar/2020:11:08:21 +0800] "GET /xingrg/all/function/internal_message.html?_=1583377697806&CODE_STATE=getMsg HTTP/1.1" 200 27
180.157.252.250 - - [05/Mar/2020:11:08:21 +0800] "GET /xingrg/all/function/internal_message.html?_=1583377689743&CODE_STATE=getMsg HTTP/1.1" 200 27
180.157.252.250 - - [05/Mar/2020:11:08:21 +0800] "GET /xingrg/check_reg.html?_=1583377689748 HTTP/1.1" 200 22
114.93.75.19 - - [05/Mar/2020:11:08:22 +0800] "GET /xingrg/all/function/internal_message.html?_=1583377701730&CODE_STATE=getMsg HTTP/1.1" 200 27
120.253.135.82 - - [05/Mar/2020:11:08:24 +0800] "GET /xingrg/all/function/internal_message.html?_=1583377769549&CODE_STATE=getMsg HTTP/1.1" 200 27
114.93.75.19 - - [05/Mar/2020:11:08:28 +0800] "GET /xingrg/all/function/internal_message.html?_=1583377715216&CODE_STATE=getMsg HTTP/1.1" 302 -
114.93.75.19 - - [05/Mar/2020:11:08:29 +0800] "GET /xingrg/all/function/internal_message.html?_=1583377705846&CODE_STATE=getMsg HTTP/1.1" 200 27
124.77.241.94 - - [05/Mar/2020:11:08:43 +0800] "GET /xingrg/all/function/internal_message.html?_=1583377735852&CODE_STATE=getMsg HTTP/1.1" 200 27
114.93.75.19 - - [05/Mar/2020:11:08:46 +0800] "GET /xingrg/all/function/internal_message.html?_=1583377732476&CODE_STATE=getMsg HTTP/1.1" 302 -
114.93.75.19 - - [05/Mar/2020:11:08:57 +0800] "GET /xingrg/all/function/internal_message.html?_=1583377787637&CODE_STATE=getMsg HTTP/1.1" 200 27
116.232.32.71 - - [05/Mar/2020:11:09:05 +0800] "POST /xingrg/services/DataTransmitService HTTP/1.1" 200 524
117.184.7.26 - - [05/Mar/2020:11:09:16 +0800] "GET /xingrg/login.html HTTP/1.1" 200 7639
117.184.7.26 - - [05/Mar/2020:11:09:17 +0800] "GET /favicon.ico HTTP/1.1" 404 -
117.184.7.26 - - [05/Mar/2020:11:09:18 +0800] "POST /xingrg/login.do HTTP/1.1" 302 -
117.184.7.26 - - [05/Mar/2020:11:09:18 +0800] "GET /xingrg/index.html?sysBaseUrl=http%3A%2F%2F117.131.15.22%3A18081%2Fxingrg%2F&costTime=35×tamp=1583377758425 HTTP/1.1" 200 17151
117.184.7.26 - - [05/Mar/2020:11:09:18 +0800] "GET /favicon.ico HTTP/1.1" 404 -
117.184.7.26 - - [05/Mar/2020:11:09:18 +0800] "POST /xingrg/all/common/load_tree.html?tree=area_rest_tree_json&manage=1 HTTP/1.1" 200 470
117.184.7.30 - - [05/Mar/2020:11:09:18 +0800] "GET /xingrg/all/function/internal_message.html?_=1583377746957&CODE_STATE=count HTTP/1.1" 200 11
117.184.7.30 - - [05/Mar/2020:11:09:18 +0800] "GET /xingrg/check_reg.html?_=1583377746957 HTTP/1.1" 200 22
117.184.7.26 - - [05/Mar/2020:11:09:18 +0800] "POST /xingrg/load_menu.html HTTP/1.1" 200 5124
117.184.7.26 - - [05/Mar/2020:11:09:20 +0800] "GET /xingrg/kc/buy/buy_main.html HTTP/1.1" 200 12398
117.184.7.26 - - [05/Mar/2020:11:09:20 +0800] "GET /xingrg/css/new_ie.css HTTP/1.1" 404 1036
117.184.7.30 - - [05/Mar/2020:11:09:20 +0800] "GET /xingrg/images/yd/bt.gif HTTP/1.1" 404 1040
117.184.7.30 - - [05/Mar/2020:11:09:21 +0800] "GET /xingrg/kc/buy/cgsh_order_list.html HTTP/1.1" 200 42034
180.156.150.85 - - [05/Mar/2020:11:09:21 +0800] "GET /xingrg/all/function/internal_message.html?_=1583377757808&CODE_STATE=getMsg HTTP/1.1" 200 27
180.157.252.250 - - [05/Mar/2020:11:09:21 +0800] "GET /xingrg/all/function/internal_message.html?_=1583377749737&CODE_STATE=getMsg HTTP/1.1" 200 27
117.184.7.30 - - [05/Mar/2020:11:09:21 +0800] "POST /xingrg/kc/buy/cgsh_list_operate.html HTTP/1.1" 200 876
114.93.75.19 - - [05/Mar/2020:11:09:22 +0800] "GET /xingrg/all/function/internal_message.html?_=1583377761732&CODE_STATE=getMsg HTTP/1.1" 200 27
117.184.7.30 - - [05/Mar/2020:11:09:23 +0800] "GET /xingrg/kc/buy/cgsh_order_add.html HTTP/1.1" 200 57651
117.184.7.30 - - [05/Mar/2020:11:09:23 +0800] "POST /xingrg/kc/buy/cgsh_order_operate.html HTTP/1.1" 200 8245
117.184.7.30 - - [05/Mar/2020:11:09:23 +0800] "GET /xingrg/all/common/auto_word.html?type=employee&rest_code=00108 HTTP/1.1" 200 197
117.184.7.30 - - [05/Mar/2020:11:09:23 +0800] "GET /xingrg/all/common/auto_word.html?type=employee&rest_code=00108 HTTP/1.1" 200 197
117.184.7.30 - - [05/Mar/2020:11:09:23 +0800] "GET /xingrg/javascript/easyui/themes/default/validatebox.css HTTP/1.1" 404 1104
120.253.135.82 - - [05/Mar/2020:11:09:24 +0800] "GET /xingrg/all/function/internal_message.html?_=1583377829566&CODE_STATE=getMsg HTTP/1.1" 200 27
114.93.75.19 - - [05/Mar/2020:11:09:28 +0800] "GET /xingrg/all/function/internal_message.html?_=1583377775218&CODE_STATE=getMsg HTTP/1.1" 302 -
114.93.75.19 - - [05/Mar/2020:11:09:29 +0800] "GET /xingrg/all/function/internal_message.html?_=1583377765849&CODE_STATE=getMsg HTTP/1.1" 200 27
117.184.7.30 - - [05/Mar/2020:11:09:30 +0800] "GET /xingrg/javascript/auto/indicator.gif HTTP/1.1" 404 1066
117.184.7.30 - - [05/Mar/2020:11:09:38 +0800] "GET /xingrg/javascript/jquery_tools/images/prev.gif HTTP/1.1" 404 1086
117.184.7.30 - - [05/Mar/2020:11:09:38 +0800] "GET /xingrg/javascript/jquery_tools/images/next.gif HTTP/1.1" 404 1086
124.77.241.94 - - [05/Mar/2020:11:09:43 +0800] "GET /xingrg/all/function/internal_message.html?_=1583377795897&CODE_STATE=getMsg HTTP/1.1" 200 27
114.93.75.19 - - [05/Mar/2020:11:09:46 +0800] "GET /xingrg/all/function/internal_message.html?_=1583377792476&CODE_STATE=getMsg HTTP/1.1" 302 -
117.184.7.30 - - [05/Mar/2020:11:09:46 +0800] "GET /xingrg/kc/buy/cgsh_order_operate.html?command=get_materiel&rest_code=00108&code=00101008163&supplier_code=00100007&order_time=2020-03-05 HTTP/1.1" 200 430
114.93.75.19 - - [05/Mar/2020:11:09:57 +0800] "GET /xingrg/all/function/internal_message.html?_=1583377847653&CODE_STATE=getMsg HTTP/1.1" 200 27
117.184.7.30 - - [05/Mar/2020:11:10:01 +0800] "GET /xingrg/kc/buy/cgsh_order_operate.html?command=get_materiel&rest_code=00108&code=00101008069&supplier_code=00100007&order_time=2020-03-05 HTTP/1.1" 200 429
117.184.7.30 - - [05/Mar/2020:11:10:10 +0800] "GET /xingrg/kc/buy/cgsh_order_operate.html?command=get_materiel&rest_code=00108&code=00101008251&supplier_code=00100007&order_time=2020-03-05 HTTP/1.1" 200 429
116.232.32.71 - - [05/Mar/2020:11:10:15 +0800] "POST /xingrg/services/DataTransmitService HTTP/1.1" 200 524
117.184.7.30 - - [05/Mar/2020:11:10:18 +0800] "GET /xingrg/all/function/internal_message.html?_=1583377806969&CODE_STATE=getMsg HTTP/1.1" 200 27
117.184.7.30 - - [05/Mar/2020:11:10:19 +0800] "GET /xingrg/kc/buy/cgsh_order_operate.html?command=get_materiel&rest_code=00108&code=00101008211&supplier_code=00100007&order_time=2020-03-05 HTTP/1.1" 200 432
124.77.241.94 - - [05/Mar/2020:11:10:20 +0800] "GET /xingrg/check_reg.html?_=1583377833120 HTTP/1.1" 200 22
180.156.150.85 - - [05/Mar/2020:11:10:21 +0800] "GET /xingrg/all/function/internal_message.html?_=1583377817808&CODE_STATE=getMsg HTTP/1.1" 200 27
180.157.252.250 - - [05/Mar/2020:11:10:21 +0800] "GET /xingrg/all/function/internal_message.html?_=1583377809741&CODE_STATE=getMsg HTTP/1.1" 200 27
114.93.75.19 - - [05/Mar/2020:11:10:22 +0800] "GET /xingrg/all/function/internal_message.html?_=1583377821735&CODE_STATE=getMsg HTTP/1.1" 200 27
114.93.75.19 - - [05/Mar/2020:11:10:22 +0800] "GET /xingrg/check_reg.html?_=1583377821737 HTTP/1.1" 200 22
120.253.135.82 - - [05/Mar/2020:11:10:24 +0800] "GET /xingrg/all/function/internal_message.html?_=1583377889577&CODE_STATE=getMsg HTTP/1.1" 200 27
114.93.75.19 - - [05/Mar/2020:11:10:28 +0800] "GET /xingrg/all/function/internal_message.html?_=1583377835218&CODE_STATE=getMsg HTTP/1.1" 302 -
114.93.75.19 - - [05/Mar/2020:11:10:29 +0800] "GET /xingrg/all/function/internal_message.html?_=1583377825837&CODE_STATE=getMsg HTTP/1.1" 200 27
120.253.135.82 - - [05/Mar/2020:11:10:41 +0800] "GET /xingrg/check_reg.html?_=1583377580551 HTTP/1.1" 302 -
124.77.241.94 - - [05/Mar/2020:11:10:43 +0800] "GET /xingrg/all/function/internal_message.html?_=1583377855910&CODE_STATE=getMsg HTTP/1.1" 200 27
114.93.75.19 - - [05/Mar/2020:11:10:46 +0800] "GET /xingrg/all/function/internal_message.html?_=1583377852475&CODE_STATE=getMsg HTTP/1.1" 302 -
114.93.75.19 - - [05/Mar/2020:11:10:57 +0800] "GET /xingrg/all/function/internal_message.html?_=1583377907664&CODE_STATE=getMsg HTTP/1.1" 200 27
117.184.7.30 - - [05/Mar/2020:11:10:58 +0800] "GET /xingrg/kc/buy/cgsh_order_operate.html?command=get_materiel&rest_code=00108&code=00101008003&supplier_code=00100007&order_time=2020-03-05 HTTP/1.1" 200 429
114.93.75.19 - - [05/Mar/2020:11:11:05 +0800] "GET /xingrg/javascript/jquery_easy_ui/themes/default/images/tabs_active.png HTTP/1.1" 304 -
117.184.7.30 - - [05/Mar/2020:11:11:18 +0800] "GET /xingrg/all/function/internal_message.html?_=1583377866989&CODE_STATE=getMsg HTTP/1.1" 200 27
117.184.7.30 - - [05/Mar/2020:11:11:19 +0800] "GET /xingrg/kc/buy/cgsh_order_operate.html?command=get_materiel&rest_code=00108&code=00101008038&supplier_code=00100007&order_time=2020-03-05 HTTP/1.1" 200 433
180.156.150.85 - - [05/Mar/2020:11:11:21 +0800] "GET /xingrg/check_reg.html?_=1583377877794 HTTP/1.1" 200 22
180.156.150.85 - - [05/Mar/2020:11:11:21 +0800] "GET /xingrg/all/function/internal_message.html?_=1583377877797&CODE_STATE=getMsg HTTP/1.1" 200 27
120.253.135.82 - - [05/Mar/2020:11:11:21 +0800] "GET /xingrg/check_reg.html?_=1583377947161 HTTP/1.1" 200 22
180.157.252.250 - - [05/Mar/2020:11:11:21 +0800] "GET /xingrg/all/function/internal_message.html?_=1583377869744&CODE_STATE=getMsg HTTP/1.1" 200 27
114.93.75.19 - - [05/Mar/2020:11:11:22 +0800] "GET /xingrg/all/function/internal_message.html?_=1583377881739&CODE_STATE=getMsg HTTP/1.1" 200 27
120.253.135.82 - - [05/Mar/2020:11:11:24 +0800] "GET /xingrg/all/function/internal_message.html?_=1583377949590&CODE_STATE=getMsg HTTP/1.1" 200 27
114.93.75.19 - - [05/Mar/2020:11:11:28 +0800] "GET /xingrg/check_reg.html?_=1583377895218 HTTP/1.1" 302 -
114.93.75.19 - - [05/Mar/2020:11:11:28 +0800] "GET /xingrg/all/function/internal_message.html?_=1583377895222&CODE_STATE=getMsg HTTP/1.1" 302 -
114.93.75.19 - - [05/Mar/2020:11:11:29 +0800] "GET /xingrg/all/function/internal_message.html?_=1583377885837&CODE_STATE=getMsg HTTP/1.1" 200 27
114.93.75.19 - - [05/Mar/2020:11:11:29 +0800] "GET /xingrg/check_reg.html?_=1583377885839 HTTP/1.1" 200 22
124.77.241.94 - - [05/Mar/2020:11:11:43 +0800] "GET /xingrg/all/function/internal_message.html?_=1583377915924&CODE_STATE=getMsg HTTP/1.1" 200 27
114.93.75.19 - - [05/Mar/2020:11:11:46 +0800] "GET /xingrg/all/function/internal_message.html?_=1583377912476&CODE_STATE=getMsg HTTP/1.1" 302 -
117.184.7.30 - - [05/Mar/2020:11:11:52 +0800] "GET /xingrg/kc/buy/cgsh_order_operate.html?command=get_materiel&rest_code=00108&code=00101008357&supplier_code=00100007&order_time=2020-03-05 HTTP/1.1" 200 428
114.93.75.19 - - [05/Mar/2020:11:11:56 +0800] "GET /xingrg/check_reg.html?_=1583377967199 HTTP/1.1" 200 22
114.93.75.19 - - [05/Mar/2020:11:11:57 +0800] "GET /xingrg/all/function/internal_message.html?_=1583377967678&CODE_STATE=getMsg HTTP/1.1" 200 27
117.184.7.30 - - [05/Mar/2020:11:12:02 +0800] "GET /xingrg/kc/buy/cgsh_order_operate.html?command=get_materiel&rest_code=00108&code=00101008359&supplier_code=00100007&order_time=2020-03-05 HTTP/1.1" 200 427
117.184.7.30 - - [05/Mar/2020:11:12:18 +0800] "GET /xingrg/all/function/internal_message.html?_=1583377926978&CODE_STATE=getMsg HTTP/1.1" 200 27
180.156.150.85 - - [05/Mar/2020:11:12:21 +0800] "GET /xingrg/all/function/internal_message.html?_=1583377937797&CODE_STATE=getMsg HTTP/1.1" 200 27
180.157.252.250 - - [05/Mar/2020:11:12:21 +0800] "GET /xingrg/all/function/internal_message.html?_=1583377929747&CODE_STATE=getMsg HTTP/1.1" 200 27
114.93.75.19 - - [05/Mar/2020:11:12:22 +0800] "GET /xingrg/all/function/internal_message.html?_=1583377941742&CODE_STATE=getMsg HTTP/1.1" 200 27
120.253.135.82 - - [05/Mar/2020:11:12:24 +0800] "GET /xingrg/all/function/internal_message.html?_=1583378009603&CODE_STATE=getMsg HTTP/1.1" 200 27
114.93.75.19 - - [05/Mar/2020:11:12:28 +0800] "GET /xingrg/all/function/internal_message.html?_=1583377955222&CODE_STATE=getMsg HTTP/1.1" 302 -
114.93.75.19 - - [05/Mar/2020:11:12:29 +0800] "GET /xingrg/all/function/internal_message.html?_=1583377945840&CODE_STATE=getMsg HTTP/1.1" 200 27
117.184.7.30 - - [05/Mar/2020:11:12:32 +0800] "GET /xingrg/kc/buy/cgsh_order_operate.html?command=get_materiel&rest_code=00108&code=00101008296&supplier_code=00100007&order_time=2020-03-05 HTTP/1.1" 200 437
180.157.252.250 - - [05/Mar/2020:11:12:40 +0800] "GET /xingrg/check_reg.html?_=1583377964498 HTTP/1.1" 200 22
124.77.241.94 - - [05/Mar/2020:11:12:43 +0800] "GET /xingrg/all/function/internal_message.html?_=1583377975967&CODE_STATE=getMsg HTTP/1.1" 200 27
117.184.7.30 - - [05/Mar/2020:11:12:44 +0800] "GET /xingrg/kc/buy/cgsh_order_operate.html?command=get_materiel&rest_code=00108&code=00101008356&supplier_code=00100007&order_time=2020-03-05 HTTP/1.1" 200 423
114.93.75.19 - - [05/Mar/2020:11:12:46 +0800] "GET /xingrg/all/function/internal_message.html?_=1583377972478&CODE_STATE=getMsg HTTP/1.1" 302 -
114.93.75.19 - - [05/Mar/2020:11:12:46 +0800] "GET /xingrg/check_reg.html?_=1583377972481 HTTP/1.1" 302 -
117.184.7.30 - - [05/Mar/2020:11:12:54 +0800] "GET /xingrg/kc/buy/cgsh_order_operate.html?command=get_materiel&rest_code=00108&code=00101008271&supplier_code=00100007&order_time=2020-03-05 HTTP/1.1" 200 429
114.93.75.19 - - [05/Mar/2020:11:12:57 +0800] "GET /xingrg/all/function/internal_message.html?_=1583378027690&CODE_STATE=getMsg HTTP/1.1" 200 27
117.184.7.30 - - [05/Mar/2020:11:13:03 +0800] "GET /xingrg/kc/buy/cgsh_order_operate.html?command=get_materiel&rest_code=00108&code=00101008213&supplier_code=00100007&order_time=2020-03-05 HTTP/1.1" 200 432
117.184.7.30 - - [05/Mar/2020:11:13:16 +0800] "GET /xingrg/kc/buy/cgsh_order_operate.html?command=get_materiel&rest_code=00108&code=00101008096&supplier_code=00100007&order_time=2020-03-05 HTTP/1.1" 200 427
117.184.7.30 - - [05/Mar/2020:11:13:18 +0800] "GET /xingrg/all/function/internal_message.html?_=1583377987026&CODE_STATE=getMsg HTTP/1.1" 200 27
180.156.150.85 - - [05/Mar/2020:11:13:21 +0800] "GET /xingrg/all/function/internal_message.html?_=1583377997798&CODE_STATE=getMsg HTTP/1.1" 200 27
180.157.252.250 - - [05/Mar/2020:11:13:21 +0800] "GET /xingrg/all/function/internal_message.html?_=1583377989735&CODE_STATE=getMsg HTTP/1.1" 200 27
180.157.252.250 - - [05/Mar/2020:11:13:21 +0800] "GET /xingrg/check_reg.html?_=1583377989738 HTTP/1.1" 200 22
114.93.75.19 - - [05/Mar/2020:11:13:22 +0800] "GET /xingrg/all/function/internal_message.html?_=1583378001744&CODE_STATE=getMsg HTTP/1.1" 200 27
120.253.135.82 - - [05/Mar/2020:11:13:24 +0800] "GET /xingrg/all/function/internal_message.html?_=1583378069617&CODE_STATE=getMsg HTTP/1.1" 200 27
114.93.75.19 - - [05/Mar/2020:11:13:28 +0800] "GET /xingrg/all/function/internal_message.html?_=1583378015222&CODE_STATE=getMsg HTTP/1.1" 302 -
114.93.75.19 - - [05/Mar/2020:11:13:29 +0800] "GET /xingrg/all/function/internal_message.html?_=1583378005841&CODE_STATE=getMsg HTTP/1.1" 200 27
117.184.7.30 - - [05/Mar/2020:11:13:30 +0800] "GET /xingrg/kc/buy/cgsh_order_operate.html?command=get_materiel&rest_code=00108&code=00101008361&supplier_code=00100007&order_time=2020-03-05 HTTP/1.1" 200 428
117.184.7.30 - - [05/Mar/2020:11:13:37 +0800] "GET /xingrg/kc/buy/cgsh_order_operate.html?command=get_materiel&rest_code=00108&code=00101008270&supplier_code=00100007&order_time=2020-03-05 HTTP/1.1" 200 431
124.77.241.94 - - [05/Mar/2020:11:13:43 +0800] "GET /xingrg/all/function/internal_message.html?_=1583378035982&CODE_STATE=getMsg HTTP/1.1" 200 27
114.93.75.19 - - [05/Mar/2020:11:13:46 +0800] "GET /xingrg/all/function/internal_message.html?_=1583378032480&CODE_STATE=getMsg HTTP/1.1" 302 -
117.184.7.30 - - [05/Mar/2020:11:13:51 +0800] "GET /xingrg/kc/buy/cgsh_order_operate.html?command=get_materiel&rest_code=00108&code=00101008017&supplier_code=00100007&order_time=2020-03-05 HTTP/1.1" 200 435
114.93.75.19 - - [05/Mar/2020:11:13:57 +0800] "GET /xingrg/all/function/internal_message.html?_=1583378087706&CODE_STATE=getMsg HTTP/1.1" 200 27
117.184.7.30 - - [05/Mar/2020:11:14:05 +0800] "POST /xingrg/kc/buy/cgsh_order_operate.html HTTP/1.1" 200 37
117.184.7.30 - - [05/Mar/2020:11:14:06 +0800] "POST /xingrg/kc/buy/cgsh_order_operate.html HTTP/1.1" 200 11609
117.184.7.30 - - [05/Mar/2020:11:14:07 +0800] "GET /xingrg/kc/print/load_config.html?kc_code=cgsh HTTP/1.1" 200 1841
117.184.7.30 - - [05/Mar/2020:11:14:07 +0800] "GET /xingrg/kc/print/load_data.html?order_code=212020030500310&kc_code=cgsh&condition= HTTP/1.1" 200 4154
117.184.7.30 - - [05/Mar/2020:11:14:18 +0800] "GET /xingrg/check_reg.html?_=1583378046980 HTTP/1.1" 200 22
117.184.7.30 - - [05/Mar/2020:11:14:18 +0800] "GET /xingrg/all/function/internal_message.html?_=1583378047001&CODE_STATE=getMsg HTTP/1.1" 200 27
180.156.150.85 - - [05/Mar/2020:11:14:21 +0800] "GET /xingrg/all/function/internal_message.html?_=1583378057798&CODE_STATE=getMsg HTTP/1.1" 200 27
180.157.252.250 - - [05/Mar/2020:11:14:21 +0800] "GET /xingrg/all/function/internal_message.html?_=1583378049741&CODE_STATE=getMsg HTTP/1.1" 200 27
114.93.75.19 - - [05/Mar/2020:11:14:22 +0800] "GET /xingrg/all/function/internal_message.html?_=1583378061734&CODE_STATE=getMsg HTTP/1.1" 200 27
120.253.135.82 - - [05/Mar/2020:11:14:24 +0800] "GET /xingrg/all/function/internal_message.html?_=1583378129634&CODE_STATE=getMsg HTTP/1.1" 200 27
114.93.75.19 - - [05/Mar/2020:11:14:28 +0800] "GET /xingrg/all/function/internal_message.html?_=1583378075222&CODE_STATE=getMsg HTTP/1.1" 302 -
114.93.75.19 - - [05/Mar/2020:11:14:29 +0800] "GET /xingrg/all/function/internal_message.html?_=1583378065844&CODE_STATE=getMsg HTTP/1.1" 200 27
117.184.7.30 - - [05/Mar/2020:11:14:32 +0800] "GET /xingrg/kc/buy/cgsh_order_add.html HTTP/1.1" 200 57651
117.184.7.30 - - [05/Mar/2020:11:14:33 +0800] "POST /xingrg/kc/buy/cgsh_order_operate.html HTTP/1.1" 200 8245
117.184.7.26 - - [05/Mar/2020:11:14:33 +0800] "GET /xingrg/javascript/easyui/themes/default/validatebox.css HTTP/1.1" 404 1104
124.77.241.94 - - [05/Mar/2020:11:14:43 +0800] "GET /xingrg/all/function/internal_message.html?_=1583378096019&CODE_STATE=getMsg HTTP/1.1" 200 27
116.233.73.109 - - [05/Mar/2020:11:14:44 +0800] "GET /xingrg/login.html HTTP/1.1" 200 7639
116.233.73.109 - - [05/Mar/2020:11:14:45 +0800] "GET /favicon.ico HTTP/1.1" 404 -
114.93.75.19 - - [05/Mar/2020:11:14:46 +0800] "GET /xingrg/all/function/internal_message.html?_=1583378092481&CODE_STATE=getMsg HTTP/1.1" 302 -
117.184.7.30 - - [05/Mar/2020:11:14:49 +0800] "GET /xingrg/kc/buy/cgsh_order_operate.html?command=get_materiel&rest_code=00108&code=00101008354&supplier_code=00100007&order_time=2020-03-03 HTTP/1.1" 200 427
116.233.73.109 - - [05/Mar/2020:11:14:49 +0800] "POST /xingrg/login.do HTTP/1.1" 302 -
116.233.73.109 - - [05/Mar/2020:11:14:49 +0800] "GET /xingrg/index.html?sysBaseUrl=http%3A%2F%2F117.131.15.22%3A18081%2Fxingrg%2F&costTime=48×tamp=1583378089910 HTTP/1.1" 200 17151
116.233.73.109 - - [05/Mar/2020:11:14:50 +0800] "POST /xingrg/all/common/load_tree.html?tree=area_rest_tree_json&manage=1 HTTP/1.1" 200 342
116.233.73.109 - - [05/Mar/2020:11:14:50 +0800] "GET /xingrg/all/function/internal_message.html?_=1583378111541&CODE_STATE=count HTTP/1.1" 200 11
116.233.73.109 - - [05/Mar/2020:11:14:50 +0800] "GET /xingrg/check_reg.html?_=1583378111544 HTTP/1.1" 200 22
116.233.73.109 - - [05/Mar/2020:11:14:50 +0800] "POST /xingrg/load_menu.html HTTP/1.1" 200 5124
116.233.73.109 - - [05/Mar/2020:11:14:52 +0800] "GET /xingrg/kc/buy/buy_main.html HTTP/1.1" 200 12398
116.233.73.109 - - [05/Mar/2020:11:14:52 +0800] "GET /xingrg/css/new_ie.css HTTP/1.1" 404 1036
116.233.73.109 - - [05/Mar/2020:11:14:54 +0800] "GET /xingrg/kc/buy/cgsh_order_list.html HTTP/1.1" 200 42034
116.233.73.109 - - [05/Mar/2020:11:14:55 +0800] "POST /xingrg/kc/buy/cgsh_list_operate.html HTTP/1.1" 200 5203
114.93.75.19 - - [05/Mar/2020:11:14:57 +0800] "GET /xingrg/all/function/internal_message.html?_=1583378147722&CODE_STATE=getMsg HTTP/1.1" 200 27
116.233.73.109 - - [05/Mar/2020:11:15:00 +0800] "POST /xingrg/kc/buy/cgsh_list_operate.html HTTP/1.1" 200 8796
