114.88.159.93 - - [05/Mar/2020:11:49:25 +0800] "GET /xingrg/kc/buy/cgsh_order_operate.html?command=get_materiel&rest_code=00141&code=00101008356&supplier_code=00100007&order_time=2020-03-05 HTTP/1.1" 200 423
114.93.75.19 - - [05/Mar/2020:11:49:28 +0800] "GET /xingrg/all/function/internal_message.html?_=1583380175301&CODE_STATE=getMsg HTTP/1.1" 302 -
114.93.75.19 - - [05/Mar/2020:11:49:29 +0800] "POST /xingrg/load_menu.html HTTP/1.1" 200 9905
114.93.75.19 - - [05/Mar/2020:11:49:29 +0800] "GET /xingrg/all/function/internal_message.html?_=1583380165850&CODE_STATE=getMsg HTTP/1.1" 200 27
114.93.75.19 - - [05/Mar/2020:11:49:29 +0800] "GET /xingrg/javascript/jquery_easy_ui/themes/default/images/button_plain_hover.png HTTP/1.1" 304 -
114.93.75.19 - - [05/Mar/2020:11:49:30 +0800] "GET /xingrg/all/report/report_query.html?fileName=dma/new_5.0/yingye/yy_hz.xml&rw=1600 HTTP/1.1" 200 56125
114.93.75.19 - - [05/Mar/2020:11:49:30 +0800] "GET /xingrg/javascript/jquery_easy_ui/themes/default/images/tabs_close.gif HTTP/1.1" 304 -
114.93.75.19 - - [05/Mar/2020:11:49:30 +0800] "GET /xingrg/css/blue.css HTTP/1.1" 304 -
114.93.75.19 - - [05/Mar/2020:11:49:30 +0800] "GET /xingrg/javascript/multi_select/jqueryMultiSelect.css HTTP/1.1" 304 -
114.93.75.19 - - [05/Mar/2020:11:49:31 +0800] "GET /xingrg/javascript/calendar/timePicker.css HTTP/1.1" 304 -
114.93.75.19 - - [05/Mar/2020:11:49:31 +0800] "GET /xingrg/javascript/bigrid/fix.css HTTP/1.1" 304 -
114.93.75.19 - - [05/Mar/2020:11:49:31 +0800] "GET /xingrg/javascript/pic_change.js HTTP/1.1" 304 -
114.93.75.19 - - [05/Mar/2020:11:49:31 +0800] "GET /xingrg/dwr/interface/AjaxReportQueryService.js HTTP/1.1" 200 13203
114.93.75.19 - - [05/Mar/2020:11:49:31 +0800] "GET /xingrg/dwr/engine.js HTTP/1.1" 200 43631
114.93.75.19 - - [05/Mar/2020:11:49:31 +0800] "GET /xingrg/javascript/myfunction.js HTTP/1.1" 304 -
114.93.75.19 - - [05/Mar/2020:11:49:31 +0800] "GET /xingrg/javascript/jqueryMultiSelect.js HTTP/1.1" 304 -
114.93.75.19 - - [05/Mar/2020:11:49:31 +0800] "GET /xingrg/javascript/Calendar.js HTTP/1.1" 304 -
114.93.75.19 - - [05/Mar/2020:11:49:31 +0800] "GET /xingrg/javascript/calendar/jquery.timePicker.min.js HTTP/1.1" 304 -
114.93.75.19 - - [05/Mar/2020:11:49:31 +0800] "GET /xingrg/javascript/bigrid/fix.js HTTP/1.1" 304 -
114.93.75.19 - - [05/Mar/2020:11:49:32 +0800] "GET /xingrg/images/control/loading.gif HTTP/1.1" 304 -
114.93.75.19 - - [05/Mar/2020:11:49:32 +0800] "GET /xingrg/images/blue/button/advanceover.gif HTTP/1.1" 304 -
114.93.75.19 - - [05/Mar/2020:11:49:32 +0800] "GET /xingrg/images/blue/button/advance2over.gif HTTP/1.1" 304 -
114.93.75.19 - - [05/Mar/2020:11:49:32 +0800] "GET /xingrg/images/blue/button/back2over.gif HTTP/1.1" 304 -
114.93.75.19 - - [05/Mar/2020:11:49:32 +0800] "GET /xingrg/images/blue/button/backover.gif HTTP/1.1" 304 -
114.93.75.19 - - [05/Mar/2020:11:49:32 +0800] "GET /xingrg/system/rest/query_items.html?_=1583380167822&table=menu&page=2&rows=20&categoryId=16&key= HTTP/1.1" 200 4865
114.93.75.19 - - [05/Mar/2020:11:49:32 +0800] "GET /xingrg/javascript/jquery_easy_ui/themes/default/images/menu.gif HTTP/1.1" 304 -
114.93.75.19 - - [05/Mar/2020:11:49:32 +0800] "GET /xingrg/javascript/jquery_easy_ui/themes/icons/print.png HTTP/1.1" 304 -
114.93.75.19 - - [05/Mar/2020:11:49:32 +0800] "GET /xingrg/javascript/jquery_easy_ui/themes/icons/pencil.png HTTP/1.1" 304 -
114.93.75.19 - - [05/Mar/2020:11:49:32 +0800] "GET /xingrg/javascript/jquery_easy_ui/themes/icons/help.png HTTP/1.1" 304 -
114.93.75.19 - - [05/Mar/2020:11:49:32 +0800] "GET /xingrg/javascript/jquery_easy_ui/themes/default/images/menu_downarrow.png HTTP/1.1" 304 -
114.93.75.19 - - [05/Mar/2020:11:49:32 +0800] "GET /xingrg/javascript/jquery_easy_ui/themes/default/images/menu_rightarrow.png HTTP/1.1" 304 -
114.93.75.19 - - [05/Mar/2020:11:49:33 +0800] "POST /xingrg/all/common/load_tree.html?tree=area_station_tree_json&manage=1 HTTP/1.1" 200 2981
114.93.75.19 - - [05/Mar/2020:11:49:33 +0800] "GET /xingrg/javascript/jquery_easy_ui/themes/default/images/combo_arrow_dot.gif HTTP/1.1" 304 -
114.93.75.19 - - [05/Mar/2020:11:49:33 +0800] "POST /xingrg/dwr/call/plaincall/AjaxReportQueryService.getFixDate.dwr HTTP/1.1" 200 111
114.93.75.19 - - [05/Mar/2020:11:49:33 +0800] "GET /xingrg/javascript/jquery_easy_ui/themes/default/images/tree_checkbox_0.gif HTTP/1.1" 304 -
114.93.75.19 - - [05/Mar/2020:11:49:34 +0800] "GET /xingrg/all/report/report_query.html?fileName=dma/new_5.0/yingye/order_list.xml HTTP/1.1" 200 55251
114.93.75.19 - - [05/Mar/2020:11:49:34 +0800] "GET /xingrg/dwr/interface/AjaxReportQueryService.js HTTP/1.1" 200 13203
114.93.75.19 - - [05/Mar/2020:11:49:34 +0800] "GET /xingrg/dwr/engine.js HTTP/1.1" 200 43631
114.93.75.19 - - [05/Mar/2020:11:49:35 +0800] "POST /xingrg/dwr/call/plaincall/AjaxReportQueryService.getFixDate.dwr HTTP/1.1" 200 111
114.93.75.19 - - [05/Mar/2020:11:49:35 +0800] "POST /xingrg/all/common/load_tree.html?tree=area_station_tree_json&manage=1 HTTP/1.1" 200 2981
114.88.159.93 - - [05/Mar/2020:11:49:35 +0800] "GET /xingrg/all/function/internal_message.html?_=1583379904925&CODE_STATE=getMsg HTTP/1.1" 200 27
114.93.75.19 - - [05/Mar/2020:11:49:35 +0800] "POST /xingrg/dwr/call/plaincall/AjaxReportQueryService.getInitString.dwr HTTP/1.1" 200 76
114.93.75.19 - - [05/Mar/2020:11:49:36 +0800] "GET /xingrg/all/function/internal_message.html?_=1583380171383&CODE_STATE=getMsg HTTP/1.1" 200 27
124.77.241.94 - - [05/Mar/2020:11:49:44 +0800] "GET /xingrg/all/function/internal_message.html?_=1583380196751&CODE_STATE=getMsg HTTP/1.1" 200 27
114.93.75.19 - - [05/Mar/2020:11:49:46 +0800] "GET /xingrg/all/function/internal_message.html?_=1583380192573&CODE_STATE=getMsg HTTP/1.1" 302 -
116.233.73.109 - - [05/Mar/2020:11:49:47 +0800] "GET /xingrg/check_reg.html?_=1583380245239 HTTP/1.1" 200 22
116.233.73.109 - - [05/Mar/2020:11:49:47 +0800] "GET /xingrg/all/function/internal_message.html?_=1583380245250&CODE_STATE=getMsg HTTP/1.1" 200 27
114.93.75.19 - - [05/Mar/2020:11:49:48 +0800] "GET /xingrg/javascript/jquery_easy_ui/themes/default/images/tree_checkbox_1.gif HTTP/1.1" 304 -
114.93.75.19 - - [05/Mar/2020:11:49:48 +0800] "GET /xingrg/javascript/jquery_easy_ui/themes/default/images/tree_checkbox_2.gif HTTP/1.1" 304 -
114.93.75.19 - - [05/Mar/2020:11:49:48 +0800] "POST /xingrg/dwr/call/plaincall/AjaxReportQueryService.queryInitializeString.dwr HTTP/1.1" 200 203
114.93.75.19 - - [05/Mar/2020:11:49:50 +0800] "GET /xingrg/javascript/multi_select/dropdown_hover.gif HTTP/1.1" 200 61
114.93.75.19 - - [05/Mar/2020:11:49:50 +0800] "GET /xingrg/javascript/multi_select/dropdown_active.gif HTTP/1.1" 200 61
114.93.75.19 - - [05/Mar/2020:11:49:53 +0800] "POST /xingrg/dwr/call/plaincall/AjaxReportQueryService.refreshCache.dwr HTTP/1.1" 200 78
114.93.75.19 - - [05/Mar/2020:11:49:53 +0800] "POST /xingrg/all/report/load_report_page.html HTTP/1.1" 200 54342
114.93.75.19 - - [05/Mar/2020:11:49:53 +0800] "GET /xingrg/servlets/image?cache=0.7228702773532233&image=px HTTP/1.1" 200 807
114.93.75.19 - - [05/Mar/2020:11:50:01 +0800] "GET /xingrg/dma/order_info.html?id=29723&sid=13&sale_day=20200101 HTTP/1.1" 200 16902
114.93.75.19 - - [05/Mar/2020:11:50:01 +0800] "GET /xingrg/all/function/internal_message.html?_=1583380525506&CODE_STATE=getMsg HTTP/1.1" 200 27
114.93.75.19 - - [05/Mar/2020:11:50:01 +0800] "GET /favicon.ico HTTP/1.1" 404 -
124.77.241.94 - - [05/Mar/2020:11:50:20 +0800] "GET /xingrg/check_reg.html?_=1583380233164 HTTP/1.1" 200 22
180.157.252.250 - - [05/Mar/2020:11:50:21 +0800] "GET /xingrg/all/function/internal_message.html?_=1583380209734&CODE_STATE=getMsg HTTP/1.1" 200 27
114.93.75.19 - - [05/Mar/2020:11:50:22 +0800] "GET /xingrg/all/function/internal_message.html?_=1583380221731&CODE_STATE=getMsg HTTP/1.1" 200 27
114.93.75.19 - - [05/Mar/2020:11:50:22 +0800] "GET /xingrg/check_reg.html?_=1583380221733 HTTP/1.1" 200 22
120.253.135.82 - - [05/Mar/2020:11:50:24 +0800] "GET /xingrg/all/function/internal_message.html?_=1583380290120&CODE_STATE=getMsg HTTP/1.1" 200 27
114.93.75.19 - - [05/Mar/2020:11:50:24 +0800] "GET /xingrg/all/function/internal_message.html?_=1583380387108&CODE_STATE=getMsg HTTP/1.1" 200 27
180.156.150.85 - - [05/Mar/2020:11:50:26 +0800] "GET /xingrg/kc/base/wldb_order_operate.html?command=get_materiel&rest_code=00105&base_code=0010513&code=00101010518 HTTP/1.1" 200 414
114.93.75.19 - - [05/Mar/2020:11:50:28 +0800] "GET /xingrg/all/function/internal_message.html?_=1583380235301&CODE_STATE=getMsg HTTP/1.1" 302 -
114.93.75.19 - - [05/Mar/2020:11:50:28 +0800] "GET /xingrg/login.html HTTP/1.1" 200 7639
114.93.75.19 - - [05/Mar/2020:11:50:29 +0800] "GET /xingrg/all/function/internal_message.html?_=1583380225838&CODE_STATE=getMsg HTTP/1.1" 200 27
114.93.75.19 - - [05/Mar/2020:11:50:30 +0800] "GET /favicon.ico HTTP/1.1" 404 -
114.93.75.19 - - [05/Mar/2020:11:50:31 +0800] "POST /xingrg/login.do HTTP/1.1" 302 -
114.93.75.19 - - [05/Mar/2020:11:50:31 +0800] "GET /xingrg/index.html?sysBaseUrl=http%3A%2F%2F117.131.15.22%3A18081%2Fxingrg%2F&costTime=35×tamp=1583380231514 HTTP/1.1" 200 17157
114.93.75.19 - - [05/Mar/2020:11:50:31 +0800] "GET /favicon.ico HTTP/1.1" 404 -
114.93.75.19 - - [05/Mar/2020:11:50:31 +0800] "POST /xingrg/all/common/load_tree.html?tree=area_rest_tree_json&manage=1 HTTP/1.1" 200 351
114.93.75.19 - - [05/Mar/2020:11:50:32 +0800] "GET /xingrg/all/function/internal_message.html?_=1583380231282&CODE_STATE=count HTTP/1.1" 200 11
114.93.75.19 - - [05/Mar/2020:11:50:32 +0800] "GET /xingrg/check_reg.html?_=1583380231283 HTTP/1.1" 200 22
114.93.75.19 - - [05/Mar/2020:11:50:32 +0800] "POST /xingrg/load_menu.html HTTP/1.1" 200 5124
114.88.159.93 - - [05/Mar/2020:11:50:35 +0800] "GET /xingrg/all/function/internal_message.html?_=1583379964908&CODE_STATE=getMsg HTTP/1.1" 200 27
114.93.75.19 - - [05/Mar/2020:11:50:36 +0800] "GET /xingrg/all/function/internal_message.html?_=1583380231398&CODE_STATE=getMsg HTTP/1.1" 200 27
120.253.135.82 - - [05/Mar/2020:11:50:42 +0800] "GET /xingrg/check_reg.html?_=1583379980633 HTTP/1.1" 302 -
114.93.75.19 - - [05/Mar/2020:11:50:44 +0800] "GET /xingrg/kc/buy/buy_main.html HTTP/1.1" 200 12398
114.93.75.19 - - [05/Mar/2020:11:50:44 +0800] "GET /xingrg/css/new_ie.css HTTP/1.1" 404 1036
124.77.241.94 - - [05/Mar/2020:11:50:44 +0800] "GET /xingrg/all/function/internal_message.html?_=1583380256767&CODE_STATE=getMsg HTTP/1.1" 200 27
180.156.150.85 - - [05/Mar/2020:11:50:46 +0800] "GET /xingrg/kc/base/wldb_order_operate.html?command=get_materiel&rest_code=00105&base_code=0010513&code=00101007067 HTTP/1.1" 200 430
114.93.75.19 - - [05/Mar/2020:11:50:46 +0800] "GET /xingrg/all/function/internal_message.html?_=1583380252557&CODE_STATE=getMsg HTTP/1.1" 302 -
116.233.73.109 - - [05/Mar/2020:11:50:47 +0800] "GET /xingrg/all/function/internal_message.html?_=1583380305247&CODE_STATE=getMsg HTTP/1.1" 200 27
114.93.75.19 - - [05/Mar/2020:11:50:47 +0800] "GET /xingrg/images/yd/bt.gif HTTP/1.1" 404 1040
114.93.75.19 - - [05/Mar/2020:11:50:48 +0800] "GET /xingrg/kc/buy/cgsh_order_list.html HTTP/1.1" 200 42040
114.93.75.19 - - [05/Mar/2020:11:50:49 +0800] "POST /xingrg/kc/buy/cgsh_list_operate.html HTTP/1.1" 200 876
114.93.75.19 - - [05/Mar/2020:11:50:57 +0800] "GET /xingrg/system/rest/query_items.html?_=1583380253039&table=menu&page=3&rows=20&categoryId=16&key= HTTP/1.1" 200 4798
114.93.75.19 - - [05/Mar/2020:11:51:01 +0800] "GET /xingrg/all/function/internal_message.html?_=1583380585505&CODE_STATE=getMsg HTTP/1.1" 200 27
180.156.150.85 - - [05/Mar/2020:11:51:21 +0800] "GET /xingrg/check_reg.html?_=1583380277857 HTTP/1.1" 200 22
120.253.135.82 - - [05/Mar/2020:11:51:21 +0800] "GET /xingrg/check_reg.html?_=1583380347203 HTTP/1.1" 200 22
180.157.252.250 - - [05/Mar/2020:11:51:21 +0800] "GET /xingrg/all/function/internal_message.html?_=1583380269738&CODE_STATE=getMsg HTTP/1.1" 200 27
114.93.75.19 - - [05/Mar/2020:11:51:22 +0800] "GET /xingrg/all/function/internal_message.html?_=1583380281735&CODE_STATE=getMsg HTTP/1.1" 200 27
120.253.135.82 - - [05/Mar/2020:11:51:24 +0800] "GET /xingrg/all/function/internal_message.html?_=1583380350133&CODE_STATE=getMsg HTTP/1.1" 200 27
114.93.75.19 - - [05/Mar/2020:11:51:24 +0800] "GET /xingrg/all/function/internal_message.html?_=1583380447099&CODE_STATE=getMsg HTTP/1.1" 200 27
114.93.75.19 - - [05/Mar/2020:11:51:26 +0800] "GET /xingrg/system/rest/query_items.html?_=1583380281770&table=menu&page=4&rows=20&categoryId=16&key= HTTP/1.1" 200 4862
114.93.75.19 - - [05/Mar/2020:11:51:28 +0800] "GET /xingrg/check_reg.html?_=1583380295304 HTTP/1.1" 302 -
114.93.75.19 - - [05/Mar/2020:11:51:28 +0800] "GET /xingrg/all/function/internal_message.html?_=1583380295306&CODE_STATE=getMsg HTTP/1.1" 302 -
114.93.75.19 - - [05/Mar/2020:11:51:29 +0800] "GET /xingrg/all/function/internal_message.html?_=1583380285842&CODE_STATE=getMsg HTTP/1.1" 200 27
114.93.75.19 - - [05/Mar/2020:11:51:29 +0800] "GET /xingrg/check_reg.html?_=1583380285847 HTTP/1.1" 200 22
114.93.75.19 - - [05/Mar/2020:11:51:32 +0800] "GET /xingrg/all/function/internal_message.html?_=1583380291298&CODE_STATE=getMsg HTTP/1.1" 200 27
114.88.159.93 - - [05/Mar/2020:11:51:35 +0800] "GET /xingrg/all/function/internal_message.html?_=1583380024896&CODE_STATE=getMsg HTTP/1.1" 200 27
114.88.159.93 - - [05/Mar/2020:11:51:35 +0800] "GET /xingrg/check_reg.html?_=1583380024957 HTTP/1.1" 200 22
114.93.75.19 - - [05/Mar/2020:11:51:36 +0800] "GET /xingrg/all/function/internal_message.html?_=1583380291410&CODE_STATE=getMsg HTTP/1.1" 200 27
124.77.241.94 - - [05/Mar/2020:11:51:44 +0800] "GET /xingrg/all/function/internal_message.html?_=1583380316779&CODE_STATE=getMsg HTTP/1.1" 200 27
114.93.75.19 - - [05/Mar/2020:11:51:46 +0800] "GET /xingrg/all/function/internal_message.html?_=1583380312572&CODE_STATE=getMsg HTTP/1.1" 302 -
116.233.73.109 - - [05/Mar/2020:11:51:47 +0800] "GET /xingrg/all/function/internal_message.html?_=1583380365250&CODE_STATE=getMsg HTTP/1.1" 200 27
180.156.150.85 - - [05/Mar/2020:11:51:57 +0800] "GET /xingrg/index.html?sysBaseUrl=http%3A%2F%2F117.131.15.22%3A18081%2Fxingrg%2F&costTime=34×tamp=1583376681001 HTTP/1.1" 200 17151
180.156.150.85 - - [05/Mar/2020:11:51:58 +0800] "POST /xingrg/all/common/load_tree.html?tree=area_rest_tree_json&manage=1 HTTP/1.1" 200 342
180.156.150.85 - - [05/Mar/2020:11:51:58 +0800] "GET /xingrg/all/function/internal_message.html?_=1583380314186&CODE_STATE=count HTTP/1.1" 200 11
180.156.150.85 - - [05/Mar/2020:11:51:58 +0800] "GET /xingrg/check_reg.html?_=1583380314186 HTTP/1.1" 200 22
180.156.150.85 - - [05/Mar/2020:11:51:58 +0800] "POST /xingrg/load_menu.html HTTP/1.1" 200 5124
180.156.150.85 - - [05/Mar/2020:11:51:58 +0800] "GET /favicon.ico HTTP/1.1" 404 -
114.93.75.19 - - [05/Mar/2020:11:52:01 +0800] "GET /xingrg/all/function/internal_message.html?_=1583380645520&CODE_STATE=getMsg HTTP/1.1" 200 27
114.93.75.19 - - [05/Mar/2020:11:52:01 +0800] "GET /xingrg/check_reg.html?_=1583380645522 HTTP/1.1" 200 22
180.156.150.85 - - [05/Mar/2020:11:52:02 +0800] "GET /xingrg/kc/base/base_main.html HTTP/1.1" 200 12138
180.156.150.85 - - [05/Mar/2020:11:52:05 +0800] "GET /xingrg/kc/base/wldb_order_list.html HTTP/1.1" 200 19244
180.156.150.85 - - [05/Mar/2020:11:52:05 +0800] "POST /xingrg/kc/base/wldb_list_operate.html HTTP/1.1" 200 928
180.156.150.85 - - [05/Mar/2020:11:52:09 +0800] "GET /xingrg/kc/base/wldb_order_add.html HTTP/1.1" 200 30290
180.156.150.85 - - [05/Mar/2020:11:52:09 +0800] "POST /xingrg/kc/base/wldb_order_operate.html HTTP/1.1" 200 6806
180.156.150.85 - - [05/Mar/2020:11:52:10 +0800] "GET /xingrg/javascript/easyui/themes/default/validatebox.css HTTP/1.1" 404 1104
180.156.150.85 - - [05/Mar/2020:11:52:12 +0800] "POST /xingrg/all/common/load_combo.html?type=base HTTP/1.1" 200 2878
180.156.150.85 - - [05/Mar/2020:11:52:16 +0800] "POST /xingrg/all/common/load_combo.html?type=base HTTP/1.1" 200 2878
180.157.252.250 - - [05/Mar/2020:11:52:21 +0800] "GET /xingrg/all/function/internal_message.html?_=1583380329743&CODE_STATE=getMsg HTTP/1.1" 200 27
114.93.75.19 - - [05/Mar/2020:11:52:22 +0800] "GET /xingrg/all/function/internal_message.html?_=1583380341733&CODE_STATE=getMsg HTTP/1.1" 200 27
120.253.135.82 - - [05/Mar/2020:11:52:24 +0800] "GET /xingrg/all/function/internal_message.html?_=1583380410147&CODE_STATE=getMsg HTTP/1.1" 200 27
114.93.75.19 - - [05/Mar/2020:11:52:24 +0800] "GET /xingrg/all/function/internal_message.html?_=1583380507098&CODE_STATE=getMsg HTTP/1.1" 200 27
114.93.75.19 - - [05/Mar/2020:11:52:28 +0800] "GET /xingrg/all/function/internal_message.html?_=1583380355297&CODE_STATE=getMsg HTTP/1.1" 302 -
114.93.75.19 - - [05/Mar/2020:11:52:29 +0800] "GET /xingrg/all/function/internal_message.html?_=1583380345848&CODE_STATE=getMsg HTTP/1.1" 200 27
114.93.75.19 - - [05/Mar/2020:11:52:32 +0800] "GET /xingrg/all/function/internal_message.html?_=1583380351297&CODE_STATE=getMsg HTTP/1.1" 200 27
114.88.159.93 - - [05/Mar/2020:11:52:35 +0800] "GET /xingrg/all/function/internal_message.html?_=1583380084905&CODE_STATE=getMsg HTTP/1.1" 200 27
180.156.150.85 - - [05/Mar/2020:11:52:35 +0800] "GET /xingrg/javascript/auto/indicator.gif HTTP/1.1" 404 1066
114.93.75.19 - - [05/Mar/2020:11:52:36 +0800] "GET /xingrg/check_reg.html?_=1583380351367 HTTP/1.1" 200 22
114.93.75.19 - - [05/Mar/2020:11:52:36 +0800] "GET /xingrg/all/function/internal_message.html?_=1583380351424&CODE_STATE=getMsg HTTP/1.1" 200 27
180.157.252.250 - - [05/Mar/2020:11:52:40 +0800] "GET /xingrg/check_reg.html?_=1583380364536 HTTP/1.1" 200 22
124.77.241.94 - - [05/Mar/2020:11:52:44 +0800] "GET /xingrg/all/function/internal_message.html?_=1583380376825&CODE_STATE=getMsg HTTP/1.1" 200 27
114.93.75.19 - - [05/Mar/2020:11:52:46 +0800] "GET /xingrg/all/function/internal_message.html?_=1583380372556&CODE_STATE=getMsg HTTP/1.1" 302 -
114.93.75.19 - - [05/Mar/2020:11:52:46 +0800] "GET /xingrg/check_reg.html?_=1583380372559 HTTP/1.1" 302 -
114.93.75.19 - - [05/Mar/2020:11:52:46 +0800] "GET /xingrg/system/rest/query_items.html?_=1583380361835&table=menu&page=5&rows=20&categoryId=16&key= HTTP/1.1" 200 4879
116.233.73.109 - - [05/Mar/2020:11:52:46 +0800] "GET /xingrg/all/function/internal_message.html?_=1583380425242&CODE_STATE=getMsg HTTP/1.1" 200 27
180.156.150.85 - - [05/Mar/2020:11:52:58 +0800] "GET /xingrg/all/function/internal_message.html?_=1583380374203&CODE_STATE=getMsg HTTP/1.1" 200 27
114.93.75.19 - - [05/Mar/2020:11:53:00 +0800] "GET /xingrg/system/rest/query_items.html?_=1583380375256&table=menu&page=6&rows=20&categoryId=16&key= HTTP/1.1" 200 4798
114.93.75.19 - - [05/Mar/2020:11:53:01 +0800] "GET /xingrg/all/function/internal_message.html?_=1583380705506&CODE_STATE=getMsg HTTP/1.1" 200 27
180.156.150.85 - - [05/Mar/2020:11:53:11 +0800] "GET /xingrg/kc/base/wldb_order_operate.html?command=get_materiel&rest_code=00105&base_code=0010513&code=00101001060 HTTP/1.1" 200 440
180.157.252.250 - - [05/Mar/2020:11:53:21 +0800] "GET /xingrg/check_reg.html?_=1583380389734 HTTP/1.1" 200 22
180.157.252.250 - - [05/Mar/2020:11:53:21 +0800] "GET /xingrg/all/function/internal_message.html?_=1583380389739&CODE_STATE=getMsg HTTP/1.1" 200 27
114.93.75.19 - - [05/Mar/2020:11:53:22 +0800] "GET /xingrg/all/function/internal_message.html?_=1583380401734&CODE_STATE=getMsg HTTP/1.1" 200 27
114.93.75.19 - - [05/Mar/2020:11:53:24 +0800] "GET /xingrg/all/function/internal_message.html?_=1583380567097&CODE_STATE=getMsg HTTP/1.1" 200 27
120.253.135.82 - - [05/Mar/2020:11:53:24 +0800] "GET /xingrg/all/function/internal_message.html?_=1583380470161&CODE_STATE=getMsg HTTP/1.1" 200 27
114.93.75.19 - - [05/Mar/2020:11:53:28 +0800] "GET /xingrg/all/function/internal_message.html?_=1583380415297&CODE_STATE=getMsg HTTP/1.1" 302 -
114.93.75.19 - - [05/Mar/2020:11:53:29 +0800] "GET /xingrg/all/function/internal_message.html?_=1583380405836&CODE_STATE=getMsg HTTP/1.1" 200 27
180.156.150.85 - - [05/Mar/2020:11:53:32 +0800] "GET /xingrg/kc/base/wldb_order_operate.html?command=get_materiel&rest_code=00105&base_code=0010513&code=00101001084 HTTP/1.1" 200 431
114.93.75.19 - - [05/Mar/2020:11:53:32 +0800] "GET /xingrg/all/function/internal_message.html?_=1583380411295&CODE_STATE=getMsg HTTP/1.1" 200 27
114.88.159.93 - - [05/Mar/2020:11:53:35 +0800] "GET /xingrg/all/function/internal_message.html?_=1583380144893&CODE_STATE=getMsg HTTP/1.1" 200 27
114.93.75.19 - - [05/Mar/2020:11:53:36 +0800] "GET /xingrg/all/function/internal_message.html?_=1583380411437&CODE_STATE=getMsg HTTP/1.1" 200 27
114.93.75.19 - - [05/Mar/2020:11:53:40 +0800] "GET /xingrg/dma/order_info.html?id=29723&sid=13&sale_day=20200101 HTTP/1.1" 200 16902
114.93.75.19 - - [05/Mar/2020:11:53:40 +0800] "GET /favicon.ico HTTP/1.1" 404 -
124.77.241.94 - - [05/Mar/2020:11:53:44 +0800] "GET /xingrg/all/function/internal_message.html?_=1583380436838&CODE_STATE=getMsg HTTP/1.1" 200 27
114.93.75.19 - - [05/Mar/2020:11:53:46 +0800] "GET /xingrg/all/function/internal_message.html?_=1583380432561&CODE_STATE=getMsg HTTP/1.1" 302 -
116.233.73.109 - - [05/Mar/2020:11:53:46 +0800] "GET /xingrg/all/function/internal_message.html?_=1583380485250&CODE_STATE=getMsg HTTP/1.1" 200 27
180.156.150.85 - - [05/Mar/2020:11:53:58 +0800] "GET /xingrg/all/function/internal_message.html?_=1583380434202&CODE_STATE=getMsg HTTP/1.1" 200 27
114.93.75.19 - - [05/Mar/2020:11:54:01 +0800] "GET /xingrg/all/function/internal_message.html?_=1583380765505&CODE_STATE=getMsg HTTP/1.1" 200 27
180.156.150.85 - - [05/Mar/2020:11:54:13 +0800] "GET /xingrg/kc/base/wlsy_order_list.html?syType=0 HTTP/1.1" 200 17364
180.156.150.85 - - [05/Mar/2020:11:54:13 +0800] "POST /xingrg/kc/base/wlsy_list_operate.html?syType=0 HTTP/1.1" 200 862
180.156.150.85 - - [05/Mar/2020:11:54:16 +0800] "GET /xingrg/kc/base/wlsy_order_add.html?syType=0 HTTP/1.1" 200 28497
180.156.150.85 - - [05/Mar/2020:11:54:17 +0800] "POST /xingrg/kc/base/wlsy_order_operate.html HTTP/1.1" 200 6806
180.156.150.85 - - [05/Mar/2020:11:54:17 +0800] "GET /xingrg/javascript/easyui/themes/default/validatebox.css HTTP/1.1" 404 1104
180.156.150.85 - - [05/Mar/2020:11:54:20 +0800] "POST /xingrg/all/common/load_combo.html?type=base HTTP/1.1" 200 2878
180.157.252.250 - - [05/Mar/2020:11:54:21 +0800] "GET /xingrg/all/function/internal_message.html?_=1583380449742&CODE_STATE=getMsg HTTP/1.1" 200 27
114.93.75.19 - - [05/Mar/2020:11:54:22 +0800] "GET /xingrg/all/function/internal_message.html?_=1583380461736&CODE_STATE=getMsg HTTP/1.1" 200 27
114.93.75.19 - - [05/Mar/2020:11:54:24 +0800] "GET /xingrg/all/function/internal_message.html?_=1583380627102&CODE_STATE=getMsg HTTP/1.1" 200 27
114.93.75.19 - - [05/Mar/2020:11:54:24 +0800] "GET /xingrg/check_reg.html?_=1583380627100 HTTP/1.1" 200 22
120.253.135.82 - - [05/Mar/2020:11:54:24 +0800] "GET /xingrg/all/function/internal_message.html?_=1583380530178&CODE_STATE=getMsg HTTP/1.1" 200 27
180.156.150.85 - - [05/Mar/2020:11:54:26 +0800] "GET /xingrg/javascript/easyui/themes/default/tree.css HTTP/1.1" 404 1090
180.156.150.85 - - [05/Mar/2020:11:54:26 +0800] "POST /xingrg/all/common/load_tree.html?tree=employee_tree_json HTTP/1.1" 200 22513
114.93.75.19 - - [05/Mar/2020:11:54:28 +0800] "GET /xingrg/all/function/internal_message.html?_=1583380475297&CODE_STATE=getMsg HTTP/1.1" 302 -
114.93.75.19 - - [05/Mar/2020:11:54:29 +0800] "GET /xingrg/all/function/internal_message.html?_=1583380465845&CODE_STATE=getMsg HTTP/1.1" 200 27
114.93.75.19 - - [05/Mar/2020:11:54:32 +0800] "GET /xingrg/all/function/internal_message.html?_=1583380471293&CODE_STATE=getMsg HTTP/1.1" 200 27
114.88.159.93 - - [05/Mar/2020:11:54:35 +0800] "GET /xingrg/all/function/internal_message.html?_=1583380204894&CODE_STATE=getMsg HTTP/1.1" 200 27
114.93.75.19 - - [05/Mar/2020:11:54:36 +0800] "GET /xingrg/all/function/internal_message.html?_=1583380471458&CODE_STATE=getMsg HTTP/1.1" 200 27
124.77.241.94 - - [05/Mar/2020:11:54:44 +0800] "GET /xingrg/all/function/internal_message.html?_=1583380496884&CODE_STATE=getMsg HTTP/1.1" 200 27
116.233.73.109 - - [05/Mar/2020:11:54:45 +0800] "GET /xingrg/check_reg.html?_=1583380545246 HTTP/1.1" 200 22
116.233.73.109 - - [05/Mar/2020:11:54:45 +0800] "GET /xingrg/all/function/internal_message.html?_=1583380545246&CODE_STATE=getMsg HTTP/1.1" 200 27
114.93.75.19 - - [05/Mar/2020:11:54:46 +0800] "GET /xingrg/all/function/internal_message.html?_=1583380492561&CODE_STATE=getMsg HTTP/1.1" 302 -
180.156.150.85 - - [05/Mar/2020:11:54:58 +0800] "GET /xingrg/all/function/internal_message.html?_=1583380494196&CODE_STATE=getMsg HTTP/1.1" 200 27
114.93.75.19 - - [05/Mar/2020:11:55:01 +0800] "GET /xingrg/all/function/internal_message.html?_=1583380825520&CODE_STATE=getMsg HTTP/1.1" 200 27
114.93.75.19 - - [05/Mar/2020:11:55:05 +0800] "GET /xingrg/all/report/report_query.html?fileName=dma/new_5.0/menu/menu_category_hz.xml HTTP/1.1" 200 53034
114.93.75.19 - - [05/Mar/2020:11:55:05 +0800] "GET /xingrg/dwr/interface/AjaxReportQueryService.js HTTP/1.1" 200 13203
114.93.75.19 - - [05/Mar/2020:11:55:05 +0800] "GET /xingrg/dwr/engine.js HTTP/1.1" 200 43631
114.93.75.19 - - [05/Mar/2020:11:55:05 +0800] "POST /xingrg/dwr/call/plaincall/AjaxReportQueryService.getFixDate.dwr HTTP/1.1" 200 111
114.93.75.19 - - [05/Mar/2020:11:55:06 +0800] "POST /xingrg/all/common/load_tree.html?tree=area_station_tree_json&manage=1 HTTP/1.1" 200 2981
180.156.150.85 - - [05/Mar/2020:11:55:09 +0800] "GET /xingrg/kc/base/wlsy_order_operate.html?command=get_materiel&rest_code=00105&base_code=0010513&code=00101008256 HTTP/1.1" 200 431
124.77.241.94 - - [05/Mar/2020:11:55:20 +0800] "GET /xingrg/check_reg.html?_=1583380533169 HTTP/1.1" 200 22
180.157.252.250 - - [05/Mar/2020:11:55:21 +0800] "GET /xingrg/all/function/internal_message.html?_=1583380509747&CODE_STATE=getMsg HTTP/1.1" 200 27
114.93.75.19 - - [05/Mar/2020:11:55:21 +0800] "POST /xingrg/dwr/call/plaincall/AjaxReportQueryService.queryInitializeString.dwr HTTP/1.1" 200 794
114.93.75.19 - - [05/Mar/2020:11:55:22 +0800] "GET /xingrg/check_reg.html?_=1583380521738 HTTP/1.1" 200 22
114.93.75.19 - - [05/Mar/2020:11:55:22 +0800] "GET /xingrg/all/function/internal_message.html?_=1583380521746&CODE_STATE=getMsg HTTP/1.1" 200 27
114.93.75.19 - - [05/Mar/2020:11:55:24 +0800] "GET /xingrg/all/function/internal_message.html?_=1583380687107&CODE_STATE=getMsg HTTP/1.1" 200 27
120.253.135.82 - - [05/Mar/2020:11:55:24 +0800] "GET /xingrg/all/function/internal_message.html?_=1583380590187&CODE_STATE=getMsg HTTP/1.1" 200 27
180.156.150.85 - - [05/Mar/2020:11:55:28 +0800] "GET /xingrg/kc/base/wlsy_order_operate.html?command=get_materiel&rest_code=00105&base_code=0010513&code=00101015054 HTTP/1.1" 200 419
114.93.75.19 - - [05/Mar/2020:11:55:28 +0800] "GET /xingrg/all/function/internal_message.html?_=1583380535323&CODE_STATE=getMsg HTTP/1.1" 302 -
114.93.75.19 - - [05/Mar/2020:11:55:29 +0800] "GET /xingrg/all/function/internal_message.html?_=1583380525848&CODE_STATE=getMsg HTTP/1.1" 200 27
114.93.75.19 - - [05/Mar/2020:11:55:29 +0800] "GET /xingrg/javascript/jquery_easy_ui/themes/default/images/button_plain_hover.png HTTP/1.1" 304 -
114.93.75.19 - - [05/Mar/2020:11:55:32 +0800] "GET /xingrg/check_reg.html?_=1583380531292 HTTP/1.1" 200 22
114.93.75.19 - - [05/Mar/2020:11:55:32 +0800] "GET /xingrg/all/function/internal_message.html?_=1583380531292&CODE_STATE=getMsg HTTP/1.1" 200 27
114.93.75.19 - - [05/Mar/2020:11:55:34 +0800] "GET /xingrg/all/report/report_query.html?fileName=dma/new_5.0/menu/menu_hz_all.xml HTTP/1.1" 200 51765
114.93.75.19 - - [05/Mar/2020:11:55:34 +0800] "GET /xingrg/dwr/interface/AjaxReportQueryService.js HTTP/1.1" 200 13203
114.93.75.19 - - [05/Mar/2020:11:55:34 +0800] "GET /xingrg/dwr/engine.js HTTP/1.1" 200 43631
114.93.75.19 - - [05/Mar/2020:11:55:35 +0800] "POST /xingrg/dwr/call/plaincall/AjaxReportQueryService.getFixDate.dwr HTTP/1.1" 200 111
114.93.75.19 - - [05/Mar/2020:11:55:35 +0800] "POST /xingrg/all/common/load_tree.html?tree=area_station_tree_json&manage=1 HTTP/1.1" 200 2981
114.88.159.93 - - [05/Mar/2020:11:55:35 +0800] "GET /xingrg/all/function/internal_message.html?_=1583380264895&CODE_STATE=getMsg HTTP/1.1" 200 27
114.93.75.19 - - [05/Mar/2020:11:55:36 +0800] "GET /xingrg/all/function/internal_message.html?_=1583380531464&CODE_STATE=getMsg HTTP/1.1" 200 27
120.253.135.82 - - [05/Mar/2020:11:55:42 +0800] "GET /xingrg/check_reg.html?_=1583380280637 HTTP/1.1" 302 -
124.77.241.94 - - [05/Mar/2020:11:55:44 +0800] "GET /xingrg/all/function/internal_message.html?_=1583380556896&CODE_STATE=getMsg HTTP/1.1" 200 27
114.88.159.93 - - [05/Mar/2020:11:55:44 +0800] "GET /xingrg/kc/buy/cgsh_order_operate.html?command=get_materiel&rest_code=00141&code=00101008131&supplier_code=00100007&order_time=2020-03-05 HTTP/1.1" 200 425
116.233.73.109 - - [05/Mar/2020:11:55:45 +0800] "GET /xingrg/all/function/internal_message.html?_=1583380605245&CODE_STATE=getMsg HTTP/1.1" 200 27
114.93.75.19 - - [05/Mar/2020:11:55:46 +0800] "GET /xingrg/all/function/internal_message.html?_=1583380552561&CODE_STATE=getMsg HTTP/1.1" 302 -
114.88.159.93 - - [05/Mar/2020:11:55:50 +0800] "GET /xingrg/kc/buy/cgsh_order_operate.html?command=get_materiel&rest_code=00141&code=00101008005&supplier_code=00100007&order_time=2020-03-05 HTTP/1.1" 200 433
114.88.159.93 - - [05/Mar/2020:11:55:56 +0800] "GET /xingrg/kc/buy/cgsh_order_operate.html?command=get_materiel&rest_code=00141&code=00101008353&supplier_code=00100007&order_time=2020-03-05 HTTP/1.1" 200 423
180.156.150.85 - - [05/Mar/2020:11:55:58 +0800] "GET /xingrg/all/function/internal_message.html?_=1583380554193&CODE_STATE=getMsg HTTP/1.1" 200 27
114.93.75.19 - - [05/Mar/2020:11:55:59 +0800] "POST /xingrg/dwr/call/plaincall/AjaxReportQueryService.refreshCache.dwr HTTP/1.1" 200 78
114.93.75.19 - - [05/Mar/2020:11:56:00 +0800] "POST /xingrg/all/report/load_report_page.html HTTP/1.1" 200 13068
114.93.75.19 - - [05/Mar/2020:11:56:00 +0800] "GET /xingrg/servlets/image?cache=0.7999429140414693&image=px HTTP/1.1" 200 807
114.93.75.19 - - [05/Mar/2020:11:56:01 +0800] "GET /xingrg/all/function/internal_message.html?_=1583380885519&CODE_STATE=getMsg HTTP/1.1" 200 27
114.88.159.93 - - [05/Mar/2020:11:56:04 +0800] "GET /xingrg/kc/buy/cgsh_order_operate.html?command=get_materiel&rest_code=00141&code=00101013203&supplier_code=00100007&order_time=2020-03-05 HTTP/1.1" 200 428
114.93.75.19 - - [05/Mar/2020:11:56:04 +0800] "GET /xingrg/all/report/report_query.html?isQuery=1&fileName=dma/new_5.0/menu/menu_mx.xml&queryString=(a.sale_day%2520between%252020200101%2520and%252020200101)%2520and%2520(a.sid%2520in%2520(13))%2520and%2520(a.menu_id%2520%253D%252020000)%2520and%2520(a.menu_name%253D'53%25E5%25BA%25A6%25E9%25A3%259E%25E5%25A4%25A9%25E8%258C%2585%25E5%258F%25B0'%2520and%2520a.menu_unit%253D'%25E7%2593%25B6')&queryText=%25E3%2580%2590%25E8%2590%25A5%25E4%25B8%259A%25E6%2597%25A5%25E6%259C%259F%253A2020-01-01%2520%25E8%2587%25B3%25202020-01-01%25E3%2580%2591%2520%25E5%25B9%25B6%25E4%25B8%2594%2520%2520%25E3%2580%2590%25E9%2597%25A8%25E5%25BA%2597%25E5%2590%258D%25E7%25A7%25B0%2520%253D%2520%25E6%25A6%2595%25E6%25B8%25AF%25E5%2590%258D%25E8%25BD%25A9%25E5%2590%25B4%25E4%25B8%25AD%25E5%25BA%2597%25E3%2580%2591%2520%25E5%25B9%25B6%25E4%25B8%2594%2520%2520%25E3%2580%2590%25E8%258F%259C%25E5%2593%2581%25E7%25BC%2596%25E5%258F%25B7%2520%253D%252020000%25E3%2580%2591%2520%25E5%25B9%25B6%25E4%25B8%2594%2520%25E3%2580%2590%25E8%258F%259C%25E5%2593%2581%25E5%2590%258D%25E7%25A7%25B0%2520%253D%252053%25E5%25BA%25A6%25E9%25A3%259E%25E5%25A4%25A9%25E8%258C%2585%25E5%258F%25B0%25E3%2580%2591%2520%25E3%2580%2590%25E5%258D%2595%25E4%25BD%258D%2520%253D%2520%25E7%2593%25B6%25E3%2580%2591 HTTP/1.1" 200 51803
114.93.75.19 - - [05/Mar/2020:11:56:04 +0800] "GET /xingrg/dwr/engine.js HTTP/1.1" 200 43631
114.93.75.19 - - [05/Mar/2020:11:56:04 +0800] "GET /favicon.ico HTTP/1.1" 404 -
114.93.75.19 - - [05/Mar/2020:11:56:04 +0800] "POST /xingrg/all/report/load_report_page.html HTTP/1.1" 200 15966
114.93.75.19 - - [05/Mar/2020:11:56:04 +0800] "GET /xingrg/servlets/image?cache=0.3116085339839286&image=px HTTP/1.1" 200 807
114.93.75.19 - - [05/Mar/2020:11:56:07 +0800] "GET /xingrg/system/rest/query_items.html?_=1583380563104&table=menu&page=7&rows=20&categoryId=16&key= HTTP/1.1" 200 4800
114.88.159.93 - - [05/Mar/2020:11:56:10 +0800] "GET /xingrg/kc/buy/cgsh_order_operate.html?command=get_materiel&rest_code=00141&code=00101008176&supplier_code=00100007&order_time=2020-03-05 HTTP/1.1" 200 433
114.93.75.19 - - [05/Mar/2020:11:56:17 +0800] "GET /xingrg/login.html HTTP/1.1" 200 7639
114.93.75.19 - - [05/Mar/2020:11:56:18 +0800] "GET /favicon.ico HTTP/1.1" 404 -
114.88.159.93 - - [05/Mar/2020:11:56:19 +0800] "GET /xingrg/kc/buy/cgsh_order_operate.html?command=get_materiel&rest_code=00141&code=00101008027&supplier_code=00100007&order_time=2020-03-05 HTTP/1.1" 200 423
120.253.135.82 - - [05/Mar/2020:11:56:21 +0800] "GET /xingrg/check_reg.html?_=1583380647209 HTTP/1.1" 200 22
180.157.252.250 - - [05/Mar/2020:11:56:21 +0800] "GET /xingrg/all/function/internal_message.html?_=1583380569737&CODE_STATE=getMsg HTTP/1.1" 200 27
114.93.75.19 - - [05/Mar/2020:11:56:22 +0800] "POST /xingrg/login.do HTTP/1.1" 302 -
114.93.75.19 - - [05/Mar/2020:11:56:22 +0800] "GET /xingrg/index.html?sysBaseUrl=http%3A%2F%2F117.131.15.22%3A18081%2Fxingrg%2F&costTime=35×tamp=1583380582454 HTTP/1.1" 200 17481
114.93.75.19 - - [05/Mar/2020:11:56:22 +0800] "GET /xingrg/all/function/internal_message.html?_=1583380581740&CODE_STATE=getMsg HTTP/1.1" 200 27
114.93.75.19 - - [05/Mar/2020:11:56:22 +0800] "GET /favicon.ico HTTP/1.1" 404 -
114.93.75.19 - - [05/Mar/2020:11:56:23 +0800] "POST /xingrg/all/common/load_tree.html?tree=area_rest_tree_json&manage=1 HTTP/1.1" 200 3079
114.93.75.19 - - [05/Mar/2020:11:56:23 +0800] "GET /xingrg/all/function/internal_message.html?_=1583380745473&CODE_STATE=count HTTP/1.1" 200 11
114.93.75.19 - - [05/Mar/2020:11:56:23 +0800] "GET /xingrg/check_reg.html?_=1583380745484 HTTP/1.1" 200 22
114.93.75.19 - - [05/Mar/2020:11:56:23 +0800] "POST /xingrg/load_menu.html HTTP/1.1" 200 11429
114.93.75.19 - - [05/Mar/2020:11:56:24 +0800] "GET /xingrg/all/function/internal_message.html?_=1583380747109&CODE_STATE=getMsg HTTP/1.1" 200 27
120.253.135.82 - - [05/Mar/2020:11:56:24 +0800] "GET /xingrg/all/function/internal_message.html?_=1583380650201&CODE_STATE=getMsg HTTP/1.1" 200 27
114.93.75.19 - - [05/Mar/2020:11:56:28 +0800] "GET /xingrg/all/function/internal_message.html?_=1583380595322&CODE_STATE=getMsg HTTP/1.1" 302 -
114.93.75.19 - - [05/Mar/2020:11:56:28 +0800] "GET /xingrg/check_reg.html?_=1583380595325 HTTP/1.1" 302 -
114.93.75.19 - - [05/Mar/2020:11:56:29 +0800] "GET /xingrg/check_reg.html?_=1583380585839 HTTP/1.1" 200 22
114.93.75.19 - - [05/Mar/2020:11:56:29 +0800] "GET /xingrg/all/function/internal_message.html?_=1583380585841&CODE_STATE=getMsg HTTP/1.1" 200 27
114.93.75.19 - - [05/Mar/2020:11:56:29 +0800] "GET /xingrg/kc/base/wldb_order_list.html HTTP/1.1" 200 19499
114.93.75.19 - - [05/Mar/2020:11:56:29 +0800] "GET /xingrg/javascript/jquery_easy_ui/themes/default/images/tabs_close.gif HTTP/1.1" 200 829
114.93.75.19 - - [05/Mar/2020:11:56:29 +0800] "GET /xingrg/css/base.css HTTP/1.1" 200 2811
114.93.75.19 - - [05/Mar/2020:11:56:29 +0800] "GET /xingrg/css/site.css HTTP/1.1" 200 7541
114.93.75.19 - - [05/Mar/2020:11:56:29 +0800] "GET /xingrg/javascript/jquery_tools/datebox.css HTTP/1.1" 200 2597
114.93.75.19 - - [05/Mar/2020:11:56:29 +0800] "GET /xingrg/javascript/auto/jquery.autocomplete.css HTTP/1.1" 200 587
114.93.75.19 - - [05/Mar/2020:11:56:29 +0800] "GET /xingrg/javascript/easyui/themes/icon.css HTTP/1.1" 200 4483
114.93.75.19 - - [05/Mar/2020:11:56:29 +0800] "GET /xingrg/javascript/jquery_tools/table.css HTTP/1.1" 200 1032
114.93.75.19 - - [05/Mar/2020:11:56:29 +0800] "GET /xingrg/javascript/jquery_tools/fix.css HTTP/1.1" 200 1702
114.93.75.19 - - [05/Mar/2020:11:56:29 +0800] "GET /xingrg/javascript/jquery_tools/jquery.tools.min.js HTTP/1.1" 200 138801
114.93.75.19 - - [05/Mar/2020:11:56:29 +0800] "GET /xingrg/javascript/jquery_tools/jquery.tools.extend.js HTTP/1.1" 200 15385
114.93.75.19 - - [05/Mar/2020:11:56:29 +0800] "GET /xingrg/javascript/jquery_tools/jquery.tools.hotkey.js HTTP/1.1" 200 3242
114.93.75.19 - - [05/Mar/2020:11:56:29 +0800] "GET /xingrg/javascript/jquery_tools/jquery.tools.table.js HTTP/1.1" 200 6994
114.93.75.19 - - [05/Mar/2020:11:56:29 +0800] "GET /xingrg/javascript/jquery_tools/list_manager.js HTTP/1.1" 200 3652
114.93.75.19 - - [05/Mar/2020:11:56:29 +0800] "GET /xingrg/javascript/easyui/themes/default/easyui.css HTTP/1.1" 200 30432
114.93.75.19 - - [05/Mar/2020:11:56:29 +0800] "GET /xingrg/javascript/easyui/easyloader.js HTTP/1.1" 200 5975
114.93.75.19 - - [05/Mar/2020:11:56:29 +0800] "GET /xingrg/javascript/jquery.cookie.js HTTP/1.1" 200 5513
114.93.75.19 - - [05/Mar/2020:11:56:29 +0800] "GET /xingrg/javascript/print/LodopFuncs.js HTTP/1.1" 200 5121
114.93.75.19 - - [05/Mar/2020:11:56:29 +0800] "GET /xingrg/javascript/auto/jquery.autocomplete.js HTTP/1.1" 200 21624
180.156.150.85 - - [05/Mar/2020:11:56:30 +0800] "GET /xingrg/kc/base/wlsy_order_operate.html?command=get_materiel&rest_code=00105&base_code=0010513&code=00101008265 HTTP/1.1" 200 426
114.93.75.19 - - [05/Mar/2020:11:56:30 +0800] "GET /xingrg/javascript/easyui/themes/icons/edit_add_new.png HTTP/1.1" 200 2997
114.93.75.19 - - [05/Mar/2020:11:56:30 +0800] "GET /xingrg/javascript/easyui/themes/icons/cance_new.png HTTP/1.1" 200 3986
114.93.75.19 - - [05/Mar/2020:11:56:30 +0800] "GET /xingrg/javascript/easyui/themes/icons/check_new.png HTTP/1.1" 200 3224
114.93.75.19 - - [05/Mar/2020:11:56:30 +0800] "GET /xingrg/javascript/easyui/themes/icons/field_new.png HTTP/1.1" 200 1097
114.93.75.19 - - [05/Mar/2020:11:56:30 +0800] "GET /xingrg/javascript/easyui/themes/icons/uncheck_new.png HTTP/1.1" 200 3197
114.93.75.19 - - [05/Mar/2020:11:56:30 +0800] "GET /xingrg/javascript/easyui/themes/icons/import_new.png HTTP/1.1" 200 1247
114.93.75.19 - - [05/Mar/2020:11:56:30 +0800] "GET /xingrg/javascript/easyui/plugins/jquery.parser.js HTTP/1.1" 200 1142
114.93.75.19 - - [05/Mar/2020:11:56:30 +0800] "GET /xingrg/images/control/ajaxLoader.gif HTTP/1.1" 200 4659
114.93.75.19 - - [05/Mar/2020:11:56:30 +0800] "POST /xingrg/kc/base/wldb_list_operate.html HTTP/1.1" 200 1777
114.93.75.19 - - [05/Mar/2020:11:56:32 +0800] "GET /xingrg/all/function/internal_message.html?_=1583380591318&CODE_STATE=getMsg HTTP/1.1" 200 27
114.93.75.19 - - [05/Mar/2020:11:56:32 +0800] "POST /xingrg/kc/base/wldb_list_operate.html HTTP/1.1" 200 577
114.93.75.19 - - [05/Mar/2020:11:56:33 +0800] "GET /xingrg/kc/base/wldb_order_info.html?code=422020030400161 HTTP/1.1" 200 30306
114.93.75.19 - - [05/Mar/2020:11:56:33 +0800] "GET /xingrg/javascript/pic_change.js HTTP/1.1" 200 4739
114.93.75.19 - - [05/Mar/2020:11:56:33 +0800] "GET /xingrg/javascript/convert.js HTTP/1.1" 200 1239
114.93.75.19 - - [05/Mar/2020:11:56:33 +0800] "GET /xingrg/javascript/jquery_tools/order_manager.js HTTP/1.1" 200 11183
114.93.75.19 - - [05/Mar/2020:11:56:33 +0800] "GET /xingrg/javascript/json2.js HTTP/1.1" 200 11259
114.93.75.19 - - [05/Mar/2020:11:56:33 +0800] "GET /xingrg/javascript/print/kc_print.js HTTP/1.1" 200 11415
114.93.75.19 - - [05/Mar/2020:11:56:33 +0800] "GET /xingrg/words/20200302155600_words.js HTTP/1.1" 200 715815
114.93.75.19 - - [05/Mar/2020:11:56:33 +0800] "GET /xingrg/javascript/easyui/themes/icons/template_new.png HTTP/1.1" 200 3956
114.93.75.19 - - [05/Mar/2020:11:56:33 +0800] "GET /xingrg/javascript/easyui/themes/icons/ok.png HTTP/1.1" 200 883
114.93.75.19 - - [05/Mar/2020:11:56:33 +0800] "GET /xingrg/javascript/easyui/themes/icons/print.png HTTP/1.1" 200 1057
114.93.75.19 - - [05/Mar/2020:11:56:33 +0800] "GET /xingrg/javascript/easyui/themes/default/images/menu_downarrow.png HTTP/1.1" 200 173
114.93.75.19 - - [05/Mar/2020:11:56:33 +0800] "GET /xingrg/javascript/easyui/themes/icons/cancel.png HTTP/1.1" 200 1133
114.93.75.19 - - [05/Mar/2020:11:56:33 +0800] "GET /xingrg/all/common/auto_word.html?type=base&rest_code=00109 HTTP/1.1" 200 1595
114.93.75.19 - - [05/Mar/2020:11:56:33 +0800] "GET /xingrg/all/common/auto_word.html?type=base&rest_code=00109 HTTP/1.1" 200 1595
114.93.75.19 - - [05/Mar/2020:11:56:34 +0800] "GET /xingrg/javascript/easyui/themes/default/validatebox.css HTTP/1.1" 404 1104
114.93.75.19 - - [05/Mar/2020:11:56:34 +0800] "GET /xingrg/javascript/easyui/plugins/jquery.validatebox.js HTTP/1.1" 200 6103
114.93.75.19 - - [05/Mar/2020:11:56:34 +0800] "GET /xingrg/javascript/easyui/plugins/jquery.numberbox.js HTTP/1.1" 200 5213
114.93.75.19 - - [05/Mar/2020:11:56:34 +0800] "POST /xingrg/kc/base/wldb_order_operate.html HTTP/1.1" 200 7427
114.93.75.19 - - [05/Mar/2020:11:56:34 +0800] "GET /xingrg/javascript/easyui/themes/icons/edit_remove.png HTTP/1.1" 200 625
114.88.159.93 - - [05/Mar/2020:11:56:35 +0800] "GET /xingrg/all/function/internal_message.html?_=1583380324937&CODE_STATE=getMsg HTTP/1.1" 200 27
114.88.159.93 - - [05/Mar/2020:11:56:35 +0800] "GET /xingrg/check_reg.html?_=1583380324940 HTTP/1.1" 200 22
114.93.75.19 - - [05/Mar/2020:11:56:36 +0800] "GET /xingrg/all/function/internal_message.html?_=1583380591483&CODE_STATE=getMsg HTTP/1.1" 200 27
124.77.241.94 - - [05/Mar/2020:11:56:44 +0800] "GET /xingrg/all/function/internal_message.html?_=1583380616913&CODE_STATE=getMsg HTTP/1.1" 200 27
116.233.73.109 - - [05/Mar/2020:11:56:45 +0800] "GET /xingrg/all/function/internal_message.html?_=1583380665234&CODE_STATE=getMsg HTTP/1.1" 200 27
114.93.75.19 - - [05/Mar/2020:11:56:46 +0800] "GET /xingrg/all/function/internal_message.html?_=1583380612587&CODE_STATE=getMsg HTTP/1.1" 302 -
180.156.150.85 - - [05/Mar/2020:11:56:58 +0800] "GET /xingrg/check_reg.html?_=1583380614215 HTTP/1.1" 200 22
180.156.150.85 - - [05/Mar/2020:11:56:58 +0800] "GET /xingrg/all/function/internal_message.html?_=1583380614219&CODE_STATE=getMsg HTTP/1.1" 200 27
114.93.75.19 - - [05/Mar/2020:11:57:01 +0800] "GET /xingrg/all/function/internal_message.html?_=1583380945518&CODE_STATE=getMsg HTTP/1.1" 200 27
114.93.75.19 - - [05/Mar/2020:11:57:01 +0800] "GET /xingrg/check_reg.html?_=1583380945520 HTTP/1.1" 200 22
180.157.252.250 - - [05/Mar/2020:11:57:21 +0800] "GET /xingrg/all/function/internal_message.html?_=1583380629758&CODE_STATE=getMsg HTTP/1.1" 200 27
114.93.75.19 - - [05/Mar/2020:11:57:22 +0800] "GET /xingrg/all/function/internal_message.html?_=1583380641741&CODE_STATE=getMsg HTTP/1.1" 200 27
114.93.75.19 - - [05/Mar/2020:11:57:23 +0800] "GET /xingrg/all/function/internal_message.html?_=1583380805495&CODE_STATE=getMsg HTTP/1.1" 200 27
114.93.75.19 - - [05/Mar/2020:11:57:24 +0800] "GET /xingrg/all/function/internal_message.html?_=1583380807098&CODE_STATE=getMsg HTTP/1.1" 200 27
120.253.135.82 - - [05/Mar/2020:11:57:24 +0800] "GET /xingrg/all/function/internal_message.html?_=1583380710215&CODE_STATE=getMsg HTTP/1.1" 200 27
114.88.159.93 - - [05/Mar/2020:11:57:26 +0800] "GET /xingrg/kc/buy/cgsh_order_operate.html?command=get_materiel&rest_code=00141&code=00101008211&supplier_code=00100007&order_time=2020-03-05 HTTP/1.1" 200 432
114.93.75.19 - - [05/Mar/2020:11:57:28 +0800] "GET /xingrg/all/function/internal_message.html?_=1583380655326&CODE_STATE=getMsg HTTP/1.1" 302 -
114.93.75.19 - - [05/Mar/2020:11:57:29 +0800] "GET /xingrg/all/function/internal_message.html?_=1583380645838&CODE_STATE=getMsg HTTP/1.1" 200 27
114.93.75.19 - - [05/Mar/2020:11:57:32 +0800] "GET /xingrg/all/function/internal_message.html?_=1583380651316&CODE_STATE=getMsg HTTP/1.1" 200 27
114.88.159.93 - - [05/Mar/2020:11:57:35 +0800] "GET /xingrg/kc/buy/cgsh_order_operate.html?command=get_materiel&rest_code=00141&code=00101008003&supplier_code=00100007&order_time=2020-03-05 HTTP/1.1" 200 429
114.88.159.93 - - [05/Mar/2020:11:57:35 +0800] "GET /xingrg/all/function/internal_message.html?_=1583380384917&CODE_STATE=getMsg HTTP/1.1" 200 27
114.93.75.19 - - [05/Mar/2020:11:57:36 +0800] "GET /xingrg/check_reg.html?_=1583380651370 HTTP/1.1" 200 22
114.93.75.19 - - [05/Mar/2020:11:57:36 +0800] "GET /xingrg/all/function/internal_message.html?_=1583380651492&CODE_STATE=getMsg HTTP/1.1" 200 27
180.157.252.250 - - [05/Mar/2020:11:57:40 +0800] "GET /xingrg/check_reg.html?_=1583380664546 HTTP/1.1" 200 22
124.77.241.94 - - [05/Mar/2020:11:57:44 +0800] "GET /xingrg/all/function/internal_message.html?_=1583380676943&CODE_STATE=getMsg HTTP/1.1" 200 27
116.233.73.109 - - [05/Mar/2020:11:57:45 +0800] "GET /xingrg/all/function/internal_message.html?_=1583380725250&CODE_STATE=getMsg HTTP/1.1" 200 27
114.93.75.19 - - [05/Mar/2020:11:57:46 +0800] "GET /xingrg/check_reg.html?_=1583380672587 HTTP/1.1" 302 -
114.93.75.19 - - [05/Mar/2020:11:57:46 +0800] "GET /xingrg/all/function/internal_message.html?_=1583380672590&CODE_STATE=getMsg HTTP/1.1" 302 -
180.156.150.85 - - [05/Mar/2020:11:57:47 +0800] "GET /xingrg/kc/base/wlsy_order_operate.html?command=get_materiel&rest_code=00105&base_code=0010513&code=00101008045 HTTP/1.1" 200 430
114.93.75.19 - - [05/Mar/2020:11:57:52 +0800] "GET /xingrg/system/rest/query_items.html?_=1583380667745&table=menu&page=8&rows=20&categoryId=16&key= HTTP/1.1" 200 4821
180.156.150.85 - - [05/Mar/2020:11:57:58 +0800] "GET /xingrg/all/function/internal_message.html?_=1583380674196&CODE_STATE=getMsg HTTP/1.1" 200 27
180.156.150.85 - - [05/Mar/2020:11:58:00 +0800] "GET /xingrg/kc/base/wlsy_order_operate.html?command=get_materiel&rest_code=00105&base_code=0010513&code=00101008155 HTTP/1.1" 200 427
114.93.75.19 - - [05/Mar/2020:11:58:01 +0800] "GET /xingrg/all/function/internal_message.html?_=1583381005520&CODE_STATE=getMsg HTTP/1.1" 200 27
180.156.150.85 - - [05/Mar/2020:11:58:16 +0800] "GET /xingrg/kc/base/wlsy_order_operate.html?command=get_materiel&rest_code=00105&base_code=0010513&code=00101008350 HTTP/1.1" 200 426
180.157.252.250 - - [05/Mar/2020:11:58:21 +0800] "GET /xingrg/check_reg.html?_=1583380689747 HTTP/1.1" 200 22
180.157.252.250 - - [05/Mar/2020:11:58:21 +0800] "GET /xingrg/all/function/internal_message.html?_=1583380689752&CODE_STATE=getMsg HTTP/1.1" 200 27
114.93.75.19 - - [05/Mar/2020:11:58:23 +0800] "GET /xingrg/all/function/internal_message.html?_=1583380865496&CODE_STATE=getMsg HTTP/1.1" 200 27
114.93.75.19 - - [05/Mar/2020:11:58:24 +0800] "GET /xingrg/all/function/internal_message.html?_=1583380867097&CODE_STATE=getMsg HTTP/1.1" 200 27
120.253.135.82 - - [05/Mar/2020:11:58:24 +0800] "GET /xingrg/all/function/internal_message.html?_=1583380770228&CODE_STATE=getMsg HTTP/1.1" 200 27
114.88.159.93 - - [05/Mar/2020:11:58:25 +0800] "GET /xingrg/kc/buy/cgsh_order_operate.html?command=get_materiel&rest_code=00141&code=00101008300&supplier_code=00100007&order_time=2020-03-05 HTTP/1.1" 200 431
114.93.75.19 - - [05/Mar/2020:11:58:28 +0800] "GET /xingrg/all/function/internal_message.html?_=1583380715326&CODE_STATE=getMsg HTTP/1.1" 302 -
114.93.75.19 - - [05/Mar/2020:11:58:29 +0800] "GET /xingrg/all/function/internal_message.html?_=1583380705838&CODE_STATE=getMsg HTTP/1.1" 200 27
114.93.75.19 - - [05/Mar/2020:11:58:32 +0800] "GET /xingrg/all/function/internal_message.html?_=1583380711314&CODE_STATE=getMsg HTTP/1.1" 200 27
180.156.150.85 - - [05/Mar/2020:11:58:33 +0800] "GET /xingrg/kc/base/wlsy_order_operate.html?command=get_materiel&rest_code=00105&base_code=0010513&code=00101008354 HTTP/1.1" 200 430
114.88.159.93 - - [05/Mar/2020:11:58:33 +0800] "GET /xingrg/kc/buy/cgsh_order_operate.html?command=get_materiel&rest_code=00141&code=00101008251&supplier_code=00100007&order_time=2020-03-05 HTTP/1.1" 200 429
114.88.159.93 - - [05/Mar/2020:11:58:35 +0800] "GET /xingrg/all/function/internal_message.html?_=1583380444923&CODE_STATE=getMsg HTTP/1.1" 200 27
114.93.75.19 - - [05/Mar/2020:11:58:36 +0800] "GET /xingrg/all/function/internal_message.html?_=1583380711506&CODE_STATE=getMsg HTTP/1.1" 200 27
114.88.159.93 - - [05/Mar/2020:11:58:39 +0800] "GET /xingrg/kc/buy/cgsh_order_operate.html?command=get_materiel&rest_code=00141&code=00101019380&supplier_code=00100007&order_time=2020-03-05 HTTP/1.1" 200 478
114.93.75.19 - - [05/Mar/2020:11:58:42 +0800] "GET /xingrg/system/rest/query_items.html?_=1583380717314&table=menu&page=9&rows=20&categoryId=16&key= HTTP/1.1" 200 5026
124.77.241.94 - - [05/Mar/2020:11:58:44 +0800] "GET /xingrg/all/function/internal_message.html?_=1583380736953&CODE_STATE=getMsg HTTP/1.1" 200 27
116.233.73.109 - - [05/Mar/2020:11:58:45 +0800] "GET /xingrg/all/function/internal_message.html?_=1583380785247&CODE_STATE=getMsg HTTP/1.1" 200 27
114.93.75.19 - - [05/Mar/2020:11:58:46 +0800] "GET /xingrg/all/function/internal_message.html?_=1583380732589&CODE_STATE=getMsg HTTP/1.1" 302 -
114.88.159.93 - - [05/Mar/2020:11:58:51 +0800] "GET /xingrg/kc/buy/cgsh_order_operate.html?command=get_materiel&rest_code=00141&code=00101008274&supplier_code=00100007&order_time=2020-03-05 HTTP/1.1" 200 412
180.156.150.85 - - [05/Mar/2020:11:58:52 +0800] "GET /xingrg/kc/base/wlsy_order_operate.html?command=get_materiel&rest_code=00105&base_code=0010513&code=00101008085 HTTP/1.1" 200 431
180.156.150.85 - - [05/Mar/2020:11:58:58 +0800] "GET /xingrg/all/function/internal_message.html?_=1583380734203&CODE_STATE=getMsg HTTP/1.1" 200 27
114.93.75.19 - - [05/Mar/2020:11:59:00 +0800] "GET /xingrg/system/rest/query_items.html?_=1583380736215&table=menu&page=10&rows=20&categoryId=16&key= HTTP/1.1" 200 4724
114.93.75.19 - - [05/Mar/2020:11:59:01 +0800] "GET /xingrg/all/function/internal_message.html?_=1583381065520&CODE_STATE=getMsg HTTP/1.1" 200 27
180.156.150.85 - - [05/Mar/2020:11:59:05 +0800] "GET /xingrg/kc/base/wlsy_order_operate.html?command=get_materiel&rest_code=00105&base_code=0010513&code=00101008186 HTTP/1.1" 200 426
114.88.159.93 - - [05/Mar/2020:11:59:11 +0800] "GET /xingrg/kc/buy/cgsh_order_operate.html?command=get_materiel&rest_code=00141&code=00101013115&supplier_code=00100007&order_time=2020-03-05 HTTP/1.1" 200 428
180.157.252.250 - - [05/Mar/2020:11:59:21 +0800] "GET /xingrg/all/function/internal_message.html?_=1583380749740&CODE_STATE=getMsg HTTP/1.1" 200 27
