114.93.75.19 - - [12/Feb/2020:12:32:55 +0800] "GET /xingrg/all/function/internal_message.html?_=1581481965333&CODE_STATE=getMsg HTTP/1.1" 302 -
124.77.241.94 - - [12/Feb/2020:12:33:06 +0800] "GET /xingrg/all/function/internal_message.html?_=1581481989942&CODE_STATE=getMsg HTTP/1.1" 200 27
58.221.95.50 - - [12/Feb/2020:12:33:20 +0800] "GET /xingrg/all/function/internal_message.html?_=1581482318146&CODE_STATE=getMsg HTTP/1.1" 200 27
58.221.95.50 - - [12/Feb/2020:12:33:52 +0800] "GET /xingrg/check_reg.html?_=1581482349967 HTTP/1.1" 200 22
114.93.75.19 - - [12/Feb/2020:12:33:55 +0800] "GET /xingrg/all/function/internal_message.html?_=1581482025335&CODE_STATE=getMsg HTTP/1.1" 302 -
124.77.241.94 - - [12/Feb/2020:12:34:06 +0800] "GET /xingrg/all/function/internal_message.html?_=1581482050044&CODE_STATE=getMsg HTTP/1.1" 200 27
180.162.232.172 - - [12/Feb/2020:12:34:07 +0800] "POST /xingrg/services/DataTransmitService HTTP/1.1" 200 524
58.221.95.50 - - [12/Feb/2020:12:34:20 +0800] "GET /xingrg/all/function/internal_message.html?_=1581482378132&CODE_STATE=getMsg HTTP/1.1" 200 27
114.93.75.19 - - [12/Feb/2020:12:34:55 +0800] "GET /xingrg/all/function/internal_message.html?_=1581482085340&CODE_STATE=getMsg HTTP/1.1" 302 -
124.77.241.94 - - [12/Feb/2020:12:35:06 +0800] "GET /xingrg/all/function/internal_message.html?_=1581482110046&CODE_STATE=getMsg HTTP/1.1" 200 27
58.221.95.50 - - [12/Feb/2020:12:35:20 +0800] "GET /xingrg/all/function/internal_message.html?_=1581482438108&CODE_STATE=getMsg HTTP/1.1" 200 27
114.93.75.19 - - [12/Feb/2020:12:35:21 +0800] "GET /xingrg/check_reg.html?_=1581482114530 HTTP/1.1" 302 -
114.93.75.19 - - [12/Feb/2020:12:35:55 +0800] "GET /xingrg/check_reg.html?_=1581482145343 HTTP/1.1" 302 -
114.93.75.19 - - [12/Feb/2020:12:35:55 +0800] "GET /xingrg/all/function/internal_message.html?_=1581482145345&CODE_STATE=getMsg HTTP/1.1" 302 -
124.77.241.94 - - [12/Feb/2020:12:36:07 +0800] "GET /xingrg/all/function/internal_message.html?_=1581482170153&CODE_STATE=getMsg HTTP/1.1" 200 27
58.221.95.50 - - [12/Feb/2020:12:36:20 +0800] "GET /xingrg/all/function/internal_message.html?_=1581482498093&CODE_STATE=getMsg HTTP/1.1" 200 27
114.93.75.19 - - [12/Feb/2020:12:36:55 +0800] "GET /xingrg/all/function/internal_message.html?_=1581482205330&CODE_STATE=getMsg HTTP/1.1" 302 -
124.77.241.94 - - [12/Feb/2020:12:36:56 +0800] "GET /xingrg/check_reg.html?_=1581482219533 HTTP/1.1" 200 22
124.77.241.94 - - [12/Feb/2020:12:37:07 +0800] "GET /xingrg/all/function/internal_message.html?_=1581482230167&CODE_STATE=getMsg HTTP/1.1" 200 27
58.221.95.50 - - [12/Feb/2020:12:37:21 +0800] "GET /xingrg/all/function/internal_message.html?_=1581482558084&CODE_STATE=getMsg HTTP/1.1" 200 27
114.93.75.19 - - [12/Feb/2020:12:37:55 +0800] "GET /xingrg/all/function/internal_message.html?_=1581482265331&CODE_STATE=getMsg HTTP/1.1" 302 -
124.77.241.94 - - [12/Feb/2020:12:38:07 +0800] "GET /xingrg/all/function/internal_message.html?_=1581482290181&CODE_STATE=getMsg HTTP/1.1" 200 27
58.221.95.50 - - [12/Feb/2020:12:38:21 +0800] "GET /xingrg/all/function/internal_message.html?_=1581482618078&CODE_STATE=getMsg HTTP/1.1" 200 27
58.221.95.50 - - [12/Feb/2020:12:38:52 +0800] "GET /xingrg/check_reg.html?_=1581482649954 HTTP/1.1" 200 22
114.93.75.19 - - [12/Feb/2020:12:38:55 +0800] "GET /xingrg/all/function/internal_message.html?_=1581482325333&CODE_STATE=getMsg HTTP/1.1" 302 -
124.77.241.94 - - [12/Feb/2020:12:39:07 +0800] "GET /xingrg/all/function/internal_message.html?_=1581482350291&CODE_STATE=getMsg HTTP/1.1" 200 27
58.221.95.50 - - [12/Feb/2020:12:39:20 +0800] "GET /xingrg/all/function/internal_message.html?_=1581482678062&CODE_STATE=getMsg HTTP/1.1" 200 27
114.93.75.19 - - [12/Feb/2020:12:39:55 +0800] "GET /xingrg/all/function/internal_message.html?_=1581482385335&CODE_STATE=getMsg HTTP/1.1" 302 -
124.77.241.94 - - [12/Feb/2020:12:40:07 +0800] "GET /xingrg/all/function/internal_message.html?_=1581482410301&CODE_STATE=getMsg HTTP/1.1" 200 27
58.221.95.50 - - [12/Feb/2020:12:40:20 +0800] "GET /xingrg/all/function/internal_message.html?_=1581482738045&CODE_STATE=getMsg HTTP/1.1" 200 27
114.93.75.19 - - [12/Feb/2020:12:40:21 +0800] "GET /xingrg/check_reg.html?_=1581482414510 HTTP/1.1" 302 -
114.93.75.19 - - [12/Feb/2020:12:40:55 +0800] "GET /xingrg/all/function/internal_message.html?_=1581482445336&CODE_STATE=getMsg HTTP/1.1" 302 -
114.93.75.19 - - [12/Feb/2020:12:40:55 +0800] "GET /xingrg/check_reg.html?_=1581482445337 HTTP/1.1" 302 -
124.77.241.94 - - [12/Feb/2020:12:41:07 +0800] "GET /xingrg/all/function/internal_message.html?_=1581482470404&CODE_STATE=getMsg HTTP/1.1" 200 27
58.221.95.50 - - [12/Feb/2020:12:41:21 +0800] "GET /xingrg/all/function/internal_message.html?_=1581482798025&CODE_STATE=getMsg HTTP/1.1" 200 27
114.93.75.19 - - [12/Feb/2020:12:41:55 +0800] "GET /xingrg/all/function/internal_message.html?_=1581482505339&CODE_STATE=getMsg HTTP/1.1" 302 -
124.77.241.94 - - [12/Feb/2020:12:41:56 +0800] "GET /xingrg/check_reg.html?_=1581482519533 HTTP/1.1" 200 22
124.77.241.94 - - [12/Feb/2020:12:42:07 +0800] "GET /xingrg/all/function/internal_message.html?_=1581482530406&CODE_STATE=getMsg HTTP/1.1" 200 27
58.221.95.50 - - [12/Feb/2020:12:42:20 +0800] "GET /xingrg/all/function/internal_message.html?_=1581482858022&CODE_STATE=getMsg HTTP/1.1" 200 27
114.93.75.19 - - [12/Feb/2020:12:42:55 +0800] "GET /xingrg/all/function/internal_message.html?_=1581482565341&CODE_STATE=getMsg HTTP/1.1" 302 -
124.77.241.94 - - [12/Feb/2020:12:43:07 +0800] "GET /xingrg/all/function/internal_message.html?_=1581482590420&CODE_STATE=getMsg HTTP/1.1" 200 27
58.221.95.50 - - [12/Feb/2020:12:43:20 +0800] "GET /xingrg/all/function/internal_message.html?_=1581482918004&CODE_STATE=getMsg HTTP/1.1" 200 27
124.77.241.94 - - [12/Feb/2020:12:43:30 +0800] "POST /xingrg/services/DataTransmitService HTTP/1.1" 200 524
58.221.95.50 - - [12/Feb/2020:12:43:53 +0800] "GET /xingrg/check_reg.html?_=1581482949950 HTTP/1.1" 200 22
114.93.75.19 - - [12/Feb/2020:12:43:55 +0800] "GET /xingrg/all/function/internal_message.html?_=1581482625343&CODE_STATE=getMsg HTTP/1.1" 302 -
124.77.241.94 - - [12/Feb/2020:12:44:07 +0800] "GET /xingrg/all/function/internal_message.html?_=1581482650524&CODE_STATE=getMsg HTTP/1.1" 200 27
58.221.95.50 - - [12/Feb/2020:12:44:20 +0800] "GET /xingrg/all/function/internal_message.html?_=1581482977991&CODE_STATE=getMsg HTTP/1.1" 200 27
124.77.241.94 - - [12/Feb/2020:12:44:34 +0800] "POST /xingrg/services/DataTransmitService HTTP/1.1" 200 524
114.93.75.19 - - [12/Feb/2020:12:44:55 +0800] "GET /xingrg/all/function/internal_message.html?_=1581482685329&CODE_STATE=getMsg HTTP/1.1" 302 -
124.77.241.94 - - [12/Feb/2020:12:45:07 +0800] "GET /xingrg/all/function/internal_message.html?_=1581482710525&CODE_STATE=getMsg HTTP/1.1" 200 27
58.221.95.50 - - [12/Feb/2020:12:45:20 +0800] "GET /xingrg/all/function/internal_message.html?_=1581483037961&CODE_STATE=getMsg HTTP/1.1" 200 27
114.93.75.19 - - [12/Feb/2020:12:45:21 +0800] "GET /xingrg/check_reg.html?_=1581482714481 HTTP/1.1" 302 -
114.93.75.19 - - [12/Feb/2020:12:45:55 +0800] "GET /xingrg/all/function/internal_message.html?_=1581482745331&CODE_STATE=getMsg HTTP/1.1" 302 -
114.93.75.19 - - [12/Feb/2020:12:45:55 +0800] "GET /xingrg/check_reg.html?_=1581482745332 HTTP/1.1" 302 -
124.77.241.94 - - [12/Feb/2020:12:46:07 +0800] "GET /xingrg/all/function/internal_message.html?_=1581482770639&CODE_STATE=getMsg HTTP/1.1" 200 27
58.221.95.50 - - [12/Feb/2020:12:46:21 +0800] "GET /xingrg/all/function/internal_message.html?_=1581483097977&CODE_STATE=getMsg HTTP/1.1" 200 27
114.93.75.19 - - [12/Feb/2020:12:46:55 +0800] "GET /xingrg/all/function/internal_message.html?_=1581482805334&CODE_STATE=getMsg HTTP/1.1" 302 -
124.77.241.94 - - [12/Feb/2020:12:46:56 +0800] "GET /xingrg/check_reg.html?_=1581482819539 HTTP/1.1" 200 22
124.77.241.94 - - [12/Feb/2020:12:47:07 +0800] "GET /xingrg/all/function/internal_message.html?_=1581482830647&CODE_STATE=getMsg HTTP/1.1" 200 27
58.221.95.50 - - [12/Feb/2020:12:47:20 +0800] "GET /xingrg/all/function/internal_message.html?_=1581483157961&CODE_STATE=getMsg HTTP/1.1" 200 27
114.93.75.19 - - [12/Feb/2020:12:47:55 +0800] "GET /xingrg/all/function/internal_message.html?_=1581482865335&CODE_STATE=getMsg HTTP/1.1" 302 -
124.77.241.94 - - [12/Feb/2020:12:48:07 +0800] "GET /xingrg/all/function/internal_message.html?_=1581482890660&CODE_STATE=getMsg HTTP/1.1" 200 27
58.221.95.50 - - [12/Feb/2020:12:48:20 +0800] "GET /xingrg/all/function/internal_message.html?_=1581483217956&CODE_STATE=getMsg HTTP/1.1" 200 27
58.221.95.50 - - [12/Feb/2020:12:48:52 +0800] "GET /xingrg/check_reg.html?_=1581483249951 HTTP/1.1" 200 22
114.93.75.19 - - [12/Feb/2020:12:48:55 +0800] "GET /xingrg/all/function/internal_message.html?_=1581482925337&CODE_STATE=getMsg HTTP/1.1" 302 -
124.77.241.94 - - [12/Feb/2020:12:49:07 +0800] "GET /xingrg/all/function/internal_message.html?_=1581482950762&CODE_STATE=getMsg HTTP/1.1" 200 27
58.221.95.50 - - [12/Feb/2020:12:49:20 +0800] "GET /xingrg/all/function/internal_message.html?_=1581483277942&CODE_STATE=getMsg HTTP/1.1" 200 27
114.93.75.19 - - [12/Feb/2020:12:49:55 +0800] "GET /xingrg/all/function/internal_message.html?_=1581482985339&CODE_STATE=getMsg HTTP/1.1" 302 -
124.77.241.94 - - [12/Feb/2020:12:50:07 +0800] "GET /xingrg/all/function/internal_message.html?_=1581483010764&CODE_STATE=getMsg HTTP/1.1" 200 27
58.221.95.50 - - [12/Feb/2020:12:50:21 +0800] "GET /xingrg/all/function/internal_message.html?_=1581483337927&CODE_STATE=getMsg HTTP/1.1" 200 27
114.93.75.19 - - [12/Feb/2020:12:50:21 +0800] "GET /xingrg/check_reg.html?_=1581483014454 HTTP/1.1" 302 -
114.93.75.19 - - [12/Feb/2020:12:50:55 +0800] "GET /xingrg/check_reg.html?_=1581483045341 HTTP/1.1" 302 -
114.93.75.19 - - [12/Feb/2020:12:50:55 +0800] "GET /xingrg/all/function/internal_message.html?_=1581483045343&CODE_STATE=getMsg HTTP/1.1" 302 -
124.77.241.94 - - [12/Feb/2020:12:51:07 +0800] "GET /xingrg/all/function/internal_message.html?_=1581483070879&CODE_STATE=getMsg HTTP/1.1" 200 27
58.221.95.50 - - [12/Feb/2020:12:51:20 +0800] "GET /xingrg/all/function/internal_message.html?_=1581483397909&CODE_STATE=getMsg HTTP/1.1" 200 27
101.81.125.204 - - [12/Feb/2020:12:51:49 +0800] "POST /xingrg/services/DataTransmitService HTTP/1.1" 200 524
114.93.75.19 - - [12/Feb/2020:12:51:55 +0800] "GET /xingrg/all/function/internal_message.html?_=1581483105329&CODE_STATE=getMsg HTTP/1.1" 302 -
124.77.241.94 - - [12/Feb/2020:12:51:56 +0800] "GET /xingrg/check_reg.html?_=1581483119544 HTTP/1.1" 200 22
124.77.241.94 - - [12/Feb/2020:12:52:07 +0800] "GET /xingrg/all/function/internal_message.html?_=1581483130886&CODE_STATE=getMsg HTTP/1.1" 200 27
58.221.95.50 - - [12/Feb/2020:12:52:20 +0800] "GET /xingrg/all/function/internal_message.html?_=1581483457885&CODE_STATE=getMsg HTTP/1.1" 200 27
114.93.75.19 - - [12/Feb/2020:12:52:55 +0800] "GET /xingrg/all/function/internal_message.html?_=1581483165330&CODE_STATE=getMsg HTTP/1.1" 302 -
124.77.241.94 - - [12/Feb/2020:12:53:07 +0800] "GET /xingrg/all/function/internal_message.html?_=1581483190900&CODE_STATE=getMsg HTTP/1.1" 200 27
58.221.95.50 - - [12/Feb/2020:12:53:14 +0800] "POST /xingrg/kc/base/check_list_operate.html HTTP/1.1" 200 4962
58.221.95.50 - - [12/Feb/2020:12:53:20 +0800] "GET /xingrg/all/function/internal_message.html?_=1581483517861&CODE_STATE=getMsg HTTP/1.1" 200 27
58.221.95.50 - - [12/Feb/2020:12:53:26 +0800] "GET /xingrg/kc/base/check_order_info.html?code=452019123100632 HTTP/1.1" 200 22852
58.221.95.50 - - [12/Feb/2020:12:53:27 +0800] "GET /xingrg/javascript/jquery_easy_ui/themes/default/easyui.css HTTP/1.1" 304 -
58.221.95.50 - - [12/Feb/2020:12:53:27 +0800] "GET /xingrg/javascript/jquery_easy_ui/themes/icon.css HTTP/1.1" 304 -
58.221.95.50 - - [12/Feb/2020:12:53:28 +0800] "GET /xingrg/javascript/pic_change.js HTTP/1.1" 304 -
58.221.95.50 - - [12/Feb/2020:12:53:28 +0800] "GET /xingrg/dwr/interface/AjaxComOrderService.js HTTP/1.1" 200 18264
58.221.95.50 - - [12/Feb/2020:12:53:28 +0800] "GET /xingrg/dwr/interface/AjaxCheckService.js HTTP/1.1" 200 14003
58.221.95.50 - - [12/Feb/2020:12:53:29 +0800] "GET /xingrg/dwr/engine.js HTTP/1.1" 200 43631
58.221.95.50 - - [12/Feb/2020:12:53:31 +0800] "GET /xingrg/javascript/jquery-1.4.2.min.js HTTP/1.1" 304 -
58.221.95.50 - - [12/Feb/2020:12:53:31 +0800] "GET /xingrg/javascript/jquery_easy_ui/jquery.easyui.min.js HTTP/1.1" 304 -
58.221.95.50 - - [12/Feb/2020:12:53:31 +0800] "GET /xingrg/javascript/jquery.utils.js HTTP/1.1" 304 -
58.221.95.50 - - [12/Feb/2020:12:53:32 +0800] "GET /xingrg/javascript/convert.js HTTP/1.1" 304 -
58.221.95.50 - - [12/Feb/2020:12:53:33 +0800] "GET /xingrg/javascript/print/kc_print.js HTTP/1.1" 304 -
58.221.95.50 - - [12/Feb/2020:12:53:35 +0800] "GET /xingrg/javascript/print/LodopFuncs.js HTTP/1.1" 304 -
58.221.95.50 - - [12/Feb/2020:12:53:43 +0800] "GET /xingrg/javascript/jquery_easy_ui/themes/icons/exam_new.png HTTP/1.1" 200 756
58.221.95.50 - - [12/Feb/2020:12:53:44 +0800] "POST /xingrg/dwr/call/plaincall/AjaxCheckService.loadOrderItems.dwr HTTP/1.1" 200 6529
58.221.95.50 - - [12/Feb/2020:12:53:52 +0800] "GET /xingrg/check_reg.html?_=1581483549927 HTTP/1.1" 200 22
114.93.75.19 - - [12/Feb/2020:12:53:55 +0800] "GET /xingrg/all/function/internal_message.html?_=1581483225332&CODE_STATE=getMsg HTTP/1.1" 302 -
124.77.241.94 - - [12/Feb/2020:12:54:07 +0800] "GET /xingrg/all/function/internal_message.html?_=1581483251017&CODE_STATE=getMsg HTTP/1.1" 200 27
58.221.95.50 - - [12/Feb/2020:12:54:20 +0800] "GET /xingrg/all/function/internal_message.html?_=1581483577848&CODE_STATE=getMsg HTTP/1.1" 200 27
114.93.75.19 - - [12/Feb/2020:12:54:55 +0800] "GET /xingrg/all/function/internal_message.html?_=1581483285334&CODE_STATE=getMsg HTTP/1.1" 302 -
124.77.241.94 - - [12/Feb/2020:12:55:07 +0800] "GET /xingrg/all/function/internal_message.html?_=1581483311019&CODE_STATE=getMsg HTTP/1.1" 200 27
58.221.95.50 - - [12/Feb/2020:12:55:20 +0800] "GET /xingrg/all/function/internal_message.html?_=1581483637836&CODE_STATE=getMsg HTTP/1.1" 200 27
114.93.75.19 - - [12/Feb/2020:12:55:21 +0800] "GET /xingrg/check_reg.html?_=1581483314436 HTTP/1.1" 302 -
58.221.95.50 - - [12/Feb/2020:12:55:55 +0800] "GET /xingrg/kc/base/check_order_info.html?code=452020021100006 HTTP/1.1" 200 25334
114.93.75.19 - - [12/Feb/2020:12:55:55 +0800] "GET /xingrg/check_reg.html?_=1581483345338 HTTP/1.1" 302 -
114.93.75.19 - - [12/Feb/2020:12:55:55 +0800] "GET /xingrg/all/function/internal_message.html?_=1581483345336&CODE_STATE=getMsg HTTP/1.1" 302 -
58.221.95.50 - - [12/Feb/2020:12:55:56 +0800] "GET /xingrg/dwr/interface/AjaxComOrderService.js HTTP/1.1" 200 18264
58.221.95.50 - - [12/Feb/2020:12:55:56 +0800] "GET /xingrg/dwr/engine.js HTTP/1.1" 200 43631
58.221.95.50 - - [12/Feb/2020:12:55:56 +0800] "GET /xingrg/dwr/interface/AjaxCheckService.js HTTP/1.1" 200 14003
58.221.95.50 - - [12/Feb/2020:12:56:07 +0800] "POST /xingrg/dwr/call/plaincall/AjaxCheckService.loadOrderItems.dwr HTTP/1.1" 200 17730
124.77.241.94 - - [12/Feb/2020:12:56:08 +0800] "GET /xingrg/all/function/internal_message.html?_=1581483371134&CODE_STATE=getMsg HTTP/1.1" 200 27
58.221.95.50 - - [12/Feb/2020:12:56:23 +0800] "GET /xingrg/all/function/internal_message.html?_=1581483697819&CODE_STATE=getMsg HTTP/1.1" 302 -
58.221.95.50 - - [12/Feb/2020:12:56:28 +0800] "GET /xingrg/login.html HTTP/1.1" 200 7639
114.93.75.19 - - [12/Feb/2020:12:56:55 +0800] "GET /xingrg/all/function/internal_message.html?_=1581483405341&CODE_STATE=getMsg HTTP/1.1" 302 -
124.77.241.94 - - [12/Feb/2020:12:56:56 +0800] "GET /xingrg/check_reg.html?_=1581483419549 HTTP/1.1" 200 22
124.77.241.94 - - [12/Feb/2020:12:57:08 +0800] "GET /xingrg/all/function/internal_message.html?_=1581483431141&CODE_STATE=getMsg HTTP/1.1" 200 27
116.232.53.242 - - [12/Feb/2020:12:57:11 +0800] "POST /xingrg/services/DataTransmitService HTTP/1.1" 401 565
116.232.53.242 - - [12/Feb/2020:12:57:11 +0800] "POST /xingrg/services/DataTransmitService HTTP/1.1" 200 478
116.232.53.242 - - [12/Feb/2020:12:57:11 +0800] "POST /xingrg/services/DataTransmitService HTTP/1.1" 200 1320
116.232.53.242 - - [12/Feb/2020:12:57:11 +0800] "POST /xingrg/services/DataTransmitService HTTP/1.1" 200 478
116.232.53.242 - - [12/Feb/2020:12:57:11 +0800] "POST /xingrg/services/DataTransmitService HTTP/1.1" 200 1320
116.232.53.242 - - [12/Feb/2020:12:57:11 +0800] "POST /xingrg/services/DataTransmitService HTTP/1.1" 200 524
116.232.53.242 - - [12/Feb/2020:12:57:11 +0800] "POST /xingrg/services/DataTransmitService HTTP/1.1" 200 2487
116.232.53.242 - - [12/Feb/2020:12:57:11 +0800] "POST /xingrg/services/DataTransmitService HTTP/1.1" 200 2283
116.232.53.242 - - [12/Feb/2020:12:57:11 +0800] "POST /xingrg/services/DataTransmitService HTTP/1.1" 200 1487
116.232.53.242 - - [12/Feb/2020:12:57:12 +0800] "POST /xingrg/services/DataTransmitService HTTP/1.1" 200 172619
58.221.95.50 - - [12/Feb/2020:12:57:12 +0800] "POST /xingrg/dwr/call/plaincall/AjaxCheckService.setItemNumber.dwr HTTP/1.1" 200 237
116.232.53.242 - - [12/Feb/2020:12:57:42 +0800] "POST /xingrg/services/DataTransmitService HTTP/1.1" 200 39563
116.232.53.242 - - [12/Feb/2020:12:57:43 +0800] "POST /xingrg/services/DataTransmitService HTTP/1.1" 200 18477
114.93.75.19 - - [12/Feb/2020:12:57:55 +0800] "GET /xingrg/all/function/internal_message.html?_=1581483465343&CODE_STATE=getMsg HTTP/1.1" 302 -
58.221.95.50 - - [12/Feb/2020:12:57:57 +0800] "GET /xingrg/login.html HTTP/1.1" 200 7639
58.221.95.50 - - [12/Feb/2020:12:58:01 +0800] "GET /xingrg/images/blue/jxLogo.png HTTP/1.1" 304 -
124.77.241.94 - - [12/Feb/2020:12:58:08 +0800] "GET /xingrg/all/function/internal_message.html?_=1581483491156&CODE_STATE=getMsg HTTP/1.1" 200 27
58.221.95.50 - - [12/Feb/2020:12:58:09 +0800] "GET /xingrg/images/blue/login_bg.png HTTP/1.1" 304 -
58.221.95.50 - - [12/Feb/2020:12:58:09 +0800] "GET /xingrg/images/blue/hj.png HTTP/1.1" 304 -
58.221.95.50 - - [12/Feb/2020:12:58:10 +0800] "GET /xingrg/images/blue/srbg.png HTTP/1.1" 304 -
58.221.95.50 - - [12/Feb/2020:12:58:25 +0800] "GET /favicon.ico HTTP/1.1" 404 -
58.221.95.50 - - [12/Feb/2020:12:58:36 +0800] "POST /xingrg/login.do HTTP/1.1" 302 -
58.221.95.50 - - [12/Feb/2020:12:58:39 +0800] "GET /xingrg/index.html?sysBaseUrl=http%3A%2F%2F117.131.15.22%3A18081%2Fxingrg%2F&costTime=40×tamp=1581483516726 HTTP/1.1" 200 17395
58.221.95.50 - - [12/Feb/2020:12:58:39 +0800] "GET /xingrg/css/form.css HTTP/1.1" 304 -
58.221.95.50 - - [12/Feb/2020:12:58:40 +0800] "GET /xingrg/javascript/jquery_easy_ui/easyui-lang-zh_CN.js HTTP/1.1" 304 -
58.221.95.50 - - [12/Feb/2020:12:58:40 +0800] "GET /xingrg/javascript/jquery.form.js HTTP/1.1" 304 -
58.221.95.50 - - [12/Feb/2020:12:58:43 +0800] "GET /xingrg/javascript/jquery.timers.js HTTP/1.1" 304 -
58.221.95.50 - - [12/Feb/2020:12:58:43 +0800] "GET /favicon.ico HTTP/1.1" 404 -
58.221.95.50 - - [12/Feb/2020:12:58:47 +0800] "GET /xingrg/javascript/jquery_easy_ui/themes/icons/settle_new.png HTTP/1.1" 304 -
58.221.95.50 - - [12/Feb/2020:12:58:48 +0800] "GET /xingrg/images/blue/navBackgound.jpg HTTP/1.1" 304 -
58.221.95.50 - - [12/Feb/2020:12:58:48 +0800] "POST /xingrg/all/common/load_tree.html?tree=area_rest_tree_json&manage=1 HTTP/1.1" 200 3079
58.221.95.50 - - [12/Feb/2020:12:58:49 +0800] "GET /xingrg/all/function/internal_message.html?_=1581483846987&CODE_STATE=count HTTP/1.1" 200 11
58.221.95.50 - - [12/Feb/2020:12:58:49 +0800] "GET /xingrg/check_reg.html?_=1581483847175 HTTP/1.1" 200 22
58.221.95.50 - - [12/Feb/2020:12:58:50 +0800] "GET /xingrg/images/blue/pingpu.png HTTP/1.1" 304 -
58.221.95.50 - - [12/Feb/2020:12:58:50 +0800] "GET /xingrg/javascript/jquery_easy_ui/themes/default/images/tabs_leftarrow.png HTTP/1.1" 304 -
58.221.95.50 - - [12/Feb/2020:12:58:50 +0800] "GET /xingrg/javascript/jquery_easy_ui/themes/default/images/tabs_rightarrow.png HTTP/1.1" 304 -
58.221.95.50 - - [12/Feb/2020:12:58:52 +0800] "GET /xingrg/javascript/jquery_easy_ui/themes/default/images/panel_tool_expand.gif HTTP/1.1" 304 -
58.221.95.50 - - [12/Feb/2020:12:58:53 +0800] "GET /xingrg/javascript/jquery_easy_ui/themes/default/images/panel_tool_collapse.gif HTTP/1.1" 304 -
58.221.95.50 - - [12/Feb/2020:12:58:53 +0800] "POST /xingrg/load_menu.html HTTP/1.1" 200 9945
114.93.75.19 - - [12/Feb/2020:12:58:55 +0800] "GET /xingrg/all/function/internal_message.html?_=1581483525329&CODE_STATE=getMsg HTTP/1.1" 302 -
58.221.95.50 - - [12/Feb/2020:12:58:58 +0800] "GET /xingrg/javascript/jquery_easy_ui/themes/default/images/tree_arrows.gif HTTP/1.1" 304 -
58.221.95.50 - - [12/Feb/2020:12:58:59 +0800] "GET /xingrg/javascript/jquery_easy_ui/themes/default/images/tree_folder_open.gif HTTP/1.1" 304 -
58.221.95.50 - - [12/Feb/2020:12:58:59 +0800] "GET /xingrg/javascript/jquery_easy_ui/themes/icons/search_new.png HTTP/1.1" 304 -
58.221.95.50 - - [12/Feb/2020:12:59:00 +0800] "GET /xingrg/javascript/jquery_easy_ui/themes/default/images/tree_folder.gif HTTP/1.1" 304 -
58.221.95.50 - - [12/Feb/2020:12:59:00 +0800] "GET /xingrg/javascript/jquery_easy_ui/themes/icons/storage_new.png HTTP/1.1" 304 -
58.221.95.50 - - [12/Feb/2020:12:59:00 +0800] "GET /xingrg/javascript/jquery_easy_ui/themes/icons/checkout_new.png HTTP/1.1" 304 -
58.221.95.50 - - [12/Feb/2020:12:59:00 +0800] "GET /xingrg/javascript/jquery_easy_ui/themes/icons/forms_new.png HTTP/1.1" 304 -
58.221.95.50 - - [12/Feb/2020:12:59:00 +0800] "GET /xingrg/javascript/jquery_easy_ui/themes/icons/setting_new.png HTTP/1.1" 304 -
58.221.95.50 - - [12/Feb/2020:12:59:01 +0800] "GET /xingrg/javascript/jquery_easy_ui/themes/icons/systemset_new.png HTTP/1.1" 304 -
58.221.95.50 - - [12/Feb/2020:12:59:02 +0800] "GET /xingrg/javascript/jquery_easy_ui/themes/default/images/tree_file.gif HTTP/1.1" 304 -
124.77.241.94 - - [12/Feb/2020:12:59:08 +0800] "GET /xingrg/all/function/internal_message.html?_=1581483551270&CODE_STATE=getMsg HTTP/1.1" 200 27
58.221.95.50 - - [12/Feb/2020:12:59:49 +0800] "GET /xingrg/all/function/internal_message.html?_=1581483907431&CODE_STATE=getMsg HTTP/1.1" 200 27
114.93.75.19 - - [12/Feb/2020:12:59:55 +0800] "GET /xingrg/all/function/internal_message.html?_=1581483585331&CODE_STATE=getMsg HTTP/1.1" 302 -
124.77.241.94 - - [12/Feb/2020:13:00:08 +0800] "GET /xingrg/all/function/internal_message.html?_=1581483611275&CODE_STATE=getMsg HTTP/1.1" 200 27
114.93.75.19 - - [12/Feb/2020:13:00:21 +0800] "GET /xingrg/check_reg.html?_=1581483614413 HTTP/1.1" 302 -
58.221.95.50 - - [12/Feb/2020:13:00:49 +0800] "GET /xingrg/all/function/internal_message.html?_=1581483967445&CODE_STATE=getMsg HTTP/1.1" 200 27
114.93.75.19 - - [12/Feb/2020:13:00:55 +0800] "GET /xingrg/all/function/internal_message.html?_=1581483645333&CODE_STATE=getMsg HTTP/1.1" 302 -
114.93.75.19 - - [12/Feb/2020:13:00:55 +0800] "GET /xingrg/check_reg.html?_=1581483645335 HTTP/1.1" 302 -
124.77.241.94 - - [12/Feb/2020:13:01:08 +0800] "GET /xingrg/all/function/internal_message.html?_=1581483671383&CODE_STATE=getMsg HTTP/1.1" 200 27
58.221.95.50 - - [12/Feb/2020:13:01:50 +0800] "GET /xingrg/all/function/internal_message.html?_=1581484027449&CODE_STATE=getMsg HTTP/1.1" 200 27
114.93.75.19 - - [12/Feb/2020:13:01:55 +0800] "GET /xingrg/all/function/internal_message.html?_=1581483705336&CODE_STATE=getMsg HTTP/1.1" 302 -
124.77.241.94 - - [12/Feb/2020:13:01:56 +0800] "GET /xingrg/check_reg.html?_=1581483719555 HTTP/1.1" 200 22
124.77.241.94 - - [12/Feb/2020:13:02:08 +0800] "GET /xingrg/all/function/internal_message.html?_=1581483731395&CODE_STATE=getMsg HTTP/1.1" 200 27
58.221.95.50 - - [12/Feb/2020:13:02:49 +0800] "GET /xingrg/all/function/internal_message.html?_=1581484087440&CODE_STATE=getMsg HTTP/1.1" 200 27
114.93.75.19 - - [12/Feb/2020:13:02:55 +0800] "GET /xingrg/all/function/internal_message.html?_=1581483765337&CODE_STATE=getMsg HTTP/1.1" 302 -
124.77.241.94 - - [12/Feb/2020:13:03:08 +0800] "GET /xingrg/all/function/internal_message.html?_=1581483791410&CODE_STATE=getMsg HTTP/1.1" 200 27
58.221.95.50 - - [12/Feb/2020:13:03:49 +0800] "GET /xingrg/check_reg.html?_=1581484147445 HTTP/1.1" 200 22
58.221.95.50 - - [12/Feb/2020:13:03:50 +0800] "GET /xingrg/all/function/internal_message.html?_=1581484147711&CODE_STATE=getMsg HTTP/1.1" 200 27
114.93.75.19 - - [12/Feb/2020:13:03:55 +0800] "GET /xingrg/all/function/internal_message.html?_=1581483825339&CODE_STATE=getMsg HTTP/1.1" 302 -
124.77.241.94 - - [12/Feb/2020:13:04:08 +0800] "GET /xingrg/all/function/internal_message.html?_=1581483851511&CODE_STATE=getMsg HTTP/1.1" 200 27
58.221.95.50 - - [12/Feb/2020:13:04:50 +0800] "GET /xingrg/all/function/internal_message.html?_=1581484207685&CODE_STATE=getMsg HTTP/1.1" 200 27
114.93.75.19 - - [12/Feb/2020:13:04:55 +0800] "GET /xingrg/all/function/internal_message.html?_=1581483885341&CODE_STATE=getMsg HTTP/1.1" 302 -
124.77.241.94 - - [12/Feb/2020:13:05:08 +0800] "GET /xingrg/all/function/internal_message.html?_=1581483911514&CODE_STATE=getMsg HTTP/1.1" 200 27
114.93.75.19 - - [12/Feb/2020:13:05:21 +0800] "GET /xingrg/check_reg.html?_=1581483914417 HTTP/1.1" 302 -
58.221.95.50 - - [12/Feb/2020:13:05:49 +0800] "GET /xingrg/all/function/internal_message.html?_=1581484267662&CODE_STATE=getMsg HTTP/1.1" 200 27
114.93.75.19 - - [12/Feb/2020:13:05:55 +0800] "GET /xingrg/check_reg.html?_=1581483945344 HTTP/1.1" 302 -
114.93.75.19 - - [12/Feb/2020:13:05:55 +0800] "GET /xingrg/all/function/internal_message.html?_=1581483945345&CODE_STATE=getMsg HTTP/1.1" 302 -
124.77.241.94 - - [12/Feb/2020:13:06:08 +0800] "GET /xingrg/all/function/internal_message.html?_=1581483971640&CODE_STATE=getMsg HTTP/1.1" 200 27
58.221.95.50 - - [12/Feb/2020:13:06:50 +0800] "GET /xingrg/all/function/internal_message.html?_=1581484327636&CODE_STATE=getMsg HTTP/1.1" 200 27
114.93.75.19 - - [12/Feb/2020:13:06:55 +0800] "GET /xingrg/all/function/internal_message.html?_=1581484005330&CODE_STATE=getMsg HTTP/1.1" 302 -
124.77.241.94 - - [12/Feb/2020:13:06:56 +0800] "GET /xingrg/check_reg.html?_=1581484019561 HTTP/1.1" 200 22
124.77.241.94 - - [12/Feb/2020:13:07:08 +0800] "GET /xingrg/all/function/internal_message.html?_=1581484031650&CODE_STATE=getMsg HTTP/1.1" 200 27
58.221.95.50 - - [12/Feb/2020:13:07:51 +0800] "GET /xingrg/all/function/internal_message.html?_=1581484387615&CODE_STATE=getMsg HTTP/1.1" 200 27
114.93.75.19 - - [12/Feb/2020:13:07:55 +0800] "GET /xingrg/all/function/internal_message.html?_=1581484065332&CODE_STATE=getMsg HTTP/1.1" 302 -
124.77.241.94 - - [12/Feb/2020:13:08:08 +0800] "GET /xingrg/all/function/internal_message.html?_=1581484091665&CODE_STATE=getMsg HTTP/1.1" 200 27
58.221.95.50 - - [12/Feb/2020:13:08:51 +0800] "GET /xingrg/check_reg.html?_=1581484447445 HTTP/1.1" 200 22
58.221.95.50 - - [12/Feb/2020:13:08:51 +0800] "GET /xingrg/all/function/internal_message.html?_=1581484448576&CODE_STATE=getMsg HTTP/1.1" 200 27
114.93.75.19 - - [12/Feb/2020:13:08:55 +0800] "GET /xingrg/all/function/internal_message.html?_=1581484125334&CODE_STATE=getMsg HTTP/1.1" 302 -
124.77.241.94 - - [12/Feb/2020:13:09:08 +0800] "GET /xingrg/all/function/internal_message.html?_=1581484151779&CODE_STATE=getMsg HTTP/1.1" 200 27
222.69.139.18 - - [12/Feb/2020:13:09:41 +0800] "POST /xingrg/services/DataTransmitService HTTP/1.1" 200 524
58.221.95.50 - - [12/Feb/2020:13:09:51 +0800] "GET /xingrg/all/function/internal_message.html?_=1581484508551&CODE_STATE=getMsg HTTP/1.1" 200 27
114.93.75.19 - - [12/Feb/2020:13:09:55 +0800] "GET /xingrg/all/function/internal_message.html?_=1581484185336&CODE_STATE=getMsg HTTP/1.1" 302 -
124.77.241.94 - - [12/Feb/2020:13:10:08 +0800] "GET /xingrg/all/function/internal_message.html?_=1581484211785&CODE_STATE=getMsg HTTP/1.1" 200 27
114.93.75.19 - - [12/Feb/2020:13:10:21 +0800] "GET /xingrg/check_reg.html?_=1581484214395 HTTP/1.1" 302 -
58.221.95.50 - - [12/Feb/2020:13:10:51 +0800] "GET /xingrg/all/function/internal_message.html?_=1581484568535&CODE_STATE=getMsg HTTP/1.1" 200 27
114.93.75.19 - - [12/Feb/2020:13:10:55 +0800] "GET /xingrg/all/function/internal_message.html?_=1581484245337&CODE_STATE=getMsg HTTP/1.1" 302 -
114.93.75.19 - - [12/Feb/2020:13:10:55 +0800] "GET /xingrg/check_reg.html?_=1581484245338 HTTP/1.1" 302 -
124.77.241.94 - - [12/Feb/2020:13:11:08 +0800] "GET /xingrg/all/function/internal_message.html?_=1581484271892&CODE_STATE=getMsg HTTP/1.1" 200 27
58.221.95.50 - - [12/Feb/2020:13:11:50 +0800] "GET /xingrg/all/function/internal_message.html?_=1581484628535&CODE_STATE=getMsg HTTP/1.1" 200 27
114.93.75.19 - - [12/Feb/2020:13:11:55 +0800] "GET /xingrg/all/function/internal_message.html?_=1581484305339&CODE_STATE=getMsg HTTP/1.1" 302 -
124.77.241.94 - - [12/Feb/2020:13:11:56 +0800] "GET /xingrg/check_reg.html?_=1581484319568 HTTP/1.1" 200 22
124.77.241.94 - - [12/Feb/2020:13:12:08 +0800] "GET /xingrg/all/function/internal_message.html?_=1581484331907&CODE_STATE=getMsg HTTP/1.1" 200 27
58.221.95.50 - - [12/Feb/2020:13:12:51 +0800] "GET /xingrg/all/function/internal_message.html?_=1581484688511&CODE_STATE=getMsg HTTP/1.1" 200 27
114.93.75.19 - - [12/Feb/2020:13:12:55 +0800] "GET /xingrg/all/function/internal_message.html?_=1581484365342&CODE_STATE=getMsg HTTP/1.1" 302 -
124.77.241.94 - - [12/Feb/2020:13:13:08 +0800] "GET /xingrg/all/function/internal_message.html?_=1581484391919&CODE_STATE=getMsg HTTP/1.1" 200 27
58.221.95.50 - - [12/Feb/2020:13:13:50 +0800] "GET /xingrg/all/function/internal_message.html?_=1581484748483&CODE_STATE=getMsg HTTP/1.1" 200 27
58.221.95.50 - - [12/Feb/2020:13:13:50 +0800] "GET /xingrg/check_reg.html?_=1581484747451 HTTP/1.1" 200 22
114.93.75.19 - - [12/Feb/2020:13:13:55 +0800] "GET /xingrg/all/function/internal_message.html?_=1581484425328&CODE_STATE=getMsg HTTP/1.1" 302 -
124.77.241.94 - - [12/Feb/2020:13:14:08 +0800] "GET /xingrg/all/function/internal_message.html?_=1581484452024&CODE_STATE=getMsg HTTP/1.1" 200 27
58.221.95.50 - - [12/Feb/2020:13:14:50 +0800] "GET /xingrg/all/function/internal_message.html?_=1581484808481&CODE_STATE=getMsg HTTP/1.1" 200 27
114.93.75.19 - - [12/Feb/2020:13:14:55 +0800] "GET /xingrg/all/function/internal_message.html?_=1581484485330&CODE_STATE=getMsg HTTP/1.1" 302 -
124.77.241.94 - - [12/Feb/2020:13:15:08 +0800] "GET /xingrg/all/function/internal_message.html?_=1581484512025&CODE_STATE=getMsg HTTP/1.1" 200 27
114.93.75.19 - - [12/Feb/2020:13:15:21 +0800] "GET /xingrg/check_reg.html?_=1581484514371 HTTP/1.1" 302 -
58.221.95.50 - - [12/Feb/2020:13:15:53 +0800] "GET /xingrg/all/function/internal_message.html?_=1581484868464&CODE_STATE=getMsg HTTP/1.1" 200 27
114.93.75.19 - - [12/Feb/2020:13:15:55 +0800] "GET /xingrg/all/function/internal_message.html?_=1581484545332&CODE_STATE=getMsg HTTP/1.1" 302 -
114.93.75.19 - - [12/Feb/2020:13:15:55 +0800] "GET /xingrg/check_reg.html?_=1581484545334 HTTP/1.1" 302 -
124.77.241.94 - - [12/Feb/2020:13:16:08 +0800] "GET /xingrg/all/function/internal_message.html?_=1581484572127&CODE_STATE=getMsg HTTP/1.1" 200 27
58.221.95.50 - - [12/Feb/2020:13:16:50 +0800] "GET /xingrg/all/function/internal_message.html?_=1581484928458&CODE_STATE=getMsg HTTP/1.1" 200 27
114.93.75.19 - - [12/Feb/2020:13:16:55 +0800] "GET /xingrg/all/function/internal_message.html?_=1581484605335&CODE_STATE=getMsg HTTP/1.1" 302 -
124.77.241.94 - - [12/Feb/2020:13:16:56 +0800] "GET /xingrg/check_reg.html?_=1581484619573 HTTP/1.1" 200 22
124.77.241.94 - - [12/Feb/2020:13:17:08 +0800] "GET /xingrg/all/function/internal_message.html?_=1581484632130&CODE_STATE=getMsg HTTP/1.1" 200 27
58.221.95.50 - - [12/Feb/2020:13:17:51 +0800] "GET /xingrg/all/function/internal_message.html?_=1581484988432&CODE_STATE=getMsg HTTP/1.1" 200 27
114.93.75.19 - - [12/Feb/2020:13:17:55 +0800] "GET /xingrg/all/function/internal_message.html?_=1581484665336&CODE_STATE=getMsg HTTP/1.1" 302 -
124.77.241.94 - - [12/Feb/2020:13:18:08 +0800] "GET /xingrg/all/function/internal_message.html?_=1581484692143&CODE_STATE=getMsg HTTP/1.1" 200 27
58.221.95.50 - - [12/Feb/2020:13:18:50 +0800] "GET /xingrg/check_reg.html?_=1581485047464 HTTP/1.1" 200 22
58.221.95.50 - - [12/Feb/2020:13:18:50 +0800] "GET /xingrg/all/function/internal_message.html?_=1581485048421&CODE_STATE=getMsg HTTP/1.1" 200 27
114.93.75.19 - - [12/Feb/2020:13:18:55 +0800] "GET /xingrg/all/function/internal_message.html?_=1581484725338&CODE_STATE=getMsg HTTP/1.1" 302 -
124.77.241.94 - - [12/Feb/2020:13:19:09 +0800] "GET /xingrg/all/function/internal_message.html?_=1581484752246&CODE_STATE=getMsg HTTP/1.1" 200 27
58.221.95.50 - - [12/Feb/2020:13:19:51 +0800] "GET /xingrg/all/function/internal_message.html?_=1581485108409&CODE_STATE=getMsg HTTP/1.1" 200 27
114.93.75.19 - - [12/Feb/2020:13:19:55 +0800] "GET /xingrg/all/function/internal_message.html?_=1581484785344&CODE_STATE=getMsg HTTP/1.1" 302 -
124.77.241.94 - - [12/Feb/2020:13:20:09 +0800] "GET /xingrg/all/function/internal_message.html?_=1581484812249&CODE_STATE=getMsg HTTP/1.1" 200 27
180.157.252.250 - - [12/Feb/2020:13:20:19 +0800] "POST /xingrg/services/DataTransmitService HTTP/1.1" 200 524
114.93.75.19 - - [12/Feb/2020:13:20:21 +0800] "GET /xingrg/check_reg.html?_=1581484814346 HTTP/1.1" 302 -
58.221.95.50 - - [12/Feb/2020:13:20:51 +0800] "GET /xingrg/all/function/internal_message.html?_=1581485168394&CODE_STATE=getMsg HTTP/1.1" 200 27
114.93.75.19 - - [12/Feb/2020:13:20:55 +0800] "GET /xingrg/check_reg.html?_=1581484845330 HTTP/1.1" 302 -
114.93.75.19 - - [12/Feb/2020:13:20:55 +0800] "GET /xingrg/all/function/internal_message.html?_=1581484845332&CODE_STATE=getMsg HTTP/1.1" 302 -
58.221.95.50 - - [12/Feb/2020:13:21:02 +0800] "GET /xingrg/javascript/jquery_easy_ui/themes/default/images/tabs_active.png HTTP/1.1" 304 -
58.221.95.50 - - [12/Feb/2020:13:21:04 +0800] "GET /xingrg/kc/base/base_main.html HTTP/1.1" 200 12138
58.221.95.50 - - [12/Feb/2020:13:21:05 +0800] "GET /xingrg/javascript/jquery_easy_ui/themes/default/images/tabs_close.gif HTTP/1.1" 304 -
124.77.241.94 - - [12/Feb/2020:13:21:09 +0800] "GET /xingrg/all/function/internal_message.html?_=1581484872367&CODE_STATE=getMsg HTTP/1.1" 200 27
58.221.95.50 - - [12/Feb/2020:13:21:10 +0800] "GET /xingrg/kc/base/base_main.html HTTP/1.1" 200 12138
58.221.95.50 - - [12/Feb/2020:13:21:43 +0800] "GET /xingrg/kc/base/check_order_list.html HTTP/1.1" 200 16411
58.221.95.50 - - [12/Feb/2020:13:21:46 +0800] "GET /xingrg/kc/base/check_order_list.html HTTP/1.1" 200 16405
114.93.75.19 - - [12/Feb/2020:13:21:55 +0800] "GET /xingrg/all/function/internal_message.html?_=1581484905333&CODE_STATE=getMsg HTTP/1.1" 302 -
124.77.241.94 - - [12/Feb/2020:13:21:56 +0800] "GET /xingrg/check_reg.html?_=1581484919577 HTTP/1.1" 200 22
58.221.95.50 - - [12/Feb/2020:13:21:56 +0800] "GET /xingrg/kc/base/check_order_list.html HTTP/1.1" 200 16405
58.221.95.50 - - [12/Feb/2020:13:21:56 +0800] "GET /xingrg/all/function/internal_message.html?_=1581485234450&CODE_STATE=getMsg HTTP/1.1" 200 27
58.221.95.50 - - [12/Feb/2020:13:21:57 +0800] "GET /xingrg/css/base.css HTTP/1.1" 304 -
58.221.95.50 - - [12/Feb/2020:13:21:58 +0800] "GET /xingrg/css/site.css HTTP/1.1" 304 -
58.221.95.50 - - [12/Feb/2020:13:21:59 +0800] "GET /xingrg/javascript/jquery_tools/datebox.css HTTP/1.1" 304 -
58.221.95.50 - - [12/Feb/2020:13:22:00 +0800] "GET /xingrg/javascript/easyui/themes/default/easyui.css HTTP/1.1" 304 -
58.221.95.50 - - [12/Feb/2020:13:22:00 +0800] "GET /xingrg/javascript/easyui/themes/icon.css HTTP/1.1" 304 -
58.221.95.50 - - [12/Feb/2020:13:22:01 +0800] "GET /xingrg/javascript/auto/jquery.autocomplete.css HTTP/1.1" 304 -
58.221.95.50 - - [12/Feb/2020:13:22:01 +0800] "GET /xingrg/javascript/jquery_tools/fix.css HTTP/1.1" 304 -
58.221.95.50 - - [12/Feb/2020:13:22:02 +0800] "GET /xingrg/javascript/jquery_tools/table.css HTTP/1.1" 304 -
58.221.95.50 - - [12/Feb/2020:13:22:03 +0800] "GET /xingrg/javascript/jquery_tools/jquery.tools.min.js HTTP/1.1" 304 -
58.221.95.50 - - [12/Feb/2020:13:22:04 +0800] "GET /xingrg/javascript/jquery_tools/jquery.tools.extend.js HTTP/1.1" 304 -
58.221.95.50 - - [12/Feb/2020:13:22:04 +0800] "GET /xingrg/javascript/jquery_tools/jquery.tools.hotkey.js HTTP/1.1" 304 -
58.221.95.50 - - [12/Feb/2020:13:22:04 +0800] "GET /xingrg/javascript/jquery_tools/jquery.tools.table.js HTTP/1.1" 304 -
58.221.95.50 - - [12/Feb/2020:13:22:04 +0800] "GET /xingrg/javascript/jquery_tools/list_manager.js HTTP/1.1" 304 -
58.221.95.50 - - [12/Feb/2020:13:22:06 +0800] "GET /xingrg/javascript/auto/jquery.autocomplete.js HTTP/1.1" 304 -
58.221.95.50 - - [12/Feb/2020:13:22:06 +0800] "GET /xingrg/javascript/easyui/easyloader.js HTTP/1.1" 304 -
58.221.95.50 - - [12/Feb/2020:13:22:09 +0800] "GET /xingrg/javascript/jquery.cookie.js HTTP/1.1" 304 -
124.77.241.94 - - [12/Feb/2020:13:22:09 +0800] "GET /xingrg/all/function/internal_message.html?_=1581484932370&CODE_STATE=getMsg HTTP/1.1" 200 27
58.221.95.50 - - [12/Feb/2020:13:22:12 +0800] "GET /xingrg/javascript/easyui/themes/icons/edit_add_new.png HTTP/1.1" 304 -
58.221.95.50 - - [12/Feb/2020:13:22:13 +0800] "GET /xingrg/javascript/easyui/themes/icons/field_new.png HTTP/1.1" 304 -
58.221.95.50 - - [12/Feb/2020:13:22:13 +0800] "GET /xingrg/javascript/easyui/themes/icons/check_new.png HTTP/1.1" 304 -
58.221.95.50 - - [12/Feb/2020:13:22:14 +0800] "GET /xingrg/javascript/easyui/themes/icons/cance_new.png HTTP/1.1" 304 -
58.221.95.50 - - [12/Feb/2020:13:22:16 +0800] "GET /xingrg/javascript/easyui/plugins/jquery.parser.js HTTP/1.1" 304 -
58.221.95.50 - - [12/Feb/2020:13:22:17 +0800] "GET /xingrg/images/control/ajaxLoader.gif HTTP/1.1" 304 -
58.221.95.50 - - [12/Feb/2020:13:22:17 +0800] "POST /xingrg/kc/base/check_list_operate.html HTTP/1.1" 200 2577
114.93.75.19 - - [12/Feb/2020:13:22:55 +0800] "GET /xingrg/all/function/internal_message.html?_=1581484965335&CODE_STATE=getMsg HTTP/1.1" 302 -
58.221.95.50 - - [12/Feb/2020:13:23:01 +0800] "GET /xingrg/all/function/internal_message.html?_=1581485294445&CODE_STATE=getMsg HTTP/1.1" 200 27
58.221.95.50 - - [12/Feb/2020:13:23:01 +0800] "GET /xingrg/javascript/easyui/themes/default/images/button_plain_hover.png HTTP/1.1" 304 -
124.77.241.94 - - [12/Feb/2020:13:23:09 +0800] "GET /xingrg/all/function/internal_message.html?_=1581484992383&CODE_STATE=getMsg HTTP/1.1" 200 27
58.221.95.50 - - [12/Feb/2020:13:23:20 +0800] "GET /xingrg/kc/base/check_order_info.html?code=452020021100006 HTTP/1.1" 200 25334
58.221.95.50 - - [12/Feb/2020:13:23:25 +0800] "GET /xingrg/dwr/interface/AjaxComOrderService.js HTTP/1.1" 200 18264
58.221.95.50 - - [12/Feb/2020:13:23:26 +0800] "GET /xingrg/dwr/interface/AjaxCheckService.js HTTP/1.1" 200 14003
58.221.95.50 - - [12/Feb/2020:13:23:26 +0800] "GET /xingrg/dwr/engine.js HTTP/1.1" 200 43631
58.221.95.50 - - [12/Feb/2020:13:23:53 +0800] "GET /xingrg/check_reg.html?_=1581485351155 HTTP/1.1" 200 22
58.221.95.50 - - [12/Feb/2020:13:23:53 +0800] "POST /xingrg/dwr/call/plaincall/AjaxCheckService.loadOrderItems.dwr HTTP/1.1" 200 17730
114.93.75.19 - - [12/Feb/2020:13:23:55 +0800] "GET /xingrg/all/function/internal_message.html?_=1581485025337&CODE_STATE=getMsg HTTP/1.1" 302 -
58.221.95.50 - - [12/Feb/2020:13:23:56 +0800] "GET /xingrg/all/function/internal_message.html?_=1581485354426&CODE_STATE=getMsg HTTP/1.1" 200 27
58.221.95.50 - - [12/Feb/2020:13:24:01 +0800] "POST /xingrg/dwr/call/plaincall/AjaxCheckService.setItemNumber.dwr HTTP/1.1" 200 76
58.221.95.50 - - [12/Feb/2020:13:24:07 +0800] "POST /xingrg/dwr/call/plaincall/AjaxCheckService.setItemNumber.dwr HTTP/1.1" 200 76
124.77.241.94 - - [12/Feb/2020:13:24:09 +0800] "GET /xingrg/all/function/internal_message.html?_=1581485052498&CODE_STATE=getMsg HTTP/1.1" 200 27
58.221.95.50 - - [12/Feb/2020:13:24:16 +0800] "POST /xingrg/dwr/call/plaincall/AjaxCheckService.setItemNumber.dwr HTTP/1.1" 200 76
58.221.95.50 - - [12/Feb/2020:13:24:21 +0800] "POST /xingrg/dwr/call/plaincall/AjaxCheckService.setItemNumber.dwr HTTP/1.1" 200 76
58.221.95.50 - - [12/Feb/2020:13:24:26 +0800] "POST /xingrg/dwr/call/plaincall/AjaxCheckService.setItemNumber.dwr HTTP/1.1" 200 76
58.221.95.50 - - [12/Feb/2020:13:24:31 +0800] "POST /xingrg/dwr/call/plaincall/AjaxCheckService.setItemNumber.dwr HTTP/1.1" 200 76
58.221.95.50 - - [12/Feb/2020:13:24:43 +0800] "POST /xingrg/dwr/call/plaincall/AjaxCheckService.setItemNumber.dwr HTTP/1.1" 200 76
58.221.95.50 - - [12/Feb/2020:13:24:46 +0800] "POST /xingrg/dwr/call/plaincall/AjaxCheckService.setItemNumber.dwr HTTP/1.1" 200 76
58.221.95.50 - - [12/Feb/2020:13:24:54 +0800] "POST /xingrg/dwr/call/plaincall/AjaxCheckService.setItemNumber.dwr HTTP/1.1" 200 76
114.93.75.19 - - [12/Feb/2020:13:24:55 +0800] "GET /xingrg/all/function/internal_message.html?_=1581485085339&CODE_STATE=getMsg HTTP/1.1" 302 -
58.221.95.50 - - [12/Feb/2020:13:24:56 +0800] "GET /xingrg/all/function/internal_message.html?_=1581485414400&CODE_STATE=getMsg HTTP/1.1" 200 27
58.221.95.50 - - [12/Feb/2020:13:25:09 +0800] "POST /xingrg/dwr/call/plaincall/AjaxCheckService.setItemNumber.dwr HTTP/1.1" 200 77
124.77.241.94 - - [12/Feb/2020:13:25:09 +0800] "GET /xingrg/all/function/internal_message.html?_=1581485112503&CODE_STATE=getMsg HTTP/1.1" 200 27
58.221.95.50 - - [12/Feb/2020:13:25:16 +0800] "POST /xingrg/dwr/call/plaincall/AjaxCheckService.setItemNumber.dwr HTTP/1.1" 200 77
114.93.75.19 - - [12/Feb/2020:13:25:21 +0800] "GET /xingrg/check_reg.html?_=1581485114327 HTTP/1.1" 302 -
58.221.95.50 - - [12/Feb/2020:13:25:36 +0800] "POST /xingrg/dwr/call/plaincall/AjaxCheckService.setItemNumber.dwr HTTP/1.1" 200 77
58.221.95.50 - - [12/Feb/2020:13:25:43 +0800] "POST /xingrg/dwr/call/plaincall/AjaxCheckService.setItemNumber.dwr HTTP/1.1" 200 77
58.221.95.50 - - [12/Feb/2020:13:25:48 +0800] "POST /xingrg/dwr/call/plaincall/AjaxCheckService.setItemNumber.dwr HTTP/1.1" 200 77
58.221.95.50 - - [12/Feb/2020:13:25:53 +0800] "POST /xingrg/dwr/call/plaincall/AjaxCheckService.setItemNumber.dwr HTTP/1.1" 200 77
114.93.75.19 - - [12/Feb/2020:13:25:55 +0800] "GET /xingrg/check_reg.html?_=1581485145341 HTTP/1.1" 302 -
114.93.75.19 - - [12/Feb/2020:13:25:55 +0800] "GET /xingrg/all/function/internal_message.html?_=1581485145343&CODE_STATE=getMsg HTTP/1.1" 302 -
58.221.95.50 - - [12/Feb/2020:13:25:56 +0800] "GET /xingrg/all/function/internal_message.html?_=1581485474376&CODE_STATE=getMsg HTTP/1.1" 200 27
124.77.241.94 - - [12/Feb/2020:13:26:09 +0800] "GET /xingrg/all/function/internal_message.html?_=1581485172631&CODE_STATE=getMsg HTTP/1.1" 200 27
114.93.75.19 - - [12/Feb/2020:13:26:55 +0800] "GET /xingrg/all/function/internal_message.html?_=1581485205328&CODE_STATE=getMsg HTTP/1.1" 302 -
124.77.241.94 - - [12/Feb/2020:13:26:56 +0800] "GET /xingrg/check_reg.html?_=1581485219583 HTTP/1.1" 200 22
58.221.95.50 - - [12/Feb/2020:13:26:56 +0800] "GET /xingrg/all/function/internal_message.html?_=1581485534358&CODE_STATE=getMsg HTTP/1.1" 200 27
58.221.95.50 - - [12/Feb/2020:13:27:00 +0800] "POST /xingrg/dwr/call/plaincall/AjaxCheckService.setItemNumber.dwr HTTP/1.1" 200 77
124.77.241.94 - - [12/Feb/2020:13:27:09 +0800] "GET /xingrg/all/function/internal_message.html?_=1581485232640&CODE_STATE=getMsg HTTP/1.1" 200 27
58.221.95.50 - - [12/Feb/2020:13:27:20 +0800] "POST /xingrg/dwr/call/plaincall/AjaxCheckService.setItemRemark.dwr HTTP/1.1" 200 77
114.93.75.19 - - [12/Feb/2020:13:27:55 +0800] "GET /xingrg/all/function/internal_message.html?_=1581485265330&CODE_STATE=getMsg HTTP/1.1" 302 -
58.221.95.50 - - [12/Feb/2020:13:27:56 +0800] "GET /xingrg/all/function/internal_message.html?_=1581485594330&CODE_STATE=getMsg HTTP/1.1" 200 27
58.221.95.50 - - [12/Feb/2020:13:28:08 +0800] "POST /xingrg/dwr/call/plaincall/AjaxCheckService.setItemNumber.dwr HTTP/1.1" 200 77
124.77.241.94 - - [12/Feb/2020:13:28:09 +0800] "GET /xingrg/all/function/internal_message.html?_=1581485292654&CODE_STATE=getMsg HTTP/1.1" 200 27
58.221.95.50 - - [12/Feb/2020:13:28:14 +0800] "POST /xingrg/dwr/call/plaincall/AjaxCheckService.setItemNumber.dwr HTTP/1.1" 200 77
58.221.95.50 - - [12/Feb/2020:13:28:16 +0800] "POST /xingrg/dwr/call/plaincall/AjaxCheckService.setItemNumber.dwr HTTP/1.1" 200 77
58.221.95.50 - - [12/Feb/2020:13:28:21 +0800] "POST /xingrg/dwr/call/plaincall/AjaxCheckService.setItemNumber.dwr HTTP/1.1" 200 77
58.221.95.50 - - [12/Feb/2020:13:28:25 +0800] "POST /xingrg/dwr/call/plaincall/AjaxCheckService.setItemNumber.dwr HTTP/1.1" 200 77
58.221.95.50 - - [12/Feb/2020:13:28:31 +0800] "POST /xingrg/dwr/call/plaincall/AjaxCheckService.setItemNumber.dwr HTTP/1.1" 200 77
58.221.95.50 - - [12/Feb/2020:13:28:35 +0800] "POST /xingrg/dwr/call/plaincall/AjaxCheckService.setItemNumber.dwr HTTP/1.1" 200 77
58.221.95.50 - - [12/Feb/2020:13:28:53 +0800] "GET /xingrg/check_reg.html?_=1581485651132 HTTP/1.1" 200 22
114.93.75.19 - - [12/Feb/2020:13:28:55 +0800] "GET /xingrg/all/function/internal_message.html?_=1581485325332&CODE_STATE=getMsg HTTP/1.1" 302 -
58.221.95.50 - - [12/Feb/2020:13:28:56 +0800] "GET /xingrg/all/function/internal_message.html?_=1581485654316&CODE_STATE=getMsg HTTP/1.1" 200 27
124.77.241.94 - - [12/Feb/2020:13:29:09 +0800] "GET /xingrg/all/function/internal_message.html?_=1581485352755&CODE_STATE=getMsg HTTP/1.1" 200 27
58.221.95.50 - - [12/Feb/2020:13:29:13 +0800] "POST /xingrg/dwr/call/plaincall/AjaxCheckService.setItemRemark.dwr HTTP/1.1" 200 77
58.221.95.50 - - [12/Feb/2020:13:29:44 +0800] "POST /xingrg/dwr/call/plaincall/AjaxCheckService.setItemRemark.dwr HTTP/1.1" 200 77
58.221.95.50 - - [12/Feb/2020:13:29:48 +0800] "POST /xingrg/dwr/call/plaincall/AjaxCheckService.setItemRemark.dwr HTTP/1.1" 200 77
114.93.75.19 - - [12/Feb/2020:13:29:55 +0800] "GET /xingrg/all/function/internal_message.html?_=1581485385334&CODE_STATE=getMsg HTTP/1.1" 302 -
58.221.95.50 - - [12/Feb/2020:13:29:56 +0800] "GET /xingrg/kc/base/check_order_info.html?code=452020021100005 HTTP/1.1" 200 25334
58.221.95.50 - - [12/Feb/2020:13:29:56 +0800] "GET /xingrg/all/function/internal_message.html?_=1581485714465&CODE_STATE=getMsg HTTP/1.1" 200 27
58.221.95.50 - - [12/Feb/2020:13:29:56 +0800] "GET /xingrg/dwr/interface/AjaxComOrderService.js HTTP/1.1" 200 18264
58.221.95.50 - - [12/Feb/2020:13:29:56 +0800] "GET /xingrg/dwr/interface/AjaxCheckService.js HTTP/1.1" 200 14003
58.221.95.50 - - [12/Feb/2020:13:29:56 +0800] "GET /xingrg/dwr/engine.js HTTP/1.1" 200 43631
58.221.95.50 - - [12/Feb/2020:13:29:58 +0800] "POST /xingrg/dwr/call/plaincall/AjaxCheckService.loadOrderItems.dwr HTTP/1.1" 200 69473
124.77.241.94 - - [12/Feb/2020:13:30:09 +0800] "GET /xingrg/all/function/internal_message.html?_=1581485412759&CODE_STATE=getMsg HTTP/1.1" 200 27
58.221.95.50 - - [12/Feb/2020:13:30:20 +0800] "POST /xingrg/dwr/call/plaincall/AjaxCheckService.setItemNumber.dwr HTTP/1.1" 200 76
114.93.75.19 - - [12/Feb/2020:13:30:21 +0800] "GET /xingrg/check_reg.html?_=1581485414305 HTTP/1.1" 302 -
114.93.75.19 - - [12/Feb/2020:13:30:55 +0800] "GET /xingrg/all/function/internal_message.html?_=1581485445336&CODE_STATE=getMsg HTTP/1.1" 302 -
114.93.75.19 - - [12/Feb/2020:13:30:55 +0800] "GET /xingrg/check_reg.html?_=1581485445337 HTTP/1.1" 302 -
58.221.95.50 - - [12/Feb/2020:13:30:57 +0800] "GET /xingrg/all/function/internal_message.html?_=1581485774454&CODE_STATE=getMsg HTTP/1.1" 200 27
124.77.241.94 - - [12/Feb/2020:13:31:09 +0800] "GET /xingrg/all/function/internal_message.html?_=1581485472875&CODE_STATE=getMsg HTTP/1.1" 200 27
114.93.75.19 - - [12/Feb/2020:13:31:55 +0800] "GET /xingrg/all/function/internal_message.html?_=1581485505339&CODE_STATE=getMsg HTTP/1.1" 302 -
124.77.241.94 - - [12/Feb/2020:13:31:56 +0800] "GET /xingrg/check_reg.html?_=1581485519590 HTTP/1.1" 200 22
58.221.95.50 - - [12/Feb/2020:13:31:56 +0800] "GET /xingrg/all/function/internal_message.html?_=1581485834438&CODE_STATE=getMsg HTTP/1.1" 200 27
124.77.241.94 - - [12/Feb/2020:13:32:09 +0800] "GET /xingrg/all/function/internal_message.html?_=1581485532881&CODE_STATE=getMsg HTTP/1.1" 200 27
114.93.75.19 - - [12/Feb/2020:13:32:55 +0800] "GET /xingrg/all/function/internal_message.html?_=1581485565342&CODE_STATE=getMsg HTTP/1.1" 302 -
58.221.95.50 - - [12/Feb/2020:13:32:57 +0800] "GET /xingrg/all/function/internal_message.html?_=1581485894422&CODE_STATE=getMsg HTTP/1.1" 200 27
124.77.241.94 - - [12/Feb/2020:13:33:09 +0800] "GET /xingrg/all/function/internal_message.html?_=1581485592894&CODE_STATE=getMsg HTTP/1.1" 200 27
116.232.53.242 - - [12/Feb/2020:13:33:11 +0800] "GET /favicon.ico HTTP/1.1" 404 -
58.221.95.50 - - [12/Feb/2020:13:33:53 +0800] "GET /xingrg/check_reg.html?_=1581485951129 HTTP/1.1" 200 22
114.93.75.19 - - [12/Feb/2020:13:33:55 +0800] "GET /xingrg/all/function/internal_message.html?_=1581485625344&CODE_STATE=getMsg HTTP/1.1" 302 -
58.221.95.50 - - [12/Feb/2020:13:33:56 +0800] "GET /xingrg/all/function/internal_message.html?_=1581485954410&CODE_STATE=getMsg HTTP/1.1" 200 27
124.77.241.94 - - [12/Feb/2020:13:34:09 +0800] "GET /xingrg/all/function/internal_message.html?_=1581485653001&CODE_STATE=getMsg HTTP/1.1" 200 27
114.93.75.19 - - [12/Feb/2020:13:34:55 +0800] "GET /xingrg/all/function/internal_message.html?_=1581485685330&CODE_STATE=getMsg HTTP/1.1" 302 -
58.221.95.50 - - [12/Feb/2020:13:34:57 +0800] "GET /xingrg/all/function/internal_message.html?_=1581486014394&CODE_STATE=getMsg HTTP/1.1" 200 27
124.77.241.94 - - [12/Feb/2020:13:35:09 +0800] "GET /xingrg/all/function/internal_message.html?_=1581485713014&CODE_STATE=getMsg HTTP/1.1" 200 27
114.93.75.19 - - [12/Feb/2020:13:35:21 +0800] "GET /xingrg/check_reg.html?_=1581485714312 HTTP/1.1" 302 -
114.93.75.19 - - [12/Feb/2020:13:35:55 +0800] "GET /xingrg/check_reg.html?_=1581485745333 HTTP/1.1" 302 -
114.93.75.19 - - [12/Feb/2020:13:35:55 +0800] "GET /xingrg/all/function/internal_message.html?_=1581485745332&CODE_STATE=getMsg HTTP/1.1" 302 -
58.221.95.50 - - [12/Feb/2020:13:35:56 +0800] "GET /xingrg/all/function/internal_message.html?_=1581486074389&CODE_STATE=getMsg HTTP/1.1" 200 27
124.77.241.94 - - [12/Feb/2020:13:36:09 +0800] "GET /xingrg/all/function/internal_message.html?_=1581485773119&CODE_STATE=getMsg HTTP/1.1" 200 27
114.93.75.19 - - [12/Feb/2020:13:36:55 +0800] "GET /xingrg/all/function/internal_message.html?_=1581485805335&CODE_STATE=getMsg HTTP/1.1" 302 -
