124.77.241.94 - - [01/Feb/2020:15:34:06 +0800] "GET /xingrg/all/function/internal_message.html?_=1580542460141&CODE_STATE=getMsg HTTP/1.1" 200 27
222.69.24.136 - - [01/Feb/2020:15:34:15 +0800] "GET /xingrg/all/function/internal_message.html?_=1580542018366&CODE_STATE=getMsg HTTP/1.1" 200 27
172.17.0.196 - - [01/Feb/2020:15:34:48 +0800] "GET /xingrg/check_reg.html?_=1580542325716 HTTP/1.1" 302 -
172.17.0.196 - - [01/Feb/2020:15:34:48 +0800] "GET /xingrg/all/function/internal_message.html?_=1580542325717&CODE_STATE=getMsg HTTP/1.1" 302 -
114.93.75.19 - - [01/Feb/2020:15:34:52 +0800] "GET /xingrg/all/function/internal_message.html?_=1580542481470&CODE_STATE=getMsg HTTP/1.1" 302 -
124.77.241.94 - - [01/Feb/2020:15:35:06 +0800] "GET /xingrg/all/function/internal_message.html?_=1580542520148&CODE_STATE=getMsg HTTP/1.1" 200 27
222.69.24.136 - - [01/Feb/2020:15:35:15 +0800] "GET /xingrg/check_reg.html?_=1580542078366 HTTP/1.1" 200 22
222.69.24.136 - - [01/Feb/2020:15:35:15 +0800] "GET /xingrg/all/function/internal_message.html?_=1580542078369&CODE_STATE=getMsg HTTP/1.1" 200 27
172.17.0.196 - - [01/Feb/2020:15:35:48 +0800] "GET /xingrg/all/function/internal_message.html?_=1580542385717&CODE_STATE=getMsg HTTP/1.1" 302 -
114.93.75.19 - - [01/Feb/2020:15:35:52 +0800] "GET /xingrg/check_reg.html?_=1580542541472 HTTP/1.1" 302 -
114.93.75.19 - - [01/Feb/2020:15:35:52 +0800] "GET /xingrg/all/function/internal_message.html?_=1580542541471&CODE_STATE=getMsg HTTP/1.1" 302 -
124.77.241.94 - - [01/Feb/2020:15:36:06 +0800] "GET /xingrg/all/function/internal_message.html?_=1580542580213&CODE_STATE=getMsg HTTP/1.1" 200 27
222.69.24.136 - - [01/Feb/2020:15:36:15 +0800] "GET /xingrg/all/function/internal_message.html?_=1580542138368&CODE_STATE=getMsg HTTP/1.1" 200 27
114.93.75.19 - - [01/Feb/2020:15:36:28 +0800] "GET /xingrg/check_reg.html?_=1580542577509 HTTP/1.1" 302 -
172.17.0.196 - - [01/Feb/2020:15:36:47 +0800] "GET /xingrg/all/function/internal_message.html?_=1580542445708&CODE_STATE=getMsg HTTP/1.1" 302 -
114.93.75.19 - - [01/Feb/2020:15:36:52 +0800] "GET /xingrg/all/function/internal_message.html?_=1580542601477&CODE_STATE=getMsg HTTP/1.1" 302 -
124.77.241.94 - - [01/Feb/2020:15:36:56 +0800] "GET /xingrg/check_reg.html?_=1580542630194 HTTP/1.1" 200 22
124.77.241.94 - - [01/Feb/2020:15:37:06 +0800] "GET /xingrg/all/function/internal_message.html?_=1580542640221&CODE_STATE=getMsg HTTP/1.1" 200 27
222.69.24.136 - - [01/Feb/2020:15:37:15 +0800] "GET /xingrg/all/function/internal_message.html?_=1580542198354&CODE_STATE=getMsg HTTP/1.1" 200 27
172.17.0.196 - - [01/Feb/2020:15:37:47 +0800] "GET /xingrg/all/function/internal_message.html?_=1580542505711&CODE_STATE=getMsg HTTP/1.1" 302 -
114.93.75.19 - - [01/Feb/2020:15:37:52 +0800] "GET /xingrg/all/function/internal_message.html?_=1580542661478&CODE_STATE=getMsg HTTP/1.1" 302 -
180.157.252.250 - - [01/Feb/2020:15:38:01 +0800] "GET /xingrg/check_reg.html?_=1580542668217 HTTP/1.1" 200 22
124.77.241.94 - - [01/Feb/2020:15:38:06 +0800] "GET /xingrg/all/function/internal_message.html?_=1580542700235&CODE_STATE=getMsg HTTP/1.1" 200 27
222.69.24.136 - - [01/Feb/2020:15:38:15 +0800] "GET /xingrg/all/function/internal_message.html?_=1580542258364&CODE_STATE=getMsg HTTP/1.1" 200 27
172.17.0.196 - - [01/Feb/2020:15:38:47 +0800] "GET /xingrg/all/function/internal_message.html?_=1580542565712&CODE_STATE=getMsg HTTP/1.1" 302 -
114.93.75.19 - - [01/Feb/2020:15:38:52 +0800] "GET /xingrg/all/function/internal_message.html?_=1580542721479&CODE_STATE=getMsg HTTP/1.1" 302 -
124.77.241.94 - - [01/Feb/2020:15:39:06 +0800] "GET /xingrg/all/function/internal_message.html?_=1580542760282&CODE_STATE=getMsg HTTP/1.1" 200 27
222.69.24.136 - - [01/Feb/2020:15:39:15 +0800] "GET /xingrg/all/function/internal_message.html?_=1580542318366&CODE_STATE=getMsg HTTP/1.1" 200 27
172.17.0.196 - - [01/Feb/2020:15:39:47 +0800] "GET /xingrg/all/function/internal_message.html?_=1580542625712&CODE_STATE=getMsg HTTP/1.1" 302 -
172.17.0.196 - - [01/Feb/2020:15:39:47 +0800] "GET /xingrg/check_reg.html?_=1580542625714 HTTP/1.1" 302 -
114.93.75.19 - - [01/Feb/2020:15:39:52 +0800] "GET /xingrg/all/function/internal_message.html?_=1580542781481&CODE_STATE=getMsg HTTP/1.1" 302 -
124.77.241.94 - - [01/Feb/2020:15:40:06 +0800] "GET /xingrg/all/function/internal_message.html?_=1580542820294&CODE_STATE=getMsg HTTP/1.1" 200 27
222.69.24.136 - - [01/Feb/2020:15:40:15 +0800] "GET /xingrg/check_reg.html?_=1580542378365 HTTP/1.1" 200 22
222.69.24.136 - - [01/Feb/2020:15:40:15 +0800] "GET /xingrg/all/function/internal_message.html?_=1580542378367&CODE_STATE=getMsg HTTP/1.1" 200 27
172.17.0.196 - - [01/Feb/2020:15:40:47 +0800] "GET /xingrg/all/function/internal_message.html?_=1580542685712&CODE_STATE=getMsg HTTP/1.1" 302 -
114.93.75.19 - - [01/Feb/2020:15:40:52 +0800] "GET /xingrg/check_reg.html?_=1580542841468 HTTP/1.1" 302 -
114.93.75.19 - - [01/Feb/2020:15:40:52 +0800] "GET /xingrg/all/function/internal_message.html?_=1580542841469&CODE_STATE=getMsg HTTP/1.1" 302 -
124.77.241.94 - - [01/Feb/2020:15:41:06 +0800] "GET /xingrg/all/function/internal_message.html?_=1580542880346&CODE_STATE=getMsg HTTP/1.1" 200 27
222.69.24.136 - - [01/Feb/2020:15:41:15 +0800] "GET /xingrg/all/function/internal_message.html?_=1580542438366&CODE_STATE=getMsg HTTP/1.1" 200 27
114.93.75.19 - - [01/Feb/2020:15:41:28 +0800] "GET /xingrg/check_reg.html?_=1580542877485 HTTP/1.1" 302 -
172.17.0.196 - - [01/Feb/2020:15:41:47 +0800] "GET /xingrg/all/function/internal_message.html?_=1580542745712&CODE_STATE=getMsg HTTP/1.1" 302 -
114.93.75.19 - - [01/Feb/2020:15:41:52 +0800] "GET /xingrg/all/function/internal_message.html?_=1580542901470&CODE_STATE=getMsg HTTP/1.1" 302 -
124.77.241.94 - - [01/Feb/2020:15:41:56 +0800] "GET /xingrg/check_reg.html?_=1580542930197 HTTP/1.1" 200 22
124.77.241.94 - - [01/Feb/2020:15:42:06 +0800] "GET /xingrg/all/function/internal_message.html?_=1580542940351&CODE_STATE=getMsg HTTP/1.1" 200 27
222.69.24.136 - - [01/Feb/2020:15:42:15 +0800] "GET /xingrg/all/function/internal_message.html?_=1580542498365&CODE_STATE=getMsg HTTP/1.1" 200 27
172.17.0.196 - - [01/Feb/2020:15:42:47 +0800] "GET /xingrg/all/function/internal_message.html?_=1580542805712&CODE_STATE=getMsg HTTP/1.1" 302 -
114.93.75.19 - - [01/Feb/2020:15:42:52 +0800] "GET /xingrg/all/function/internal_message.html?_=1580542961471&CODE_STATE=getMsg HTTP/1.1" 302 -
172.17.0.5 - - [01/Feb/2020:15:42:59 +0800] "POST /xingrg/services/DataTransmitService HTTP/1.1" 200 524
180.157.252.250 - - [01/Feb/2020:15:43:01 +0800] "GET /xingrg/check_reg.html?_=1580542968188 HTTP/1.1" 200 22
124.77.241.94 - - [01/Feb/2020:15:43:06 +0800] "GET /xingrg/all/function/internal_message.html?_=1580543000365&CODE_STATE=getMsg HTTP/1.1" 200 27
222.69.24.136 - - [01/Feb/2020:15:43:15 +0800] "GET /xingrg/all/function/internal_message.html?_=1580542558364&CODE_STATE=getMsg HTTP/1.1" 200 27
172.17.0.196 - - [01/Feb/2020:15:43:47 +0800] "GET /xingrg/all/function/internal_message.html?_=1580542865721&CODE_STATE=getMsg HTTP/1.1" 302 -
114.93.75.19 - - [01/Feb/2020:15:43:52 +0800] "GET /xingrg/all/function/internal_message.html?_=1580543021473&CODE_STATE=getMsg HTTP/1.1" 302 -
124.77.241.94 - - [01/Feb/2020:15:44:06 +0800] "GET /xingrg/all/function/internal_message.html?_=1580543060428&CODE_STATE=getMsg HTTP/1.1" 200 27
222.69.24.136 - - [01/Feb/2020:15:44:15 +0800] "GET /xingrg/all/function/internal_message.html?_=1580542618392&CODE_STATE=getMsg HTTP/1.1" 200 27
172.17.0.196 - - [01/Feb/2020:15:44:47 +0800] "GET /xingrg/check_reg.html?_=1580542925718 HTTP/1.1" 302 -
172.17.0.196 - - [01/Feb/2020:15:44:47 +0800] "GET /xingrg/all/function/internal_message.html?_=1580542925722&CODE_STATE=getMsg HTTP/1.1" 302 -
114.93.75.19 - - [01/Feb/2020:15:44:52 +0800] "GET /xingrg/all/function/internal_message.html?_=1580543081475&CODE_STATE=getMsg HTTP/1.1" 302 -
124.77.241.94 - - [01/Feb/2020:15:45:06 +0800] "GET /xingrg/all/function/internal_message.html?_=1580543120439&CODE_STATE=getMsg HTTP/1.1" 200 27
222.69.24.136 - - [01/Feb/2020:15:45:15 +0800] "GET /xingrg/check_reg.html?_=1580542678390 HTTP/1.1" 200 22
222.69.24.136 - - [01/Feb/2020:15:45:15 +0800] "GET /xingrg/all/function/internal_message.html?_=1580542678392&CODE_STATE=getMsg HTTP/1.1" 200 27
172.17.0.196 - - [01/Feb/2020:15:45:47 +0800] "GET /xingrg/all/function/internal_message.html?_=1580542985721&CODE_STATE=getMsg HTTP/1.1" 302 -
114.93.75.19 - - [01/Feb/2020:15:45:52 +0800] "GET /xingrg/check_reg.html?_=1580543141477 HTTP/1.1" 302 -
114.93.75.19 - - [01/Feb/2020:15:45:52 +0800] "GET /xingrg/all/function/internal_message.html?_=1580543141479&CODE_STATE=getMsg HTTP/1.1" 302 -
124.77.241.94 - - [01/Feb/2020:15:46:06 +0800] "GET /xingrg/all/function/internal_message.html?_=1580543180489&CODE_STATE=getMsg HTTP/1.1" 200 27
222.69.24.136 - - [01/Feb/2020:15:46:15 +0800] "GET /xingrg/all/function/internal_message.html?_=1580542738391&CODE_STATE=getMsg HTTP/1.1" 200 27
114.93.75.19 - - [01/Feb/2020:15:46:28 +0800] "GET /xingrg/check_reg.html?_=1580543177464 HTTP/1.1" 302 -
172.17.0.196 - - [01/Feb/2020:15:46:47 +0800] "GET /xingrg/all/function/internal_message.html?_=1580543045719&CODE_STATE=getMsg HTTP/1.1" 302 -
114.93.75.19 - - [01/Feb/2020:15:46:52 +0800] "GET /xingrg/all/function/internal_message.html?_=1580543201481&CODE_STATE=getMsg HTTP/1.1" 302 -
124.77.241.94 - - [01/Feb/2020:15:46:56 +0800] "GET /xingrg/check_reg.html?_=1580543230208 HTTP/1.1" 200 22
124.77.241.94 - - [01/Feb/2020:15:47:06 +0800] "GET /xingrg/all/function/internal_message.html?_=1580543240498&CODE_STATE=getMsg HTTP/1.1" 200 27
222.69.24.136 - - [01/Feb/2020:15:47:15 +0800] "GET /xingrg/all/function/internal_message.html?_=1580542798389&CODE_STATE=getMsg HTTP/1.1" 200 27
172.17.0.196 - - [01/Feb/2020:15:47:47 +0800] "GET /xingrg/all/function/internal_message.html?_=1580543105726&CODE_STATE=getMsg HTTP/1.1" 302 -
114.93.75.19 - - [01/Feb/2020:15:47:52 +0800] "GET /xingrg/all/function/internal_message.html?_=1580543261467&CODE_STATE=getMsg HTTP/1.1" 302 -
180.157.252.250 - - [01/Feb/2020:15:48:01 +0800] "GET /xingrg/check_reg.html?_=1580543268202 HTTP/1.1" 200 22
124.77.241.94 - - [01/Feb/2020:15:48:06 +0800] "GET /xingrg/all/function/internal_message.html?_=1580543300511&CODE_STATE=getMsg HTTP/1.1" 200 27
222.69.24.136 - - [01/Feb/2020:15:48:15 +0800] "GET /xingrg/all/function/internal_message.html?_=1580542858386&CODE_STATE=getMsg HTTP/1.1" 200 27
172.17.0.196 - - [01/Feb/2020:15:48:47 +0800] "GET /xingrg/all/function/internal_message.html?_=1580543165708&CODE_STATE=getMsg HTTP/1.1" 302 -
114.93.75.19 - - [01/Feb/2020:15:48:52 +0800] "GET /xingrg/all/function/internal_message.html?_=1580543321469&CODE_STATE=getMsg HTTP/1.1" 302 -
124.77.241.94 - - [01/Feb/2020:15:49:06 +0800] "GET /xingrg/all/function/internal_message.html?_=1580543360556&CODE_STATE=getMsg HTTP/1.1" 200 27
222.69.24.136 - - [01/Feb/2020:15:49:15 +0800] "GET /xingrg/all/function/internal_message.html?_=1580542918386&CODE_STATE=getMsg HTTP/1.1" 200 27
172.17.0.196 - - [01/Feb/2020:15:49:47 +0800] "GET /xingrg/all/function/internal_message.html?_=1580543225707&CODE_STATE=getMsg HTTP/1.1" 302 -
172.17.0.196 - - [01/Feb/2020:15:49:47 +0800] "GET /xingrg/check_reg.html?_=1580543225711 HTTP/1.1" 302 -
114.93.75.19 - - [01/Feb/2020:15:49:52 +0800] "GET /xingrg/all/function/internal_message.html?_=1580543381472&CODE_STATE=getMsg HTTP/1.1" 302 -
124.77.241.94 - - [01/Feb/2020:15:50:06 +0800] "GET /xingrg/all/function/internal_message.html?_=1580543420570&CODE_STATE=getMsg HTTP/1.1" 200 27
222.69.24.136 - - [01/Feb/2020:15:50:15 +0800] "GET /xingrg/all/function/internal_message.html?_=1580542978394&CODE_STATE=getMsg HTTP/1.1" 200 27
222.69.24.136 - - [01/Feb/2020:15:50:15 +0800] "GET /xingrg/check_reg.html?_=1580542978395 HTTP/1.1" 200 22
172.17.0.196 - - [01/Feb/2020:15:50:47 +0800] "GET /xingrg/all/function/internal_message.html?_=1580543285711&CODE_STATE=getMsg HTTP/1.1" 302 -
114.93.75.19 - - [01/Feb/2020:15:50:52 +0800] "GET /xingrg/all/function/internal_message.html?_=1580543441474&CODE_STATE=getMsg HTTP/1.1" 302 -
114.93.75.19 - - [01/Feb/2020:15:50:52 +0800] "GET /xingrg/check_reg.html?_=1580543441475 HTTP/1.1" 302 -
124.77.241.94 - - [01/Feb/2020:15:51:06 +0800] "GET /xingrg/all/function/internal_message.html?_=1580543480631&CODE_STATE=getMsg HTTP/1.1" 200 27
222.69.24.136 - - [01/Feb/2020:15:51:15 +0800] "GET /xingrg/all/function/internal_message.html?_=1580543038392&CODE_STATE=getMsg HTTP/1.1" 200 27
114.93.75.19 - - [01/Feb/2020:15:51:28 +0800] "GET /xingrg/check_reg.html?_=1580543477438 HTTP/1.1" 302 -
172.17.0.196 - - [01/Feb/2020:15:51:47 +0800] "GET /xingrg/all/function/internal_message.html?_=1580543345709&CODE_STATE=getMsg HTTP/1.1" 302 -
114.93.75.19 - - [01/Feb/2020:15:51:52 +0800] "GET /xingrg/all/function/internal_message.html?_=1580543501476&CODE_STATE=getMsg HTTP/1.1" 302 -
124.77.241.94 - - [01/Feb/2020:15:51:56 +0800] "GET /xingrg/check_reg.html?_=1580543530207 HTTP/1.1" 200 22
124.77.241.94 - - [01/Feb/2020:15:52:06 +0800] "GET /xingrg/all/function/internal_message.html?_=1580543540645&CODE_STATE=getMsg HTTP/1.1" 200 27
222.69.24.136 - - [01/Feb/2020:15:52:15 +0800] "GET /xingrg/all/function/internal_message.html?_=1580543098390&CODE_STATE=getMsg HTTP/1.1" 200 27
172.17.0.196 - - [01/Feb/2020:15:52:47 +0800] "GET /xingrg/all/function/internal_message.html?_=1580543405711&CODE_STATE=getMsg HTTP/1.1" 302 -
114.93.75.19 - - [01/Feb/2020:15:52:52 +0800] "GET /xingrg/all/function/internal_message.html?_=1580543561478&CODE_STATE=getMsg HTTP/1.1" 302 -
180.157.252.250 - - [01/Feb/2020:15:53:01 +0800] "GET /xingrg/check_reg.html?_=1580543568174 HTTP/1.1" 200 22
124.77.241.94 - - [01/Feb/2020:15:53:06 +0800] "GET /xingrg/all/function/internal_message.html?_=1580543600657&CODE_STATE=getMsg HTTP/1.1" 200 27
222.69.24.136 - - [01/Feb/2020:15:53:15 +0800] "GET /xingrg/all/function/internal_message.html?_=1580543158389&CODE_STATE=getMsg HTTP/1.1" 200 27
172.17.0.196 - - [01/Feb/2020:15:53:47 +0800] "GET /xingrg/all/function/internal_message.html?_=1580543465712&CODE_STATE=getMsg HTTP/1.1" 302 -
114.93.75.19 - - [01/Feb/2020:15:53:52 +0800] "GET /xingrg/all/function/internal_message.html?_=1580543621480&CODE_STATE=getMsg HTTP/1.1" 302 -
124.77.241.94 - - [01/Feb/2020:15:54:06 +0800] "GET /xingrg/all/function/internal_message.html?_=1580543660705&CODE_STATE=getMsg HTTP/1.1" 200 27
222.69.24.136 - - [01/Feb/2020:15:54:15 +0800] "GET /xingrg/all/function/internal_message.html?_=1580543218388&CODE_STATE=getMsg HTTP/1.1" 200 27
172.17.0.196 - - [01/Feb/2020:15:54:47 +0800] "GET /xingrg/check_reg.html?_=1580543525711 HTTP/1.1" 302 -
172.17.0.196 - - [01/Feb/2020:15:54:47 +0800] "GET /xingrg/all/function/internal_message.html?_=1580543525713&CODE_STATE=getMsg HTTP/1.1" 302 -
114.93.75.19 - - [01/Feb/2020:15:54:52 +0800] "GET /xingrg/all/function/internal_message.html?_=1580543681481&CODE_STATE=getMsg HTTP/1.1" 302 -
124.77.241.94 - - [01/Feb/2020:15:55:06 +0800] "GET /xingrg/all/function/internal_message.html?_=1580543720716&CODE_STATE=getMsg HTTP/1.1" 200 27
222.69.24.136 - - [01/Feb/2020:15:55:15 +0800] "GET /xingrg/all/function/internal_message.html?_=1580543278387&CODE_STATE=getMsg HTTP/1.1" 200 27
222.69.24.136 - - [01/Feb/2020:15:55:15 +0800] "GET /xingrg/check_reg.html?_=1580543278388 HTTP/1.1" 200 22
172.17.0.196 - - [01/Feb/2020:15:55:47 +0800] "GET /xingrg/all/function/internal_message.html?_=1580543585732&CODE_STATE=getMsg HTTP/1.1" 302 -
114.93.75.19 - - [01/Feb/2020:15:55:52 +0800] "GET /xingrg/check_reg.html?_=1580543741468 HTTP/1.1" 302 -
114.93.75.19 - - [01/Feb/2020:15:55:52 +0800] "GET /xingrg/all/function/internal_message.html?_=1580543741469&CODE_STATE=getMsg HTTP/1.1" 302 -
124.77.241.94 - - [01/Feb/2020:15:56:06 +0800] "GET /xingrg/all/function/internal_message.html?_=1580543780784&CODE_STATE=getMsg HTTP/1.1" 200 27
222.69.24.136 - - [01/Feb/2020:15:56:15 +0800] "GET /xingrg/all/function/internal_message.html?_=1580543338387&CODE_STATE=getMsg HTTP/1.1" 200 27
114.93.75.19 - - [01/Feb/2020:15:56:28 +0800] "GET /xingrg/check_reg.html?_=1580543777436 HTTP/1.1" 302 -
172.17.0.196 - - [01/Feb/2020:15:56:47 +0800] "GET /xingrg/all/function/internal_message.html?_=1580543645732&CODE_STATE=getMsg HTTP/1.1" 302 -
114.93.75.19 - - [01/Feb/2020:15:56:52 +0800] "GET /xingrg/all/function/internal_message.html?_=1580543801470&CODE_STATE=getMsg HTTP/1.1" 302 -
124.77.241.94 - - [01/Feb/2020:15:56:56 +0800] "GET /xingrg/check_reg.html?_=1580543830215 HTTP/1.1" 200 22
124.77.241.94 - - [01/Feb/2020:15:57:06 +0800] "GET /xingrg/all/function/internal_message.html?_=1580543840790&CODE_STATE=getMsg HTTP/1.1" 200 27
222.69.24.136 - - [01/Feb/2020:15:57:15 +0800] "GET /xingrg/all/function/internal_message.html?_=1580543398386&CODE_STATE=getMsg HTTP/1.1" 200 27
172.17.0.196 - - [01/Feb/2020:15:57:47 +0800] "GET /xingrg/all/function/internal_message.html?_=1580543705732&CODE_STATE=getMsg HTTP/1.1" 302 -
114.93.75.19 - - [01/Feb/2020:15:57:52 +0800] "GET /xingrg/all/function/internal_message.html?_=1580543861472&CODE_STATE=getMsg HTTP/1.1" 302 -
180.157.252.250 - - [01/Feb/2020:15:58:01 +0800] "GET /xingrg/check_reg.html?_=1580543868188 HTTP/1.1" 200 22
124.77.241.94 - - [01/Feb/2020:15:58:06 +0800] "GET /xingrg/all/function/internal_message.html?_=1580543900804&CODE_STATE=getMsg HTTP/1.1" 200 27
222.69.24.136 - - [01/Feb/2020:15:58:15 +0800] "GET /xingrg/all/function/internal_message.html?_=1580543458385&CODE_STATE=getMsg HTTP/1.1" 200 27
172.17.0.196 - - [01/Feb/2020:15:58:47 +0800] "GET /xingrg/all/function/internal_message.html?_=1580543765737&CODE_STATE=getMsg HTTP/1.1" 302 -
114.93.75.19 - - [01/Feb/2020:15:58:52 +0800] "GET /xingrg/all/function/internal_message.html?_=1580543921473&CODE_STATE=getMsg HTTP/1.1" 302 -
124.77.241.94 - - [01/Feb/2020:15:59:06 +0800] "GET /xingrg/all/function/internal_message.html?_=1580543960853&CODE_STATE=getMsg HTTP/1.1" 200 27
222.69.24.136 - - [01/Feb/2020:15:59:15 +0800] "GET /xingrg/all/function/internal_message.html?_=1580543518411&CODE_STATE=getMsg HTTP/1.1" 200 27
172.17.0.196 - - [01/Feb/2020:15:59:47 +0800] "GET /xingrg/all/function/internal_message.html?_=1580543825743&CODE_STATE=getMsg HTTP/1.1" 302 -
172.17.0.196 - - [01/Feb/2020:15:59:47 +0800] "GET /xingrg/check_reg.html?_=1580543825737 HTTP/1.1" 302 -
114.93.75.19 - - [01/Feb/2020:15:59:52 +0800] "GET /xingrg/all/function/internal_message.html?_=1580543981478&CODE_STATE=getMsg HTTP/1.1" 302 -
124.77.241.94 - - [01/Feb/2020:16:00:06 +0800] "GET /xingrg/all/function/internal_message.html?_=1580544020861&CODE_STATE=getMsg HTTP/1.1" 200 27
222.69.24.136 - - [01/Feb/2020:16:00:15 +0800] "GET /xingrg/all/function/internal_message.html?_=1580543578413&CODE_STATE=getMsg HTTP/1.1" 200 27
222.69.24.136 - - [01/Feb/2020:16:00:15 +0800] "GET /xingrg/check_reg.html?_=1580543578414 HTTP/1.1" 200 22
172.17.0.196 - - [01/Feb/2020:16:00:47 +0800] "GET /xingrg/all/function/internal_message.html?_=1580543885728&CODE_STATE=getMsg HTTP/1.1" 302 -
114.93.75.19 - - [01/Feb/2020:16:00:52 +0800] "GET /xingrg/check_reg.html?_=1580544041480 HTTP/1.1" 302 -
114.93.75.19 - - [01/Feb/2020:16:00:52 +0800] "GET /xingrg/all/function/internal_message.html?_=1580544041481&CODE_STATE=getMsg HTTP/1.1" 302 -
124.77.241.94 - - [01/Feb/2020:16:01:06 +0800] "GET /xingrg/all/function/internal_message.html?_=1580544080925&CODE_STATE=getMsg HTTP/1.1" 200 27
222.69.24.136 - - [01/Feb/2020:16:01:15 +0800] "GET /xingrg/all/function/internal_message.html?_=1580543638412&CODE_STATE=getMsg HTTP/1.1" 200 27
114.93.75.19 - - [01/Feb/2020:16:01:28 +0800] "GET /xingrg/check_reg.html?_=1580544077411 HTTP/1.1" 302 -
172.17.0.196 - - [01/Feb/2020:16:01:47 +0800] "GET /xingrg/all/function/internal_message.html?_=1580543945728&CODE_STATE=getMsg HTTP/1.1" 302 -
114.93.75.19 - - [01/Feb/2020:16:01:52 +0800] "GET /xingrg/all/function/internal_message.html?_=1580544101467&CODE_STATE=getMsg HTTP/1.1" 302 -
124.77.241.94 - - [01/Feb/2020:16:01:56 +0800] "GET /xingrg/check_reg.html?_=1580544130219 HTTP/1.1" 200 22
124.77.241.94 - - [01/Feb/2020:16:02:06 +0800] "GET /xingrg/all/function/internal_message.html?_=1580544140935&CODE_STATE=getMsg HTTP/1.1" 200 27
222.69.24.136 - - [01/Feb/2020:16:02:15 +0800] "GET /xingrg/all/function/internal_message.html?_=1580543698411&CODE_STATE=getMsg HTTP/1.1" 200 27
172.17.0.196 - - [01/Feb/2020:16:02:47 +0800] "GET /xingrg/all/function/internal_message.html?_=1580544005729&CODE_STATE=getMsg HTTP/1.1" 302 -
114.93.75.19 - - [01/Feb/2020:16:02:52 +0800] "GET /xingrg/all/function/internal_message.html?_=1580544161468&CODE_STATE=getMsg HTTP/1.1" 302 -
180.157.252.250 - - [01/Feb/2020:16:03:01 +0800] "GET /xingrg/check_reg.html?_=1580544168162 HTTP/1.1" 200 22
124.77.241.94 - - [01/Feb/2020:16:03:06 +0800] "GET /xingrg/all/function/internal_message.html?_=1580544200949&CODE_STATE=getMsg HTTP/1.1" 200 27
222.69.24.136 - - [01/Feb/2020:16:03:15 +0800] "GET /xingrg/all/function/internal_message.html?_=1580543758409&CODE_STATE=getMsg HTTP/1.1" 200 27
172.17.0.196 - - [01/Feb/2020:16:03:47 +0800] "GET /xingrg/all/function/internal_message.html?_=1580544065731&CODE_STATE=getMsg HTTP/1.1" 302 -
114.93.75.19 - - [01/Feb/2020:16:03:52 +0800] "GET /xingrg/all/function/internal_message.html?_=1580544221470&CODE_STATE=getMsg HTTP/1.1" 302 -
124.77.241.94 - - [01/Feb/2020:16:04:07 +0800] "GET /xingrg/all/function/internal_message.html?_=1580544261015&CODE_STATE=getMsg HTTP/1.1" 200 27
222.69.24.136 - - [01/Feb/2020:16:04:15 +0800] "GET /xingrg/all/function/internal_message.html?_=1580543818408&CODE_STATE=getMsg HTTP/1.1" 200 27
172.17.0.196 - - [01/Feb/2020:16:04:47 +0800] "GET /xingrg/all/function/internal_message.html?_=1580544125732&CODE_STATE=getMsg HTTP/1.1" 302 -
172.17.0.196 - - [01/Feb/2020:16:04:47 +0800] "GET /xingrg/check_reg.html?_=1580544125735 HTTP/1.1" 302 -
114.93.75.19 - - [01/Feb/2020:16:04:52 +0800] "GET /xingrg/all/function/internal_message.html?_=1580544281472&CODE_STATE=getMsg HTTP/1.1" 302 -
124.77.241.94 - - [01/Feb/2020:16:05:07 +0800] "GET /xingrg/all/function/internal_message.html?_=1580544321022&CODE_STATE=getMsg HTTP/1.1" 200 27
222.69.24.136 - - [01/Feb/2020:16:05:15 +0800] "GET /xingrg/all/function/internal_message.html?_=1580543878422&CODE_STATE=getMsg HTTP/1.1" 200 27
222.69.24.136 - - [01/Feb/2020:16:05:15 +0800] "GET /xingrg/check_reg.html?_=1580543878423 HTTP/1.1" 200 22
172.17.0.196 - - [01/Feb/2020:16:05:47 +0800] "GET /xingrg/all/function/internal_message.html?_=1580544185740&CODE_STATE=getMsg HTTP/1.1" 302 -
114.93.75.19 - - [01/Feb/2020:16:05:52 +0800] "GET /xingrg/all/function/internal_message.html?_=1580544341474&CODE_STATE=getMsg HTTP/1.1" 302 -
114.93.75.19 - - [01/Feb/2020:16:05:52 +0800] "GET /xingrg/check_reg.html?_=1580544341475 HTTP/1.1" 302 -
124.77.241.94 - - [01/Feb/2020:16:06:07 +0800] "GET /xingrg/all/function/internal_message.html?_=1580544381073&CODE_STATE=getMsg HTTP/1.1" 200 27
222.69.24.136 - - [01/Feb/2020:16:06:15 +0800] "GET /xingrg/all/function/internal_message.html?_=1580543938422&CODE_STATE=getMsg HTTP/1.1" 200 27
114.93.75.19 - - [01/Feb/2020:16:06:28 +0800] "GET /xingrg/check_reg.html?_=1580544377392 HTTP/1.1" 302 -
172.17.0.196 - - [01/Feb/2020:16:06:47 +0800] "GET /xingrg/all/function/internal_message.html?_=1580544245740&CODE_STATE=getMsg HTTP/1.1" 302 -
114.93.75.19 - - [01/Feb/2020:16:06:52 +0800] "GET /xingrg/all/function/internal_message.html?_=1580544401477&CODE_STATE=getMsg HTTP/1.1" 302 -
124.77.241.94 - - [01/Feb/2020:16:06:56 +0800] "GET /xingrg/check_reg.html?_=1580544430223 HTTP/1.1" 200 22
124.77.241.94 - - [01/Feb/2020:16:07:07 +0800] "GET /xingrg/all/function/internal_message.html?_=1580544441083&CODE_STATE=getMsg HTTP/1.1" 200 27
222.69.24.136 - - [01/Feb/2020:16:07:15 +0800] "GET /xingrg/all/function/internal_message.html?_=1580543998421&CODE_STATE=getMsg HTTP/1.1" 200 27
172.17.0.196 - - [01/Feb/2020:16:07:47 +0800] "GET /xingrg/all/function/internal_message.html?_=1580544305740&CODE_STATE=getMsg HTTP/1.1" 302 -
114.93.75.19 - - [01/Feb/2020:16:07:52 +0800] "GET /xingrg/all/function/internal_message.html?_=1580544461479&CODE_STATE=getMsg HTTP/1.1" 302 -
180.157.252.250 - - [01/Feb/2020:16:08:01 +0800] "GET /xingrg/check_reg.html?_=1580544468176 HTTP/1.1" 200 22
117.185.32.26 - - [01/Feb/2020:16:08:01 +0800] "POST /xingrg/services/DataTransmitService HTTP/1.1" 200 524
124.77.241.94 - - [01/Feb/2020:16:08:07 +0800] "GET /xingrg/all/function/internal_message.html?_=1580544501096&CODE_STATE=getMsg HTTP/1.1" 200 27
222.69.24.136 - - [01/Feb/2020:16:08:15 +0800] "GET /xingrg/all/function/internal_message.html?_=1580544058420&CODE_STATE=getMsg HTTP/1.1" 200 27
172.17.0.196 - - [01/Feb/2020:16:08:47 +0800] "GET /xingrg/all/function/internal_message.html?_=1580544365740&CODE_STATE=getMsg HTTP/1.1" 302 -
114.93.75.19 - - [01/Feb/2020:16:08:52 +0800] "GET /xingrg/all/function/internal_message.html?_=1580544521482&CODE_STATE=getMsg HTTP/1.1" 302 -
124.77.241.94 - - [01/Feb/2020:16:09:07 +0800] "GET /xingrg/all/function/internal_message.html?_=1580544561141&CODE_STATE=getMsg HTTP/1.1" 200 27
222.69.24.136 - - [01/Feb/2020:16:09:15 +0800] "GET /xingrg/all/function/internal_message.html?_=1580544118418&CODE_STATE=getMsg HTTP/1.1" 200 27
172.17.0.196 - - [01/Feb/2020:16:09:47 +0800] "GET /xingrg/check_reg.html?_=1580544425740 HTTP/1.1" 302 -
172.17.0.196 - - [01/Feb/2020:16:09:47 +0800] "GET /xingrg/all/function/internal_message.html?_=1580544425741&CODE_STATE=getMsg HTTP/1.1" 302 -
114.93.75.19 - - [01/Feb/2020:16:09:52 +0800] "GET /xingrg/all/function/internal_message.html?_=1580544581468&CODE_STATE=getMsg HTTP/1.1" 302 -
124.77.241.94 - - [01/Feb/2020:16:10:07 +0800] "GET /xingrg/all/function/internal_message.html?_=1580544621153&CODE_STATE=getMsg HTTP/1.1" 200 27
222.69.24.136 - - [01/Feb/2020:16:10:15 +0800] "GET /xingrg/all/function/internal_message.html?_=1580544178417&CODE_STATE=getMsg HTTP/1.1" 200 27
222.69.24.136 - - [01/Feb/2020:16:10:15 +0800] "GET /xingrg/check_reg.html?_=1580544178419 HTTP/1.1" 200 22
172.17.0.196 - - [01/Feb/2020:16:10:47 +0800] "GET /xingrg/all/function/internal_message.html?_=1580544485746&CODE_STATE=getMsg HTTP/1.1" 302 -
117.185.32.26 - - [01/Feb/2020:16:10:49 +0800] "POST /xingrg/services/DataTransmitService HTTP/1.1" 200 524
114.93.75.19 - - [01/Feb/2020:16:10:52 +0800] "GET /xingrg/all/function/internal_message.html?_=1580544641470&CODE_STATE=getMsg HTTP/1.1" 302 -
114.93.75.19 - - [01/Feb/2020:16:10:52 +0800] "GET /xingrg/check_reg.html?_=1580544641471 HTTP/1.1" 302 -
124.77.241.94 - - [01/Feb/2020:16:11:07 +0800] "GET /xingrg/all/function/internal_message.html?_=1580544681219&CODE_STATE=getMsg HTTP/1.1" 200 27
222.69.24.136 - - [01/Feb/2020:16:11:15 +0800] "GET /xingrg/all/function/internal_message.html?_=1580544238418&CODE_STATE=getMsg HTTP/1.1" 200 27
114.93.75.19 - - [01/Feb/2020:16:11:28 +0800] "GET /xingrg/check_reg.html?_=1580544677367 HTTP/1.1" 302 -
172.17.0.196 - - [01/Feb/2020:16:11:47 +0800] "GET /xingrg/all/function/internal_message.html?_=1580544545743&CODE_STATE=getMsg HTTP/1.1" 302 -
114.93.75.19 - - [01/Feb/2020:16:11:52 +0800] "GET /xingrg/all/function/internal_message.html?_=1580544701473&CODE_STATE=getMsg HTTP/1.1" 302 -
124.77.241.94 - - [01/Feb/2020:16:11:56 +0800] "GET /xingrg/check_reg.html?_=1580544730229 HTTP/1.1" 200 22
124.77.241.94 - - [01/Feb/2020:16:12:07 +0800] "GET /xingrg/all/function/internal_message.html?_=1580544741227&CODE_STATE=getMsg HTTP/1.1" 200 27
222.69.24.136 - - [01/Feb/2020:16:12:15 +0800] "GET /xingrg/all/function/internal_message.html?_=1580544298416&CODE_STATE=getMsg HTTP/1.1" 200 27
172.17.0.196 - - [01/Feb/2020:16:12:47 +0800] "GET /xingrg/all/function/internal_message.html?_=1580544605743&CODE_STATE=getMsg HTTP/1.1" 302 -
114.93.75.19 - - [01/Feb/2020:16:12:52 +0800] "GET /xingrg/all/function/internal_message.html?_=1580544761475&CODE_STATE=getMsg HTTP/1.1" 302 -
180.157.252.250 - - [01/Feb/2020:16:13:01 +0800] "GET /xingrg/check_reg.html?_=1580544768146 HTTP/1.1" 200 22
124.77.241.94 - - [01/Feb/2020:16:13:07 +0800] "GET /xingrg/all/function/internal_message.html?_=1580544801241&CODE_STATE=getMsg HTTP/1.1" 200 27
222.69.24.136 - - [01/Feb/2020:16:13:15 +0800] "GET /xingrg/all/function/internal_message.html?_=1580544358414&CODE_STATE=getMsg HTTP/1.1" 200 27
172.17.0.196 - - [01/Feb/2020:16:13:47 +0800] "GET /xingrg/all/function/internal_message.html?_=1580544665745&CODE_STATE=getMsg HTTP/1.1" 302 -
114.93.75.19 - - [01/Feb/2020:16:13:52 +0800] "GET /xingrg/all/function/internal_message.html?_=1580544821476&CODE_STATE=getMsg HTTP/1.1" 302 -
124.77.241.94 - - [01/Feb/2020:16:14:07 +0800] "GET /xingrg/all/function/internal_message.html?_=1580544861290&CODE_STATE=getMsg HTTP/1.1" 200 27
222.69.24.136 - - [01/Feb/2020:16:14:15 +0800] "GET /xingrg/all/function/internal_message.html?_=1580544418440&CODE_STATE=getMsg HTTP/1.1" 200 27
172.17.0.196 - - [01/Feb/2020:16:14:47 +0800] "GET /xingrg/check_reg.html?_=1580544725743 HTTP/1.1" 302 -
172.17.0.196 - - [01/Feb/2020:16:14:47 +0800] "GET /xingrg/all/function/internal_message.html?_=1580544725747&CODE_STATE=getMsg HTTP/1.1" 302 -
114.93.75.19 - - [01/Feb/2020:16:14:52 +0800] "GET /xingrg/all/function/internal_message.html?_=1580544881478&CODE_STATE=getMsg HTTP/1.1" 302 -
124.77.241.94 - - [01/Feb/2020:16:15:07 +0800] "GET /xingrg/all/function/internal_message.html?_=1580544921300&CODE_STATE=getMsg HTTP/1.1" 200 27
222.69.24.136 - - [01/Feb/2020:16:15:15 +0800] "GET /xingrg/all/function/internal_message.html?_=1580544478438&CODE_STATE=getMsg HTTP/1.1" 200 27
222.69.24.136 - - [01/Feb/2020:16:15:15 +0800] "GET /xingrg/check_reg.html?_=1580544478439 HTTP/1.1" 200 22
172.17.0.196 - - [01/Feb/2020:16:15:47 +0800] "GET /xingrg/all/function/internal_message.html?_=1580544785732&CODE_STATE=getMsg HTTP/1.1" 302 -
114.93.75.19 - - [01/Feb/2020:16:15:52 +0800] "GET /xingrg/check_reg.html?_=1580544941481 HTTP/1.1" 302 -
114.93.75.19 - - [01/Feb/2020:16:15:52 +0800] "GET /xingrg/all/function/internal_message.html?_=1580544941483&CODE_STATE=getMsg HTTP/1.1" 302 -
124.77.241.94 - - [01/Feb/2020:16:16:07 +0800] "GET /xingrg/all/function/internal_message.html?_=1580544981348&CODE_STATE=getMsg HTTP/1.1" 200 27
222.69.24.136 - - [01/Feb/2020:16:16:15 +0800] "GET /xingrg/all/function/internal_message.html?_=1580544538444&CODE_STATE=getMsg HTTP/1.1" 200 27
114.93.75.19 - - [01/Feb/2020:16:16:28 +0800] "GET /xingrg/check_reg.html?_=1580544977336 HTTP/1.1" 302 -
101.85.55.199 - - [01/Feb/2020:16:16:28 +0800] "GET /favicon.ico HTTP/1.1" 404 -
172.17.0.196 - - [01/Feb/2020:16:16:47 +0800] "GET /xingrg/all/function/internal_message.html?_=1580544845732&CODE_STATE=getMsg HTTP/1.1" 302 -
114.93.75.19 - - [01/Feb/2020:16:16:52 +0800] "GET /xingrg/all/function/internal_message.html?_=1580545001469&CODE_STATE=getMsg HTTP/1.1" 302 -
124.77.241.94 - - [01/Feb/2020:16:16:56 +0800] "GET /xingrg/check_reg.html?_=1580545030238 HTTP/1.1" 200 22
124.77.241.94 - - [01/Feb/2020:16:17:07 +0800] "GET /xingrg/all/function/internal_message.html?_=1580545041357&CODE_STATE=getMsg HTTP/1.1" 200 27
222.69.24.136 - - [01/Feb/2020:16:17:15 +0800] "GET /xingrg/all/function/internal_message.html?_=1580544598443&CODE_STATE=getMsg HTTP/1.1" 200 27
172.17.0.196 - - [01/Feb/2020:16:17:47 +0800] "GET /xingrg/all/function/internal_message.html?_=1580544905731&CODE_STATE=getMsg HTTP/1.1" 302 -
114.93.75.19 - - [01/Feb/2020:16:17:52 +0800] "GET /xingrg/all/function/internal_message.html?_=1580545061471&CODE_STATE=getMsg HTTP/1.1" 302 -
180.157.252.250 - - [01/Feb/2020:16:18:01 +0800] "GET /xingrg/check_reg.html?_=1580545068157 HTTP/1.1" 200 22
124.77.241.94 - - [01/Feb/2020:16:18:07 +0800] "GET /xingrg/all/function/internal_message.html?_=1580545101371&CODE_STATE=getMsg HTTP/1.1" 200 27
222.69.24.136 - - [01/Feb/2020:16:18:15 +0800] "GET /xingrg/all/function/internal_message.html?_=1580544658442&CODE_STATE=getMsg HTTP/1.1" 200 27
172.17.0.196 - - [01/Feb/2020:16:18:47 +0800] "GET /xingrg/all/function/internal_message.html?_=1580544965732&CODE_STATE=getMsg HTTP/1.1" 302 -
114.93.75.19 - - [01/Feb/2020:16:18:52 +0800] "GET /xingrg/all/function/internal_message.html?_=1580545121473&CODE_STATE=getMsg HTTP/1.1" 302 -
124.77.241.94 - - [01/Feb/2020:16:19:07 +0800] "GET /xingrg/all/function/internal_message.html?_=1580545161421&CODE_STATE=getMsg HTTP/1.1" 200 27
101.85.55.199 - - [01/Feb/2020:16:19:09 +0800] "GET /xingrg/login.html HTTP/1.1" 200 7639
101.85.55.199 - - [01/Feb/2020:16:19:09 +0800] "GET /xingrg/images/blue/jxLogo.png HTTP/1.1" 200 6156
101.85.55.199 - - [01/Feb/2020:16:19:10 +0800] "GET /xingrg/images/blue/login_bg.png HTTP/1.1" 200 22101
101.85.55.199 - - [01/Feb/2020:16:19:10 +0800] "GET /xingrg/images/blue/hj.png HTTP/1.1" 200 1014
101.85.55.199 - - [01/Feb/2020:16:19:10 +0800] "GET /xingrg/images/blue/srbg.png HTTP/1.1" 200 138
101.85.55.199 - - [01/Feb/2020:16:19:10 +0800] "GET /favicon.ico HTTP/1.1" 404 -
101.85.55.199 - - [01/Feb/2020:16:19:12 +0800] "POST /xingrg/login.do HTTP/1.1" 302 -
101.85.55.199 - - [01/Feb/2020:16:19:12 +0800] "GET /xingrg/index.html?sysBaseUrl=http%3A%2F%2F117.131.15.22%3A18081%2Fxingrg%2F&costTime=37×tamp=1580545152352 HTTP/1.1" 200 17157
101.85.55.199 - - [01/Feb/2020:16:19:12 +0800] "GET /xingrg/javascript/jquery_easy_ui/themes/icon.css HTTP/1.1" 200 3949
101.85.55.199 - - [01/Feb/2020:16:19:12 +0800] "GET /xingrg/javascript/jquery-1.4.2.min.js HTTP/1.1" 200 72205
101.85.55.199 - - [01/Feb/2020:16:19:12 +0800] "GET /xingrg/css/form.css HTTP/1.1" 200 893
101.85.55.199 - - [01/Feb/2020:16:19:12 +0800] "GET /xingrg/javascript/jquery_easy_ui/jquery.easyui.min.js HTTP/1.1" 200 213662
101.85.55.199 - - [01/Feb/2020:16:19:12 +0800] "GET /xingrg/javascript/jquery_easy_ui/easyui-lang-zh_CN.js HTTP/1.1" 200 1900
101.85.55.199 - - [01/Feb/2020:16:19:12 +0800] "GET /xingrg/javascript/jquery.timers.js HTTP/1.1" 200 3532
101.85.55.199 - - [01/Feb/2020:16:19:12 +0800] "GET /xingrg/javascript/jquery_easy_ui/themes/default/easyui.css HTTP/1.1" 200 26500
101.85.55.199 - - [01/Feb/2020:16:19:12 +0800] "GET /xingrg/javascript/jquery.utils.js HTTP/1.1" 200 11805
101.85.55.199 - - [01/Feb/2020:16:19:12 +0800] "GET /xingrg/javascript/jquery.form.js HTTP/1.1" 200 23110
101.85.55.199 - - [01/Feb/2020:16:19:12 +0800] "GET /favicon.ico HTTP/1.1" 404 -
101.85.55.199 - - [01/Feb/2020:16:19:12 +0800] "GET /xingrg/javascript/jquery_easy_ui/themes/icons/settle_new.png HTTP/1.1" 200 826
101.85.55.199 - - [01/Feb/2020:16:19:12 +0800] "GET /xingrg/images/blue/navBackgound.jpg HTTP/1.1" 200 12378
101.85.55.199 - - [01/Feb/2020:16:19:12 +0800] "POST /xingrg/all/common/load_tree.html?tree=area_rest_tree_json&manage=1 HTTP/1.1" 200 351
101.85.55.199 - - [01/Feb/2020:16:19:12 +0800] "GET /xingrg/all/function/internal_message.html?_=1580544889314&CODE_STATE=count HTTP/1.1" 200 11
101.85.55.199 - - [01/Feb/2020:16:19:12 +0800] "GET /xingrg/check_reg.html?_=1580544889319 HTTP/1.1" 200 22
101.85.55.199 - - [01/Feb/2020:16:19:12 +0800] "GET /xingrg/images/blue/pingpu.png HTTP/1.1" 200 231
101.85.55.199 - - [01/Feb/2020:16:19:12 +0800] "GET /xingrg/javascript/jquery_easy_ui/themes/default/images/tabs_leftarrow.png HTTP/1.1" 200 389
101.85.55.199 - - [01/Feb/2020:16:19:12 +0800] "GET /xingrg/javascript/jquery_easy_ui/themes/default/images/tabs_rightarrow.png HTTP/1.1" 200 395
101.85.55.199 - - [01/Feb/2020:16:19:12 +0800] "GET /xingrg/javascript/jquery_easy_ui/themes/default/images/panel_tool_collapse.gif HTTP/1.1" 200 246
101.85.55.199 - - [01/Feb/2020:16:19:12 +0800] "POST /xingrg/load_menu.html HTTP/1.1" 200 5124
101.85.55.199 - - [01/Feb/2020:16:19:13 +0800] "GET /xingrg/javascript/jquery_easy_ui/themes/default/images/tree_arrows.gif HTTP/1.1" 200 1043
101.85.55.199 - - [01/Feb/2020:16:19:13 +0800] "GET /xingrg/javascript/jquery_easy_ui/themes/default/images/tree_folder_open.gif HTTP/1.1" 200 956
101.85.55.199 - - [01/Feb/2020:16:19:13 +0800] "GET /xingrg/javascript/jquery_easy_ui/themes/icons/search_new.png HTTP/1.1" 200 586
101.85.55.199 - - [01/Feb/2020:16:19:13 +0800] "GET /xingrg/javascript/jquery_easy_ui/themes/default/images/tree_folder.gif HTTP/1.1" 200 952
101.85.55.199 - - [01/Feb/2020:16:19:13 +0800] "GET /xingrg/javascript/jquery_easy_ui/themes/icons/storage_new.png HTTP/1.1" 200 853
101.85.55.199 - - [01/Feb/2020:16:19:13 +0800] "GET /xingrg/javascript/jquery_easy_ui/themes/icons/forms_new.png HTTP/1.1" 200 350
101.85.55.199 - - [01/Feb/2020:16:19:13 +0800] "GET /xingrg/javascript/jquery_easy_ui/themes/default/images/tree_file.gif HTTP/1.1" 200 118
222.69.24.136 - - [01/Feb/2020:16:19:15 +0800] "GET /xingrg/all/function/internal_message.html?_=1580544718440&CODE_STATE=getMsg HTTP/1.1" 200 27
42.236.10.125 - - [01/Feb/2020:16:19:16 +0800] "GET / HTTP/1.1" 404 -
101.85.55.199 - - [01/Feb/2020:16:19:16 +0800] "GET /xingrg/javascript/jquery_easy_ui/themes/default/images/tabs_close.gif HTTP/1.1" 200 829
101.85.55.199 - - [01/Feb/2020:16:19:17 +0800] "GET /xingrg/kc/base/wldb_order_list.html HTTP/1.1" 200 19288
101.85.55.199 - - [01/Feb/2020:16:19:17 +0800] "GET /xingrg/css/base.css HTTP/1.1" 200 2811
101.85.55.199 - - [01/Feb/2020:16:19:17 +0800] "GET /xingrg/css/site.css HTTP/1.1" 200 7541
101.85.55.199 - - [01/Feb/2020:16:19:17 +0800] "GET /xingrg/javascript/jquery_tools/datebox.css HTTP/1.1" 200 2597
101.85.55.199 - - [01/Feb/2020:16:19:17 +0800] "GET /xingrg/javascript/easyui/themes/icon.css HTTP/1.1" 200 4483
101.85.55.199 - - [01/Feb/2020:16:19:17 +0800] "GET /xingrg/javascript/auto/jquery.autocomplete.css HTTP/1.1" 200 587
101.85.55.199 - - [01/Feb/2020:16:19:17 +0800] "GET /xingrg/javascript/easyui/themes/default/easyui.css HTTP/1.1" 200 30432
101.85.55.199 - - [01/Feb/2020:16:19:17 +0800] "GET /xingrg/javascript/jquery_tools/fix.css HTTP/1.1" 200 1702
101.85.55.199 - - [01/Feb/2020:16:19:17 +0800] "GET /xingrg/javascript/jquery_tools/table.css HTTP/1.1" 200 1032
101.85.55.199 - - [01/Feb/2020:16:19:17 +0800] "GET /xingrg/javascript/jquery_tools/jquery.tools.min.js HTTP/1.1" 200 138801
101.85.55.199 - - [01/Feb/2020:16:19:17 +0800] "GET /xingrg/javascript/jquery_tools/jquery.tools.hotkey.js HTTP/1.1" 200 3242
101.85.55.199 - - [01/Feb/2020:16:19:17 +0800] "GET /xingrg/javascript/jquery_tools/jquery.tools.table.js HTTP/1.1" 200 6994
101.85.55.199 - - [01/Feb/2020:16:19:17 +0800] "GET /xingrg/javascript/jquery_tools/jquery.tools.extend.js HTTP/1.1" 200 15385
101.85.55.199 - - [01/Feb/2020:16:19:17 +0800] "GET /xingrg/javascript/jquery_tools/list_manager.js HTTP/1.1" 200 3652
101.85.55.199 - - [01/Feb/2020:16:19:17 +0800] "GET /xingrg/javascript/easyui/easyloader.js HTTP/1.1" 200 5975
101.85.55.199 - - [01/Feb/2020:16:19:17 +0800] "GET /xingrg/javascript/auto/jquery.autocomplete.js HTTP/1.1" 200 21624
101.85.55.199 - - [01/Feb/2020:16:19:17 +0800] "GET /xingrg/javascript/jquery.cookie.js HTTP/1.1" 200 5513
101.85.55.199 - - [01/Feb/2020:16:19:17 +0800] "GET /xingrg/javascript/print/LodopFuncs.js HTTP/1.1" 200 5121
42.236.10.125 - - [01/Feb/2020:16:19:17 +0800] "GET / HTTP/1.1" 404 -
180.163.220.68 - - [01/Feb/2020:16:19:18 +0800] "GET /xingrg/index.html HTTP/1.1" 302 -
101.85.55.199 - - [01/Feb/2020:16:19:18 +0800] "GET /xingrg/javascript/easyui/themes/icons/cance_new.png HTTP/1.1" 200 3986
101.85.55.199 - - [01/Feb/2020:16:19:18 +0800] "GET /xingrg/javascript/easyui/themes/icons/check_new.png HTTP/1.1" 200 3224
101.85.55.199 - - [01/Feb/2020:16:19:18 +0800] "GET /xingrg/javascript/easyui/themes/icons/field_new.png HTTP/1.1" 200 1097
101.85.55.199 - - [01/Feb/2020:16:19:18 +0800] "GET /xingrg/javascript/easyui/themes/icons/edit_add_new.png HTTP/1.1" 200 2997
101.85.55.199 - - [01/Feb/2020:16:19:18 +0800] "GET /xingrg/javascript/easyui/themes/icons/import_new.png HTTP/1.1" 200 1247
101.85.55.199 - - [01/Feb/2020:16:19:18 +0800] "GET /xingrg/javascript/easyui/plugins/jquery.parser.js HTTP/1.1" 200 1142
101.85.55.199 - - [01/Feb/2020:16:19:18 +0800] "GET /xingrg/images/control/ajaxLoader.gif HTTP/1.1" 200 4659
101.85.55.199 - - [01/Feb/2020:16:19:18 +0800] "POST /xingrg/kc/base/wldb_list_operate.html HTTP/1.1" 200 928
42.236.10.117 - - [01/Feb/2020:16:19:20 +0800] "GET / HTTP/1.1" 404 -
101.85.55.199 - - [01/Feb/2020:16:19:21 +0800] "POST /xingrg/kc/base/wldb_list_operate.html HTTP/1.1" 200 928
42.236.10.117 - - [01/Feb/2020:16:19:21 +0800] "GET / HTTP/1.1" 404 -
180.163.220.68 - - [01/Feb/2020:16:19:22 +0800] "GET /xingrg/index.html HTTP/1.1" 302 -
101.85.55.199 - - [01/Feb/2020:16:19:23 +0800] "GET /xingrg/kc/base/yddb_order_list.html HTTP/1.1" 200 16894
101.85.55.199 - - [01/Feb/2020:16:19:23 +0800] "POST /xingrg/kc/base/yddb_list_operate.html HTTP/1.1" 200 1217
180.163.220.68 - - [01/Feb/2020:16:19:24 +0800] "GET /xingrg/login.html HTTP/1.1" 200 2139
101.85.55.199 - - [01/Feb/2020:16:19:25 +0800] "POST /xingrg/kc/base/yddb_list_operate.html HTTP/1.1" 200 1217
101.85.55.199 - - [01/Feb/2020:16:19:28 +0800] "GET /xingrg/kc/buy/cgsh_order_list.html HTTP/1.1" 200 42033
101.85.55.199 - - [01/Feb/2020:16:19:28 +0800] "POST /xingrg/kc/buy/cgsh_list_operate.html HTTP/1.1" 200 876
180.163.220.68 - - [01/Feb/2020:16:19:28 +0800] "GET /xingrg/javascript/mobile/jquery.mobile-1.3.2.min.css HTTP/1.1" 200 94670
180.163.220.3 - - [01/Feb/2020:16:19:29 +0800] "GET /xingrg/javascript/mobile/jquery-1.8.3.min.js HTTP/1.1" 200 93637
180.163.220.66 - - [01/Feb/2020:16:19:29 +0800] "GET /xingrg/javascript/mobile/jquery.mobile-1.3.2.min.js HTTP/1.1" 200 145396
101.85.55.199 - - [01/Feb/2020:16:19:31 +0800] "POST /xingrg/kc/buy/cgsh_list_operate.html HTTP/1.1" 200 876
180.163.220.4 - - [01/Feb/2020:16:19:33 +0800] "GET /xingrg/javascript/mobile/images/ajax-loader.gif HTTP/1.1" 200 7825
101.85.55.199 - - [01/Feb/2020:16:19:34 +0800] "GET /xingrg/kc/mdqp/pssh_order_list.html HTTP/1.1" 200 16891
101.85.55.199 - - [01/Feb/2020:16:19:34 +0800] "POST /xingrg/kc/mdqp/pssh_list_operate.html HTTP/1.1" 200 5488
101.85.55.199 - - [01/Feb/2020:16:19:37 +0800] "GET /xingrg/javascript/jquery_easy_ui/themes/default/images/tabs_active.png HTTP/1.1" 200 2894
101.85.55.199 - - [01/Feb/2020:16:19:40 +0800] "GET /xingrg/kc/base/check_order_list.html HTTP/1.1" 200 16412
101.85.55.199 - - [01/Feb/2020:16:19:40 +0800] "POST /xingrg/kc/base/check_list_operate.html HTTP/1.1" 200 781
172.17.0.196 - - [01/Feb/2020:16:19:47 +0800] "GET /xingrg/all/function/internal_message.html?_=1580545025731&CODE_STATE=getMsg HTTP/1.1" 302 -
172.17.0.196 - - [01/Feb/2020:16:19:47 +0800] "GET /xingrg/check_reg.html?_=1580545025736 HTTP/1.1" 302 -
114.93.75.19 - - [01/Feb/2020:16:19:52 +0800] "GET /xingrg/all/function/internal_message.html?_=1580545181474&CODE_STATE=getMsg HTTP/1.1" 302 -
101.85.55.199 - - [01/Feb/2020:16:19:59 +0800] "GET /xingrg/kc/base/check_order_list.html HTTP/1.1" 200 16412
101.85.55.199 - - [01/Feb/2020:16:19:59 +0800] "POST /xingrg/kc/base/check_list_operate.html HTTP/1.1" 200 781
101.85.55.199 - - [01/Feb/2020:16:20:01 +0800] "GET /xingrg/javascript/easyui/themes/default/images/button_plain_hover.png HTTP/1.1" 200 144
101.85.55.199 - - [01/Feb/2020:16:20:01 +0800] "GET /xingrg/kc/base/check_order_add.html HTTP/1.1" 200 25442
101.85.55.199 - - [01/Feb/2020:16:20:01 +0800] "GET /xingrg/css/table.css HTTP/1.1" 200 3684
101.85.55.199 - - [01/Feb/2020:16:20:01 +0800] "GET /xingrg/javascript/pic_change.js HTTP/1.1" 200 4739
101.85.55.199 - - [01/Feb/2020:16:20:01 +0800] "GET /xingrg/css/blue.css HTTP/1.1" 200 15949
101.85.55.199 - - [01/Feb/2020:16:20:01 +0800] "GET /xingrg/dwr/interface/AjaxComOrderService.js HTTP/1.1" 200 18264
101.85.55.199 - - [01/Feb/2020:16:20:01 +0800] "GET /xingrg/javascript/AjaxInfoList.js HTTP/1.1" 200 3774
101.85.55.199 - - [01/Feb/2020:16:20:01 +0800] "GET /xingrg/dwr/interface/AjaxCheckService.js HTTP/1.1" 200 14003
101.85.55.199 - - [01/Feb/2020:16:20:01 +0800] "GET /xingrg/dwr/util.js HTTP/1.1" 200 35990
101.85.55.199 - - [01/Feb/2020:16:20:01 +0800] "GET /xingrg/dwr/engine.js HTTP/1.1" 200 43631
101.85.55.199 - - [01/Feb/2020:16:20:01 +0800] "GET /xingrg/javascript/convert.js HTTP/1.1" 200 1239
101.85.55.199 - - [01/Feb/2020:16:20:01 +0800] "GET /xingrg/javascript/Calendar.js HTTP/1.1" 200 31561
101.85.55.199 - - [01/Feb/2020:16:20:01 +0800] "GET /xingrg/javascript/myfunction.js HTTP/1.1" 200 24559
101.85.55.199 - - [01/Feb/2020:16:20:01 +0800] "GET /xingrg/javascript/print/kc_print.js HTTP/1.1" 200 11415
101.85.55.199 - - [01/Feb/2020:16:20:02 +0800] "GET /xingrg/javascript/jquery_easy_ui/themes/icons/check_new.png HTTP/1.1" 200 3224
101.85.55.199 - - [01/Feb/2020:16:20:02 +0800] "GET /xingrg/javascript/jquery_easy_ui/themes/icons/cance_new.png HTTP/1.1" 200 3986
101.85.55.199 - - [01/Feb/2020:16:20:02 +0800] "GET /xingrg/javascript/jquery_easy_ui/themes/default/images/menu_downarrow.png HTTP/1.1" 200 173
101.85.55.199 - - [01/Feb/2020:16:20:02 +0800] "GET /xingrg/javascript/jquery_easy_ui/themes/icons/print.png HTTP/1.1" 200 1057
101.85.55.199 - - [01/Feb/2020:16:20:02 +0800] "GET /xingrg/javascript/jquery_easy_ui/themes/icons/back_new.png HTTP/1.1" 200 3414
124.77.241.94 - - [01/Feb/2020:16:20:07 +0800] "GET /xingrg/all/function/internal_message.html?_=1580545221430&CODE_STATE=getMsg HTTP/1.1" 200 27
101.85.55.199 - - [01/Feb/2020:16:20:10 +0800] "POST /xingrg/dwr/call/plaincall/AjaxCheckService.saveOrder.dwr HTTP/1.1" 200 78
101.85.55.199 - - [01/Feb/2020:16:20:11 +0800] "POST /xingrg/dwr/call/plaincall/AjaxCheckService.loadOrderItems.dwr HTTP/1.1" 200 367
101.85.55.199 - - [01/Feb/2020:16:20:12 +0800] "GET /xingrg/javascript/jquery_easy_ui/themes/default/images/button_a_bg.gif HTTP/1.1" 200 1194
101.85.55.199 - - [01/Feb/2020:16:20:12 +0800] "GET /xingrg/javascript/jquery_easy_ui/themes/default/images/button_span_bg.gif HTTP/1.1" 200 2061
101.85.55.199 - - [01/Feb/2020:16:20:12 +0800] "GET /xingrg/javascript/jquery_easy_ui/themes/icons/ok.png HTTP/1.1" 200 883
101.85.55.199 - - [01/Feb/2020:16:20:12 +0800] "GET /xingrg/javascript/jquery_easy_ui/themes/icons/pencil.png HTTP/1.1" 200 713
101.85.55.199 - - [01/Feb/2020:16:20:12 +0800] "GET /xingrg/javascript/jquery_easy_ui/themes/default/images/panel_title.png HTTP/1.1" 200 266
101.85.55.199 - - [01/Feb/2020:16:20:12 +0800] "GET /xingrg/javascript/jquery_easy_ui/themes/default/images/panel_tools.gif HTTP/1.1" 200 737
101.85.55.199 - - [01/Feb/2020:16:20:12 +0800] "GET /xingrg/all/function/internal_message.html?_=1580544949320&CODE_STATE=getMsg HTTP/1.1" 200 27
222.69.24.136 - - [01/Feb/2020:16:20:15 +0800] "GET /xingrg/all/function/internal_message.html?_=1580544778440&CODE_STATE=getMsg HTTP/1.1" 200 27
222.69.24.136 - - [01/Feb/2020:16:20:15 +0800] "GET /xingrg/check_reg.html?_=1580544778439 HTTP/1.1" 200 22
101.85.55.199 - - [01/Feb/2020:16:20:16 +0800] "POST /xingrg/dwr/call/plaincall/AjaxCheckService.importOrderItems.dwr HTTP/1.1" 200 78
101.85.55.199 - - [01/Feb/2020:16:20:17 +0800] "POST /xingrg/dwr/call/plaincall/AjaxCheckService.loadOrderItems.dwr HTTP/1.1" 200 30882
101.85.55.199 - - [01/Feb/2020:16:20:17 +0800] "GET /xingrg/javascript/jquery_easy_ui/themes/icons/no.png HTTP/1.1" 200 922
172.17.0.196 - - [01/Feb/2020:16:20:47 +0800] "GET /xingrg/all/function/internal_message.html?_=1580545085740&CODE_STATE=getMsg HTTP/1.1" 302 -
114.93.75.19 - - [01/Feb/2020:16:20:52 +0800] "GET /xingrg/all/function/internal_message.html?_=1580545241475&CODE_STATE=getMsg HTTP/1.1" 302 -
114.93.75.19 - - [01/Feb/2020:16:20:52 +0800] "GET /xingrg/check_reg.html?_=1580545241477 HTTP/1.1" 302 -
124.77.241.94 - - [01/Feb/2020:16:21:07 +0800] "GET /xingrg/all/function/internal_message.html?_=1580545281499&CODE_STATE=getMsg HTTP/1.1" 200 27
101.85.55.199 - - [01/Feb/2020:16:21:12 +0800] "GET /xingrg/all/function/internal_message.html?_=1580545009331&CODE_STATE=getMsg HTTP/1.1" 200 27
222.69.24.136 - - [01/Feb/2020:16:21:15 +0800] "GET /xingrg/all/function/internal_message.html?_=1580544838443&CODE_STATE=getMsg HTTP/1.1" 200 27
114.93.75.19 - - [01/Feb/2020:16:21:28 +0800] "GET /xingrg/check_reg.html?_=1580545277311 HTTP/1.1" 302 -
172.17.0.196 - - [01/Feb/2020:16:21:47 +0800] "GET /xingrg/all/function/internal_message.html?_=1580545145741&CODE_STATE=getMsg HTTP/1.1" 302 -
114.93.75.19 - - [01/Feb/2020:16:21:52 +0800] "GET /xingrg/all/function/internal_message.html?_=1580545301481&CODE_STATE=getMsg HTTP/1.1" 302 -
124.77.241.94 - - [01/Feb/2020:16:21:56 +0800] "GET /xingrg/check_reg.html?_=1580545330243 HTTP/1.1" 200 22
124.77.241.94 - - [01/Feb/2020:16:22:07 +0800] "GET /xingrg/all/function/internal_message.html?_=1580545341504&CODE_STATE=getMsg HTTP/1.1" 200 27
101.85.55.199 - - [01/Feb/2020:16:22:12 +0800] "GET /xingrg/all/function/internal_message.html?_=1580545069324&CODE_STATE=getMsg HTTP/1.1" 200 27
222.69.24.136 - - [01/Feb/2020:16:22:15 +0800] "GET /xingrg/all/function/internal_message.html?_=1580544898441&CODE_STATE=getMsg HTTP/1.1" 200 27
101.85.55.199 - - [01/Feb/2020:16:22:36 +0800] "GET /xingrg/javascript/jquery_easy_ui/themes/default/images/button_plain_hover.png HTTP/1.1" 200 252
101.85.55.199 - - [01/Feb/2020:16:22:37 +0800] "GET /xingrg/kc/print/load_config.html?_=1580545094172&kc_code=check HTTP/1.1" 200 2411
101.85.55.199 - - [01/Feb/2020:16:22:37 +0800] "GET /xingrg/kc/print/load_data.html?_=1580545094213&order_code=452020020100001&kc_code=check&condition= HTTP/1.1" 200 8646
172.17.0.196 - - [01/Feb/2020:16:22:47 +0800] "GET /xingrg/all/function/internal_message.html?_=1580545205740&CODE_STATE=getMsg HTTP/1.1" 302 -
114.93.75.19 - - [01/Feb/2020:16:22:52 +0800] "GET /xingrg/all/function/internal_message.html?_=1580545361468&CODE_STATE=getMsg HTTP/1.1" 302 -
180.157.252.250 - - [01/Feb/2020:16:23:01 +0800] "GET /xingrg/check_reg.html?_=1580545368129 HTTP/1.1" 200 22
124.77.241.94 - - [01/Feb/2020:16:23:07 +0800] "GET /xingrg/all/function/internal_message.html?_=1580545401516&CODE_STATE=getMsg HTTP/1.1" 200 27
