116.238.181.252 - - [29/Jan/2020:15:34:57 +0800] "POST /xingrg/dwr/call/plaincall/AjaxYddbService.loadMaterielItems.dwr HTTP/1.1" 200 449
116.238.181.252 - - [29/Jan/2020:15:34:59 +0800] "GET /xingrg/kc/base/yddb_order_list.html?isBack=1 HTTP/1.1" 200 16892
116.238.181.252 - - [29/Jan/2020:15:34:59 +0800] "POST /xingrg/kc/base/yddb_list_operate.html HTTP/1.1" 200 1217
117.131.5.26 - - [29/Jan/2020:15:35:00 +0800] "POST /xingrg/dwr/call/plaincall/AjaxCheckService.setItemNumber.dwr HTTP/1.1" 200 77
117.131.5.26 - - [29/Jan/2020:15:35:02 +0800] "POST /xingrg/dwr/call/plaincall/AjaxCheckService.setItemNumber.dwr HTTP/1.1" 200 77
116.238.181.252 - - [29/Jan/2020:15:35:03 +0800] "POST /xingrg/kc/base/yddb_list_operate.html HTTP/1.1" 200 2188
117.131.5.26 - - [29/Jan/2020:15:35:03 +0800] "POST /xingrg/dwr/call/plaincall/AjaxCheckService.setItemNumber.dwr HTTP/1.1" 200 77
116.238.181.252 - - [29/Jan/2020:15:35:04 +0800] "POST /xingrg/kc/base/yddb_list_operate.html HTTP/1.1" 200 200
116.238.181.252 - - [29/Jan/2020:15:35:04 +0800] "GET /xingrg/kc/base/yddb_order_info.html?code=482020012900222 HTTP/1.1" 200 31164
116.238.181.252 - - [29/Jan/2020:15:35:04 +0800] "GET /xingrg/dwr/interface/AjaxYddbService.js HTTP/1.1" 200 13201
116.238.181.252 - - [29/Jan/2020:15:35:04 +0800] "GET /xingrg/dwr/interface/AjaxComOrderService.js HTTP/1.1" 200 18264
116.238.181.252 - - [29/Jan/2020:15:35:04 +0800] "GET /xingrg/dwr/engine.js HTTP/1.1" 200 43631
116.238.181.252 - - [29/Jan/2020:15:35:04 +0800] "POST /xingrg/dwr/call/plaincall/AjaxYddbService.loadMaterielItems.dwr HTTP/1.1" 200 383
117.131.5.26 - - [29/Jan/2020:15:35:06 +0800] "POST /xingrg/dwr/call/plaincall/AjaxCheckService.setItemNumber.dwr HTTP/1.1" 200 77
117.131.5.26 - - [29/Jan/2020:15:35:07 +0800] "POST /xingrg/dwr/call/plaincall/AjaxCheckService.setItemNumber.dwr HTTP/1.1" 200 77
117.131.5.26 - - [29/Jan/2020:15:35:09 +0800] "POST /xingrg/dwr/call/plaincall/AjaxCheckService.setItemNumber.dwr HTTP/1.1" 200 77
117.131.5.26 - - [29/Jan/2020:15:35:10 +0800] "POST /xingrg/dwr/call/plaincall/AjaxCheckService.setItemNumber.dwr HTTP/1.1" 200 77
117.131.5.26 - - [29/Jan/2020:15:35:11 +0800] "POST /xingrg/dwr/call/plaincall/AjaxCheckService.setItemNumber.dwr HTTP/1.1" 200 77
116.238.181.252 - - [29/Jan/2020:15:35:13 +0800] "POST /xingrg/dwr/call/plaincall/AjaxYddbService.saveOrder.dwr HTTP/1.1" 200 78
116.238.181.252 - - [29/Jan/2020:15:35:14 +0800] "GET /xingrg/all/function/internal_message.html?_=1580283307975&CODE_STATE=getMsg HTTP/1.1" 200 27
222.69.24.136 - - [29/Jan/2020:15:35:14 +0800] "GET /xingrg/all/function/internal_message.html?_=1580282884148&CODE_STATE=getMsg HTTP/1.1" 200 27
117.131.5.26 - - [29/Jan/2020:15:35:15 +0800] "POST /xingrg/dwr/call/plaincall/AjaxCheckService.setItemNumber.dwr HTTP/1.1" 200 77
116.238.181.252 - - [29/Jan/2020:15:35:16 +0800] "POST /xingrg/dwr/call/plaincall/AjaxYddbService.objCheckOrder.dwr HTTP/1.1" 200 78
116.238.181.252 - - [29/Jan/2020:15:35:17 +0800] "GET /xingrg/kc/base/yddb_order_info.html?code=482020012900222 HTTP/1.1" 200 31283
116.238.181.252 - - [29/Jan/2020:15:35:17 +0800] "GET /xingrg/dwr/interface/AjaxYddbService.js HTTP/1.1" 200 13201
116.238.181.252 - - [29/Jan/2020:15:35:17 +0800] "GET /xingrg/dwr/interface/AjaxComOrderService.js HTTP/1.1" 200 18264
116.238.181.252 - - [29/Jan/2020:15:35:17 +0800] "GET /xingrg/dwr/engine.js HTTP/1.1" 200 43631
116.238.181.252 - - [29/Jan/2020:15:35:17 +0800] "POST /xingrg/dwr/call/plaincall/AjaxYddbService.loadMaterielItems.dwr HTTP/1.1" 200 383
116.238.181.252 - - [29/Jan/2020:15:35:26 +0800] "POST /xingrg/all/user/operate.html HTTP/1.1" 200 36
116.238.181.252 - - [29/Jan/2020:15:35:26 +0800] "GET /xingrg/index.html?sysBaseUrl=http%3A%2F%2F117.131.15.22%3A18081%2Fxingrg%2F&costTime=35×tamp=1580280603712 HTTP/1.1" 200 17157
116.238.181.252 - - [29/Jan/2020:15:35:26 +0800] "GET /xingrg/javascript/jquery_easy_ui/themes/default/easyui.css HTTP/1.1" 304 -
116.238.181.252 - - [29/Jan/2020:15:35:26 +0800] "GET /xingrg/javascript/jquery_easy_ui/themes/icon.css HTTP/1.1" 304 -
116.238.181.252 - - [29/Jan/2020:15:35:26 +0800] "GET /xingrg/css/form.css HTTP/1.1" 304 -
116.238.181.252 - - [29/Jan/2020:15:35:26 +0800] "GET /xingrg/javascript/jquery-1.4.2.min.js HTTP/1.1" 304 -
116.238.181.252 - - [29/Jan/2020:15:35:26 +0800] "GET /xingrg/javascript/jquery_easy_ui/jquery.easyui.min.js HTTP/1.1" 304 -
116.238.181.252 - - [29/Jan/2020:15:35:26 +0800] "GET /xingrg/javascript/jquery_easy_ui/easyui-lang-zh_CN.js HTTP/1.1" 304 -
116.238.181.252 - - [29/Jan/2020:15:35:26 +0800] "GET /xingrg/javascript/jquery.form.js HTTP/1.1" 304 -
116.238.181.252 - - [29/Jan/2020:15:35:26 +0800] "GET /xingrg/javascript/jquery.utils.js HTTP/1.1" 304 -
116.238.181.252 - - [29/Jan/2020:15:35:26 +0800] "GET /xingrg/javascript/jquery.timers.js HTTP/1.1" 304 -
116.238.181.252 - - [29/Jan/2020:15:35:26 +0800] "GET /xingrg/images/blue/jxLogo.png HTTP/1.1" 304 -
116.238.181.252 - - [29/Jan/2020:15:35:26 +0800] "GET /xingrg/images/blue/navBackgound.jpg HTTP/1.1" 304 -
116.238.181.252 - - [29/Jan/2020:15:35:26 +0800] "GET /xingrg/javascript/jquery_easy_ui/themes/icons/settle_new.png HTTP/1.1" 304 -
116.238.181.252 - - [29/Jan/2020:15:35:26 +0800] "POST /xingrg/all/common/load_tree.html?tree=area_rest_tree_json&manage=1 HTTP/1.1" 200 476
116.238.181.252 - - [29/Jan/2020:15:35:26 +0800] "GET /xingrg/all/function/internal_message.html?_=1580283320404&CODE_STATE=count HTTP/1.1" 200 11
116.238.181.252 - - [29/Jan/2020:15:35:26 +0800] "GET /xingrg/javascript/jquery_easy_ui/themes/default/images/tabs_leftarrow.png HTTP/1.1" 304 -
116.238.181.252 - - [29/Jan/2020:15:35:26 +0800] "GET /xingrg/check_reg.html?_=1580283320405 HTTP/1.1" 200 22
116.238.181.252 - - [29/Jan/2020:15:35:26 +0800] "GET /xingrg/javascript/jquery_easy_ui/themes/default/images/panel_tool_collapse.gif HTTP/1.1" 304 -
116.238.181.252 - - [29/Jan/2020:15:35:26 +0800] "GET /xingrg/javascript/jquery_easy_ui/themes/default/images/tabs_rightarrow.png HTTP/1.1" 304 -
116.238.181.252 - - [29/Jan/2020:15:35:26 +0800] "POST /xingrg/load_menu.html HTTP/1.1" 200 5124
116.238.181.252 - - [29/Jan/2020:15:35:26 +0800] "GET /xingrg/images/blue/pingpu.png HTTP/1.1" 304 -
116.238.181.252 - - [29/Jan/2020:15:35:28 +0800] "GET /xingrg/kc/base/yddb_order_list.html HTTP/1.1" 200 16894
116.238.181.252 - - [29/Jan/2020:15:35:28 +0800] "POST /xingrg/kc/base/yddb_list_operate.html HTTP/1.1" 200 1217
116.238.181.252 - - [29/Jan/2020:15:35:30 +0800] "GET /xingrg/kc/base/yddb_order_add.html HTTP/1.1" 200 29537
116.238.181.252 - - [29/Jan/2020:15:35:30 +0800] "GET /xingrg/dwr/interface/AjaxComOrderService.js HTTP/1.1" 200 18264
116.238.181.252 - - [29/Jan/2020:15:35:30 +0800] "GET /xingrg/dwr/interface/AjaxYddbService.js HTTP/1.1" 200 13201
116.238.181.252 - - [29/Jan/2020:15:35:30 +0800] "GET /xingrg/dwr/engine.js HTTP/1.1" 200 43631
116.238.181.252 - - [29/Jan/2020:15:35:32 +0800] "POST /xingrg/dwr/call/plaincall/AjaxYddbService.getRestBases.dwr HTTP/1.1" 200 1433
124.77.241.94 - - [29/Jan/2020:15:35:34 +0800] "GET /xingrg/all/function/internal_message.html?_=1580283338541&CODE_STATE=getMsg HTTP/1.1" 200 27
117.131.5.26 - - [29/Jan/2020:15:35:37 +0800] "POST /xingrg/dwr/call/plaincall/AjaxCheckService.setItemNumber.dwr HTTP/1.1" 200 77
116.238.181.252 - - [29/Jan/2020:15:35:38 +0800] "POST /xingrg/dwr/call/plaincall/AjaxYddbService.saveOrder.dwr HTTP/1.1" 200 78
117.131.5.26 - - [29/Jan/2020:15:35:38 +0800] "POST /xingrg/dwr/call/plaincall/AjaxCheckService.setItemNumber.dwr HTTP/1.1" 200 77
117.131.5.26 - - [29/Jan/2020:15:35:40 +0800] "POST /xingrg/dwr/call/plaincall/AjaxCheckService.setItemNumber.dwr HTTP/1.1" 200 77
117.131.5.26 - - [29/Jan/2020:15:35:40 +0800] "POST /xingrg/dwr/call/plaincall/AjaxCheckService.setItemNumber.dwr HTTP/1.1" 200 77
116.238.181.252 - - [29/Jan/2020:15:35:40 +0800] "GET /xingrg/images/yd/bt.gif HTTP/1.1" 404 1040
116.238.181.252 - - [29/Jan/2020:15:35:42 +0800] "POST /xingrg/dwr/call/plaincall/AjaxComOrderService.getMaterielSearchList.dwr HTTP/1.1" 200 1301
116.238.181.252 - - [29/Jan/2020:15:35:44 +0800] "POST /xingrg/dwr/call/plaincall/AjaxComOrderService.getMaterielSearchList.dwr HTTP/1.1" 200 464
117.131.5.26 - - [29/Jan/2020:15:35:44 +0800] "POST /xingrg/dwr/call/plaincall/AjaxCheckService.setItemNumber.dwr HTTP/1.1" 200 77
116.238.181.252 - - [29/Jan/2020:15:35:45 +0800] "POST /xingrg/dwr/call/plaincall/AjaxYddbService.getMaterielByMap.dwr HTTP/1.1" 200 3584
117.131.5.26 - - [29/Jan/2020:15:35:45 +0800] "POST /xingrg/dwr/call/plaincall/AjaxCheckService.setItemNumber.dwr HTTP/1.1" 200 77
116.238.181.252 - - [29/Jan/2020:15:35:47 +0800] "POST /xingrg/dwr/call/plaincall/AjaxYddbService.getUnitPrice.dwr HTTP/1.1" 200 86
117.131.5.26 - - [29/Jan/2020:15:35:48 +0800] "POST /xingrg/dwr/call/plaincall/AjaxCheckService.setItemNumber.dwr HTTP/1.1" 200 77
114.93.75.19 - - [29/Jan/2020:15:35:49 +0800] "GET /xingrg/check_reg.html?_=1580283341480 HTTP/1.1" 302 -
114.93.75.19 - - [29/Jan/2020:15:35:49 +0800] "GET /xingrg/all/function/internal_message.html?_=1580283341482&CODE_STATE=getMsg HTTP/1.1" 302 -
117.131.5.26 - - [29/Jan/2020:15:35:49 +0800] "GET /xingrg/all/function/internal_message.html?_=1580283672805&CODE_STATE=getMsg HTTP/1.1" 200 27
116.238.181.252 - - [29/Jan/2020:15:35:50 +0800] "POST /xingrg/dwr/call/plaincall/AjaxYddbService.saveMaterielItem.dwr HTTP/1.1" 200 78
172.17.0.196 - - [29/Jan/2020:15:35:51 +0800] "GET /xingrg/all/function/internal_message.html?_=1580283183837&CODE_STATE=getMsg HTTP/1.1" 302 -
117.131.5.26 - - [29/Jan/2020:15:35:51 +0800] "POST /xingrg/dwr/call/plaincall/AjaxCheckService.setItemNumber.dwr HTTP/1.1" 200 77
116.238.181.252 - - [29/Jan/2020:15:35:53 +0800] "POST /xingrg/dwr/call/plaincall/AjaxComOrderService.getMaterielSearchList.dwr HTTP/1.1" 200 1301
117.131.5.26 - - [29/Jan/2020:15:35:54 +0800] "POST /xingrg/dwr/call/plaincall/AjaxCheckService.setItemNumber.dwr HTTP/1.1" 200 77
116.238.181.252 - - [29/Jan/2020:15:35:55 +0800] "POST /xingrg/dwr/call/plaincall/AjaxComOrderService.getMaterielSearchList.dwr HTTP/1.1" 200 464
116.238.181.252 - - [29/Jan/2020:15:35:57 +0800] "POST /xingrg/dwr/call/plaincall/AjaxYddbService.getMaterielByMap.dwr HTTP/1.1" 200 3587
116.238.35.243 - - [29/Jan/2020:15:35:57 +0800] "GET /xingrg/check_reg.html?_=1580283351932 HTTP/1.1" 200 22
116.238.35.243 - - [29/Jan/2020:15:35:57 +0800] "GET /xingrg/all/function/internal_message.html?_=1580283351934&CODE_STATE=getMsg HTTP/1.1" 200 27
116.238.181.252 - - [29/Jan/2020:15:35:59 +0800] "POST /xingrg/dwr/call/plaincall/AjaxYddbService.getUnitPrice.dwr HTTP/1.1" 200 87
117.131.5.26 - - [29/Jan/2020:15:36:01 +0800] "POST /xingrg/dwr/call/plaincall/AjaxCheckService.setItemNumber.dwr HTTP/1.1" 200 77
116.238.181.252 - - [29/Jan/2020:15:36:01 +0800] "GET /xingrg/images/yd/bt2.gif HTTP/1.1" 404 1042
117.131.5.26 - - [29/Jan/2020:15:36:02 +0800] "POST /xingrg/dwr/call/plaincall/AjaxCheckService.setItemNumber.dwr HTTP/1.1" 200 77
116.238.181.252 - - [29/Jan/2020:15:36:02 +0800] "POST /xingrg/dwr/call/plaincall/AjaxYddbService.saveMaterielItem.dwr HTTP/1.1" 200 79
117.131.5.26 - - [29/Jan/2020:15:36:03 +0800] "POST /xingrg/dwr/call/plaincall/AjaxCheckService.setItemNumber.dwr HTTP/1.1" 200 77
117.131.5.26 - - [29/Jan/2020:15:36:03 +0800] "POST /xingrg/dwr/call/plaincall/AjaxCheckService.setItemNumber.dwr HTTP/1.1" 200 77
117.131.5.26 - - [29/Jan/2020:15:36:04 +0800] "POST /xingrg/dwr/call/plaincall/AjaxCheckService.setItemNumber.dwr HTTP/1.1" 200 77
117.131.5.26 - - [29/Jan/2020:15:36:12 +0800] "POST /xingrg/dwr/call/plaincall/AjaxCheckService.setItemNumber.dwr HTTP/1.1" 200 77
222.69.24.136 - - [29/Jan/2020:15:36:14 +0800] "GET /xingrg/all/function/internal_message.html?_=1580282944148&CODE_STATE=getMsg HTTP/1.1" 200 27
116.238.181.252 - - [29/Jan/2020:15:36:21 +0800] "POST /xingrg/dwr/call/plaincall/AjaxYddbService.checkOrder.dwr HTTP/1.1" 200 79
116.238.181.252 - - [29/Jan/2020:15:36:22 +0800] "GET /xingrg/kc/base/yddb_order_info.html?code=482020012900225 HTTP/1.1" 200 29637
116.238.181.252 - - [29/Jan/2020:15:36:22 +0800] "GET /xingrg/dwr/interface/AjaxComOrderService.js HTTP/1.1" 200 18264
116.238.181.252 - - [29/Jan/2020:15:36:22 +0800] "GET /xingrg/dwr/interface/AjaxYddbService.js HTTP/1.1" 200 13201
116.238.181.252 - - [29/Jan/2020:15:36:22 +0800] "GET /xingrg/dwr/engine.js HTTP/1.1" 200 43631
116.238.181.252 - - [29/Jan/2020:15:36:22 +0800] "POST /xingrg/dwr/call/plaincall/AjaxYddbService.loadMaterielItems.dwr HTTP/1.1" 200 834
116.238.181.252 - - [29/Jan/2020:15:36:26 +0800] "GET /xingrg/all/function/internal_message.html?_=1580283380419&CODE_STATE=getMsg HTTP/1.1" 200 27
116.238.181.252 - - [29/Jan/2020:15:36:28 +0800] "GET /xingrg/kc/base/yddb_order_report.html?fileType=servlets/html&code=482020012900225&reportName=ck_order_report&subName=yddb HTTP/1.1" 302 -
116.238.181.252 - - [29/Jan/2020:15:36:28 +0800] "GET /xingrg/servlets/html?sysBaseUrl=http%3A%2F%2F117.131.15.22%3A18081%2Fxingrg%2F&costTime=52×tamp=1580283388264 HTTP/1.1" 200 17559
116.238.181.252 - - [29/Jan/2020:15:36:28 +0800] "GET /xingrg/servlets/image?image=px HTTP/1.1" 200 807
116.238.181.252 - - [29/Jan/2020:15:36:28 +0800] "GET /favicon.ico HTTP/1.1" 404 -
124.77.241.94 - - [29/Jan/2020:15:36:34 +0800] "GET /xingrg/all/function/internal_message.html?_=1580283398590&CODE_STATE=getMsg HTTP/1.1" 200 27
116.238.181.252 - - [29/Jan/2020:15:36:43 +0800] "GET /xingrg/kc/base/wldb_order_list.html HTTP/1.1" 200 19288
114.93.75.19 - - [29/Jan/2020:15:36:43 +0800] "GET /xingrg/check_reg.html?_=1580283395342 HTTP/1.1" 302 -
116.238.181.252 - - [29/Jan/2020:15:36:44 +0800] "POST /xingrg/kc/base/wldb_list_operate.html HTTP/1.1" 200 928
116.238.181.252 - - [29/Jan/2020:15:36:48 +0800] "POST /xingrg/all/user/operate.html HTTP/1.1" 200 36
116.238.181.252 - - [29/Jan/2020:15:36:48 +0800] "GET /xingrg/index.html?sysBaseUrl=http%3A%2F%2F117.131.15.22%3A18081%2Fxingrg%2F&costTime=35×tamp=1580280603712 HTTP/1.1" 200 17155
116.238.181.252 - - [29/Jan/2020:15:36:48 +0800] "GET /xingrg/javascript/jquery_easy_ui/themes/default/easyui.css HTTP/1.1" 304 -
116.238.181.252 - - [29/Jan/2020:15:36:48 +0800] "GET /xingrg/javascript/jquery_easy_ui/themes/icon.css HTTP/1.1" 304 -
116.238.181.252 - - [29/Jan/2020:15:36:48 +0800] "GET /xingrg/css/form.css HTTP/1.1" 304 -
116.238.181.252 - - [29/Jan/2020:15:36:48 +0800] "GET /xingrg/javascript/jquery-1.4.2.min.js HTTP/1.1" 304 -
116.238.181.252 - - [29/Jan/2020:15:36:48 +0800] "GET /xingrg/javascript/jquery_easy_ui/jquery.easyui.min.js HTTP/1.1" 304 -
116.238.181.252 - - [29/Jan/2020:15:36:48 +0800] "GET /xingrg/javascript/jquery_easy_ui/easyui-lang-zh_CN.js HTTP/1.1" 304 -
116.238.181.252 - - [29/Jan/2020:15:36:48 +0800] "GET /xingrg/javascript/jquery.form.js HTTP/1.1" 304 -
116.238.181.252 - - [29/Jan/2020:15:36:48 +0800] "GET /xingrg/javascript/jquery.utils.js HTTP/1.1" 304 -
116.238.181.252 - - [29/Jan/2020:15:36:48 +0800] "GET /xingrg/javascript/jquery.timers.js HTTP/1.1" 304 -
116.238.181.252 - - [29/Jan/2020:15:36:48 +0800] "GET /xingrg/images/blue/jxLogo.png HTTP/1.1" 304 -
116.238.181.252 - - [29/Jan/2020:15:36:48 +0800] "GET /xingrg/javascript/jquery_easy_ui/themes/icons/settle_new.png HTTP/1.1" 304 -
116.238.181.252 - - [29/Jan/2020:15:36:48 +0800] "GET /xingrg/images/blue/navBackgound.jpg HTTP/1.1" 304 -
116.238.181.252 - - [29/Jan/2020:15:36:49 +0800] "POST /xingrg/all/common/load_tree.html?tree=area_rest_tree_json&manage=1 HTTP/1.1" 200 476
116.238.181.252 - - [29/Jan/2020:15:36:49 +0800] "GET /xingrg/all/function/internal_message.html?_=1580283403055&CODE_STATE=count HTTP/1.1" 200 11
116.238.181.252 - - [29/Jan/2020:15:36:49 +0800] "GET /xingrg/check_reg.html?_=1580283403058 HTTP/1.1" 200 22
116.238.181.252 - - [29/Jan/2020:15:36:49 +0800] "GET /xingrg/javascript/jquery_easy_ui/themes/default/images/tabs_rightarrow.png HTTP/1.1" 304 -
116.238.181.252 - - [29/Jan/2020:15:36:49 +0800] "GET /xingrg/images/blue/pingpu.png HTTP/1.1" 304 -
116.238.181.252 - - [29/Jan/2020:15:36:49 +0800] "GET /xingrg/javascript/jquery_easy_ui/themes/default/images/panel_tool_collapse.gif HTTP/1.1" 304 -
116.238.181.252 - - [29/Jan/2020:15:36:49 +0800] "GET /xingrg/javascript/jquery_easy_ui/themes/default/images/tabs_leftarrow.png HTTP/1.1" 304 -
116.238.181.252 - - [29/Jan/2020:15:36:49 +0800] "POST /xingrg/load_menu.html HTTP/1.1" 200 5124
114.93.75.19 - - [29/Jan/2020:15:36:49 +0800] "GET /xingrg/all/function/internal_message.html?_=1580283401471&CODE_STATE=getMsg HTTP/1.1" 302 -
116.238.181.252 - - [29/Jan/2020:15:36:49 +0800] "GET /xingrg/javascript/jquery_easy_ui/themes/icons/forms_new.png HTTP/1.1" 304 -
116.238.181.252 - - [29/Jan/2020:15:36:49 +0800] "GET /xingrg/javascript/jquery_easy_ui/themes/default/images/tree_folder_open.gif HTTP/1.1" 304 -
116.238.181.252 - - [29/Jan/2020:15:36:49 +0800] "GET /xingrg/javascript/jquery_easy_ui/themes/default/images/tree_file.gif HTTP/1.1" 304 -
116.238.181.252 - - [29/Jan/2020:15:36:49 +0800] "GET /xingrg/javascript/jquery_easy_ui/themes/icons/search_new.png HTTP/1.1" 304 -
116.238.181.252 - - [29/Jan/2020:15:36:49 +0800] "GET /xingrg/javascript/jquery_easy_ui/themes/default/images/tree_folder.gif HTTP/1.1" 304 -
116.238.181.252 - - [29/Jan/2020:15:36:49 +0800] "GET /xingrg/javascript/jquery_easy_ui/themes/default/images/tree_arrows.gif HTTP/1.1" 304 -
116.238.181.252 - - [29/Jan/2020:15:36:49 +0800] "GET /xingrg/javascript/jquery_easy_ui/themes/icons/storage_new.png HTTP/1.1" 304 -
117.131.5.26 - - [29/Jan/2020:15:36:49 +0800] "GET /xingrg/all/function/internal_message.html?_=1580283732817&CODE_STATE=getMsg HTTP/1.1" 200 27
172.17.0.196 - - [29/Jan/2020:15:36:51 +0800] "GET /xingrg/all/function/internal_message.html?_=1580283243842&CODE_STATE=getMsg HTTP/1.1" 302 -
116.238.181.252 - - [29/Jan/2020:15:36:52 +0800] "GET /xingrg/kc/base/yddb_order_list.html HTTP/1.1" 200 16892
116.238.181.252 - - [29/Jan/2020:15:36:52 +0800] "POST /xingrg/kc/base/yddb_list_operate.html HTTP/1.1" 200 1217
116.238.181.252 - - [29/Jan/2020:15:36:56 +0800] "POST /xingrg/kc/base/yddb_list_operate.html HTTP/1.1" 200 2192
116.238.35.243 - - [29/Jan/2020:15:36:57 +0800] "GET /xingrg/all/function/internal_message.html?_=1580283411917&CODE_STATE=getMsg HTTP/1.1" 200 27
116.238.181.252 - - [29/Jan/2020:15:36:57 +0800] "POST /xingrg/kc/base/yddb_list_operate.html HTTP/1.1" 200 301
116.238.181.252 - - [29/Jan/2020:15:36:57 +0800] "GET /xingrg/kc/base/yddb_order_info.html?code=482020012900225 HTTP/1.1" 200 31166
116.238.181.252 - - [29/Jan/2020:15:36:57 +0800] "GET /xingrg/dwr/interface/AjaxYddbService.js HTTP/1.1" 200 13201
116.238.181.252 - - [29/Jan/2020:15:36:57 +0800] "GET /xingrg/dwr/interface/AjaxComOrderService.js HTTP/1.1" 200 18264
116.238.181.252 - - [29/Jan/2020:15:36:57 +0800] "GET /xingrg/dwr/engine.js HTTP/1.1" 200 43631
116.238.181.252 - - [29/Jan/2020:15:36:57 +0800] "POST /xingrg/dwr/call/plaincall/AjaxYddbService.loadMaterielItems.dwr HTTP/1.1" 200 834
124.77.241.94 - - [29/Jan/2020:15:36:58 +0800] "GET /xingrg/check_reg.html?_=1580283422426 HTTP/1.1" 200 22
117.131.5.26 - - [29/Jan/2020:15:37:01 +0800] "GET /favicon.ico HTTP/1.1" 404 -
116.238.181.252 - - [29/Jan/2020:15:37:02 +0800] "POST /xingrg/dwr/call/plaincall/AjaxYddbService.saveOrder.dwr HTTP/1.1" 200 78
222.69.24.136 - - [29/Jan/2020:15:37:14 +0800] "GET /xingrg/all/function/internal_message.html?_=1580283004148&CODE_STATE=getMsg HTTP/1.1" 200 27
124.77.241.94 - - [29/Jan/2020:15:37:34 +0800] "GET /xingrg/all/function/internal_message.html?_=1580283458600&CODE_STATE=getMsg HTTP/1.1" 200 27
116.238.181.252 - - [29/Jan/2020:15:37:49 +0800] "GET /xingrg/all/function/internal_message.html?_=1580283463068&CODE_STATE=getMsg HTTP/1.1" 200 27
114.93.75.19 - - [29/Jan/2020:15:37:49 +0800] "GET /xingrg/all/function/internal_message.html?_=1580283461472&CODE_STATE=getMsg HTTP/1.1" 302 -
117.131.5.26 - - [29/Jan/2020:15:37:49 +0800] "GET /xingrg/all/function/internal_message.html?_=1580283792815&CODE_STATE=getMsg HTTP/1.1" 200 27
172.17.0.196 - - [29/Jan/2020:15:37:51 +0800] "GET /xingrg/all/function/internal_message.html?_=1580283303843&CODE_STATE=getMsg HTTP/1.1" 302 -
116.238.35.243 - - [29/Jan/2020:15:37:57 +0800] "GET /xingrg/all/function/internal_message.html?_=1580283471932&CODE_STATE=getMsg HTTP/1.1" 200 27
180.157.252.250 - - [29/Jan/2020:15:38:03 +0800] "GET /xingrg/check_reg.html?_=1580283474035 HTTP/1.1" 200 22
222.69.24.136 - - [29/Jan/2020:15:38:14 +0800] "GET /xingrg/check_reg.html?_=1580283064149 HTTP/1.1" 200 22
222.69.24.136 - - [29/Jan/2020:15:38:14 +0800] "GET /xingrg/all/function/internal_message.html?_=1580283064151&CODE_STATE=getMsg HTTP/1.1" 200 27
124.77.241.94 - - [29/Jan/2020:15:38:34 +0800] "GET /xingrg/all/function/internal_message.html?_=1580283518613&CODE_STATE=getMsg HTTP/1.1" 200 27
116.238.181.252 - - [29/Jan/2020:15:38:45 +0800] "POST /xingrg/dwr/call/plaincall/AjaxYddbService.objCheckOrder.dwr HTTP/1.1" 200 78
116.238.181.252 - - [29/Jan/2020:15:38:46 +0800] "GET /xingrg/kc/base/yddb_order_info.html?code=482020012900225 HTTP/1.1" 200 31285
116.238.181.252 - - [29/Jan/2020:15:38:46 +0800] "GET /xingrg/dwr/interface/AjaxComOrderService.js HTTP/1.1" 200 18264
116.238.181.252 - - [29/Jan/2020:15:38:46 +0800] "GET /xingrg/dwr/interface/AjaxYddbService.js HTTP/1.1" 200 13201
116.238.181.252 - - [29/Jan/2020:15:38:46 +0800] "GET /xingrg/dwr/engine.js HTTP/1.1" 200 43631
116.238.181.252 - - [29/Jan/2020:15:38:46 +0800] "POST /xingrg/dwr/call/plaincall/AjaxYddbService.loadMaterielItems.dwr HTTP/1.1" 200 834
116.238.181.252 - - [29/Jan/2020:15:38:49 +0800] "GET /xingrg/all/function/internal_message.html?_=1580283523069&CODE_STATE=getMsg HTTP/1.1" 200 27
114.93.75.19 - - [29/Jan/2020:15:38:49 +0800] "GET /xingrg/all/function/internal_message.html?_=1580283521474&CODE_STATE=getMsg HTTP/1.1" 302 -
117.131.5.26 - - [29/Jan/2020:15:38:49 +0800] "GET /xingrg/all/function/internal_message.html?_=1580283852813&CODE_STATE=getMsg HTTP/1.1" 200 27
172.17.0.196 - - [29/Jan/2020:15:38:51 +0800] "GET /xingrg/all/function/internal_message.html?_=1580283363830&CODE_STATE=getMsg HTTP/1.1" 302 -
116.238.35.243 - - [29/Jan/2020:15:38:57 +0800] "GET /xingrg/all/function/internal_message.html?_=1580283531931&CODE_STATE=getMsg HTTP/1.1" 200 27
222.69.24.136 - - [29/Jan/2020:15:39:14 +0800] "GET /xingrg/all/function/internal_message.html?_=1580283124150&CODE_STATE=getMsg HTTP/1.1" 200 27
124.77.241.94 - - [29/Jan/2020:15:39:34 +0800] "GET /xingrg/all/function/internal_message.html?_=1580283578648&CODE_STATE=getMsg HTTP/1.1" 200 27
116.238.181.252 - - [29/Jan/2020:15:39:49 +0800] "GET /xingrg/all/function/internal_message.html?_=1580283583084&CODE_STATE=getMsg HTTP/1.1" 200 27
114.93.75.19 - - [29/Jan/2020:15:39:49 +0800] "GET /xingrg/all/function/internal_message.html?_=1580283581476&CODE_STATE=getMsg HTTP/1.1" 302 -
117.131.5.26 - - [29/Jan/2020:15:39:49 +0800] "GET /xingrg/check_reg.html?_=1580283912803 HTTP/1.1" 200 22
117.131.5.26 - - [29/Jan/2020:15:39:49 +0800] "GET /xingrg/all/function/internal_message.html?_=1580283912805&CODE_STATE=getMsg HTTP/1.1" 200 27
172.17.0.196 - - [29/Jan/2020:15:39:51 +0800] "GET /xingrg/all/function/internal_message.html?_=1580283423845&CODE_STATE=getMsg HTTP/1.1" 302 -
172.17.0.196 - - [29/Jan/2020:15:39:51 +0800] "GET /xingrg/check_reg.html?_=1580283423846 HTTP/1.1" 302 -
116.238.35.243 - - [29/Jan/2020:15:39:57 +0800] "GET /xingrg/all/function/internal_message.html?_=1580283591918&CODE_STATE=getMsg HTTP/1.1" 200 27
222.69.24.136 - - [29/Jan/2020:15:40:14 +0800] "GET /xingrg/all/function/internal_message.html?_=1580283184149&CODE_STATE=getMsg HTTP/1.1" 200 27
124.77.241.94 - - [29/Jan/2020:15:40:34 +0800] "GET /xingrg/all/function/internal_message.html?_=1580283638656&CODE_STATE=getMsg HTTP/1.1" 200 27
116.238.181.252 - - [29/Jan/2020:15:40:49 +0800] "GET /xingrg/all/function/internal_message.html?_=1580283643087&CODE_STATE=getMsg HTTP/1.1" 200 27
114.93.75.19 - - [29/Jan/2020:15:40:49 +0800] "GET /xingrg/all/function/internal_message.html?_=1580283641478&CODE_STATE=getMsg HTTP/1.1" 302 -
114.93.75.19 - - [29/Jan/2020:15:40:49 +0800] "GET /xingrg/check_reg.html?_=1580283641480 HTTP/1.1" 302 -
117.131.5.26 - - [29/Jan/2020:15:40:49 +0800] "GET /xingrg/all/function/internal_message.html?_=1580283972803&CODE_STATE=getMsg HTTP/1.1" 200 27
172.17.0.196 - - [29/Jan/2020:15:40:51 +0800] "GET /xingrg/all/function/internal_message.html?_=1580283483831&CODE_STATE=getMsg HTTP/1.1" 302 -
116.238.35.243 - - [29/Jan/2020:15:40:57 +0800] "GET /xingrg/all/function/internal_message.html?_=1580283651919&CODE_STATE=getMsg HTTP/1.1" 200 27
116.238.35.243 - - [29/Jan/2020:15:40:57 +0800] "GET /xingrg/check_reg.html?_=1580283651921 HTTP/1.1" 200 22
222.69.24.136 - - [29/Jan/2020:15:41:14 +0800] "GET /xingrg/all/function/internal_message.html?_=1580283244163&CODE_STATE=getMsg HTTP/1.1" 200 27
124.77.241.94 - - [29/Jan/2020:15:41:34 +0800] "GET /xingrg/all/function/internal_message.html?_=1580283698693&CODE_STATE=getMsg HTTP/1.1" 200 27
114.93.75.19 - - [29/Jan/2020:15:41:43 +0800] "GET /xingrg/check_reg.html?_=1580283695314 HTTP/1.1" 302 -
116.238.181.252 - - [29/Jan/2020:15:41:49 +0800] "GET /xingrg/check_reg.html?_=1580283703086 HTTP/1.1" 200 22
116.238.181.252 - - [29/Jan/2020:15:41:49 +0800] "GET /xingrg/all/function/internal_message.html?_=1580283703088&CODE_STATE=getMsg HTTP/1.1" 200 27
114.93.75.19 - - [29/Jan/2020:15:41:49 +0800] "GET /xingrg/all/function/internal_message.html?_=1580283701482&CODE_STATE=getMsg HTTP/1.1" 302 -
117.131.5.26 - - [29/Jan/2020:15:41:49 +0800] "GET /xingrg/all/function/internal_message.html?_=1580284032801&CODE_STATE=getMsg HTTP/1.1" 200 27
172.17.0.196 - - [29/Jan/2020:15:41:51 +0800] "GET /xingrg/all/function/internal_message.html?_=1580283543836&CODE_STATE=getMsg HTTP/1.1" 302 -
116.238.35.243 - - [29/Jan/2020:15:41:57 +0800] "GET /xingrg/all/function/internal_message.html?_=1580283711919&CODE_STATE=getMsg HTTP/1.1" 200 27
124.77.241.94 - - [29/Jan/2020:15:41:58 +0800] "GET /xingrg/check_reg.html?_=1580283722428 HTTP/1.1" 200 22
222.69.24.136 - - [29/Jan/2020:15:42:14 +0800] "GET /xingrg/all/function/internal_message.html?_=1580283304147&CODE_STATE=getMsg HTTP/1.1" 200 27
124.77.241.94 - - [29/Jan/2020:15:42:34 +0800] "GET /xingrg/all/function/internal_message.html?_=1580283758699&CODE_STATE=getMsg HTTP/1.1" 200 27
116.238.181.252 - - [29/Jan/2020:15:42:49 +0800] "GET /xingrg/all/function/internal_message.html?_=1580283763086&CODE_STATE=getMsg HTTP/1.1" 200 27
114.93.75.19 - - [29/Jan/2020:15:42:49 +0800] "GET /xingrg/all/function/internal_message.html?_=1580283761468&CODE_STATE=getMsg HTTP/1.1" 302 -
117.131.5.26 - - [29/Jan/2020:15:42:49 +0800] "GET /xingrg/all/function/internal_message.html?_=1580284092817&CODE_STATE=getMsg HTTP/1.1" 200 27
172.17.0.196 - - [29/Jan/2020:15:42:51 +0800] "GET /xingrg/all/function/internal_message.html?_=1580283603836&CODE_STATE=getMsg HTTP/1.1" 302 -
116.238.35.243 - - [29/Jan/2020:15:42:57 +0800] "GET /xingrg/all/function/internal_message.html?_=1580283771919&CODE_STATE=getMsg HTTP/1.1" 200 27
180.157.252.250 - - [29/Jan/2020:15:43:03 +0800] "GET /xingrg/check_reg.html?_=1580283774010 HTTP/1.1" 200 22
222.69.24.136 - - [29/Jan/2020:15:43:14 +0800] "GET /xingrg/all/function/internal_message.html?_=1580283364149&CODE_STATE=getMsg HTTP/1.1" 200 27
222.69.24.136 - - [29/Jan/2020:15:43:14 +0800] "GET /xingrg/check_reg.html?_=1580283364151 HTTP/1.1" 200 22
124.77.241.94 - - [29/Jan/2020:15:43:34 +0800] "GET /xingrg/all/function/internal_message.html?_=1580283818712&CODE_STATE=getMsg HTTP/1.1" 200 27
116.238.181.252 - - [29/Jan/2020:15:43:49 +0800] "GET /xingrg/all/function/internal_message.html?_=1580283823099&CODE_STATE=getMsg HTTP/1.1" 200 27
114.93.75.19 - - [29/Jan/2020:15:43:49 +0800] "GET /xingrg/all/function/internal_message.html?_=1580283821470&CODE_STATE=getMsg HTTP/1.1" 302 -
117.131.5.26 - - [29/Jan/2020:15:43:49 +0800] "GET /xingrg/all/function/internal_message.html?_=1580284152815&CODE_STATE=getMsg HTTP/1.1" 200 27
172.17.0.196 - - [29/Jan/2020:15:43:51 +0800] "GET /xingrg/all/function/internal_message.html?_=1580283663836&CODE_STATE=getMsg HTTP/1.1" 302 -
116.238.35.243 - - [29/Jan/2020:15:43:57 +0800] "GET /xingrg/all/function/internal_message.html?_=1580283831919&CODE_STATE=getMsg HTTP/1.1" 200 27
222.69.24.136 - - [29/Jan/2020:15:44:14 +0800] "GET /xingrg/all/function/internal_message.html?_=1580283424150&CODE_STATE=getMsg HTTP/1.1" 200 27
124.77.241.94 - - [29/Jan/2020:15:44:34 +0800] "GET /xingrg/all/function/internal_message.html?_=1580283878749&CODE_STATE=getMsg HTTP/1.1" 200 27
116.238.181.252 - - [29/Jan/2020:15:44:49 +0800] "GET /xingrg/all/function/internal_message.html?_=1580283883101&CODE_STATE=getMsg HTTP/1.1" 200 27
114.93.75.19 - - [29/Jan/2020:15:44:49 +0800] "GET /xingrg/all/function/internal_message.html?_=1580283881471&CODE_STATE=getMsg HTTP/1.1" 302 -
117.131.5.26 - - [29/Jan/2020:15:44:49 +0800] "GET /xingrg/check_reg.html?_=1580284212813 HTTP/1.1" 200 22
117.131.5.26 - - [29/Jan/2020:15:44:49 +0800] "GET /xingrg/all/function/internal_message.html?_=1580284212814&CODE_STATE=getMsg HTTP/1.1" 200 27
172.17.0.196 - - [29/Jan/2020:15:44:51 +0800] "GET /xingrg/all/function/internal_message.html?_=1580283723835&CODE_STATE=getMsg HTTP/1.1" 302 -
172.17.0.196 - - [29/Jan/2020:15:44:51 +0800] "GET /xingrg/check_reg.html?_=1580283723837 HTTP/1.1" 302 -
116.238.35.243 - - [29/Jan/2020:15:44:57 +0800] "GET /xingrg/all/function/internal_message.html?_=1580283891919&CODE_STATE=getMsg HTTP/1.1" 200 27
222.69.24.136 - - [29/Jan/2020:15:45:14 +0800] "GET /xingrg/all/function/internal_message.html?_=1580283484149&CODE_STATE=getMsg HTTP/1.1" 200 27
124.77.241.94 - - [29/Jan/2020:15:45:34 +0800] "GET /xingrg/all/function/internal_message.html?_=1580283938755&CODE_STATE=getMsg HTTP/1.1" 200 27
116.238.181.252 - - [29/Jan/2020:15:45:49 +0800] "GET /xingrg/all/function/internal_message.html?_=1580283943101&CODE_STATE=getMsg HTTP/1.1" 200 27
114.93.75.19 - - [29/Jan/2020:15:45:49 +0800] "GET /xingrg/check_reg.html?_=1580283941475 HTTP/1.1" 302 -
114.93.75.19 - - [29/Jan/2020:15:45:49 +0800] "GET /xingrg/all/function/internal_message.html?_=1580283941473&CODE_STATE=getMsg HTTP/1.1" 302 -
117.131.5.26 - - [29/Jan/2020:15:45:49 +0800] "GET /xingrg/all/function/internal_message.html?_=1580284272813&CODE_STATE=getMsg HTTP/1.1" 200 27
172.17.0.196 - - [29/Jan/2020:15:45:51 +0800] "GET /xingrg/all/function/internal_message.html?_=1580283783855&CODE_STATE=getMsg HTTP/1.1" 302 -
116.238.35.243 - - [29/Jan/2020:15:45:57 +0800] "GET /xingrg/all/function/internal_message.html?_=1580283951923&CODE_STATE=getMsg HTTP/1.1" 200 27
116.238.35.243 - - [29/Jan/2020:15:45:57 +0800] "GET /xingrg/check_reg.html?_=1580283951926 HTTP/1.1" 200 22
222.69.24.136 - - [29/Jan/2020:15:46:14 +0800] "GET /xingrg/all/function/internal_message.html?_=1580283544147&CODE_STATE=getMsg HTTP/1.1" 200 27
124.77.241.94 - - [29/Jan/2020:15:46:35 +0800] "GET /xingrg/all/function/internal_message.html?_=1580283998800&CODE_STATE=getMsg HTTP/1.1" 200 27
114.93.75.19 - - [29/Jan/2020:15:46:43 +0800] "GET /xingrg/check_reg.html?_=1580283995292 HTTP/1.1" 302 -
116.238.181.252 - - [29/Jan/2020:15:46:49 +0800] "GET /xingrg/all/function/internal_message.html?_=1580284003099&CODE_STATE=getMsg HTTP/1.1" 200 27
116.238.181.252 - - [29/Jan/2020:15:46:49 +0800] "GET /xingrg/check_reg.html?_=1580284003115 HTTP/1.1" 200 22
114.93.75.19 - - [29/Jan/2020:15:46:49 +0800] "GET /xingrg/all/function/internal_message.html?_=1580284001476&CODE_STATE=getMsg HTTP/1.1" 302 -
117.131.5.26 - - [29/Jan/2020:15:46:49 +0800] "GET /xingrg/all/function/internal_message.html?_=1580284332812&CODE_STATE=getMsg HTTP/1.1" 200 27
172.17.0.196 - - [29/Jan/2020:15:46:51 +0800] "GET /xingrg/all/function/internal_message.html?_=1580283843855&CODE_STATE=getMsg HTTP/1.1" 302 -
116.238.35.243 - - [29/Jan/2020:15:46:57 +0800] "GET /xingrg/all/function/internal_message.html?_=1580284011927&CODE_STATE=getMsg HTTP/1.1" 200 27
124.77.241.94 - - [29/Jan/2020:15:46:58 +0800] "GET /xingrg/check_reg.html?_=1580284022439 HTTP/1.1" 200 22
116.238.181.252 - - [29/Jan/2020:15:47:11 +0800] "GET /xingrg/kc/base/yddb_order_list.html HTTP/1.1" 200 16892
116.238.181.252 - - [29/Jan/2020:15:47:11 +0800] "POST /xingrg/kc/base/yddb_list_operate.html HTTP/1.1" 200 1217
222.69.24.136 - - [29/Jan/2020:15:47:14 +0800] "GET /xingrg/all/function/internal_message.html?_=1580283604146&CODE_STATE=getMsg HTTP/1.1" 200 27
116.238.181.252 - - [29/Jan/2020:15:47:14 +0800] "POST /xingrg/all/user/operate.html HTTP/1.1" 200 36
116.238.181.252 - - [29/Jan/2020:15:47:14 +0800] "GET /xingrg/index.html?sysBaseUrl=http%3A%2F%2F117.131.15.22%3A18081%2Fxingrg%2F&costTime=35×tamp=1580280603712 HTTP/1.1" 200 17157
116.238.181.252 - - [29/Jan/2020:15:47:14 +0800] "GET /xingrg/javascript/jquery_easy_ui/themes/default/easyui.css HTTP/1.1" 304 -
116.238.181.252 - - [29/Jan/2020:15:47:14 +0800] "GET /xingrg/javascript/jquery_easy_ui/themes/icon.css HTTP/1.1" 304 -
116.238.181.252 - - [29/Jan/2020:15:47:14 +0800] "GET /xingrg/css/form.css HTTP/1.1" 304 -
116.238.181.252 - - [29/Jan/2020:15:47:14 +0800] "GET /xingrg/javascript/jquery-1.4.2.min.js HTTP/1.1" 304 -
116.238.181.252 - - [29/Jan/2020:15:47:14 +0800] "GET /xingrg/javascript/jquery_easy_ui/jquery.easyui.min.js HTTP/1.1" 304 -
116.238.181.252 - - [29/Jan/2020:15:47:14 +0800] "GET /xingrg/javascript/jquery_easy_ui/easyui-lang-zh_CN.js HTTP/1.1" 304 -
116.238.181.252 - - [29/Jan/2020:15:47:14 +0800] "GET /xingrg/javascript/jquery.form.js HTTP/1.1" 304 -
116.238.181.252 - - [29/Jan/2020:15:47:14 +0800] "GET /xingrg/javascript/jquery.utils.js HTTP/1.1" 304 -
116.238.181.252 - - [29/Jan/2020:15:47:15 +0800] "GET /xingrg/javascript/jquery.timers.js HTTP/1.1" 304 -
116.238.181.252 - - [29/Jan/2020:15:47:15 +0800] "GET /xingrg/images/blue/jxLogo.png HTTP/1.1" 304 -
116.238.181.252 - - [29/Jan/2020:15:47:15 +0800] "GET /xingrg/javascript/jquery_easy_ui/themes/icons/settle_new.png HTTP/1.1" 304 -
116.238.181.252 - - [29/Jan/2020:15:47:15 +0800] "GET /xingrg/images/blue/navBackgound.jpg HTTP/1.1" 304 -
116.238.181.252 - - [29/Jan/2020:15:47:15 +0800] "POST /xingrg/all/common/load_tree.html?tree=area_rest_tree_json&manage=1 HTTP/1.1" 200 476
116.238.181.252 - - [29/Jan/2020:15:47:15 +0800] "GET /xingrg/all/function/internal_message.html?_=1580284029238&CODE_STATE=count HTTP/1.1" 200 11
116.238.181.252 - - [29/Jan/2020:15:47:15 +0800] "GET /xingrg/javascript/jquery_easy_ui/themes/default/images/panel_tool_collapse.gif HTTP/1.1" 304 -
116.238.181.252 - - [29/Jan/2020:15:47:15 +0800] "GET /xingrg/check_reg.html?_=1580284029239 HTTP/1.1" 200 22
116.238.181.252 - - [29/Jan/2020:15:47:15 +0800] "GET /xingrg/javascript/jquery_easy_ui/themes/default/images/tabs_leftarrow.png HTTP/1.1" 304 -
116.238.181.252 - - [29/Jan/2020:15:47:15 +0800] "GET /xingrg/images/blue/pingpu.png HTTP/1.1" 304 -
116.238.181.252 - - [29/Jan/2020:15:47:15 +0800] "GET /xingrg/javascript/jquery_easy_ui/themes/default/images/tabs_rightarrow.png HTTP/1.1" 304 -
116.238.181.252 - - [29/Jan/2020:15:47:15 +0800] "POST /xingrg/load_menu.html HTTP/1.1" 200 5124
116.238.181.252 - - [29/Jan/2020:15:47:29 +0800] "GET /xingrg/kc/buy/cgsh_order_list.html HTTP/1.1" 200 42033
116.238.181.252 - - [29/Jan/2020:15:47:29 +0800] "POST /xingrg/kc/buy/cgsh_list_operate.html HTTP/1.1" 200 876
116.238.181.252 - - [29/Jan/2020:15:47:33 +0800] "GET /xingrg/javascript/jquery_tools/images/prev.gif HTTP/1.1" 404 1086
116.238.181.252 - - [29/Jan/2020:15:47:33 +0800] "GET /xingrg/javascript/jquery_tools/images/next.gif HTTP/1.1" 404 1086
124.77.241.94 - - [29/Jan/2020:15:47:35 +0800] "GET /xingrg/all/function/internal_message.html?_=1580284058815&CODE_STATE=getMsg HTTP/1.1" 200 27
114.93.75.19 - - [29/Jan/2020:15:47:49 +0800] "GET /xingrg/all/function/internal_message.html?_=1580284061477&CODE_STATE=getMsg HTTP/1.1" 302 -
117.131.5.26 - - [29/Jan/2020:15:47:49 +0800] "GET /xingrg/all/function/internal_message.html?_=1580284392811&CODE_STATE=getMsg HTTP/1.1" 200 27
172.17.0.196 - - [29/Jan/2020:15:47:51 +0800] "GET /xingrg/all/function/internal_message.html?_=1580283903853&CODE_STATE=getMsg HTTP/1.1" 302 -
116.238.35.243 - - [29/Jan/2020:15:47:57 +0800] "GET /xingrg/all/function/internal_message.html?_=1580284071931&CODE_STATE=getMsg HTTP/1.1" 200 27
180.157.252.250 - - [29/Jan/2020:15:48:03 +0800] "GET /xingrg/check_reg.html?_=1580284074023 HTTP/1.1" 200 22
222.69.24.136 - - [29/Jan/2020:15:48:14 +0800] "GET /xingrg/check_reg.html?_=1580283664176 HTTP/1.1" 200 22
222.69.24.136 - - [29/Jan/2020:15:48:14 +0800] "GET /xingrg/all/function/internal_message.html?_=1580283664174&CODE_STATE=getMsg HTTP/1.1" 200 27
116.238.181.252 - - [29/Jan/2020:15:48:15 +0800] "GET /xingrg/all/function/internal_message.html?_=1580284089246&CODE_STATE=getMsg HTTP/1.1" 200 27
124.77.241.94 - - [29/Jan/2020:15:48:35 +0800] "GET /xingrg/all/function/internal_message.html?_=1580284118828&CODE_STATE=getMsg HTTP/1.1" 200 27
114.93.75.19 - - [29/Jan/2020:15:48:49 +0800] "GET /xingrg/all/function/internal_message.html?_=1580284121480&CODE_STATE=getMsg HTTP/1.1" 302 -
117.131.5.26 - - [29/Jan/2020:15:48:49 +0800] "GET /xingrg/all/function/internal_message.html?_=1580284452813&CODE_STATE=getMsg HTTP/1.1" 200 27
172.17.0.196 - - [29/Jan/2020:15:48:54 +0800] "GET /xingrg/all/function/internal_message.html?_=1580283963868&CODE_STATE=getMsg HTTP/1.1" 302 -
116.238.35.243 - - [29/Jan/2020:15:48:57 +0800] "GET /xingrg/all/function/internal_message.html?_=1580284131930&CODE_STATE=getMsg HTTP/1.1" 200 27
222.69.24.136 - - [29/Jan/2020:15:49:14 +0800] "GET /xingrg/all/function/internal_message.html?_=1580283724175&CODE_STATE=getMsg HTTP/1.1" 200 27
116.238.181.252 - - [29/Jan/2020:15:49:15 +0800] "GET /xingrg/all/function/internal_message.html?_=1580284149261&CODE_STATE=getMsg HTTP/1.1" 200 27
124.77.241.94 - - [29/Jan/2020:15:49:35 +0800] "GET /xingrg/all/function/internal_message.html?_=1580284178880&CODE_STATE=getMsg HTTP/1.1" 200 27
114.93.75.19 - - [29/Jan/2020:15:49:49 +0800] "GET /xingrg/all/function/internal_message.html?_=1580284181466&CODE_STATE=getMsg HTTP/1.1" 302 -
117.131.5.26 - - [29/Jan/2020:15:49:49 +0800] "GET /xingrg/check_reg.html?_=1580284512812 HTTP/1.1" 200 22
117.131.5.26 - - [29/Jan/2020:15:49:49 +0800] "GET /xingrg/all/function/internal_message.html?_=1580284512814&CODE_STATE=getMsg HTTP/1.1" 200 27
172.17.0.196 - - [29/Jan/2020:15:49:51 +0800] "GET /xingrg/check_reg.html?_=1580284023855 HTTP/1.1" 302 -
172.17.0.196 - - [29/Jan/2020:15:49:51 +0800] "GET /xingrg/all/function/internal_message.html?_=1580284023856&CODE_STATE=getMsg HTTP/1.1" 302 -
116.238.35.243 - - [29/Jan/2020:15:49:57 +0800] "GET /xingrg/all/function/internal_message.html?_=1580284191918&CODE_STATE=getMsg HTTP/1.1" 200 27
222.69.24.136 - - [29/Jan/2020:15:50:14 +0800] "GET /xingrg/all/function/internal_message.html?_=1580283784174&CODE_STATE=getMsg HTTP/1.1" 200 27
116.238.181.252 - - [29/Jan/2020:15:50:15 +0800] "GET /xingrg/all/function/internal_message.html?_=1580284209250&CODE_STATE=getMsg HTTP/1.1" 200 27
124.77.241.94 - - [29/Jan/2020:15:50:35 +0800] "GET /xingrg/all/function/internal_message.html?_=1580284238885&CODE_STATE=getMsg HTTP/1.1" 200 27
114.93.75.19 - - [29/Jan/2020:15:50:49 +0800] "GET /xingrg/all/function/internal_message.html?_=1580284241468&CODE_STATE=getMsg HTTP/1.1" 302 -
114.93.75.19 - - [29/Jan/2020:15:50:49 +0800] "GET /xingrg/check_reg.html?_=1580284241470 HTTP/1.1" 302 -
117.131.5.26 - - [29/Jan/2020:15:50:49 +0800] "GET /xingrg/all/function/internal_message.html?_=1580284572839&CODE_STATE=getMsg HTTP/1.1" 200 27
172.17.0.196 - - [29/Jan/2020:15:50:51 +0800] "GET /xingrg/all/function/internal_message.html?_=1580284083855&CODE_STATE=getMsg HTTP/1.1" 302 -
116.238.35.243 - - [29/Jan/2020:15:50:57 +0800] "GET /xingrg/all/function/internal_message.html?_=1580284251919&CODE_STATE=getMsg HTTP/1.1" 200 27
116.238.35.243 - - [29/Jan/2020:15:50:57 +0800] "GET /xingrg/check_reg.html?_=1580284251921 HTTP/1.1" 200 22
222.69.24.136 - - [29/Jan/2020:15:51:14 +0800] "GET /xingrg/all/function/internal_message.html?_=1580283844174&CODE_STATE=getMsg HTTP/1.1" 200 27
116.238.181.252 - - [29/Jan/2020:15:51:15 +0800] "GET /xingrg/all/function/internal_message.html?_=1580284269257&CODE_STATE=getMsg HTTP/1.1" 200 27
124.77.241.94 - - [29/Jan/2020:15:51:35 +0800] "GET /xingrg/all/function/internal_message.html?_=1580284298924&CODE_STATE=getMsg HTTP/1.1" 200 27
114.93.75.19 - - [29/Jan/2020:15:51:43 +0800] "GET /xingrg/check_reg.html?_=1580284295272 HTTP/1.1" 302 -
114.93.75.19 - - [29/Jan/2020:15:51:49 +0800] "GET /xingrg/all/function/internal_message.html?_=1580284301470&CODE_STATE=getMsg HTTP/1.1" 302 -
117.131.5.26 - - [29/Jan/2020:15:51:49 +0800] "GET /xingrg/all/function/internal_message.html?_=1580284632837&CODE_STATE=getMsg HTTP/1.1" 200 27
116.238.181.252 - - [29/Jan/2020:15:51:50 +0800] "GET /xingrg/javascript/auto/indicator.gif HTTP/1.1" 404 1066
172.17.0.196 - - [29/Jan/2020:15:51:51 +0800] "GET /xingrg/all/function/internal_message.html?_=1580284143854&CODE_STATE=getMsg HTTP/1.1" 302 -
116.238.181.252 - - [29/Jan/2020:15:51:53 +0800] "POST /xingrg/kc/buy/cgsh_list_operate.html HTTP/1.1" 200 5348
116.238.35.243 - - [29/Jan/2020:15:51:57 +0800] "GET /xingrg/all/function/internal_message.html?_=1580284311920&CODE_STATE=getMsg HTTP/1.1" 200 27
124.77.241.94 - - [29/Jan/2020:15:51:58 +0800] "GET /xingrg/check_reg.html?_=1580284322439 HTTP/1.1" 200 22
222.69.24.136 - - [29/Jan/2020:15:52:14 +0800] "GET /xingrg/all/function/internal_message.html?_=1580283904174&CODE_STATE=getMsg HTTP/1.1" 200 27
116.238.181.252 - - [29/Jan/2020:15:52:15 +0800] "GET /xingrg/check_reg.html?_=1580284329252 HTTP/1.1" 200 22
116.238.181.252 - - [29/Jan/2020:15:52:15 +0800] "GET /xingrg/all/function/internal_message.html?_=1580284329257&CODE_STATE=getMsg HTTP/1.1" 200 27
124.77.241.94 - - [29/Jan/2020:15:52:35 +0800] "GET /xingrg/all/function/internal_message.html?_=1580284358929&CODE_STATE=getMsg HTTP/1.1" 200 27
116.238.181.252 - - [29/Jan/2020:15:52:46 +0800] "POST /xingrg/kc/buy/cgsh_list_operate.html HTTP/1.1" 200 5508
114.93.75.19 - - [29/Jan/2020:15:52:49 +0800] "GET /xingrg/all/function/internal_message.html?_=1580284361472&CODE_STATE=getMsg HTTP/1.1" 302 -
117.131.5.26 - - [29/Jan/2020:15:52:49 +0800] "GET /xingrg/all/function/internal_message.html?_=1580284692835&CODE_STATE=getMsg HTTP/1.1" 200 27
172.17.0.196 - - [29/Jan/2020:15:52:51 +0800] "GET /xingrg/all/function/internal_message.html?_=1580284203854&CODE_STATE=getMsg HTTP/1.1" 302 -
116.238.35.243 - - [29/Jan/2020:15:52:57 +0800] "GET /xingrg/all/function/internal_message.html?_=1580284371919&CODE_STATE=getMsg HTTP/1.1" 200 27
180.157.252.250 - - [29/Jan/2020:15:53:03 +0800] "GET /xingrg/check_reg.html?_=1580284373999 HTTP/1.1" 200 22
116.238.181.252 - - [29/Jan/2020:15:53:09 +0800] "POST /xingrg/kc/buy/cgsh_list_operate.html HTTP/1.1" 200 1908
222.69.24.136 - - [29/Jan/2020:15:53:14 +0800] "GET /xingrg/all/function/internal_message.html?_=1580283964174&CODE_STATE=getMsg HTTP/1.1" 200 27
222.69.24.136 - - [29/Jan/2020:15:53:14 +0800] "GET /xingrg/check_reg.html?_=1580283964176 HTTP/1.1" 200 22
116.238.181.252 - - [29/Jan/2020:15:53:15 +0800] "GET /xingrg/all/function/internal_message.html?_=1580284389257&CODE_STATE=getMsg HTTP/1.1" 200 27
116.238.181.252 - - [29/Jan/2020:15:53:23 +0800] "POST /xingrg/kc/buy/cgsh_list_operate.html HTTP/1.1" 200 3281
124.77.241.94 - - [29/Jan/2020:15:53:35 +0800] "GET /xingrg/all/function/internal_message.html?_=1580284418942&CODE_STATE=getMsg HTTP/1.1" 200 27
116.238.181.252 - - [29/Jan/2020:15:53:40 +0800] "POST /xingrg/kc/buy/cgsh_list_operate.html HTTP/1.1" 200 3734
114.93.75.19 - - [29/Jan/2020:15:53:49 +0800] "GET /xingrg/all/function/internal_message.html?_=1580284421474&CODE_STATE=getMsg HTTP/1.1" 302 -
117.131.5.26 - - [29/Jan/2020:15:53:49 +0800] "GET /xingrg/all/function/internal_message.html?_=1580284752833&CODE_STATE=getMsg HTTP/1.1" 200 27
172.17.0.196 - - [29/Jan/2020:15:53:51 +0800] "GET /xingrg/all/function/internal_message.html?_=1580284263855&CODE_STATE=getMsg HTTP/1.1" 302 -
116.238.35.243 - - [29/Jan/2020:15:53:57 +0800] "GET /xingrg/all/function/internal_message.html?_=1580284431920&CODE_STATE=getMsg HTTP/1.1" 200 27
116.238.181.252 - - [29/Jan/2020:15:53:59 +0800] "POST /xingrg/kc/buy/cgsh_list_operate.html HTTP/1.1" 200 3330
222.69.24.136 - - [29/Jan/2020:15:54:14 +0800] "GET /xingrg/all/function/internal_message.html?_=1580284024175&CODE_STATE=getMsg HTTP/1.1" 200 27
116.238.181.252 - - [29/Jan/2020:15:54:15 +0800] "GET /xingrg/all/function/internal_message.html?_=1580284449269&CODE_STATE=getMsg HTTP/1.1" 200 27
116.238.181.252 - - [29/Jan/2020:15:54:17 +0800] "POST /xingrg/kc/buy/cgsh_list_operate.html HTTP/1.1" 200 5525
124.77.241.94 - - [29/Jan/2020:15:54:35 +0800] "GET /xingrg/all/function/internal_message.html?_=1580284478975&CODE_STATE=getMsg HTTP/1.1" 200 27
116.238.181.252 - - [29/Jan/2020:15:54:43 +0800] "POST /xingrg/kc/buy/cgsh_list_operate.html HTTP/1.1" 200 3858
114.93.75.19 - - [29/Jan/2020:15:54:49 +0800] "GET /xingrg/all/function/internal_message.html?_=1580284481476&CODE_STATE=getMsg HTTP/1.1" 302 -
117.131.5.26 - - [29/Jan/2020:15:54:49 +0800] "GET /xingrg/all/function/internal_message.html?_=1580284812829&CODE_STATE=getMsg HTTP/1.1" 200 27
117.131.5.26 - - [29/Jan/2020:15:54:49 +0800] "GET /xingrg/check_reg.html?_=1580284812830 HTTP/1.1" 200 22
172.17.0.196 - - [29/Jan/2020:15:54:51 +0800] "GET /xingrg/check_reg.html?_=1580284323854 HTTP/1.1" 302 -
172.17.0.196 - - [29/Jan/2020:15:54:51 +0800] "GET /xingrg/all/function/internal_message.html?_=1580284323855&CODE_STATE=getMsg HTTP/1.1" 302 -
116.238.35.243 - - [29/Jan/2020:15:54:57 +0800] "GET /xingrg/all/function/internal_message.html?_=1580284491945&CODE_STATE=getMsg HTTP/1.1" 200 27
116.238.181.252 - - [29/Jan/2020:15:55:03 +0800] "POST /xingrg/kc/buy/cgsh_list_operate.html HTTP/1.1" 200 5591
222.69.24.136 - - [29/Jan/2020:15:55:14 +0800] "GET /xingrg/all/function/internal_message.html?_=1580284084175&CODE_STATE=getMsg HTTP/1.1" 200 27
116.238.181.252 - - [29/Jan/2020:15:55:15 +0800] "GET /xingrg/all/function/internal_message.html?_=1580284509282&CODE_STATE=getMsg HTTP/1.1" 200 27
124.77.241.94 - - [29/Jan/2020:15:55:35 +0800] "GET /xingrg/all/function/internal_message.html?_=1580284538987&CODE_STATE=getMsg HTTP/1.1" 200 27
114.93.75.19 - - [29/Jan/2020:15:55:49 +0800] "GET /xingrg/check_reg.html?_=1580284541477 HTTP/1.1" 302 -
114.93.75.19 - - [29/Jan/2020:15:55:49 +0800] "GET /xingrg/all/function/internal_message.html?_=1580284541478&CODE_STATE=getMsg HTTP/1.1" 302 -
117.131.5.26 - - [29/Jan/2020:15:55:49 +0800] "GET /xingrg/all/function/internal_message.html?_=1580284872827&CODE_STATE=getMsg HTTP/1.1" 200 27
172.17.0.196 - - [29/Jan/2020:15:55:51 +0800] "GET /xingrg/all/function/internal_message.html?_=1580284383854&CODE_STATE=getMsg HTTP/1.1" 302 -
116.238.35.243 - - [29/Jan/2020:15:55:57 +0800] "GET /xingrg/all/function/internal_message.html?_=1580284551944&CODE_STATE=getMsg HTTP/1.1" 200 27
116.238.35.243 - - [29/Jan/2020:15:55:57 +0800] "GET /xingrg/check_reg.html?_=1580284551947 HTTP/1.1" 200 22
222.69.24.136 - - [29/Jan/2020:15:56:14 +0800] "GET /xingrg/all/function/internal_message.html?_=1580284144174&CODE_STATE=getMsg HTTP/1.1" 200 27
116.238.181.252 - - [29/Jan/2020:15:56:15 +0800] "GET /xingrg/all/function/internal_message.html?_=1580284569284&CODE_STATE=getMsg HTTP/1.1" 200 27
124.77.241.94 - - [29/Jan/2020:15:56:35 +0800] "GET /xingrg/all/function/internal_message.html?_=1580284599024&CODE_STATE=getMsg HTTP/1.1" 200 27
114.93.75.19 - - [29/Jan/2020:15:56:43 +0800] "GET /xingrg/check_reg.html?_=1580284595241 HTTP/1.1" 302 -
114.93.75.19 - - [29/Jan/2020:15:56:49 +0800] "GET /xingrg/all/function/internal_message.html?_=1580284601480&CODE_STATE=getMsg HTTP/1.1" 302 -
117.131.5.26 - - [29/Jan/2020:15:56:49 +0800] "GET /xingrg/all/function/internal_message.html?_=1580284932833&CODE_STATE=getMsg HTTP/1.1" 200 27
172.17.0.196 - - [29/Jan/2020:15:56:51 +0800] "GET /xingrg/all/function/internal_message.html?_=1580284443852&CODE_STATE=getMsg HTTP/1.1" 302 -
116.238.35.243 - - [29/Jan/2020:15:56:57 +0800] "GET /xingrg/all/function/internal_message.html?_=1580284611945&CODE_STATE=getMsg HTTP/1.1" 200 27
124.77.241.94 - - [29/Jan/2020:15:56:58 +0800] "GET /xingrg/check_reg.html?_=1580284622446 HTTP/1.1" 200 22
222.69.24.136 - - [29/Jan/2020:15:57:14 +0800] "GET /xingrg/all/function/internal_message.html?_=1580284204180&CODE_STATE=getMsg HTTP/1.1" 200 27
116.238.181.252 - - [29/Jan/2020:15:57:15 +0800] "GET /xingrg/all/function/internal_message.html?_=1580284629286&CODE_STATE=getMsg HTTP/1.1" 200 27
116.238.181.252 - - [29/Jan/2020:15:57:15 +0800] "GET /xingrg/check_reg.html?_=1580284629289 HTTP/1.1" 200 22
124.77.241.94 - - [29/Jan/2020:15:57:35 +0800] "GET /xingrg/all/function/internal_message.html?_=1580284659027&CODE_STATE=getMsg HTTP/1.1" 200 27
116.238.181.252 - - [29/Jan/2020:15:57:36 +0800] "POST /xingrg/kc/buy/cgsh_list_operate.html HTTP/1.1" 200 203
114.93.75.19 - - [29/Jan/2020:15:57:49 +0800] "GET /xingrg/all/function/internal_message.html?_=1580284661467&CODE_STATE=getMsg HTTP/1.1" 302 -
117.131.5.26 - - [29/Jan/2020:15:57:49 +0800] "GET /xingrg/all/function/internal_message.html?_=1580284992831&CODE_STATE=getMsg HTTP/1.1" 200 27
172.17.0.196 - - [29/Jan/2020:15:57:51 +0800] "GET /xingrg/all/function/internal_message.html?_=1580284503852&CODE_STATE=getMsg HTTP/1.1" 302 -
116.238.35.243 - - [29/Jan/2020:15:57:57 +0800] "GET /xingrg/all/function/internal_message.html?_=1580284671944&CODE_STATE=getMsg HTTP/1.1" 200 27
180.157.252.250 - - [29/Jan/2020:15:58:03 +0800] "GET /xingrg/check_reg.html?_=1580284674013 HTTP/1.1" 200 22
