117.131.5.26 - - [28/Jan/2020:16:50:29 +0800] "GET /xingrg/all/function/internal_message.html?_=1580201753242&CODE_STATE=getMsg HTTP/1.1" 200 27
114.88.170.138 - - [28/Jan/2020:16:50:30 +0800] "GET /xingrg/all/function/internal_message.html?_=1580201422522&CODE_STATE=getMsg HTTP/1.1" 200 27
222.69.24.136 - - [28/Jan/2020:16:50:30 +0800] "GET /xingrg/all/function/internal_message.html?_=1580201003066&CODE_STATE=getMsg HTTP/1.1" 200 27
124.77.241.94 - - [28/Jan/2020:16:50:43 +0800] "GET /xingrg/check_reg.html?_=1580201443917 HTTP/1.1" 200 22
114.93.75.19 - - [28/Jan/2020:16:50:48 +0800] "GET /xingrg/check_reg.html?_=1580201441478 HTTP/1.1" 302 -
114.93.75.19 - - [28/Jan/2020:16:50:48 +0800] "GET /xingrg/all/function/internal_message.html?_=1580201441480&CODE_STATE=getMsg HTTP/1.1" 302 -
116.233.72.217 - - [28/Jan/2020:16:50:52 +0800] "GET /xingrg/all/function/internal_message.html?_=1580201476099&CODE_STATE=getMsg HTTP/1.1" 200 27
116.238.181.252 - - [28/Jan/2020:16:51:09 +0800] "GET /xingrg/all/function/internal_message.html?_=1580201463643&CODE_STATE=getMsg HTTP/1.1" 200 27
124.77.241.94 - - [28/Jan/2020:16:51:23 +0800] "GET /xingrg/all/function/internal_message.html?_=1580201484583&CODE_STATE=getMsg HTTP/1.1" 200 27
117.131.5.26 - - [28/Jan/2020:16:51:29 +0800] "GET /xingrg/all/function/internal_message.html?_=1580201813241&CODE_STATE=getMsg HTTP/1.1" 200 27
114.88.170.138 - - [28/Jan/2020:16:51:30 +0800] "GET /xingrg/all/function/internal_message.html?_=1580201482526&CODE_STATE=getMsg HTTP/1.1" 200 27
222.69.24.136 - - [28/Jan/2020:16:51:30 +0800] "GET /xingrg/all/function/internal_message.html?_=1580201063042&CODE_STATE=getMsg HTTP/1.1" 200 27
114.93.75.19 - - [28/Jan/2020:16:51:48 +0800] "GET /xingrg/all/function/internal_message.html?_=1580201501467&CODE_STATE=getMsg HTTP/1.1" 302 -
114.93.75.19 - - [28/Jan/2020:16:51:48 +0800] "GET /xingrg/check_reg.html?_=1580201501009 HTTP/1.1" 302 -
116.233.72.217 - - [28/Jan/2020:16:51:51 +0800] "GET /xingrg/all/function/internal_message.html?_=1580201536109&CODE_STATE=getMsg HTTP/1.1" 200 27
117.131.5.26 - - [28/Jan/2020:16:51:52 +0800] "POST /xingrg/services/DataTransmitService HTTP/1.1" 200 524
117.131.5.26 - - [28/Jan/2020:16:51:52 +0800] "POST /xingrg/services/DataTransmitService HTTP/1.1" 200 501
101.81.125.204 - - [28/Jan/2020:16:51:54 +0800] "POST /xingrg/services/DataTransmitService HTTP/1.1" 200 524
101.81.125.204 - - [28/Jan/2020:16:51:54 +0800] "POST /xingrg/services/DataTransmitService HTTP/1.1" 200 501
101.81.125.204 - - [28/Jan/2020:16:51:54 +0800] "POST /xingrg/services/DataTransmitService HTTP/1.1" 200 501
101.81.125.204 - - [28/Jan/2020:16:51:54 +0800] "POST /xingrg/services/DataTransmitService HTTP/1.1" 200 501
101.81.125.204 - - [28/Jan/2020:16:51:55 +0800] "POST /xingrg/services/DataTransmitService HTTP/1.1" 200 501
101.81.125.204 - - [28/Jan/2020:16:51:55 +0800] "POST /xingrg/services/DataTransmitService HTTP/1.1" 200 501
101.81.125.204 - - [28/Jan/2020:16:51:55 +0800] "POST /xingrg/services/DataTransmitService HTTP/1.1" 200 501
101.81.125.204 - - [28/Jan/2020:16:51:55 +0800] "POST /xingrg/services/DataTransmitService HTTP/1.1" 200 501
101.81.125.204 - - [28/Jan/2020:16:51:55 +0800] "POST /xingrg/services/DataTransmitService HTTP/1.1" 200 412
116.238.181.252 - - [28/Jan/2020:16:52:09 +0800] "GET /xingrg/all/function/internal_message.html?_=1580201523654&CODE_STATE=getMsg HTTP/1.1" 200 27
124.77.241.94 - - [28/Jan/2020:16:52:23 +0800] "GET /xingrg/all/function/internal_message.html?_=1580201544599&CODE_STATE=getMsg HTTP/1.1" 200 27
117.131.5.26 - - [28/Jan/2020:16:52:29 +0800] "GET /xingrg/check_reg.html?_=1580201873240 HTTP/1.1" 200 22
117.131.5.26 - - [28/Jan/2020:16:52:29 +0800] "GET /xingrg/all/function/internal_message.html?_=1580201873241&CODE_STATE=getMsg HTTP/1.1" 200 27
114.88.170.138 - - [28/Jan/2020:16:52:30 +0800] "GET /xingrg/all/function/internal_message.html?_=1580201542539&CODE_STATE=getMsg HTTP/1.1" 200 27
222.69.24.136 - - [28/Jan/2020:16:52:30 +0800] "GET /xingrg/all/function/internal_message.html?_=1580201123011&CODE_STATE=getMsg HTTP/1.1" 200 27
114.93.75.19 - - [28/Jan/2020:16:52:48 +0800] "GET /xingrg/all/function/internal_message.html?_=1580201561468&CODE_STATE=getMsg HTTP/1.1" 302 -
116.233.72.217 - - [28/Jan/2020:16:52:49 +0800] "GET /xingrg/all/function/internal_message.html?_=1580201596101&CODE_STATE=getMsg HTTP/1.1" 200 27
180.157.252.250 - - [28/Jan/2020:16:53:03 +0800] "GET /xingrg/check_reg.html?_=1580201575483 HTTP/1.1" 200 22
116.238.181.252 - - [28/Jan/2020:16:53:09 +0800] "GET /xingrg/all/function/internal_message.html?_=1580201583639&CODE_STATE=getMsg HTTP/1.1" 200 27
124.77.241.94 - - [28/Jan/2020:16:53:24 +0800] "GET /xingrg/all/function/internal_message.html?_=1580201604897&CODE_STATE=getMsg HTTP/1.1" 200 27
222.69.24.136 - - [28/Jan/2020:16:53:29 +0800] "GET /xingrg/check_reg.html?_=1580201181450 HTTP/1.1" 200 22
117.131.5.26 - - [28/Jan/2020:16:53:29 +0800] "GET /xingrg/all/function/internal_message.html?_=1580201933239&CODE_STATE=getMsg HTTP/1.1" 200 27
114.88.170.138 - - [28/Jan/2020:16:53:30 +0800] "GET /xingrg/all/function/internal_message.html?_=1580201602578&CODE_STATE=getMsg HTTP/1.1" 200 27
222.69.24.136 - - [28/Jan/2020:16:53:30 +0800] "GET /xingrg/all/function/internal_message.html?_=1580201182980&CODE_STATE=getMsg HTTP/1.1" 200 27
114.93.75.19 - - [28/Jan/2020:16:53:48 +0800] "GET /xingrg/all/function/internal_message.html?_=1580201621471&CODE_STATE=getMsg HTTP/1.1" 302 -
116.233.72.217 - - [28/Jan/2020:16:53:48 +0800] "GET /xingrg/all/function/internal_message.html?_=1580201656109&CODE_STATE=getMsg HTTP/1.1" 200 27
116.238.181.252 - - [28/Jan/2020:16:54:09 +0800] "GET /xingrg/all/function/internal_message.html?_=1580201643650&CODE_STATE=getMsg HTTP/1.1" 200 27
116.238.181.252 - - [28/Jan/2020:16:54:09 +0800] "GET /xingrg/check_reg.html?_=1580201643653 HTTP/1.1" 200 22
124.77.241.94 - - [28/Jan/2020:16:54:24 +0800] "GET /xingrg/all/function/internal_message.html?_=1580201664904&CODE_STATE=getMsg HTTP/1.1" 200 27
117.131.5.26 - - [28/Jan/2020:16:54:29 +0800] "GET /xingrg/all/function/internal_message.html?_=1580201993238&CODE_STATE=getMsg HTTP/1.1" 200 27
114.88.170.138 - - [28/Jan/2020:16:54:30 +0800] "GET /xingrg/all/function/internal_message.html?_=1580201662608&CODE_STATE=getMsg HTTP/1.1" 200 27
222.69.24.136 - - [28/Jan/2020:16:54:30 +0800] "GET /xingrg/all/function/internal_message.html?_=1580201242961&CODE_STATE=getMsg HTTP/1.1" 200 27
116.233.72.217 - - [28/Jan/2020:16:54:46 +0800] "GET /xingrg/check_reg.html?_=1580201716100 HTTP/1.1" 200 22
116.233.72.217 - - [28/Jan/2020:16:54:46 +0800] "GET /xingrg/all/function/internal_message.html?_=1580201716100&CODE_STATE=getMsg HTTP/1.1" 200 27
58.40.7.146 - - [28/Jan/2020:16:54:46 +0800] "GET /xingrg/check_reg.html?_=1580201680554 HTTP/1.1" 200 22
114.93.75.19 - - [28/Jan/2020:16:54:48 +0800] "GET /xingrg/all/function/internal_message.html?_=1580201681472&CODE_STATE=getMsg HTTP/1.1" 302 -
116.238.181.252 - - [28/Jan/2020:16:55:09 +0800] "GET /xingrg/all/function/internal_message.html?_=1580201703658&CODE_STATE=getMsg HTTP/1.1" 200 27
124.77.241.94 - - [28/Jan/2020:16:55:24 +0800] "GET /xingrg/all/function/internal_message.html?_=1580201725184&CODE_STATE=getMsg HTTP/1.1" 200 27
114.88.170.138 - - [28/Jan/2020:16:55:28 +0800] "GET /xingrg/check_reg.html?_=1580201720873 HTTP/1.1" 200 22
117.131.5.26 - - [28/Jan/2020:16:55:29 +0800] "GET /xingrg/all/function/internal_message.html?_=1580202053236&CODE_STATE=getMsg HTTP/1.1" 200 27
114.88.170.138 - - [28/Jan/2020:16:55:30 +0800] "GET /xingrg/all/function/internal_message.html?_=1580201722621&CODE_STATE=getMsg HTTP/1.1" 200 27
222.69.24.136 - - [28/Jan/2020:16:55:30 +0800] "GET /xingrg/all/function/internal_message.html?_=1580201302934&CODE_STATE=getMsg HTTP/1.1" 200 27
124.77.241.94 - - [28/Jan/2020:16:55:43 +0800] "GET /xingrg/check_reg.html?_=1580201743918 HTTP/1.1" 200 22
116.233.72.217 - - [28/Jan/2020:16:55:45 +0800] "GET /xingrg/all/function/internal_message.html?_=1580201776099&CODE_STATE=getMsg HTTP/1.1" 200 27
114.93.75.19 - - [28/Jan/2020:16:55:48 +0800] "GET /xingrg/all/function/internal_message.html?_=1580201741473&CODE_STATE=getMsg HTTP/1.1" 302 -
114.93.75.19 - - [28/Jan/2020:16:55:48 +0800] "GET /xingrg/check_reg.html?_=1580201741475 HTTP/1.1" 302 -
116.238.181.252 - - [28/Jan/2020:16:56:09 +0800] "GET /xingrg/all/function/internal_message.html?_=1580201763660&CODE_STATE=getMsg HTTP/1.1" 200 27
124.77.241.94 - - [28/Jan/2020:16:56:24 +0800] "GET /xingrg/all/function/internal_message.html?_=1580201785196&CODE_STATE=getMsg HTTP/1.1" 200 27
114.88.159.93 - - [28/Jan/2020:16:56:27 +0800] "GET /xingrg/index.html?sysBaseUrl=http%3A%2F%2F117.131.15.22%3A18081%2Fxingrg%2F&costTime=34×tamp=1580093325451 HTTP/1.1" 302 -
114.88.159.93 - - [28/Jan/2020:16:56:27 +0800] "GET /xingrg/login.html HTTP/1.1" 200 7639
117.131.5.26 - - [28/Jan/2020:16:56:29 +0800] "GET /xingrg/all/function/internal_message.html?_=1580202113235&CODE_STATE=getMsg HTTP/1.1" 200 27
114.88.170.138 - - [28/Jan/2020:16:56:30 +0800] "GET /xingrg/all/function/internal_message.html?_=1580201782632&CODE_STATE=getMsg HTTP/1.1" 200 27
222.69.24.136 - - [28/Jan/2020:16:56:30 +0800] "GET /xingrg/all/function/internal_message.html?_=1580201362902&CODE_STATE=getMsg HTTP/1.1" 200 27
116.233.72.217 - - [28/Jan/2020:16:56:43 +0800] "GET /xingrg/all/function/internal_message.html?_=1580201836090&CODE_STATE=getMsg HTTP/1.1" 200 27
114.93.75.19 - - [28/Jan/2020:16:56:48 +0800] "GET /xingrg/all/function/internal_message.html?_=1580201801476&CODE_STATE=getMsg HTTP/1.1" 302 -
114.93.75.19 - - [28/Jan/2020:16:56:48 +0800] "GET /xingrg/check_reg.html?_=1580201800980 HTTP/1.1" 302 -
114.88.159.93 - - [28/Jan/2020:16:56:54 +0800] "GET /xingrg/login.html HTTP/1.1" 200 7639
114.88.159.93 - - [28/Jan/2020:16:56:55 +0800] "GET /favicon.ico HTTP/1.1" 404 -
116.238.181.252 - - [28/Jan/2020:16:57:09 +0800] "GET /xingrg/all/function/internal_message.html?_=1580201823660&CODE_STATE=getMsg HTTP/1.1" 200 27
116.238.35.243 - - [28/Jan/2020:16:57:09 +0800] "GET /xingrg/index.html?timestamp=1551521350387&sysBaseUrl=http%3A%2F%2F117.131.15.22%3A18081%2Fxingrg%2F&costTime=13 HTTP/1.1" 302 -
116.238.35.243 - - [28/Jan/2020:16:57:09 +0800] "GET /xingrg/login.html HTTP/1.1" 200 7639
116.238.35.243 - - [28/Jan/2020:16:57:10 +0800] "GET /favicon.ico HTTP/1.1" 404 -
116.238.35.243 - - [28/Jan/2020:16:57:11 +0800] "POST /xingrg/login.do HTTP/1.1" 302 -
116.238.35.243 - - [28/Jan/2020:16:57:11 +0800] "GET /xingrg/index.html?sysBaseUrl=http%3A%2F%2F117.131.15.22%3A18081%2Fxingrg%2F&costTime=37×tamp=1580201831692 HTTP/1.1" 200 17151
116.238.35.243 - - [28/Jan/2020:16:57:11 +0800] "GET /favicon.ico HTTP/1.1" 404 -
116.238.35.243 - - [28/Jan/2020:16:57:11 +0800] "POST /xingrg/all/common/load_tree.html?tree=area_rest_tree_json&manage=1 HTTP/1.1" 200 3079
116.238.35.243 - - [28/Jan/2020:16:57:11 +0800] "GET /xingrg/all/function/internal_message.html?_=1580201826731&CODE_STATE=count HTTP/1.1" 200 11
116.238.35.243 - - [28/Jan/2020:16:57:11 +0800] "GET /xingrg/check_reg.html?_=1580201826732 HTTP/1.1" 200 22
116.238.35.243 - - [28/Jan/2020:16:57:12 +0800] "POST /xingrg/load_menu.html HTTP/1.1" 200 5124
116.238.35.243 - - [28/Jan/2020:16:57:14 +0800] "GET /xingrg/kc/buy/cgsh_order_list.html HTTP/1.1" 200 42027
116.238.35.243 - - [28/Jan/2020:16:57:16 +0800] "POST /xingrg/kc/buy/cgsh_list_operate.html HTTP/1.1" 200 876
116.238.35.243 - - [28/Jan/2020:16:57:17 +0800] "GET /xingrg/kc/buy/cgsh_order_add.html HTTP/1.1" 200 57635
116.238.35.243 - - [28/Jan/2020:16:57:18 +0800] "POST /xingrg/kc/buy/cgsh_order_operate.html HTTP/1.1" 200 8245
116.238.35.243 - - [28/Jan/2020:16:57:18 +0800] "GET /xingrg/all/common/auto_word.html?type=employee&rest_code=00105 HTTP/1.1" 200 193
116.238.35.243 - - [28/Jan/2020:16:57:18 +0800] "GET /xingrg/all/common/auto_word.html?type=employee&rest_code=00105 HTTP/1.1" 200 193
116.238.35.243 - - [28/Jan/2020:16:57:18 +0800] "GET /xingrg/javascript/easyui/themes/default/validatebox.css HTTP/1.1" 404 1104
116.238.35.243 - - [28/Jan/2020:16:57:19 +0800] "GET /xingrg/javascript/auto/indicator.gif HTTP/1.1" 404 1066
124.77.241.94 - - [28/Jan/2020:16:57:24 +0800] "GET /xingrg/all/function/internal_message.html?_=1580201845212&CODE_STATE=getMsg HTTP/1.1" 200 27
117.131.5.26 - - [28/Jan/2020:16:57:29 +0800] "GET /xingrg/all/function/internal_message.html?_=1580202173234&CODE_STATE=getMsg HTTP/1.1" 200 27
117.131.5.26 - - [28/Jan/2020:16:57:29 +0800] "GET /xingrg/check_reg.html?_=1580202173237 HTTP/1.1" 200 22
114.88.170.138 - - [28/Jan/2020:16:57:30 +0800] "GET /xingrg/all/function/internal_message.html?_=1580201842643&CODE_STATE=getMsg HTTP/1.1" 200 27
222.69.24.136 - - [28/Jan/2020:16:57:30 +0800] "GET /xingrg/all/function/internal_message.html?_=1580201422882&CODE_STATE=getMsg HTTP/1.1" 200 27
116.238.35.243 - - [28/Jan/2020:16:57:41 +0800] "GET /xingrg/kc/buy/cgsh_order_operate.html?command=get_materiel&rest_code=00105&code=00101003003&supplier_code=00100151&order_time=2020-01-28 HTTP/1.1" 200 416
116.233.72.217 - - [28/Jan/2020:16:57:41 +0800] "GET /xingrg/all/function/internal_message.html?_=1580201896109&CODE_STATE=getMsg HTTP/1.1" 200 27
114.88.159.93 - - [28/Jan/2020:16:57:46 +0800] "POST /xingrg/login.do HTTP/1.1" 302 -
114.88.159.93 - - [28/Jan/2020:16:57:46 +0800] "GET /favicon.ico HTTP/1.1" 404 -
114.88.159.93 - - [28/Jan/2020:16:57:46 +0800] "GET /xingrg/index.html?sysBaseUrl=http%3A%2F%2F117.131.15.22%3A18081%2Fxingrg%2F&costTime=34×tamp=1580201866313 HTTP/1.1" 200 17157
114.88.159.93 - - [28/Jan/2020:16:57:47 +0800] "POST /xingrg/all/common/load_tree.html?tree=area_rest_tree_json&manage=1 HTTP/1.1" 200 351
114.88.159.93 - - [28/Jan/2020:16:57:47 +0800] "GET /xingrg/all/function/internal_message.html?_=1580201610942&CODE_STATE=count HTTP/1.1" 200 11
114.88.159.93 - - [28/Jan/2020:16:57:47 +0800] "GET /xingrg/check_reg.html?_=1580201610943 HTTP/1.1" 200 22
114.88.159.93 - - [28/Jan/2020:16:57:47 +0800] "POST /xingrg/load_menu.html HTTP/1.1" 200 5124
114.93.75.19 - - [28/Jan/2020:16:57:48 +0800] "GET /xingrg/all/function/internal_message.html?_=1580201861477&CODE_STATE=getMsg HTTP/1.1" 302 -
114.88.159.93 - - [28/Jan/2020:16:57:49 +0800] "GET /xingrg/kc/base/base_main.html HTTP/1.1" 200 12138
114.88.159.93 - - [28/Jan/2020:16:57:50 +0800] "GET /xingrg/kc/base/wldb_order_list.html HTTP/1.1" 200 19288
114.88.159.93 - - [28/Jan/2020:16:57:52 +0800] "POST /xingrg/kc/base/wldb_list_operate.html HTTP/1.1" 200 928
114.88.159.93 - - [28/Jan/2020:16:57:53 +0800] "GET /xingrg/kc/base/wldb_order_add.html HTTP/1.1" 200 30334
114.88.159.93 - - [28/Jan/2020:16:57:53 +0800] "GET /xingrg/words/20200123085936_words.js HTTP/1.1" 304 -
114.88.159.93 - - [28/Jan/2020:16:57:53 +0800] "GET /xingrg/all/common/auto_word.html?type=base&rest_code=00141 HTTP/1.1" 200 1603
114.88.159.93 - - [28/Jan/2020:16:57:53 +0800] "GET /xingrg/all/common/auto_word.html?type=base&rest_code=00141 HTTP/1.1" 200 1603
114.88.159.93 - - [28/Jan/2020:16:57:53 +0800] "GET /xingrg/javascript/easyui/themes/default/validatebox.css HTTP/1.1" 404 1104
114.88.159.93 - - [28/Jan/2020:16:57:53 +0800] "POST /xingrg/kc/base/wldb_order_operate.html HTTP/1.1" 200 6806
114.88.159.93 - - [28/Jan/2020:16:57:57 +0800] "GET /xingrg/javascript/auto/indicator.gif HTTP/1.1" 404 1066
116.238.35.243 - - [28/Jan/2020:16:57:58 +0800] "GET /xingrg/kc/buy/cgsh_order_operate.html?command=get_materiel&rest_code=00105&code=00101003040&supplier_code=00100151&order_time=2020-01-28 HTTP/1.1" 200 412
114.88.159.93 - - [28/Jan/2020:16:57:59 +0800] "GET /xingrg/javascript/jquery_tools/images/prev.gif HTTP/1.1" 404 1086
114.88.159.93 - - [28/Jan/2020:16:57:59 +0800] "GET /xingrg/javascript/jquery_tools/images/next.gif HTTP/1.1" 404 1086
180.157.252.250 - - [28/Jan/2020:16:58:03 +0800] "GET /xingrg/check_reg.html?_=1580201875495 HTTP/1.1" 200 22
116.238.181.252 - - [28/Jan/2020:16:58:09 +0800] "GET /xingrg/all/function/internal_message.html?_=1580201883674&CODE_STATE=getMsg HTTP/1.1" 200 27
116.238.35.243 - - [28/Jan/2020:16:58:11 +0800] "GET /xingrg/all/function/internal_message.html?_=1580201886733&CODE_STATE=getMsg HTTP/1.1" 200 27
116.238.35.243 - - [28/Jan/2020:16:58:14 +0800] "GET /xingrg/kc/buy/cgsh_order_operate.html?command=get_materiel&rest_code=00105&code=00101003047&supplier_code=00100151&order_time=2020-01-28 HTTP/1.1" 200 404
114.88.159.93 - - [28/Jan/2020:16:58:15 +0800] "GET /xingrg/kc/base/wldb_order_operate.html?command=get_materiel&rest_code=00141&base_code=0010377&code=00102002560 HTTP/1.1" 200 435
124.77.241.94 - - [28/Jan/2020:16:58:24 +0800] "GET /xingrg/all/function/internal_message.html?_=1580201905498&CODE_STATE=getMsg HTTP/1.1" 200 27
116.238.35.243 - - [28/Jan/2020:16:58:27 +0800] "GET /xingrg/kc/buy/cgsh_order_operate.html?command=get_materiel&rest_code=00105&code=00101003041&supplier_code=00100151&order_time=2020-01-28 HTTP/1.1" 200 416
222.69.24.136 - - [28/Jan/2020:16:58:29 +0800] "GET /xingrg/check_reg.html?_=1580201481455 HTTP/1.1" 200 22
117.131.5.26 - - [28/Jan/2020:16:58:29 +0800] "GET /xingrg/all/function/internal_message.html?_=1580202233237&CODE_STATE=getMsg HTTP/1.1" 200 27
114.88.170.138 - - [28/Jan/2020:16:58:30 +0800] "GET /xingrg/all/function/internal_message.html?_=1580201902677&CODE_STATE=getMsg HTTP/1.1" 200 27
222.69.24.136 - - [28/Jan/2020:16:58:30 +0800] "GET /xingrg/all/function/internal_message.html?_=1580201482852&CODE_STATE=getMsg HTTP/1.1" 200 27
116.238.35.243 - - [28/Jan/2020:16:58:37 +0800] "GET /xingrg/kc/buy/cgsh_order_operate.html?command=get_materiel&rest_code=00105&code=00101003026&supplier_code=00100151&order_time=2020-01-28 HTTP/1.1" 200 414
116.233.72.217 - - [28/Jan/2020:16:58:40 +0800] "GET /xingrg/all/function/internal_message.html?_=1580201956109&CODE_STATE=getMsg HTTP/1.1" 200 27
114.88.159.93 - - [28/Jan/2020:16:58:41 +0800] "POST /xingrg/kc/base/wldb_order_operate.html HTTP/1.1" 200 37
114.88.159.93 - - [28/Jan/2020:16:58:41 +0800] "POST /xingrg/kc/base/wldb_order_operate.html HTTP/1.1" 200 12
114.88.159.93 - - [28/Jan/2020:16:58:42 +0800] "POST /xingrg/kc/base/wldb_order_operate.html HTTP/1.1" 200 2199
114.88.159.93 - - [28/Jan/2020:16:58:42 +0800] "GET /xingrg/kc/base/wldb_order_info.html?code=422020012803711 HTTP/1.1" 200 26216
114.88.159.93 - - [28/Jan/2020:16:58:42 +0800] "POST /xingrg/kc/base/wldb_order_operate.html HTTP/1.1" 200 493
114.88.159.93 - - [28/Jan/2020:16:58:43 +0800] "GET /xingrg/javascript/easyui/themes/default/validatebox.css HTTP/1.1" 404 1104
114.88.159.93 - - [28/Jan/2020:16:58:46 +0800] "GET /xingrg/kc/base/wldb_order_add.html HTTP/1.1" 200 30334
114.88.159.93 - - [28/Jan/2020:16:58:47 +0800] "POST /xingrg/kc/base/wldb_order_operate.html HTTP/1.1" 200 6806
114.88.159.93 - - [28/Jan/2020:16:58:47 +0800] "GET /xingrg/all/function/internal_message.html?_=1580201671003&CODE_STATE=getMsg HTTP/1.1" 200 27
114.88.159.93 - - [28/Jan/2020:16:58:47 +0800] "GET /xingrg/javascript/easyui/themes/default/validatebox.css HTTP/1.1" 404 1104
114.93.75.19 - - [28/Jan/2020:16:58:48 +0800] "GET /xingrg/all/function/internal_message.html?_=1580201921479&CODE_STATE=getMsg HTTP/1.1" 302 -
116.238.35.243 - - [28/Jan/2020:16:58:49 +0800] "GET /xingrg/kc/buy/cgsh_order_operate.html?command=get_materiel&rest_code=00105&code=00101003020&supplier_code=00100151&order_time=2020-01-28 HTTP/1.1" 200 412
114.88.159.93 - - [28/Jan/2020:16:58:54 +0800] "GET /xingrg/kc/base/wldb_order_operate.html?command=get_materiel&rest_code=00141&base_code=0010377&code=00102002022 HTTP/1.1" 200 458
114.88.159.93 - - [28/Jan/2020:16:59:02 +0800] "POST /xingrg/kc/base/wldb_order_operate.html HTTP/1.1" 200 37
114.88.159.93 - - [28/Jan/2020:16:59:03 +0800] "POST /xingrg/kc/base/wldb_order_operate.html HTTP/1.1" 200 12
114.88.159.93 - - [28/Jan/2020:16:59:03 +0800] "POST /xingrg/kc/base/wldb_order_operate.html HTTP/1.1" 200 2214
114.88.159.93 - - [28/Jan/2020:16:59:03 +0800] "GET /xingrg/kc/base/wldb_order_info.html?code=422020012803712 HTTP/1.1" 200 26214
114.88.159.93 - - [28/Jan/2020:16:59:04 +0800] "POST /xingrg/kc/base/wldb_order_operate.html HTTP/1.1" 200 509
114.88.159.93 - - [28/Jan/2020:16:59:04 +0800] "GET /xingrg/javascript/easyui/themes/default/validatebox.css HTTP/1.1" 404 1104
114.88.159.93 - - [28/Jan/2020:16:59:06 +0800] "GET /xingrg/kc/base/wldb_order_add.html HTTP/1.1" 200 30334
114.88.159.93 - - [28/Jan/2020:16:59:06 +0800] "POST /xingrg/kc/base/wldb_order_operate.html HTTP/1.1" 200 6806
114.88.159.93 - - [28/Jan/2020:16:59:06 +0800] "GET /xingrg/javascript/easyui/themes/default/validatebox.css HTTP/1.1" 404 1104
116.238.181.252 - - [28/Jan/2020:16:59:09 +0800] "GET /xingrg/check_reg.html?_=1580201943679 HTTP/1.1" 200 22
116.238.181.252 - - [28/Jan/2020:16:59:09 +0800] "GET /xingrg/all/function/internal_message.html?_=1580201943680&CODE_STATE=getMsg HTTP/1.1" 200 27
116.238.35.243 - - [28/Jan/2020:16:59:11 +0800] "GET /xingrg/all/function/internal_message.html?_=1580201946761&CODE_STATE=getMsg HTTP/1.1" 200 27
114.88.159.93 - - [28/Jan/2020:16:59:21 +0800] "GET /xingrg/kc/base/wldb_order_operate.html?command=get_materiel&rest_code=00141&base_code=0010377&code=00102001008 HTTP/1.1" 200 424
124.77.241.94 - - [28/Jan/2020:16:59:24 +0800] "GET /xingrg/all/function/internal_message.html?_=1580201965503&CODE_STATE=getMsg HTTP/1.1" 200 27
117.131.5.26 - - [28/Jan/2020:16:59:29 +0800] "GET /xingrg/all/function/internal_message.html?_=1580202293235&CODE_STATE=getMsg HTTP/1.1" 200 27
114.88.159.93 - - [28/Jan/2020:16:59:30 +0800] "POST /xingrg/kc/base/wldb_order_operate.html HTTP/1.1" 200 37
114.88.170.138 - - [28/Jan/2020:16:59:30 +0800] "GET /xingrg/all/function/internal_message.html?_=1580201962694&CODE_STATE=getMsg HTTP/1.1" 200 27
222.69.24.136 - - [28/Jan/2020:16:59:30 +0800] "GET /xingrg/all/function/internal_message.html?_=1580201542827&CODE_STATE=getMsg HTTP/1.1" 200 27
114.88.159.93 - - [28/Jan/2020:16:59:31 +0800] "POST /xingrg/kc/base/wldb_order_operate.html HTTP/1.1" 200 12
114.88.159.93 - - [28/Jan/2020:16:59:31 +0800] "POST /xingrg/kc/base/wldb_order_operate.html HTTP/1.1" 200 2181
114.88.159.93 - - [28/Jan/2020:16:59:31 +0800] "GET /xingrg/kc/base/wldb_order_info.html?code=422020012803713 HTTP/1.1" 200 26213
114.88.159.93 - - [28/Jan/2020:16:59:32 +0800] "GET /xingrg/javascript/easyui/themes/default/validatebox.css HTTP/1.1" 404 1104
114.88.159.93 - - [28/Jan/2020:16:59:32 +0800] "POST /xingrg/kc/base/wldb_order_operate.html HTTP/1.1" 200 476
114.88.159.93 - - [28/Jan/2020:16:59:33 +0800] "GET /xingrg/kc/base/wldb_order_add.html HTTP/1.1" 200 30334
114.88.159.93 - - [28/Jan/2020:16:59:34 +0800] "POST /xingrg/kc/base/wldb_order_operate.html HTTP/1.1" 200 6806
114.88.159.93 - - [28/Jan/2020:16:59:34 +0800] "GET /xingrg/javascript/easyui/themes/default/validatebox.css HTTP/1.1" 404 1104
116.238.35.243 - - [28/Jan/2020:16:59:36 +0800] "GET /xingrg/kc/buy/cgsh_order_operate.html?command=get_materiel&rest_code=00105&code=00101003006&supplier_code=00100151&order_time=2020-01-28 HTTP/1.1" 200 412
116.233.72.217 - - [28/Jan/2020:16:59:38 +0800] "GET /xingrg/check_reg.html?_=1580202016099 HTTP/1.1" 200 22
116.233.72.217 - - [28/Jan/2020:16:59:38 +0800] "GET /xingrg/all/function/internal_message.html?_=1580202016099&CODE_STATE=getMsg HTTP/1.1" 200 27
116.238.35.243 - - [28/Jan/2020:16:59:41 +0800] "GET /xingrg/kc/buy/cgsh_order_operate.html?command=get_materiel&rest_code=00105&code=00101003035&supplier_code=00100151&order_time=2020-01-28 HTTP/1.1" 200 410
58.40.7.146 - - [28/Jan/2020:16:59:46 +0800] "GET /xingrg/check_reg.html?_=1580201980530 HTTP/1.1" 200 22
114.88.159.93 - - [28/Jan/2020:16:59:47 +0800] "GET /xingrg/all/function/internal_message.html?_=1580201730993&CODE_STATE=getMsg HTTP/1.1" 200 27
114.93.75.19 - - [28/Jan/2020:16:59:48 +0800] "GET /xingrg/all/function/internal_message.html?_=1580201981482&CODE_STATE=getMsg HTTP/1.1" 302 -
116.238.35.243 - - [28/Jan/2020:16:59:56 +0800] "GET /xingrg/kc/buy/cgsh_order_operate.html?command=get_materiel&rest_code=00105&code=00101003037&supplier_code=00100151&order_time=2020-01-28 HTTP/1.1" 200 435
114.88.159.93 - - [28/Jan/2020:17:00:03 +0800] "POST /xingrg/kc/base/wldb_order_operate.html HTTP/1.1" 200 37
114.88.159.93 - - [28/Jan/2020:17:00:04 +0800] "POST /xingrg/kc/base/wldb_order_operate.html HTTP/1.1" 200 12
114.88.159.93 - - [28/Jan/2020:17:00:04 +0800] "POST /xingrg/kc/base/wldb_order_operate.html HTTP/1.1" 200 2198
114.88.159.93 - - [28/Jan/2020:17:00:04 +0800] "GET /xingrg/kc/base/wldb_order_info.html?code=422020012803714 HTTP/1.1" 200 26214
114.88.159.93 - - [28/Jan/2020:17:00:05 +0800] "GET /xingrg/javascript/easyui/themes/default/validatebox.css HTTP/1.1" 404 1104
114.88.159.93 - - [28/Jan/2020:17:00:05 +0800] "POST /xingrg/kc/base/wldb_order_operate.html HTTP/1.1" 200 493
116.238.35.243 - - [28/Jan/2020:17:00:07 +0800] "GET /xingrg/kc/buy/cgsh_order_operate.html?command=get_materiel&rest_code=00105&code=00101004034&supplier_code=00100151&order_time=2020-01-28 HTTP/1.1" 200 416
116.238.181.252 - - [28/Jan/2020:17:00:09 +0800] "GET /xingrg/all/function/internal_message.html?_=1580202003684&CODE_STATE=getMsg HTTP/1.1" 200 27
116.238.35.243 - - [28/Jan/2020:17:00:11 +0800] "GET /xingrg/all/function/internal_message.html?_=1580202006738&CODE_STATE=getMsg HTTP/1.1" 200 27
114.88.159.93 - - [28/Jan/2020:17:00:15 +0800] "GET /xingrg/kc/base/wldb_order_add.html HTTP/1.1" 200 30334
114.88.159.93 - - [28/Jan/2020:17:00:15 +0800] "POST /xingrg/kc/base/wldb_order_operate.html HTTP/1.1" 200 6806
114.88.159.93 - - [28/Jan/2020:17:00:15 +0800] "GET /xingrg/javascript/easyui/themes/default/validatebox.css HTTP/1.1" 404 1104
116.238.35.243 - - [28/Jan/2020:17:00:17 +0800] "GET /xingrg/kc/buy/cgsh_order_operate.html?command=get_materiel&rest_code=00105&code=00101004063&supplier_code=00100151&order_time=2020-01-28 HTTP/1.1" 200 416
116.238.35.243 - - [28/Jan/2020:17:00:24 +0800] "GET /xingrg/kc/buy/cgsh_order_operate.html?command=get_materiel&rest_code=00105&code=00101002018&supplier_code=00100151&order_time=2020-01-28 HTTP/1.1" 200 414
124.77.241.94 - - [28/Jan/2020:17:00:25 +0800] "GET /xingrg/all/function/internal_message.html?_=1580202025785&CODE_STATE=getMsg HTTP/1.1" 200 27
114.88.159.93 - - [28/Jan/2020:17:00:27 +0800] "GET /xingrg/kc/base/wldb_order_operate.html?command=get_materiel&rest_code=00141&base_code=0010377&code=00102002150 HTTP/1.1" 200 433
114.88.170.138 - - [28/Jan/2020:17:00:28 +0800] "GET /xingrg/check_reg.html?_=1580202020897 HTTP/1.1" 200 22
117.131.5.26 - - [28/Jan/2020:17:00:29 +0800] "GET /xingrg/all/function/internal_message.html?_=1580202353234&CODE_STATE=getMsg HTTP/1.1" 200 27
114.88.170.138 - - [28/Jan/2020:17:00:30 +0800] "GET /xingrg/all/function/internal_message.html?_=1580202022708&CODE_STATE=getMsg HTTP/1.1" 200 27
222.69.24.136 - - [28/Jan/2020:17:00:30 +0800] "GET /xingrg/all/function/internal_message.html?_=1580201602803&CODE_STATE=getMsg HTTP/1.1" 200 27
116.233.72.217 - - [28/Jan/2020:17:00:37 +0800] "GET /xingrg/all/function/internal_message.html?_=1580202076088&CODE_STATE=getMsg HTTP/1.1" 200 27
116.238.35.243 - - [28/Jan/2020:17:00:37 +0800] "GET /xingrg/kc/buy/cgsh_order_operate.html?command=get_materiel&rest_code=00105&code=00101002035&supplier_code=00100151&order_time=2020-01-28 HTTP/1.1" 200 416
114.88.159.93 - - [28/Jan/2020:17:00:43 +0800] "POST /xingrg/kc/base/wldb_order_operate.html HTTP/1.1" 200 37
124.77.241.94 - - [28/Jan/2020:17:00:43 +0800] "GET /xingrg/check_reg.html?_=1580202043928 HTTP/1.1" 200 22
114.88.159.93 - - [28/Jan/2020:17:00:43 +0800] "POST /xingrg/kc/base/wldb_order_operate.html HTTP/1.1" 200 12
114.88.159.93 - - [28/Jan/2020:17:00:44 +0800] "POST /xingrg/kc/base/wldb_order_operate.html HTTP/1.1" 200 2197
114.88.159.93 - - [28/Jan/2020:17:00:44 +0800] "GET /xingrg/kc/base/wldb_order_info.html?code=422020012803715 HTTP/1.1" 200 26216
114.88.159.93 - - [28/Jan/2020:17:00:45 +0800] "GET /xingrg/javascript/easyui/themes/default/validatebox.css HTTP/1.1" 404 1104
114.88.159.93 - - [28/Jan/2020:17:00:45 +0800] "POST /xingrg/kc/base/wldb_order_operate.html HTTP/1.1" 200 491
116.238.35.243 - - [28/Jan/2020:17:00:46 +0800] "GET /xingrg/kc/buy/cgsh_order_operate.html?command=get_materiel&rest_code=00105&code=00101002038&supplier_code=00100151&order_time=2020-01-28 HTTP/1.1" 200 414
114.88.159.93 - - [28/Jan/2020:17:00:47 +0800] "GET /xingrg/all/function/internal_message.html?_=1580201790962&CODE_STATE=getMsg HTTP/1.1" 200 27
114.93.75.19 - - [28/Jan/2020:17:00:48 +0800] "GET /xingrg/check_reg.html?_=1580202041467 HTTP/1.1" 302 -
114.93.75.19 - - [28/Jan/2020:17:00:48 +0800] "GET /xingrg/all/function/internal_message.html?_=1580202041468&CODE_STATE=getMsg HTTP/1.1" 302 -
116.238.35.243 - - [28/Jan/2020:17:00:54 +0800] "GET /xingrg/kc/buy/cgsh_order_operate.html?command=get_materiel&rest_code=00105&code=00101002019&supplier_code=00100151&order_time=2020-01-28 HTTP/1.1" 200 416
116.238.181.252 - - [28/Jan/2020:17:01:09 +0800] "GET /xingrg/all/function/internal_message.html?_=1580202063685&CODE_STATE=getMsg HTTP/1.1" 200 27
116.238.35.243 - - [28/Jan/2020:17:01:11 +0800] "GET /xingrg/all/function/internal_message.html?_=1580202066740&CODE_STATE=getMsg HTTP/1.1" 200 27
116.238.35.243 - - [28/Jan/2020:17:01:13 +0800] "GET /xingrg/kc/buy/cgsh_order_operate.html?command=get_materiel&rest_code=00105&code=00101002020&supplier_code=00100151&order_time=2020-01-28 HTTP/1.1" 200 435
124.77.241.94 - - [28/Jan/2020:17:01:25 +0800] "GET /xingrg/all/function/internal_message.html?_=1580202085797&CODE_STATE=getMsg HTTP/1.1" 200 27
117.131.5.26 - - [28/Jan/2020:17:01:29 +0800] "GET /xingrg/all/function/internal_message.html?_=1580202413232&CODE_STATE=getMsg HTTP/1.1" 200 27
114.88.170.138 - - [28/Jan/2020:17:01:30 +0800] "GET /xingrg/all/function/internal_message.html?_=1580202082735&CODE_STATE=getMsg HTTP/1.1" 200 27
222.69.24.136 - - [28/Jan/2020:17:01:30 +0800] "GET /xingrg/all/function/internal_message.html?_=1580201662778&CODE_STATE=getMsg HTTP/1.1" 200 27
116.238.35.243 - - [28/Jan/2020:17:01:33 +0800] "GET /xingrg/kc/buy/cgsh_order_operate.html?command=get_materiel&rest_code=00105&code=00101002002&supplier_code=00100151&order_time=2020-01-28 HTTP/1.1" 200 418
116.233.72.217 - - [28/Jan/2020:17:01:35 +0800] "GET /xingrg/all/function/internal_message.html?_=1580202136093&CODE_STATE=getMsg HTTP/1.1" 200 27
116.238.35.243 - - [28/Jan/2020:17:01:44 +0800] "GET /xingrg/kc/buy/cgsh_order_operate.html?command=get_materiel&rest_code=00105&code=00101002003&supplier_code=00100151&order_time=2020-01-28 HTTP/1.1" 200 426
114.88.159.93 - - [28/Jan/2020:17:01:47 +0800] "GET /xingrg/all/function/internal_message.html?_=1580201850966&CODE_STATE=getMsg HTTP/1.1" 200 27
114.93.75.19 - - [28/Jan/2020:17:01:48 +0800] "GET /xingrg/all/function/internal_message.html?_=1580202101469&CODE_STATE=getMsg HTTP/1.1" 302 -
114.93.75.19 - - [28/Jan/2020:17:01:48 +0800] "GET /xingrg/check_reg.html?_=1580202100951 HTTP/1.1" 302 -
116.238.35.243 - - [28/Jan/2020:17:01:53 +0800] "GET /xingrg/kc/buy/cgsh_order_operate.html?command=get_materiel&rest_code=00105&code=00101002006&supplier_code=00100151&order_time=2020-01-28 HTTP/1.1" 200 414
116.238.35.243 - - [28/Jan/2020:17:02:04 +0800] "GET /xingrg/kc/buy/cgsh_order_operate.html?command=get_materiel&rest_code=00105&code=00101004046&supplier_code=00100151&order_time=2020-01-28 HTTP/1.1" 200 417
116.238.181.252 - - [28/Jan/2020:17:02:09 +0800] "GET /xingrg/all/function/internal_message.html?_=1580202123695&CODE_STATE=getMsg HTTP/1.1" 200 27
116.238.35.243 - - [28/Jan/2020:17:02:11 +0800] "GET /xingrg/check_reg.html?_=1580202126738 HTTP/1.1" 200 22
116.238.35.243 - - [28/Jan/2020:17:02:11 +0800] "GET /xingrg/all/function/internal_message.html?_=1580202126742&CODE_STATE=getMsg HTTP/1.1" 200 27
116.238.35.243 - - [28/Jan/2020:17:02:21 +0800] "GET /xingrg/kc/buy/cgsh_order_operate.html?command=get_materiel&rest_code=00105&code=00101014001&supplier_code=00100151&order_time=2020-01-28 HTTP/1.1" 200 418
124.77.241.94 - - [28/Jan/2020:17:02:25 +0800] "GET /xingrg/all/function/internal_message.html?_=1580202145808&CODE_STATE=getMsg HTTP/1.1" 200 27
116.238.35.243 - - [28/Jan/2020:17:02:26 +0800] "POST /xingrg/kc/buy/cgsh_order_operate.html HTTP/1.1" 200 2065
116.238.35.243 - - [28/Jan/2020:17:02:28 +0800] "POST /xingrg/kc/buy/cgsh_order_operate.html HTTP/1.1" 200 2065
117.131.5.26 - - [28/Jan/2020:17:02:29 +0800] "GET /xingrg/all/function/internal_message.html?_=1580202473231&CODE_STATE=getMsg HTTP/1.1" 200 27
117.131.5.26 - - [28/Jan/2020:17:02:29 +0800] "GET /xingrg/check_reg.html?_=1580202473233 HTTP/1.1" 200 22
114.88.170.138 - - [28/Jan/2020:17:02:30 +0800] "GET /xingrg/all/function/internal_message.html?_=1580202142734&CODE_STATE=getMsg HTTP/1.1" 200 27
222.69.24.136 - - [28/Jan/2020:17:02:30 +0800] "GET /xingrg/all/function/internal_message.html?_=1580201722781&CODE_STATE=getMsg HTTP/1.1" 200 27
116.233.72.217 - - [28/Jan/2020:17:02:34 +0800] "GET /xingrg/all/function/internal_message.html?_=1580202196109&CODE_STATE=getMsg HTTP/1.1" 200 27
116.238.35.243 - - [28/Jan/2020:17:02:42 +0800] "GET /xingrg/kc/buy/cgsh_order_operate.html?command=get_materiel&rest_code=00105&code=00101004011&supplier_code=00100151&order_time=2020-01-28 HTTP/1.1" 200 433
114.88.159.93 - - [28/Jan/2020:17:02:47 +0800] "GET /xingrg/check_reg.html?_=1580201910952 HTTP/1.1" 200 22
114.88.159.93 - - [28/Jan/2020:17:02:47 +0800] "GET /xingrg/all/function/internal_message.html?_=1580201910953&CODE_STATE=getMsg HTTP/1.1" 200 27
114.93.75.19 - - [28/Jan/2020:17:02:48 +0800] "GET /xingrg/all/function/internal_message.html?_=1580202161472&CODE_STATE=getMsg HTTP/1.1" 302 -
116.238.35.243 - - [28/Jan/2020:17:02:49 +0800] "GET /xingrg/kc/buy/cgsh_order_operate.html?command=get_materiel&rest_code=00105&code=00101004065&supplier_code=00100151&order_time=2020-01-28 HTTP/1.1" 200 434
116.238.35.243 - - [28/Jan/2020:17:02:57 +0800] "GET /xingrg/kc/buy/cgsh_order_operate.html?command=get_materiel&rest_code=00105&code=00101001037&supplier_code=00100151&order_time=2020-01-28 HTTP/1.1" 200 414
180.157.252.250 - - [28/Jan/2020:17:03:03 +0800] "GET /xingrg/check_reg.html?_=1580202175468 HTTP/1.1" 200 22
116.238.35.243 - - [28/Jan/2020:17:03:06 +0800] "GET /xingrg/kc/buy/cgsh_order_operate.html?command=get_materiel&rest_code=00105&code=00101002007&supplier_code=00100151&order_time=2020-01-28 HTTP/1.1" 200 409
116.238.181.252 - - [28/Jan/2020:17:03:09 +0800] "GET /xingrg/all/function/internal_message.html?_=1580202183696&CODE_STATE=getMsg HTTP/1.1" 200 27
116.238.35.243 - - [28/Jan/2020:17:03:11 +0800] "GET /xingrg/all/function/internal_message.html?_=1580202186746&CODE_STATE=getMsg HTTP/1.1" 200 27
116.238.35.243 - - [28/Jan/2020:17:03:17 +0800] "GET /xingrg/kc/buy/cgsh_order_operate.html?command=get_materiel&rest_code=00105&code=00101002044&supplier_code=00100151&order_time=2020-01-28 HTTP/1.1" 200 414
124.77.241.94 - - [28/Jan/2020:17:03:25 +0800] "GET /xingrg/all/function/internal_message.html?_=1580202206095&CODE_STATE=getMsg HTTP/1.1" 200 27
116.238.35.243 - - [28/Jan/2020:17:03:28 +0800] "GET /xingrg/kc/buy/cgsh_order_operate.html?command=get_materiel&rest_code=00105&code=00101001119&supplier_code=00100151&order_time=2020-01-28 HTTP/1.1" 200 420
222.69.24.136 - - [28/Jan/2020:17:03:29 +0800] "GET /xingrg/check_reg.html?_=1580201781470 HTTP/1.1" 200 22
117.131.5.26 - - [28/Jan/2020:17:03:29 +0800] "GET /xingrg/all/function/internal_message.html?_=1580202533231&CODE_STATE=getMsg HTTP/1.1" 200 27
114.88.170.138 - - [28/Jan/2020:17:03:30 +0800] "GET /xingrg/all/function/internal_message.html?_=1580202202764&CODE_STATE=getMsg HTTP/1.1" 200 27
222.69.24.136 - - [28/Jan/2020:17:03:30 +0800] "GET /xingrg/all/function/internal_message.html?_=1580201782761&CODE_STATE=getMsg HTTP/1.1" 200 27
116.233.72.217 - - [28/Jan/2020:17:03:32 +0800] "GET /xingrg/all/function/internal_message.html?_=1580202256100&CODE_STATE=getMsg HTTP/1.1" 200 27
116.238.35.243 - - [28/Jan/2020:17:03:38 +0800] "GET /xingrg/kc/buy/cgsh_order_operate.html?command=get_materiel&rest_code=00105&code=00101004035&supplier_code=00100151&order_time=2020-01-28 HTTP/1.1" 200 408
116.238.35.243 - - [28/Jan/2020:17:03:47 +0800] "GET /xingrg/kc/buy/cgsh_order_operate.html?command=get_materiel&rest_code=00105&code=00101004042&supplier_code=00100151&order_time=2020-01-28 HTTP/1.1" 200 417
114.88.159.93 - - [28/Jan/2020:17:03:47 +0800] "GET /xingrg/all/function/internal_message.html?_=1580201970951&CODE_STATE=getMsg HTTP/1.1" 200 27
114.93.75.19 - - [28/Jan/2020:17:03:48 +0800] "GET /xingrg/all/function/internal_message.html?_=1580202221473&CODE_STATE=getMsg HTTP/1.1" 302 -
116.238.35.243 - - [28/Jan/2020:17:03:57 +0800] "GET /xingrg/kc/buy/cgsh_order_operate.html?command=get_materiel&rest_code=00105&code=00101001044&supplier_code=00100151&order_time=2020-01-28 HTTP/1.1" 200 409
116.238.35.243 - - [28/Jan/2020:17:04:08 +0800] "GET /xingrg/kc/buy/cgsh_order_operate.html?command=get_materiel&rest_code=00105&code=00101001125&supplier_code=00100151&order_time=2020-01-28 HTTP/1.1" 200 415
116.238.181.252 - - [28/Jan/2020:17:04:09 +0800] "GET /xingrg/check_reg.html?_=1580202243696 HTTP/1.1" 200 22
116.238.181.252 - - [28/Jan/2020:17:04:09 +0800] "GET /xingrg/all/function/internal_message.html?_=1580202243698&CODE_STATE=getMsg HTTP/1.1" 200 27
116.238.35.243 - - [28/Jan/2020:17:04:11 +0800] "GET /xingrg/all/function/internal_message.html?_=1580202246732&CODE_STATE=getMsg HTTP/1.1" 200 27
116.238.35.243 - - [28/Jan/2020:17:04:18 +0800] "GET /xingrg/kc/buy/cgsh_order_operate.html?command=get_materiel&rest_code=00105&code=00101004066&supplier_code=00100151&order_time=2020-01-28 HTTP/1.1" 200 412
124.77.241.94 - - [28/Jan/2020:17:04:25 +0800] "GET /xingrg/all/function/internal_message.html?_=1580202266101&CODE_STATE=getMsg HTTP/1.1" 200 27
116.238.35.243 - - [28/Jan/2020:17:04:27 +0800] "GET /xingrg/kc/buy/cgsh_order_operate.html?command=get_materiel&rest_code=00105&code=00101001025&supplier_code=00100151&order_time=2020-01-28 HTTP/1.1" 200 438
117.131.5.26 - - [28/Jan/2020:17:04:29 +0800] "GET /xingrg/all/function/internal_message.html?_=1580202593229&CODE_STATE=getMsg HTTP/1.1" 200 27
114.88.170.138 - - [28/Jan/2020:17:04:30 +0800] "GET /xingrg/all/function/internal_message.html?_=1580202262778&CODE_STATE=getMsg HTTP/1.1" 200 27
222.69.24.136 - - [28/Jan/2020:17:04:30 +0800] "GET /xingrg/all/function/internal_message.html?_=1580201842737&CODE_STATE=getMsg HTTP/1.1" 200 27
116.233.72.217 - - [28/Jan/2020:17:04:30 +0800] "GET /xingrg/check_reg.html?_=1580202316109 HTTP/1.1" 200 22
116.233.72.217 - - [28/Jan/2020:17:04:30 +0800] "GET /xingrg/all/function/internal_message.html?_=1580202316109&CODE_STATE=getMsg HTTP/1.1" 200 27
116.238.35.243 - - [28/Jan/2020:17:04:33 +0800] "GET /xingrg/kc/buy/cgsh_order_operate.html?command=get_materiel&rest_code=00105&code=00101001140&supplier_code=00100151&order_time=2020-01-28 HTTP/1.1" 200 413
58.40.7.146 - - [28/Jan/2020:17:04:46 +0800] "GET /xingrg/check_reg.html?_=1580202280501 HTTP/1.1" 200 22
114.88.159.93 - - [28/Jan/2020:17:04:47 +0800] "GET /xingrg/all/function/internal_message.html?_=1580202030966&CODE_STATE=getMsg HTTP/1.1" 200 27
114.93.75.19 - - [28/Jan/2020:17:04:48 +0800] "GET /xingrg/all/function/internal_message.html?_=1580202281475&CODE_STATE=getMsg HTTP/1.1" 302 -
116.238.181.252 - - [28/Jan/2020:17:05:09 +0800] "GET /xingrg/all/function/internal_message.html?_=1580202303710&CODE_STATE=getMsg HTTP/1.1" 200 27
116.238.35.243 - - [28/Jan/2020:17:05:11 +0800] "GET /xingrg/all/function/internal_message.html?_=1580202306747&CODE_STATE=getMsg HTTP/1.1" 200 27
116.238.35.243 - - [28/Jan/2020:17:05:16 +0800] "POST /xingrg/kc/buy/cgsh_order_operate.html HTTP/1.1" 200 37
116.238.35.243 - - [28/Jan/2020:17:05:17 +0800] "POST /xingrg/kc/buy/cgsh_order_operate.html HTTP/1.1" 200 17553
116.238.35.243 - - [28/Jan/2020:17:05:18 +0800] "GET /xingrg/kc/print/load_config.html?kc_code=cgsh HTTP/1.1" 200 1841
116.238.35.243 - - [28/Jan/2020:17:05:18 +0800] "GET /xingrg/kc/print/load_data.html?order_code=212020012812418&kc_code=cgsh&condition= HTTP/1.1" 200 6319
116.238.35.243 - - [28/Jan/2020:17:05:25 +0800] "POST /xingrg/kc/buy/cgsh_order_operate.html HTTP/1.1" 200 12
124.77.241.94 - - [28/Jan/2020:17:05:25 +0800] "GET /xingrg/all/function/internal_message.html?_=1580202326392&CODE_STATE=getMsg HTTP/1.1" 200 27
116.238.35.243 - - [28/Jan/2020:17:05:27 +0800] "POST /xingrg/kc/buy/cgsh_list_operate.html HTTP/1.1" 200 876
114.88.170.138 - - [28/Jan/2020:17:05:28 +0800] "GET /xingrg/check_reg.html?_=1580202320904 HTTP/1.1" 200 22
116.233.72.217 - - [28/Jan/2020:17:05:29 +0800] "GET /xingrg/all/function/internal_message.html?_=1580202376102&CODE_STATE=getMsg HTTP/1.1" 200 27
117.131.5.26 - - [28/Jan/2020:17:05:29 +0800] "GET /xingrg/all/function/internal_message.html?_=1580202653243&CODE_STATE=getMsg HTTP/1.1" 200 27
114.88.170.138 - - [28/Jan/2020:17:05:30 +0800] "GET /xingrg/all/function/internal_message.html?_=1580202322792&CODE_STATE=getMsg HTTP/1.1" 200 27
222.69.24.136 - - [28/Jan/2020:17:05:30 +0800] "GET /xingrg/all/function/internal_message.html?_=1580201902707&CODE_STATE=getMsg HTTP/1.1" 200 27
124.77.241.94 - - [28/Jan/2020:17:05:43 +0800] "GET /xingrg/check_reg.html?_=1580202343930 HTTP/1.1" 200 22
114.88.159.93 - - [28/Jan/2020:17:05:47 +0800] "GET /xingrg/all/function/internal_message.html?_=1580202090964&CODE_STATE=getMsg HTTP/1.1" 200 27
114.93.75.19 - - [28/Jan/2020:17:05:48 +0800] "GET /xingrg/all/function/internal_message.html?_=1580202341479&CODE_STATE=getMsg HTTP/1.1" 302 -
114.93.75.19 - - [28/Jan/2020:17:05:48 +0800] "GET /xingrg/check_reg.html?_=1580202341477 HTTP/1.1" 302 -
116.238.181.252 - - [28/Jan/2020:17:06:09 +0800] "GET /xingrg/all/function/internal_message.html?_=1580202363709&CODE_STATE=getMsg HTTP/1.1" 200 27
116.238.35.243 - - [28/Jan/2020:17:06:12 +0800] "GET /xingrg/all/function/internal_message.html?_=1580202366933&CODE_STATE=getMsg HTTP/1.1" 200 27
124.77.241.94 - - [28/Jan/2020:17:06:25 +0800] "GET /xingrg/all/function/internal_message.html?_=1580202386394&CODE_STATE=getMsg HTTP/1.1" 200 27
116.233.72.217 - - [28/Jan/2020:17:06:27 +0800] "GET /xingrg/all/function/internal_message.html?_=1580202436101&CODE_STATE=getMsg HTTP/1.1" 200 27
117.131.5.26 - - [28/Jan/2020:17:06:29 +0800] "GET /xingrg/all/function/internal_message.html?_=1580202713267&CODE_STATE=getMsg HTTP/1.1" 200 27
114.88.170.138 - - [28/Jan/2020:17:06:30 +0800] "GET /xingrg/all/function/internal_message.html?_=1580202382818&CODE_STATE=getMsg HTTP/1.1" 200 27
222.69.24.136 - - [28/Jan/2020:17:06:30 +0800] "GET /xingrg/all/function/internal_message.html?_=1580201962675&CODE_STATE=getMsg HTTP/1.1" 200 27
114.88.159.93 - - [28/Jan/2020:17:06:47 +0800] "GET /xingrg/all/function/internal_message.html?_=1580202150963&CODE_STATE=getMsg HTTP/1.1" 200 27
114.93.75.19 - - [28/Jan/2020:17:06:48 +0800] "GET /xingrg/all/function/internal_message.html?_=1580202401484&CODE_STATE=getMsg HTTP/1.1" 302 -
114.93.75.19 - - [28/Jan/2020:17:06:48 +0800] "GET /xingrg/check_reg.html?_=1580202400929 HTTP/1.1" 302 -
116.238.181.252 - - [28/Jan/2020:17:07:09 +0800] "GET /xingrg/all/function/internal_message.html?_=1580202423710&CODE_STATE=getMsg HTTP/1.1" 200 27
116.238.35.243 - - [28/Jan/2020:17:07:11 +0800] "GET /xingrg/check_reg.html?_=1580202426752 HTTP/1.1" 200 22
116.238.35.243 - - [28/Jan/2020:17:07:11 +0800] "GET /xingrg/all/function/internal_message.html?_=1580202426756&CODE_STATE=getMsg HTTP/1.1" 200 27
124.77.241.94 - - [28/Jan/2020:17:07:25 +0800] "GET /xingrg/all/function/internal_message.html?_=1580202446408&CODE_STATE=getMsg HTTP/1.1" 200 27
116.233.72.217 - - [28/Jan/2020:17:07:26 +0800] "GET /xingrg/all/function/internal_message.html?_=1580202496109&CODE_STATE=getMsg HTTP/1.1" 200 27
117.131.5.26 - - [28/Jan/2020:17:07:29 +0800] "GET /xingrg/check_reg.html?_=1580202773265 HTTP/1.1" 200 22
117.131.5.26 - - [28/Jan/2020:17:07:29 +0800] "GET /xingrg/all/function/internal_message.html?_=1580202773266&CODE_STATE=getMsg HTTP/1.1" 200 27
114.88.170.138 - - [28/Jan/2020:17:07:30 +0800] "GET /xingrg/all/function/internal_message.html?_=1580202442832&CODE_STATE=getMsg HTTP/1.1" 200 27
222.69.24.136 - - [28/Jan/2020:17:07:30 +0800] "GET /xingrg/all/function/internal_message.html?_=1580202022650&CODE_STATE=getMsg HTTP/1.1" 200 27
114.88.159.93 - - [28/Jan/2020:17:07:47 +0800] "GET /xingrg/check_reg.html?_=1580202210961 HTTP/1.1" 200 22
114.88.159.93 - - [28/Jan/2020:17:07:47 +0800] "GET /xingrg/all/function/internal_message.html?_=1580202210962&CODE_STATE=getMsg HTTP/1.1" 200 27
114.93.75.19 - - [28/Jan/2020:17:07:48 +0800] "GET /xingrg/all/function/internal_message.html?_=1580202461471&CODE_STATE=getMsg HTTP/1.1" 302 -
180.157.252.250 - - [28/Jan/2020:17:08:03 +0800] "GET /xingrg/check_reg.html?_=1580202475483 HTTP/1.1" 200 22
116.238.181.252 - - [28/Jan/2020:17:08:09 +0800] "GET /xingrg/all/function/internal_message.html?_=1580202483726&CODE_STATE=getMsg HTTP/1.1" 200 27
116.238.35.243 - - [28/Jan/2020:17:08:11 +0800] "GET /xingrg/all/function/internal_message.html?_=1580202486755&CODE_STATE=getMsg HTTP/1.1" 200 27
116.233.72.217 - - [28/Jan/2020:17:08:24 +0800] "GET /xingrg/all/function/internal_message.html?_=1580202556099&CODE_STATE=getMsg HTTP/1.1" 200 27
124.77.241.94 - - [28/Jan/2020:17:08:26 +0800] "GET /xingrg/all/function/internal_message.html?_=1580202506699&CODE_STATE=getMsg HTTP/1.1" 200 27
222.69.24.136 - - [28/Jan/2020:17:08:29 +0800] "GET /xingrg/check_reg.html?_=1580202081479 HTTP/1.1" 200 22
117.131.5.26 - - [28/Jan/2020:17:08:29 +0800] "GET /xingrg/all/function/internal_message.html?_=1580202833264&CODE_STATE=getMsg HTTP/1.1" 200 27
222.69.24.136 - - [28/Jan/2020:17:08:30 +0800] "GET /xingrg/all/function/internal_message.html?_=1580202082623&CODE_STATE=getMsg HTTP/1.1" 200 27
114.88.170.138 - - [28/Jan/2020:17:08:30 +0800] "GET /xingrg/all/function/internal_message.html?_=1580202502854&CODE_STATE=getMsg HTTP/1.1" 200 27
114.88.159.93 - - [28/Jan/2020:17:08:47 +0800] "GET /xingrg/all/function/internal_message.html?_=1580202270960&CODE_STATE=getMsg HTTP/1.1" 200 27
114.93.75.19 - - [28/Jan/2020:17:08:48 +0800] "GET /xingrg/all/function/internal_message.html?_=1580202521472&CODE_STATE=getMsg HTTP/1.1" 302 -
116.238.181.252 - - [28/Jan/2020:17:09:09 +0800] "GET /xingrg/check_reg.html?_=1580202543730 HTTP/1.1" 200 22
116.238.181.252 - - [28/Jan/2020:17:09:09 +0800] "GET /xingrg/all/function/internal_message.html?_=1580202543735&CODE_STATE=getMsg HTTP/1.1" 200 27
116.238.35.243 - - [28/Jan/2020:17:09:11 +0800] "GET /xingrg/all/function/internal_message.html?_=1580202546744&CODE_STATE=getMsg HTTP/1.1" 200 27
116.233.72.217 - - [28/Jan/2020:17:09:22 +0800] "GET /xingrg/all/function/internal_message.html?_=1580202616099&CODE_STATE=getMsg HTTP/1.1" 200 27
116.233.72.217 - - [28/Jan/2020:17:09:22 +0800] "GET /xingrg/check_reg.html?_=1580202616099 HTTP/1.1" 200 22
124.77.241.94 - - [28/Jan/2020:17:09:26 +0800] "GET /xingrg/all/function/internal_message.html?_=1580202566701&CODE_STATE=getMsg HTTP/1.1" 200 27
117.131.5.26 - - [28/Jan/2020:17:09:29 +0800] "GET /xingrg/all/function/internal_message.html?_=1580202893262&CODE_STATE=getMsg HTTP/1.1" 200 27
222.69.24.136 - - [28/Jan/2020:17:09:30 +0800] "GET /xingrg/all/function/internal_message.html?_=1580202142603&CODE_STATE=getMsg HTTP/1.1" 200 27
114.88.170.138 - - [28/Jan/2020:17:09:30 +0800] "GET /xingrg/all/function/internal_message.html?_=1580202562887&CODE_STATE=getMsg HTTP/1.1" 200 27
58.40.7.146 - - [28/Jan/2020:17:09:46 +0800] "GET /xingrg/check_reg.html?_=1580202580489 HTTP/1.1" 200 22
114.88.159.93 - - [28/Jan/2020:17:09:47 +0800] "GET /xingrg/all/function/internal_message.html?_=1580202330959&CODE_STATE=getMsg HTTP/1.1" 200 27
114.93.75.19 - - [28/Jan/2020:17:09:48 +0800] "GET /xingrg/all/function/internal_message.html?_=1580202581474&CODE_STATE=getMsg HTTP/1.1" 302 -
116.232.32.230 - - [28/Jan/2020:17:09:57 +0800] "POST /xingrg/services/DataTransmitService HTTP/1.1" 200 524
116.232.32.230 - - [28/Jan/2020:17:09:57 +0800] "POST /xingrg/services/DataTransmitService HTTP/1.1" 200 501
116.232.32.230 - - [28/Jan/2020:17:09:57 +0800] "POST /xingrg/services/DataTransmitService HTTP/1.1" 200 501
116.232.32.230 - - [28/Jan/2020:17:09:57 +0800] "POST /xingrg/services/DataTransmitService HTTP/1.1" 200 501
116.232.32.230 - - [28/Jan/2020:17:09:57 +0800] "POST /xingrg/services/DataTransmitService HTTP/1.1" 200 501
116.232.32.230 - - [28/Jan/2020:17:09:57 +0800] "POST /xingrg/services/DataTransmitService HTTP/1.1" 200 501
116.232.32.230 - - [28/Jan/2020:17:09:57 +0800] "POST /xingrg/services/DataTransmitService HTTP/1.1" 200 501
116.232.32.230 - - [28/Jan/2020:17:09:57 +0800] "POST /xingrg/services/DataTransmitService HTTP/1.1" 200 501
116.232.32.230 - - [28/Jan/2020:17:09:58 +0800] "POST /xingrg/services/DataTransmitService HTTP/1.1" 200 501
116.232.32.230 - - [28/Jan/2020:17:09:58 +0800] "POST /xingrg/services/DataTransmitService HTTP/1.1" 200 412
116.238.181.252 - - [28/Jan/2020:17:10:09 +0800] "GET /xingrg/all/function/internal_message.html?_=1580202603738&CODE_STATE=getMsg HTTP/1.1" 200 27
116.238.35.243 - - [28/Jan/2020:17:10:11 +0800] "GET /xingrg/all/function/internal_message.html?_=1580202606747&CODE_STATE=getMsg HTTP/1.1" 200 27
116.233.72.217 - - [28/Jan/2020:17:10:21 +0800] "GET /xingrg/all/function/internal_message.html?_=1580202676097&CODE_STATE=getMsg HTTP/1.1" 200 27
124.77.241.94 - - [28/Jan/2020:17:10:26 +0800] "GET /xingrg/all/function/internal_message.html?_=1580202626982&CODE_STATE=getMsg HTTP/1.1" 200 27
114.88.170.138 - - [28/Jan/2020:17:10:28 +0800] "GET /xingrg/check_reg.html?_=1580202620921 HTTP/1.1" 200 22
117.131.5.26 - - [28/Jan/2020:17:10:29 +0800] "GET /xingrg/all/function/internal_message.html?_=1580202953261&CODE_STATE=getMsg HTTP/1.1" 200 27
