117.131.5.26 - - [28/Jan/2020:11:50:16 +0800] "GET /xingrg/check_reg.html?_=1580183444625 HTTP/1.1" 200 22
117.131.5.26 - - [28/Jan/2020:11:50:16 +0800] "GET /xingrg/all/function/internal_message.html?_=1580183444640&CODE_STATE=getMsg HTTP/1.1" 200 27
222.69.24.136 - - [28/Jan/2020:11:50:28 +0800] "GET /xingrg/all/function/internal_message.html?_=1580183001149&CODE_STATE=getMsg HTTP/1.1" 200 27
124.77.241.94 - - [28/Jan/2020:11:50:43 +0800] "GET /xingrg/check_reg.html?_=1580183443582 HTTP/1.1" 200 22
124.77.241.94 - - [28/Jan/2020:11:50:47 +0800] "GET /xingrg/all/function/internal_message.html?_=1580183447466&CODE_STATE=getMsg HTTP/1.1" 200 27
114.93.75.19 - - [28/Jan/2020:11:50:47 +0800] "GET /xingrg/check_reg.html?_=1580183441479 HTTP/1.1" 302 -
114.93.75.19 - - [28/Jan/2020:11:50:47 +0800] "GET /xingrg/all/function/internal_message.html?_=1580183441481&CODE_STATE=getMsg HTTP/1.1" 302 -
116.238.181.252 - - [28/Jan/2020:11:51:07 +0800] "GET /xingrg/all/function/internal_message.html?_=1580183462213&CODE_STATE=getMsg HTTP/1.1" 200 27
117.131.5.26 - - [28/Jan/2020:11:51:16 +0800] "GET /xingrg/all/function/internal_message.html?_=1580183504656&CODE_STATE=getMsg HTTP/1.1" 200 27
222.69.24.136 - - [28/Jan/2020:11:51:28 +0800] "GET /xingrg/all/function/internal_message.html?_=1580183061148&CODE_STATE=getMsg HTTP/1.1" 200 27
124.77.241.94 - - [28/Jan/2020:11:51:47 +0800] "GET /xingrg/all/function/internal_message.html?_=1580183507480&CODE_STATE=getMsg HTTP/1.1" 200 27
114.93.75.19 - - [28/Jan/2020:11:51:47 +0800] "GET /xingrg/all/function/internal_message.html?_=1580183501469&CODE_STATE=getMsg HTTP/1.1" 302 -
114.93.75.19 - - [28/Jan/2020:11:51:49 +0800] "GET /xingrg/check_reg.html?_=1580183502245 HTTP/1.1" 302 -
116.238.181.252 - - [28/Jan/2020:11:52:07 +0800] "GET /xingrg/all/function/internal_message.html?_=1580183522213&CODE_STATE=getMsg HTTP/1.1" 200 27
117.131.5.26 - - [28/Jan/2020:11:52:16 +0800] "GET /xingrg/all/function/internal_message.html?_=1580183564656&CODE_STATE=getMsg HTTP/1.1" 200 27
222.69.24.136 - - [28/Jan/2020:11:52:28 +0800] "GET /xingrg/all/function/internal_message.html?_=1580183121146&CODE_STATE=getMsg HTTP/1.1" 200 27
114.93.75.19 - - [28/Jan/2020:11:52:47 +0800] "GET /xingrg/all/function/internal_message.html?_=1580183561471&CODE_STATE=getMsg HTTP/1.1" 302 -
124.77.241.94 - - [28/Jan/2020:11:52:47 +0800] "GET /xingrg/all/function/internal_message.html?_=1580183567776&CODE_STATE=getMsg HTTP/1.1" 200 27
180.157.252.250 - - [28/Jan/2020:11:53:03 +0800] "GET /xingrg/check_reg.html?_=1580183575824 HTTP/1.1" 200 22
116.238.181.252 - - [28/Jan/2020:11:53:07 +0800] "GET /xingrg/all/function/internal_message.html?_=1580183582228&CODE_STATE=getMsg HTTP/1.1" 200 27
117.131.5.26 - - [28/Jan/2020:11:53:16 +0800] "GET /xingrg/all/function/internal_message.html?_=1580183624671&CODE_STATE=getMsg HTTP/1.1" 200 27
222.69.24.136 - - [28/Jan/2020:11:53:28 +0800] "GET /xingrg/check_reg.html?_=1580183181150 HTTP/1.1" 200 22
222.69.24.136 - - [28/Jan/2020:11:53:28 +0800] "GET /xingrg/all/function/internal_message.html?_=1580183181148&CODE_STATE=getMsg HTTP/1.1" 200 27
114.93.75.19 - - [28/Jan/2020:11:53:47 +0800] "GET /xingrg/all/function/internal_message.html?_=1580183621472&CODE_STATE=getMsg HTTP/1.1" 302 -
124.77.241.94 - - [28/Jan/2020:11:53:47 +0800] "GET /xingrg/all/function/internal_message.html?_=1580183627788&CODE_STATE=getMsg HTTP/1.1" 200 27
116.238.181.252 - - [28/Jan/2020:11:54:07 +0800] "GET /xingrg/check_reg.html?_=1580183642229 HTTP/1.1" 200 22
116.238.181.252 - - [28/Jan/2020:11:54:07 +0800] "GET /xingrg/all/function/internal_message.html?_=1580183642230&CODE_STATE=getMsg HTTP/1.1" 200 27
117.131.5.26 - - [28/Jan/2020:11:54:16 +0800] "GET /xingrg/all/function/internal_message.html?_=1580183684671&CODE_STATE=getMsg HTTP/1.1" 200 27
222.69.24.136 - - [28/Jan/2020:11:54:28 +0800] "GET /xingrg/all/function/internal_message.html?_=1580183241149&CODE_STATE=getMsg HTTP/1.1" 200 27
114.93.75.19 - - [28/Jan/2020:11:54:47 +0800] "GET /xingrg/all/function/internal_message.html?_=1580183681473&CODE_STATE=getMsg HTTP/1.1" 302 -
58.40.7.146 - - [28/Jan/2020:11:54:48 +0800] "GET /xingrg/check_reg.html?_=1580183682081 HTTP/1.1" 200 22
124.77.241.94 - - [28/Jan/2020:11:54:48 +0800] "GET /xingrg/all/function/internal_message.html?_=1580183688080&CODE_STATE=getMsg HTTP/1.1" 200 27
116.238.181.252 - - [28/Jan/2020:11:55:07 +0800] "GET /xingrg/all/function/internal_message.html?_=1580183702239&CODE_STATE=getMsg HTTP/1.1" 200 27
117.131.5.26 - - [28/Jan/2020:11:55:16 +0800] "GET /xingrg/check_reg.html?_=1580183744625 HTTP/1.1" 200 22
117.131.5.26 - - [28/Jan/2020:11:55:16 +0800] "GET /xingrg/all/function/internal_message.html?_=1580183744671&CODE_STATE=getMsg HTTP/1.1" 200 27
222.69.24.136 - - [28/Jan/2020:11:55:28 +0800] "GET /xingrg/all/function/internal_message.html?_=1580183301149&CODE_STATE=getMsg HTTP/1.1" 200 27
124.77.241.94 - - [28/Jan/2020:11:55:43 +0800] "GET /xingrg/check_reg.html?_=1580183743588 HTTP/1.1" 200 22
114.93.75.19 - - [28/Jan/2020:11:55:47 +0800] "GET /xingrg/check_reg.html?_=1580183741477 HTTP/1.1" 302 -
114.93.75.19 - - [28/Jan/2020:11:55:47 +0800] "GET /xingrg/all/function/internal_message.html?_=1580183741475&CODE_STATE=getMsg HTTP/1.1" 302 -
124.77.241.94 - - [28/Jan/2020:11:55:48 +0800] "GET /xingrg/all/function/internal_message.html?_=1580183748081&CODE_STATE=getMsg HTTP/1.1" 200 27
116.238.181.252 - - [28/Jan/2020:11:56:07 +0800] "GET /xingrg/all/function/internal_message.html?_=1580183762246&CODE_STATE=getMsg HTTP/1.1" 200 27
117.131.5.26 - - [28/Jan/2020:11:56:16 +0800] "GET /xingrg/all/function/internal_message.html?_=1580183804671&CODE_STATE=getMsg HTTP/1.1" 200 27
222.69.24.136 - - [28/Jan/2020:11:56:28 +0800] "GET /xingrg/all/function/internal_message.html?_=1580183361149&CODE_STATE=getMsg HTTP/1.1" 200 27
114.93.75.19 - - [28/Jan/2020:11:56:47 +0800] "GET /xingrg/all/function/internal_message.html?_=1580183801478&CODE_STATE=getMsg HTTP/1.1" 302 -
124.77.241.94 - - [28/Jan/2020:11:56:48 +0800] "GET /xingrg/all/function/internal_message.html?_=1580183808094&CODE_STATE=getMsg HTTP/1.1" 200 27
114.93.75.19 - - [28/Jan/2020:11:56:49 +0800] "GET /xingrg/check_reg.html?_=1580183802212 HTTP/1.1" 302 -
116.238.181.252 - - [28/Jan/2020:11:57:07 +0800] "GET /xingrg/all/function/internal_message.html?_=1580183822247&CODE_STATE=getMsg HTTP/1.1" 200 27
117.131.5.26 - - [28/Jan/2020:11:57:16 +0800] "GET /xingrg/all/function/internal_message.html?_=1580183864671&CODE_STATE=getMsg HTTP/1.1" 200 27
222.69.24.136 - - [28/Jan/2020:11:57:28 +0800] "GET /xingrg/all/function/internal_message.html?_=1580183421150&CODE_STATE=getMsg HTTP/1.1" 200 27
114.93.75.19 - - [28/Jan/2020:11:57:47 +0800] "GET /xingrg/all/function/internal_message.html?_=1580183861479&CODE_STATE=getMsg HTTP/1.1" 302 -
124.77.241.94 - - [28/Jan/2020:11:57:48 +0800] "GET /xingrg/all/function/internal_message.html?_=1580183868392&CODE_STATE=getMsg HTTP/1.1" 200 27
180.157.252.250 - - [28/Jan/2020:11:58:03 +0800] "GET /xingrg/check_reg.html?_=1580183875841 HTTP/1.1" 200 22
116.238.181.252 - - [28/Jan/2020:11:58:07 +0800] "GET /xingrg/all/function/internal_message.html?_=1580183882255&CODE_STATE=getMsg HTTP/1.1" 200 27
222.69.24.136 - - [28/Jan/2020:11:58:28 +0800] "GET /xingrg/check_reg.html?_=1580183481150 HTTP/1.1" 200 22
222.69.24.136 - - [28/Jan/2020:11:58:28 +0800] "GET /xingrg/all/function/internal_message.html?_=1580183481152&CODE_STATE=getMsg HTTP/1.1" 200 27
114.93.75.19 - - [28/Jan/2020:11:58:47 +0800] "GET /xingrg/all/function/internal_message.html?_=1580183921482&CODE_STATE=getMsg HTTP/1.1" 302 -
124.77.241.94 - - [28/Jan/2020:11:58:48 +0800] "GET /xingrg/all/function/internal_message.html?_=1580183928402&CODE_STATE=getMsg HTTP/1.1" 200 27
116.238.181.252 - - [28/Jan/2020:11:59:07 +0800] "GET /xingrg/check_reg.html?_=1580183942255 HTTP/1.1" 200 22
116.238.181.252 - - [28/Jan/2020:11:59:07 +0800] "GET /xingrg/all/function/internal_message.html?_=1580183942259&CODE_STATE=getMsg HTTP/1.1" 200 27
222.69.24.136 - - [28/Jan/2020:11:59:28 +0800] "GET /xingrg/all/function/internal_message.html?_=1580183541136&CODE_STATE=getMsg HTTP/1.1" 200 27
222.69.24.136 - - [28/Jan/2020:11:59:41 +0800] "GET /xingrg/javascript/jquery_easy_ui/themes/default/images/tabs_close.gif HTTP/1.1" 200 829
222.69.24.136 - - [28/Jan/2020:11:59:41 +0800] "GET /xingrg/css/base.css HTTP/1.1" 200 2811
222.69.24.136 - - [28/Jan/2020:11:59:41 +0800] "GET /xingrg/kc/base/wldb_order_list.html HTTP/1.1" 200 19288
222.69.24.136 - - [28/Jan/2020:11:59:41 +0800] "GET /xingrg/css/site.css HTTP/1.1" 200 7541
222.69.24.136 - - [28/Jan/2020:11:59:41 +0800] "GET /xingrg/javascript/jquery_tools/datebox.css HTTP/1.1" 200 2597
222.69.24.136 - - [28/Jan/2020:11:59:41 +0800] "GET /xingrg/javascript/jquery_tools/jquery.tools.hotkey.js HTTP/1.1" 200 3242
222.69.24.136 - - [28/Jan/2020:11:59:41 +0800] "GET /xingrg/javascript/auto/jquery.autocomplete.css HTTP/1.1" 200 587
222.69.24.136 - - [28/Jan/2020:11:59:41 +0800] "GET /xingrg/javascript/jquery_tools/table.css HTTP/1.1" 200 1032
222.69.24.136 - - [28/Jan/2020:11:59:41 +0800] "GET /xingrg/javascript/jquery_tools/jquery.tools.min.js HTTP/1.1" 200 138801
222.69.24.136 - - [28/Jan/2020:11:59:41 +0800] "GET /xingrg/javascript/jquery_tools/fix.css HTTP/1.1" 200 1702
222.69.24.136 - - [28/Jan/2020:11:59:41 +0800] "GET /xingrg/javascript/jquery_tools/list_manager.js HTTP/1.1" 200 3652
222.69.24.136 - - [28/Jan/2020:11:59:41 +0800] "GET /xingrg/javascript/easyui/easyloader.js HTTP/1.1" 200 5975
222.69.24.136 - - [28/Jan/2020:11:59:41 +0800] "GET /xingrg/javascript/jquery_tools/jquery.tools.table.js HTTP/1.1" 200 6994
222.69.24.136 - - [28/Jan/2020:11:59:41 +0800] "GET /xingrg/javascript/jquery.cookie.js HTTP/1.1" 200 5513
222.69.24.136 - - [28/Jan/2020:11:59:41 +0800] "GET /xingrg/javascript/print/LodopFuncs.js HTTP/1.1" 200 5121
222.69.24.136 - - [28/Jan/2020:11:59:41 +0800] "GET /xingrg/javascript/easyui/themes/icon.css HTTP/1.1" 200 4483
222.69.24.136 - - [28/Jan/2020:11:59:41 +0800] "GET /xingrg/javascript/jquery_tools/jquery.tools.extend.js HTTP/1.1" 200 15385
222.69.24.136 - - [28/Jan/2020:11:59:41 +0800] "GET /xingrg/javascript/easyui/themes/default/easyui.css HTTP/1.1" 200 30432
222.69.24.136 - - [28/Jan/2020:11:59:41 +0800] "GET /xingrg/javascript/auto/jquery.autocomplete.js HTTP/1.1" 200 21624
222.69.24.136 - - [28/Jan/2020:11:59:42 +0800] "GET /xingrg/javascript/easyui/themes/icons/cance_new.png HTTP/1.1" 200 3986
222.69.24.136 - - [28/Jan/2020:11:59:42 +0800] "GET /xingrg/javascript/easyui/themes/icons/edit_add_new.png HTTP/1.1" 200 2997
222.69.24.136 - - [28/Jan/2020:11:59:42 +0800] "GET /xingrg/javascript/easyui/themes/icons/check_new.png HTTP/1.1" 200 3224
222.69.24.136 - - [28/Jan/2020:11:59:42 +0800] "GET /xingrg/javascript/easyui/themes/icons/field_new.png HTTP/1.1" 200 1097
222.69.24.136 - - [28/Jan/2020:11:59:42 +0800] "GET /xingrg/javascript/easyui/themes/icons/import_new.png HTTP/1.1" 200 1247
222.69.24.136 - - [28/Jan/2020:11:59:42 +0800] "GET /xingrg/javascript/easyui/plugins/jquery.parser.js HTTP/1.1" 200 1142
222.69.24.136 - - [28/Jan/2020:11:59:42 +0800] "GET /xingrg/images/control/ajaxLoader.gif HTTP/1.1" 200 4659
222.69.24.136 - - [28/Jan/2020:11:59:42 +0800] "POST /xingrg/kc/base/wldb_list_operate.html HTTP/1.1" 200 928
222.69.24.136 - - [28/Jan/2020:11:59:47 +0800] "POST /xingrg/kc/base/wldb_list_operate.html HTTP/1.1" 200 6254
114.93.75.19 - - [28/Jan/2020:11:59:47 +0800] "GET /xingrg/all/function/internal_message.html?_=1580183981468&CODE_STATE=getMsg HTTP/1.1" 302 -
222.69.24.136 - - [28/Jan/2020:11:59:48 +0800] "POST /xingrg/kc/base/wldb_list_operate.html HTTP/1.1" 200 6254
58.40.7.146 - - [28/Jan/2020:11:59:48 +0800] "GET /xingrg/check_reg.html?_=1580183982055 HTTP/1.1" 200 22
124.77.241.94 - - [28/Jan/2020:11:59:48 +0800] "GET /xingrg/all/function/internal_message.html?_=1580183988684&CODE_STATE=getMsg HTTP/1.1" 200 27
116.238.181.252 - - [28/Jan/2020:12:00:07 +0800] "GET /xingrg/all/function/internal_message.html?_=1580184002254&CODE_STATE=getMsg HTTP/1.1" 200 27
222.69.24.136 - - [28/Jan/2020:12:00:19 +0800] "GET /xingrg/javascript/easyui/themes/default/images/button_plain_hover.png HTTP/1.1" 200 144
222.69.24.136 - - [28/Jan/2020:12:00:28 +0800] "GET /xingrg/all/function/internal_message.html?_=1580183601158&CODE_STATE=getMsg HTTP/1.1" 200 27
124.77.241.94 - - [28/Jan/2020:12:00:43 +0800] "GET /xingrg/check_reg.html?_=1580184043594 HTTP/1.1" 200 22
114.93.75.19 - - [28/Jan/2020:12:00:47 +0800] "GET /xingrg/all/function/internal_message.html?_=1580184041470&CODE_STATE=getMsg HTTP/1.1" 302 -
114.93.75.19 - - [28/Jan/2020:12:00:47 +0800] "GET /xingrg/check_reg.html?_=1580184041471 HTTP/1.1" 302 -
124.77.241.94 - - [28/Jan/2020:12:00:48 +0800] "GET /xingrg/all/function/internal_message.html?_=1580184048695&CODE_STATE=getMsg HTTP/1.1" 200 27
116.238.181.252 - - [28/Jan/2020:12:01:07 +0800] "GET /xingrg/all/function/internal_message.html?_=1580184062261&CODE_STATE=getMsg HTTP/1.1" 200 27
222.69.24.136 - - [28/Jan/2020:12:01:28 +0800] "GET /xingrg/all/function/internal_message.html?_=1580183661166&CODE_STATE=getMsg HTTP/1.1" 200 27
114.93.75.19 - - [28/Jan/2020:12:01:47 +0800] "GET /xingrg/all/function/internal_message.html?_=1580184101473&CODE_STATE=getMsg HTTP/1.1" 302 -
124.77.241.94 - - [28/Jan/2020:12:01:48 +0800] "GET /xingrg/all/function/internal_message.html?_=1580184108710&CODE_STATE=getMsg HTTP/1.1" 200 27
114.93.75.19 - - [28/Jan/2020:12:01:49 +0800] "GET /xingrg/check_reg.html?_=1580184102193 HTTP/1.1" 302 -
116.238.181.252 - - [28/Jan/2020:12:02:07 +0800] "GET /xingrg/all/function/internal_message.html?_=1580184122265&CODE_STATE=getMsg HTTP/1.1" 200 27
222.69.24.136 - - [28/Jan/2020:12:02:28 +0800] "GET /xingrg/all/function/internal_message.html?_=1580183721155&CODE_STATE=getMsg HTTP/1.1" 200 27
114.93.75.19 - - [28/Jan/2020:12:02:47 +0800] "GET /xingrg/all/function/internal_message.html?_=1580184161475&CODE_STATE=getMsg HTTP/1.1" 302 -
124.77.241.94 - - [28/Jan/2020:12:02:49 +0800] "GET /xingrg/all/function/internal_message.html?_=1580184169005&CODE_STATE=getMsg HTTP/1.1" 200 27
180.157.252.250 - - [28/Jan/2020:12:03:03 +0800] "GET /xingrg/check_reg.html?_=1580184175816 HTTP/1.1" 200 22
116.238.181.252 - - [28/Jan/2020:12:03:07 +0800] "GET /xingrg/all/function/internal_message.html?_=1580184182266&CODE_STATE=getMsg HTTP/1.1" 200 27
222.69.24.136 - - [28/Jan/2020:12:03:28 +0800] "GET /xingrg/all/function/internal_message.html?_=1580183781153&CODE_STATE=getMsg HTTP/1.1" 200 27
222.69.24.136 - - [28/Jan/2020:12:03:28 +0800] "GET /xingrg/check_reg.html?_=1580183781155 HTTP/1.1" 200 22
114.93.75.19 - - [28/Jan/2020:12:03:47 +0800] "GET /xingrg/all/function/internal_message.html?_=1580184221477&CODE_STATE=getMsg HTTP/1.1" 302 -
124.77.241.94 - - [28/Jan/2020:12:03:49 +0800] "GET /xingrg/all/function/internal_message.html?_=1580184229016&CODE_STATE=getMsg HTTP/1.1" 200 27
116.238.181.252 - - [28/Jan/2020:12:04:07 +0800] "GET /xingrg/all/function/internal_message.html?_=1580184242275&CODE_STATE=getMsg HTTP/1.1" 200 27
116.238.181.252 - - [28/Jan/2020:12:04:07 +0800] "GET /xingrg/check_reg.html?_=1580184242279 HTTP/1.1" 200 22
222.69.24.136 - - [28/Jan/2020:12:04:28 +0800] "GET /xingrg/all/function/internal_message.html?_=1580183841163&CODE_STATE=getMsg HTTP/1.1" 200 27
114.93.75.19 - - [28/Jan/2020:12:04:47 +0800] "GET /xingrg/all/function/internal_message.html?_=1580184281480&CODE_STATE=getMsg HTTP/1.1" 302 -
58.40.7.146 - - [28/Jan/2020:12:04:48 +0800] "GET /xingrg/check_reg.html?_=1580184282029 HTTP/1.1" 200 22
124.77.241.94 - - [28/Jan/2020:12:04:49 +0800] "GET /xingrg/all/function/internal_message.html?_=1580184289321&CODE_STATE=getMsg HTTP/1.1" 200 27
116.238.181.252 - - [28/Jan/2020:12:05:07 +0800] "GET /xingrg/all/function/internal_message.html?_=1580184302284&CODE_STATE=getMsg HTTP/1.1" 200 27
222.69.24.136 - - [28/Jan/2020:12:05:28 +0800] "GET /xingrg/all/function/internal_message.html?_=1580183901162&CODE_STATE=getMsg HTTP/1.1" 200 27
116.233.72.217 - - [28/Jan/2020:12:05:41 +0800] "GET /xingrg/login.html HTTP/1.1" 200 7639
116.233.72.217 - - [28/Jan/2020:12:05:42 +0800] "GET /favicon.ico HTTP/1.1" 404 -
124.77.241.94 - - [28/Jan/2020:12:05:43 +0800] "GET /xingrg/check_reg.html?_=1580184343598 HTTP/1.1" 200 22
114.93.75.19 - - [28/Jan/2020:12:05:47 +0800] "GET /xingrg/check_reg.html?_=1580184341481 HTTP/1.1" 302 -
114.93.75.19 - - [28/Jan/2020:12:05:47 +0800] "GET /xingrg/all/function/internal_message.html?_=1580184341483&CODE_STATE=getMsg HTTP/1.1" 302 -
116.233.72.217 - - [28/Jan/2020:12:05:47 +0800] "POST /xingrg/login.do HTTP/1.1" 302 -
116.233.72.217 - - [28/Jan/2020:12:05:48 +0800] "POST /xingrg/login.do HTTP/1.1" 302 -
116.233.72.217 - - [28/Jan/2020:12:05:48 +0800] "GET /xingrg/index.html?sysBaseUrl=http%3A%2F%2F117.131.15.22%3A18081%2Fxingrg%2F&costTime=45×tamp=1580184348015 HTTP/1.1" 200 17151
116.233.72.217 - - [28/Jan/2020:12:05:48 +0800] "POST /xingrg/all/common/load_tree.html?tree=area_rest_tree_json&manage=1 HTTP/1.1" 200 342
116.233.72.217 - - [28/Jan/2020:12:05:48 +0800] "GET /xingrg/all/function/internal_message.html?_=1580184346190&CODE_STATE=count HTTP/1.1" 200 11
116.233.72.217 - - [28/Jan/2020:12:05:48 +0800] "GET /xingrg/check_reg.html?_=1580184346191 HTTP/1.1" 200 22
116.233.72.217 - - [28/Jan/2020:12:05:48 +0800] "POST /xingrg/load_menu.html HTTP/1.1" 200 5124
116.233.72.217 - - [28/Jan/2020:12:05:48 +0800] "GET /xingrg/index.html?sysBaseUrl=http%3A%2F%2F117.131.15.22%3A18081%2Fxingrg%2F&costTime=47×tamp=1580184347893 HTTP/1.1" 200 17151
124.77.241.94 - - [28/Jan/2020:12:05:49 +0800] "GET /xingrg/all/function/internal_message.html?_=1580184349323&CODE_STATE=getMsg HTTP/1.1" 200 27
116.233.72.217 - - [28/Jan/2020:12:05:49 +0800] "GET /xingrg/css/new_ie.css HTTP/1.1" 404 1036
116.233.72.217 - - [28/Jan/2020:12:05:49 +0800] "GET /xingrg/kc/buy/buy_main.html HTTP/1.1" 200 12398
116.233.72.217 - - [28/Jan/2020:12:05:51 +0800] "GET /xingrg/kc/buy/cgsh_order_list.html HTTP/1.1" 200 42027
116.233.72.217 - - [28/Jan/2020:12:05:51 +0800] "POST /xingrg/kc/buy/cgsh_list_operate.html HTTP/1.1" 200 876
116.233.72.217 - - [28/Jan/2020:12:05:53 +0800] "GET /xingrg/words/20200123085936_words.js HTTP/1.1" 304 -
116.233.72.217 - - [28/Jan/2020:12:05:53 +0800] "GET /xingrg/kc/buy/cgsh_order_add.html HTTP/1.1" 200 57629
116.233.72.217 - - [28/Jan/2020:12:05:53 +0800] "POST /xingrg/kc/buy/cgsh_order_operate.html HTTP/1.1" 200 8245
116.233.72.217 - - [28/Jan/2020:12:05:53 +0800] "GET /xingrg/all/common/auto_word.html?type=employee&rest_code=00109 HTTP/1.1" 200 255
116.233.72.217 - - [28/Jan/2020:12:05:53 +0800] "GET /xingrg/javascript/easyui/themes/default/validatebox.css HTTP/1.1" 404 1104
116.233.72.217 - - [28/Jan/2020:12:05:53 +0800] "GET /xingrg/all/common/auto_word.html?type=employee&rest_code=00109 HTTP/1.1" 200 255
101.81.125.204 - - [28/Jan/2020:12:05:54 +0800] "POST /xingrg/login.do HTTP/1.1" 302 -
101.81.125.204 - - [28/Jan/2020:12:05:54 +0800] "GET /xingrg/index.html?sysBaseUrl=http%3A%2F%2F117.131.15.22%3A18081%2Fxingrg%2F&costTime=33×tamp=1580184354263 HTTP/1.1" 200 17151
101.81.125.204 - - [28/Jan/2020:12:05:54 +0800] "POST /xingrg/all/common/load_tree.html?tree=area_rest_tree_json&manage=1 HTTP/1.1" 200 467
101.81.125.204 - - [28/Jan/2020:12:05:54 +0800] "GET /xingrg/all/function/internal_message.html?_=1580184354521&CODE_STATE=count HTTP/1.1" 200 11
101.81.125.204 - - [28/Jan/2020:12:05:54 +0800] "GET /xingrg/check_reg.html?_=1580184354530 HTTP/1.1" 200 22
101.81.125.204 - - [28/Jan/2020:12:05:54 +0800] "POST /xingrg/load_menu.html HTTP/1.1" 200 5124
116.233.72.217 - - [28/Jan/2020:12:05:55 +0800] "GET /xingrg/javascript/auto/indicator.gif HTTP/1.1" 404 1066
101.81.125.204 - - [28/Jan/2020:12:05:56 +0800] "GET /xingrg/kc/base/base_main.html HTTP/1.1" 200 12138
101.81.125.204 - - [28/Jan/2020:12:05:58 +0800] "GET /xingrg/kc/base/wldb_order_list.html HTTP/1.1" 200 19282
116.233.72.217 - - [28/Jan/2020:12:05:59 +0800] "GET /xingrg/kc/buy/cgsh_order_operate.html?command=get_materiel&rest_code=00109&code=00101008061&supplier_code=&order_time=2020-01-28 HTTP/1.1" 200 422
101.81.125.204 - - [28/Jan/2020:12:06:00 +0800] "POST /xingrg/kc/base/wldb_list_operate.html HTTP/1.1" 200 928
101.81.125.204 - - [28/Jan/2020:12:06:00 +0800] "GET /xingrg/javascript/jquery_tools/images/next.gif HTTP/1.1" 404 1086
101.81.125.204 - - [28/Jan/2020:12:06:00 +0800] "GET /xingrg/javascript/jquery_tools/images/prev.gif HTTP/1.1" 404 1086
101.81.125.204 - - [28/Jan/2020:12:06:01 +0800] "GET /xingrg/kc/base/wldb_order_add.html HTTP/1.1" 200 30324
101.81.125.204 - - [28/Jan/2020:12:06:01 +0800] "GET /xingrg/words/20200123085936_words.js HTTP/1.1" 304 -
101.81.125.204 - - [28/Jan/2020:12:06:02 +0800] "GET /xingrg/all/common/auto_word.html?type=base&rest_code=00107 HTTP/1.1" 200 2181
101.81.125.204 - - [28/Jan/2020:12:06:02 +0800] "GET /xingrg/all/common/auto_word.html?type=base&rest_code=00107 HTTP/1.1" 200 2181
101.81.125.204 - - [28/Jan/2020:12:06:02 +0800] "POST /xingrg/kc/base/wldb_order_operate.html HTTP/1.1" 200 6806
101.81.125.204 - - [28/Jan/2020:12:06:02 +0800] "GET /xingrg/javascript/easyui/themes/default/validatebox.css HTTP/1.1" 404 1104
101.81.125.204 - - [28/Jan/2020:12:06:03 +0800] "POST /xingrg/all/common/load_combo.html?type=base HTTP/1.1" 200 3742
117.131.5.26 - - [28/Jan/2020:12:06:04 +0800] "GET /favicon.ico HTTP/1.1" 404 -
101.81.125.204 - - [28/Jan/2020:12:06:06 +0800] "POST /xingrg/all/common/load_combo.html?type=base HTTP/1.1" 200 3742
116.238.181.252 - - [28/Jan/2020:12:06:07 +0800] "GET /xingrg/all/function/internal_message.html?_=1580184362288&CODE_STATE=getMsg HTTP/1.1" 200 27
101.81.125.204 - - [28/Jan/2020:12:06:15 +0800] "GET /xingrg/javascript/auto/indicator.gif HTTP/1.1" 404 1066
101.81.125.204 - - [28/Jan/2020:12:06:17 +0800] "GET /xingrg/kc/base/wldb_order_operate.html?command=get_materiel&rest_code=00107&base_code=0010151&code=00101019222 HTTP/1.1" 200 454
101.81.125.204 - - [28/Jan/2020:12:06:28 +0800] "GET /xingrg/kc/base/wldb_order_operate.html?command=get_materiel&rest_code=00107&base_code=0010151&code=00101016094 HTTP/1.1" 200 470
222.69.24.136 - - [28/Jan/2020:12:06:28 +0800] "GET /xingrg/all/function/internal_message.html?_=1580183961158&CODE_STATE=getMsg HTTP/1.1" 200 27
116.233.72.217 - - [28/Jan/2020:12:06:47 +0800] "GET /xingrg/all/function/internal_message.html?_=1580184406187&CODE_STATE=getMsg HTTP/1.1" 200 27
114.93.75.19 - - [28/Jan/2020:12:06:47 +0800] "GET /xingrg/all/function/internal_message.html?_=1580184401467&CODE_STATE=getMsg HTTP/1.1" 302 -
101.81.125.204 - - [28/Jan/2020:12:06:48 +0800] "GET /xingrg/kc/base/wldb_order_operate.html?command=get_materiel&rest_code=00107&base_code=0010151&code=00101016007 HTTP/1.1" 200 449
124.77.241.94 - - [28/Jan/2020:12:06:49 +0800] "GET /xingrg/all/function/internal_message.html?_=1580184409337&CODE_STATE=getMsg HTTP/1.1" 200 27
114.93.75.19 - - [28/Jan/2020:12:06:49 +0800] "GET /xingrg/check_reg.html?_=1580184402192 HTTP/1.1" 302 -
101.81.125.204 - - [28/Jan/2020:12:06:54 +0800] "GET /xingrg/all/function/internal_message.html?_=1580184414538&CODE_STATE=getMsg HTTP/1.1" 200 27
116.238.181.252 - - [28/Jan/2020:12:07:07 +0800] "GET /xingrg/all/function/internal_message.html?_=1580184422294&CODE_STATE=getMsg HTTP/1.1" 200 27
101.81.125.204 - - [28/Jan/2020:12:07:09 +0800] "POST /xingrg/kc/base/wldb_order_operate.html HTTP/1.1" 200 37
101.81.125.204 - - [28/Jan/2020:12:07:09 +0800] "POST /xingrg/kc/base/wldb_order_operate.html HTTP/1.1" 200 2699
101.81.125.204 - - [28/Jan/2020:12:07:10 +0800] "GET /xingrg/kc/base/wldb_order_info.html?code=422020012803706 HTTP/1.1" 200 30339
101.81.125.204 - - [28/Jan/2020:12:07:11 +0800] "GET /xingrg/javascript/easyui/themes/default/validatebox.css HTTP/1.1" 404 1104
101.81.125.204 - - [28/Jan/2020:12:07:11 +0800] "POST /xingrg/kc/base/wldb_order_operate.html HTTP/1.1" 200 2699
101.81.125.204 - - [28/Jan/2020:12:07:14 +0800] "POST /xingrg/kc/base/wldb_order_operate.html HTTP/1.1" 200 37
101.81.125.204 - - [28/Jan/2020:12:07:15 +0800] "POST /xingrg/kc/base/wldb_order_operate.html HTTP/1.1" 200 12
101.81.125.204 - - [28/Jan/2020:12:07:15 +0800] "POST /xingrg/kc/base/wldb_order_operate.html HTTP/1.1" 200 2699
222.69.24.136 - - [28/Jan/2020:12:07:28 +0800] "GET /xingrg/all/function/internal_message.html?_=1580184021155&CODE_STATE=getMsg HTTP/1.1" 200 27
101.81.125.204 - - [28/Jan/2020:12:07:29 +0800] "GET /xingrg/kc/base/wldb_order_info.html?code=422020012803706 HTTP/1.1" 200 26203
101.81.125.204 - - [28/Jan/2020:12:07:30 +0800] "GET /xingrg/javascript/easyui/themes/default/validatebox.css HTTP/1.1" 404 1104
101.81.125.204 - - [28/Jan/2020:12:07:30 +0800] "POST /xingrg/kc/base/wldb_order_operate.html HTTP/1.1" 200 981
101.81.125.204 - - [28/Jan/2020:12:07:33 +0800] "GET /xingrg/kc/base/wldb_order_add.html HTTP/1.1" 200 30324
101.81.125.204 - - [28/Jan/2020:12:07:34 +0800] "POST /xingrg/kc/base/wldb_order_operate.html HTTP/1.1" 200 6806
101.81.125.204 - - [28/Jan/2020:12:07:34 +0800] "GET /xingrg/javascript/easyui/themes/default/validatebox.css HTTP/1.1" 404 1104
101.81.125.204 - - [28/Jan/2020:12:07:35 +0800] "POST /xingrg/all/common/load_combo.html?type=base HTTP/1.1" 200 3742
101.81.125.204 - - [28/Jan/2020:12:07:39 +0800] "POST /xingrg/all/common/load_combo.html?type=base HTTP/1.1" 200 3742
117.185.32.26 - - [28/Jan/2020:12:07:41 +0800] "POST /xingrg/services/DataTransmitService HTTP/1.1" 200 524
116.233.72.217 - - [28/Jan/2020:12:07:47 +0800] "GET /xingrg/all/function/internal_message.html?_=1580184466203&CODE_STATE=getMsg HTTP/1.1" 200 27
114.93.75.19 - - [28/Jan/2020:12:07:47 +0800] "GET /xingrg/all/function/internal_message.html?_=1580184461469&CODE_STATE=getMsg HTTP/1.1" 302 -
124.77.241.94 - - [28/Jan/2020:12:07:49 +0800] "GET /xingrg/all/function/internal_message.html?_=1580184469644&CODE_STATE=getMsg HTTP/1.1" 200 27
101.81.125.204 - - [28/Jan/2020:12:07:55 +0800] "GET /xingrg/all/function/internal_message.html?_=1580184474675&CODE_STATE=getMsg HTTP/1.1" 200 27
101.81.125.204 - - [28/Jan/2020:12:07:57 +0800] "GET /xingrg/kc/base/wldb_order_operate.html?command=get_materiel&rest_code=00107&base_code=0010151&code=00101019398 HTTP/1.1" 200 471
180.157.252.250 - - [28/Jan/2020:12:08:03 +0800] "GET /xingrg/check_reg.html?_=1580184475829 HTTP/1.1" 200 22
101.81.125.204 - - [28/Jan/2020:12:08:05 +0800] "GET /xingrg/kc/base/wldb_order_operate.html?command=get_materiel&rest_code=00107&base_code=0010151&code=00101019204 HTTP/1.1" 200 438
116.238.181.252 - - [28/Jan/2020:12:08:07 +0800] "GET /xingrg/all/function/internal_message.html?_=1580184482294&CODE_STATE=getMsg HTTP/1.1" 200 27
116.233.72.217 - - [28/Jan/2020:12:08:12 +0800] "GET /xingrg/kc/buy/cgsh_order_operate.html?command=get_materiel&rest_code=00109&code=00101003025&supplier_code=&order_time=2020-01-28 HTTP/1.1" 200 409
101.81.125.204 - - [28/Jan/2020:12:08:13 +0800] "GET /xingrg/kc/base/wldb_order_operate.html?command=get_materiel&rest_code=00107&base_code=0010151&code=00101019359 HTTP/1.1" 200 447
222.69.24.136 - - [28/Jan/2020:12:08:28 +0800] "GET /xingrg/all/function/internal_message.html?_=1580184081155&CODE_STATE=getMsg HTTP/1.1" 200 27
222.69.24.136 - - [28/Jan/2020:12:08:28 +0800] "GET /xingrg/check_reg.html?_=1580184081155 HTTP/1.1" 200 22
101.81.125.204 - - [28/Jan/2020:12:08:30 +0800] "GET /xingrg/kc/base/wldb_order_operate.html?command=get_materiel&rest_code=00107&base_code=0010151&code=00101013011 HTTP/1.1" 200 452
116.233.72.217 - - [28/Jan/2020:12:08:35 +0800] "GET /xingrg/kc/buy/cgsh_order_operate.html?command=get_materiel&rest_code=00109&code=00101003020&supplier_code=&order_time=2020-01-28 HTTP/1.1" 200 414
116.233.72.217 - - [28/Jan/2020:12:08:46 +0800] "GET /xingrg/all/function/internal_message.html?_=1580184526192&CODE_STATE=getMsg HTTP/1.1" 200 27
114.93.75.19 - - [28/Jan/2020:12:08:47 +0800] "GET /xingrg/all/function/internal_message.html?_=1580184521471&CODE_STATE=getMsg HTTP/1.1" 302 -
124.77.241.94 - - [28/Jan/2020:12:08:49 +0800] "GET /xingrg/all/function/internal_message.html?_=1580184529646&CODE_STATE=getMsg HTTP/1.1" 200 27
101.81.125.204 - - [28/Jan/2020:12:08:54 +0800] "GET /xingrg/all/function/internal_message.html?_=1580184534649&CODE_STATE=getMsg HTTP/1.1" 200 27
101.81.125.204 - - [28/Jan/2020:12:08:58 +0800] "POST /xingrg/kc/base/wldb_order_operate.html HTTP/1.1" 200 37
101.81.125.204 - - [28/Jan/2020:12:08:59 +0800] "POST /xingrg/kc/base/wldb_order_operate.html HTTP/1.1" 200 12
101.81.125.204 - - [28/Jan/2020:12:08:59 +0800] "POST /xingrg/kc/base/wldb_order_operate.html HTTP/1.1" 200 3681
101.81.125.204 - - [28/Jan/2020:12:09:01 +0800] "GET /xingrg/kc/base/wldb_order_info.html?code=422020012803707 HTTP/1.1" 200 26203
101.81.125.204 - - [28/Jan/2020:12:09:01 +0800] "GET /xingrg/javascript/easyui/themes/default/validatebox.css HTTP/1.1" 404 1104
101.81.125.204 - - [28/Jan/2020:12:09:01 +0800] "POST /xingrg/kc/base/wldb_order_operate.html HTTP/1.1" 200 1939
116.238.181.252 - - [28/Jan/2020:12:09:07 +0800] "GET /xingrg/check_reg.html?_=1580184542301 HTTP/1.1" 200 22
116.238.181.252 - - [28/Jan/2020:12:09:07 +0800] "GET /xingrg/all/function/internal_message.html?_=1580184542306&CODE_STATE=getMsg HTTP/1.1" 200 27
222.69.24.136 - - [28/Jan/2020:12:09:28 +0800] "GET /xingrg/all/function/internal_message.html?_=1580184141165&CODE_STATE=getMsg HTTP/1.1" 200 27
222.69.24.136 - - [28/Jan/2020:12:09:38 +0800] "GET /xingrg/javascript/jquery_easy_ui/themes/default/images/tabs_active.png HTTP/1.1" 200 2894
117.185.32.26 - - [28/Jan/2020:12:09:40 +0800] "POST /xingrg/services/DataTransmitService HTTP/1.1" 200 524
222.69.24.136 - - [28/Jan/2020:12:09:41 +0800] "GET /xingrg/kc/buy/cgsh_order_list.html HTTP/1.1" 200 42033
222.69.24.136 - - [28/Jan/2020:12:09:41 +0800] "POST /xingrg/kc/buy/cgsh_list_operate.html HTTP/1.1" 200 876
116.233.72.217 - - [28/Jan/2020:12:09:44 +0800] "GET /xingrg/all/function/internal_message.html?_=1580184586189&CODE_STATE=getMsg HTTP/1.1" 200 27
114.93.75.19 - - [28/Jan/2020:12:09:47 +0800] "GET /xingrg/all/function/internal_message.html?_=1580184581474&CODE_STATE=getMsg HTTP/1.1" 302 -
58.40.7.146 - - [28/Jan/2020:12:09:48 +0800] "GET /xingrg/check_reg.html?_=1580184582001 HTTP/1.1" 200 22
124.77.241.94 - - [28/Jan/2020:12:09:49 +0800] "GET /xingrg/all/function/internal_message.html?_=1580184589923&CODE_STATE=getMsg HTTP/1.1" 200 27
101.81.125.204 - - [28/Jan/2020:12:09:54 +0800] "GET /xingrg/all/function/internal_message.html?_=1580184594628&CODE_STATE=getMsg HTTP/1.1" 200 27
116.238.181.252 - - [28/Jan/2020:12:10:07 +0800] "GET /xingrg/all/function/internal_message.html?_=1580184602308&CODE_STATE=getMsg HTTP/1.1" 200 27
116.233.72.217 - - [28/Jan/2020:12:10:10 +0800] "GET /xingrg/kc/buy/cgsh_order_operate.html?command=get_materiel&rest_code=00109&code=00101008034&supplier_code=&order_time=2020-01-28 HTTP/1.1" 200 408
222.69.24.136 - - [28/Jan/2020:12:10:28 +0800] "GET /xingrg/all/function/internal_message.html?_=1580184201176&CODE_STATE=getMsg HTTP/1.1" 200 27
124.77.241.94 - - [28/Jan/2020:12:10:43 +0800] "GET /xingrg/check_reg.html?_=1580184643606 HTTP/1.1" 200 22
116.233.72.217 - - [28/Jan/2020:12:10:43 +0800] "GET /xingrg/all/function/internal_message.html?_=1580184646203&CODE_STATE=getMsg HTTP/1.1" 200 27
116.233.72.217 - - [28/Jan/2020:12:10:43 +0800] "GET /xingrg/check_reg.html?_=1580184646203 HTTP/1.1" 200 22
114.93.75.19 - - [28/Jan/2020:12:10:47 +0800] "GET /xingrg/all/function/internal_message.html?_=1580184641475&CODE_STATE=getMsg HTTP/1.1" 302 -
114.93.75.19 - - [28/Jan/2020:12:10:47 +0800] "GET /xingrg/check_reg.html?_=1580184641476 HTTP/1.1" 302 -
124.77.241.94 - - [28/Jan/2020:12:10:49 +0800] "GET /xingrg/all/function/internal_message.html?_=1580184649938&CODE_STATE=getMsg HTTP/1.1" 200 27
101.81.125.204 - - [28/Jan/2020:12:10:54 +0800] "GET /xingrg/check_reg.html?_=1580184654549 HTTP/1.1" 200 22
101.81.125.204 - - [28/Jan/2020:12:10:54 +0800] "GET /xingrg/all/function/internal_message.html?_=1580184654600&CODE_STATE=getMsg HTTP/1.1" 200 27
116.238.181.252 - - [28/Jan/2020:12:11:07 +0800] "GET /xingrg/all/function/internal_message.html?_=1580184662310&CODE_STATE=getMsg HTTP/1.1" 200 27
101.81.125.204 - - [28/Jan/2020:12:11:15 +0800] "GET /xingrg/kc/base/wldb_order_add.html HTTP/1.1" 200 30324
101.81.125.204 - - [28/Jan/2020:12:11:15 +0800] "POST /xingrg/kc/base/wldb_order_operate.html HTTP/1.1" 200 6806
101.81.125.204 - - [28/Jan/2020:12:11:15 +0800] "GET /xingrg/javascript/easyui/themes/default/validatebox.css HTTP/1.1" 404 1104
101.81.125.204 - - [28/Jan/2020:12:11:16 +0800] "POST /xingrg/all/common/load_combo.html?type=base HTTP/1.1" 200 3742
101.81.125.204 - - [28/Jan/2020:12:11:18 +0800] "POST /xingrg/all/common/load_combo.html?type=base HTTP/1.1" 200 3742
222.69.24.136 - - [28/Jan/2020:12:11:28 +0800] "GET /xingrg/all/function/internal_message.html?_=1580184261163&CODE_STATE=getMsg HTTP/1.1" 200 27
101.81.125.204 - - [28/Jan/2020:12:11:37 +0800] "GET /xingrg/kc/base/wldb_order_operate.html?command=get_materiel&rest_code=00107&base_code=0010151&code=00102002448 HTTP/1.1" 200 425
116.233.72.217 - - [28/Jan/2020:12:11:43 +0800] "GET /xingrg/all/function/internal_message.html?_=1580184706187&CODE_STATE=getMsg HTTP/1.1" 200 27
114.93.75.19 - - [28/Jan/2020:12:11:47 +0800] "GET /xingrg/all/function/internal_message.html?_=1580184701477&CODE_STATE=getMsg HTTP/1.1" 302 -
101.81.125.204 - - [28/Jan/2020:12:11:48 +0800] "GET /xingrg/kc/base/wldb_order_operate.html?command=get_materiel&rest_code=00107&base_code=0010152&code=00102002448 HTTP/1.1" 200 426
114.93.75.19 - - [28/Jan/2020:12:11:49 +0800] "GET /xingrg/check_reg.html?_=1580184702166 HTTP/1.1" 302 -
124.77.241.94 - - [28/Jan/2020:12:11:50 +0800] "GET /xingrg/all/function/internal_message.html?_=1580184709952&CODE_STATE=getMsg HTTP/1.1" 200 27
101.81.125.204 - - [28/Jan/2020:12:11:55 +0800] "POST /xingrg/kc/base/wldb_order_operate.html HTTP/1.1" 200 37
101.81.125.204 - - [28/Jan/2020:12:11:56 +0800] "POST /xingrg/kc/base/wldb_order_operate.html HTTP/1.1" 200 12
101.81.125.204 - - [28/Jan/2020:12:11:56 +0800] "POST /xingrg/kc/base/wldb_order_operate.html HTTP/1.1" 200 2189
101.81.125.204 - - [28/Jan/2020:12:11:57 +0800] "GET /xingrg/kc/base/wldb_order_info.html?code=422020012803708 HTTP/1.1" 200 26202
101.81.125.204 - - [28/Jan/2020:12:11:58 +0800] "GET /xingrg/javascript/easyui/themes/default/validatebox.css HTTP/1.1" 404 1104
101.81.125.204 - - [28/Jan/2020:12:11:58 +0800] "POST /xingrg/kc/base/wldb_order_operate.html HTTP/1.1" 200 483
116.238.181.252 - - [28/Jan/2020:12:12:07 +0800] "GET /xingrg/all/function/internal_message.html?_=1580184722311&CODE_STATE=getMsg HTTP/1.1" 200 27
222.69.24.136 - - [28/Jan/2020:12:12:28 +0800] "GET /xingrg/all/function/internal_message.html?_=1580184321162&CODE_STATE=getMsg HTTP/1.1" 200 27
116.233.72.217 - - [28/Jan/2020:12:12:43 +0800] "GET /xingrg/all/function/internal_message.html?_=1580184766185&CODE_STATE=getMsg HTTP/1.1" 200 27
114.93.75.19 - - [28/Jan/2020:12:12:47 +0800] "GET /xingrg/all/function/internal_message.html?_=1580184761480&CODE_STATE=getMsg HTTP/1.1" 302 -
124.77.241.94 - - [28/Jan/2020:12:12:50 +0800] "GET /xingrg/all/function/internal_message.html?_=1580184770246&CODE_STATE=getMsg HTTP/1.1" 200 27
101.81.125.204 - - [28/Jan/2020:12:12:54 +0800] "GET /xingrg/all/function/internal_message.html?_=1580184774612&CODE_STATE=getMsg HTTP/1.1" 200 27
180.157.252.250 - - [28/Jan/2020:12:13:03 +0800] "GET /xingrg/check_reg.html?_=1580184775802 HTTP/1.1" 200 22
116.238.181.252 - - [28/Jan/2020:12:13:07 +0800] "GET /xingrg/all/function/internal_message.html?_=1580184782312&CODE_STATE=getMsg HTTP/1.1" 200 27
222.69.24.136 - - [28/Jan/2020:12:13:28 +0800] "GET /xingrg/all/function/internal_message.html?_=1580184381178&CODE_STATE=getMsg HTTP/1.1" 200 27
222.69.24.136 - - [28/Jan/2020:12:13:28 +0800] "GET /xingrg/check_reg.html?_=1580184381180 HTTP/1.1" 200 22
116.233.72.217 - - [28/Jan/2020:12:13:43 +0800] "GET /xingrg/all/function/internal_message.html?_=1580184826187&CODE_STATE=getMsg HTTP/1.1" 200 27
114.93.75.19 - - [28/Jan/2020:12:13:47 +0800] "GET /xingrg/all/function/internal_message.html?_=1580184821482&CODE_STATE=getMsg HTTP/1.1" 302 -
124.77.241.94 - - [28/Jan/2020:12:13:50 +0800] "GET /xingrg/all/function/internal_message.html?_=1580184830260&CODE_STATE=getMsg HTTP/1.1" 200 27
101.81.125.204 - - [28/Jan/2020:12:13:54 +0800] "GET /xingrg/all/function/internal_message.html?_=1580184834581&CODE_STATE=getMsg HTTP/1.1" 200 27
116.238.181.252 - - [28/Jan/2020:12:14:07 +0800] "GET /xingrg/all/function/internal_message.html?_=1580184842321&CODE_STATE=getMsg HTTP/1.1" 200 27
116.238.181.252 - - [28/Jan/2020:12:14:07 +0800] "GET /xingrg/check_reg.html?_=1580184842326 HTTP/1.1" 200 22
222.69.24.136 - - [28/Jan/2020:12:14:28 +0800] "GET /xingrg/all/function/internal_message.html?_=1580184441164&CODE_STATE=getMsg HTTP/1.1" 200 27
116.233.72.217 - - [28/Jan/2020:12:14:43 +0800] "GET /xingrg/all/function/internal_message.html?_=1580184886187&CODE_STATE=getMsg HTTP/1.1" 200 27
114.93.75.19 - - [28/Jan/2020:12:14:47 +0800] "GET /xingrg/all/function/internal_message.html?_=1580184881470&CODE_STATE=getMsg HTTP/1.1" 302 -
58.40.7.146 - - [28/Jan/2020:12:14:48 +0800] "GET /xingrg/check_reg.html?_=1580184881980 HTTP/1.1" 200 22
124.77.241.94 - - [28/Jan/2020:12:14:50 +0800] "GET /xingrg/all/function/internal_message.html?_=1580184890555&CODE_STATE=getMsg HTTP/1.1" 200 27
101.81.125.204 - - [28/Jan/2020:12:14:54 +0800] "GET /xingrg/all/function/internal_message.html?_=1580184894568&CODE_STATE=getMsg HTTP/1.1" 200 27
116.238.181.252 - - [28/Jan/2020:12:15:07 +0800] "GET /xingrg/all/function/internal_message.html?_=1580184902331&CODE_STATE=getMsg HTTP/1.1" 200 27
222.69.24.136 - - [28/Jan/2020:12:15:28 +0800] "GET /xingrg/all/function/internal_message.html?_=1580184501162&CODE_STATE=getMsg HTTP/1.1" 200 27
116.233.72.217 - - [28/Jan/2020:12:15:43 +0800] "GET /xingrg/check_reg.html?_=1580184946185 HTTP/1.1" 200 22
116.233.72.217 - - [28/Jan/2020:12:15:43 +0800] "GET /xingrg/all/function/internal_message.html?_=1580184946185&CODE_STATE=getMsg HTTP/1.1" 200 27
124.77.241.94 - - [28/Jan/2020:12:15:43 +0800] "GET /xingrg/check_reg.html?_=1580184943610 HTTP/1.1" 200 22
114.93.75.19 - - [28/Jan/2020:12:15:47 +0800] "GET /xingrg/all/function/internal_message.html?_=1580184941471&CODE_STATE=getMsg HTTP/1.1" 302 -
114.93.75.19 - - [28/Jan/2020:12:15:47 +0800] "GET /xingrg/check_reg.html?_=1580184941473 HTTP/1.1" 302 -
124.77.241.94 - - [28/Jan/2020:12:15:50 +0800] "GET /xingrg/all/function/internal_message.html?_=1580184950567&CODE_STATE=getMsg HTTP/1.1" 200 27
101.81.125.204 - - [28/Jan/2020:12:15:54 +0800] "GET /xingrg/all/function/internal_message.html?_=1580184954556&CODE_STATE=getMsg HTTP/1.1" 200 27
101.81.125.204 - - [28/Jan/2020:12:15:54 +0800] "GET /xingrg/check_reg.html?_=1580184954553 HTTP/1.1" 200 22
222.69.24.136 - - [28/Jan/2020:12:16:00 +0800] "GET /xingrg/javascript/pic_change.js HTTP/1.1" 200 4739
222.69.24.136 - - [28/Jan/2020:12:16:00 +0800] "GET /xingrg/javascript/convert.js HTTP/1.1" 200 1239
222.69.24.136 - - [28/Jan/2020:12:16:00 +0800] "GET /xingrg/kc/buy/cgsh_order_add.html HTTP/1.1" 200 56874
222.69.24.136 - - [28/Jan/2020:12:16:00 +0800] "GET /xingrg/javascript/jquery_tools/order_manager.js HTTP/1.1" 200 11183
222.69.24.136 - - [28/Jan/2020:12:16:00 +0800] "GET /xingrg/javascript/print/kc_print.js HTTP/1.1" 200 11415
222.69.24.136 - - [28/Jan/2020:12:16:00 +0800] "GET /xingrg/javascript/json2.js HTTP/1.1" 200 11259
222.69.24.136 - - [28/Jan/2020:12:16:00 +0800] "GET /xingrg/words/20200123085936_words.js HTTP/1.1" 200 715194
222.69.24.136 - - [28/Jan/2020:12:16:01 +0800] "GET /xingrg/javascript/easyui/themes/icons/copy_new.png HTTP/1.1" 200 815
222.69.24.136 - - [28/Jan/2020:12:16:01 +0800] "GET /xingrg/javascript/easyui/themes/icons/ok.png HTTP/1.1" 200 883
222.69.24.136 - - [28/Jan/2020:12:16:01 +0800] "GET /xingrg/javascript/easyui/themes/icons/template_new.png HTTP/1.1" 200 3956
222.69.24.136 - - [28/Jan/2020:12:16:01 +0800] "GET /xingrg/javascript/easyui/themes/icons/print.png HTTP/1.1" 200 1057
222.69.24.136 - - [28/Jan/2020:12:16:01 +0800] "GET /xingrg/javascript/easyui/themes/default/images/menu_downarrow.png HTTP/1.1" 200 173
222.69.24.136 - - [28/Jan/2020:12:16:01 +0800] "GET /xingrg/javascript/easyui/themes/icons/cancel.png HTTP/1.1" 200 1133
222.69.24.136 - - [28/Jan/2020:12:16:02 +0800] "POST /xingrg/kc/buy/cgsh_order_operate.html HTTP/1.1" 200 8245
222.69.24.136 - - [28/Jan/2020:12:16:02 +0800] "GET /xingrg/all/common/auto_word.html?type=employee&rest_code=00142 HTTP/1.1" 200 105
222.69.24.136 - - [28/Jan/2020:12:16:02 +0800] "GET /xingrg/all/common/auto_word.html?type=employee&rest_code=00142 HTTP/1.1" 200 105
222.69.24.136 - - [28/Jan/2020:12:16:02 +0800] "GET /xingrg/javascript/easyui/themes/default/validatebox.css HTTP/1.1" 404 1104
222.69.24.136 - - [28/Jan/2020:12:16:02 +0800] "GET /xingrg/javascript/easyui/plugins/jquery.validatebox.js HTTP/1.1" 200 6103
222.69.24.136 - - [28/Jan/2020:12:16:02 +0800] "GET /xingrg/javascript/easyui/themes/icons/edit_remove.png HTTP/1.1" 200 625
222.69.24.136 - - [28/Jan/2020:12:16:02 +0800] "GET /xingrg/javascript/easyui/plugins/jquery.numberbox.js HTTP/1.1" 200 5213
222.69.24.136 - - [28/Jan/2020:12:16:02 +0800] "GET /xingrg/javascript/auto/indicator.gif HTTP/1.1" 404 1066
116.238.181.252 - - [28/Jan/2020:12:16:07 +0800] "GET /xingrg/all/function/internal_message.html?_=1580184962332&CODE_STATE=getMsg HTTP/1.1" 200 27
222.69.24.136 - - [28/Jan/2020:12:16:28 +0800] "GET /xingrg/all/function/internal_message.html?_=1580184561168&CODE_STATE=getMsg HTTP/1.1" 200 27
116.233.72.217 - - [28/Jan/2020:12:16:42 +0800] "GET /xingrg/all/function/internal_message.html?_=1580185006199&CODE_STATE=getMsg HTTP/1.1" 200 27
114.93.75.19 - - [28/Jan/2020:12:16:47 +0800] "GET /xingrg/all/function/internal_message.html?_=1580185001473&CODE_STATE=getMsg HTTP/1.1" 302 -
114.93.75.19 - - [28/Jan/2020:12:16:49 +0800] "GET /xingrg/check_reg.html?_=1580185002133 HTTP/1.1" 302 -
124.77.241.94 - - [28/Jan/2020:12:16:50 +0800] "GET /xingrg/all/function/internal_message.html?_=1580185010583&CODE_STATE=getMsg HTTP/1.1" 200 27
101.81.125.204 - - [28/Jan/2020:12:16:54 +0800] "GET /xingrg/all/function/internal_message.html?_=1580185014542&CODE_STATE=getMsg HTTP/1.1" 200 27
116.238.181.252 - - [28/Jan/2020:12:17:07 +0800] "GET /xingrg/all/function/internal_message.html?_=1580185022331&CODE_STATE=getMsg HTTP/1.1" 200 27
222.69.24.136 - - [28/Jan/2020:12:17:28 +0800] "GET /xingrg/all/function/internal_message.html?_=1580184621169&CODE_STATE=getMsg HTTP/1.1" 200 27
116.233.72.217 - - [28/Jan/2020:12:17:42 +0800] "GET /xingrg/all/function/internal_message.html?_=1580185066192&CODE_STATE=getMsg HTTP/1.1" 200 27
114.93.75.19 - - [28/Jan/2020:12:17:47 +0800] "GET /xingrg/all/function/internal_message.html?_=1580185061475&CODE_STATE=getMsg HTTP/1.1" 302 -
124.77.241.94 - - [28/Jan/2020:12:17:50 +0800] "GET /xingrg/all/function/internal_message.html?_=1580185070882&CODE_STATE=getMsg HTTP/1.1" 200 27
101.81.125.204 - - [28/Jan/2020:12:17:54 +0800] "GET /xingrg/all/function/internal_message.html?_=1580185074525&CODE_STATE=getMsg HTTP/1.1" 200 27
180.157.252.250 - - [28/Jan/2020:12:18:03 +0800] "GET /xingrg/check_reg.html?_=1580185075814 HTTP/1.1" 200 22
116.238.181.252 - - [28/Jan/2020:12:18:07 +0800] "GET /xingrg/all/function/internal_message.html?_=1580185082332&CODE_STATE=getMsg HTTP/1.1" 200 27
222.69.24.136 - - [28/Jan/2020:12:18:12 +0800] "GET /xingrg/kc/buy/cgsh_order_operate.html?command=get_materiel&rest_code=00142&code=00101008126&supplier_code=00100161&order_time=2020-01-28 HTTP/1.1" 200 412
222.69.24.136 - - [28/Jan/2020:12:18:28 +0800] "GET /xingrg/kc/buy/cgsh_order_operate.html?command=get_materiel&rest_code=00142&code=00101008108&supplier_code=00100161&order_time=2020-01-28 HTTP/1.1" 200 412
222.69.24.136 - - [28/Jan/2020:12:18:28 +0800] "GET /xingrg/all/function/internal_message.html?_=1580184681179&CODE_STATE=getMsg HTTP/1.1" 200 27
222.69.24.136 - - [28/Jan/2020:12:18:28 +0800] "GET /xingrg/check_reg.html?_=1580184681181 HTTP/1.1" 200 22
222.69.24.136 - - [28/Jan/2020:12:18:36 +0800] "GET /xingrg/kc/buy/cgsh_order_operate.html?command=get_materiel&rest_code=00142&code=00101008261&supplier_code=00100161&order_time=2020-01-28 HTTP/1.1" 200 408
116.233.72.217 - - [28/Jan/2020:12:18:42 +0800] "GET /xingrg/all/function/internal_message.html?_=1580185126203&CODE_STATE=getMsg HTTP/1.1" 200 27
222.69.24.136 - - [28/Jan/2020:12:18:45 +0800] "GET /xingrg/kc/buy/cgsh_order_operate.html?command=get_materiel&rest_code=00142&code=00101008268&supplier_code=00100161&order_time=2020-01-28 HTTP/1.1" 200 408
114.93.75.19 - - [28/Jan/2020:12:18:47 +0800] "GET /xingrg/all/function/internal_message.html?_=1580185121477&CODE_STATE=getMsg HTTP/1.1" 302 -
124.77.241.94 - - [28/Jan/2020:12:18:50 +0800] "GET /xingrg/all/function/internal_message.html?_=1580185130888&CODE_STATE=getMsg HTTP/1.1" 200 27
222.69.24.136 - - [28/Jan/2020:12:18:53 +0800] "GET /xingrg/kc/buy/cgsh_order_operate.html?command=get_materiel&rest_code=00142&code=00101008059&supplier_code=00100161&order_time=2020-01-28 HTTP/1.1" 200 408
101.81.125.204 - - [28/Jan/2020:12:18:54 +0800] "GET /xingrg/all/function/internal_message.html?_=1580185134511&CODE_STATE=getMsg HTTP/1.1" 200 27
222.69.24.136 - - [28/Jan/2020:12:19:02 +0800] "GET /xingrg/kc/buy/cgsh_order_operate.html?command=get_materiel&rest_code=00142&code=00101008199&supplier_code=00100161&order_time=2020-01-28 HTTP/1.1" 200 408
116.238.181.252 - - [28/Jan/2020:12:19:07 +0800] "GET /xingrg/check_reg.html?_=1580185142332 HTTP/1.1" 200 22
116.238.181.252 - - [28/Jan/2020:12:19:07 +0800] "GET /xingrg/all/function/internal_message.html?_=1580185142357&CODE_STATE=getMsg HTTP/1.1" 200 27
222.69.24.136 - - [28/Jan/2020:12:19:12 +0800] "GET /xingrg/kc/buy/cgsh_order_operate.html?command=get_materiel&rest_code=00142&code=00101008097&supplier_code=00100161&order_time=2020-01-28 HTTP/1.1" 200 408
222.69.24.136 - - [28/Jan/2020:12:19:22 +0800] "GET /xingrg/kc/buy/cgsh_order_operate.html?command=get_materiel&rest_code=00142&code=00101008371&supplier_code=00100161&order_time=2020-01-28 HTTP/1.1" 200 412
222.69.24.136 - - [28/Jan/2020:12:19:28 +0800] "GET /xingrg/all/function/internal_message.html?_=1580184741176&CODE_STATE=getMsg HTTP/1.1" 200 27
222.69.24.136 - - [28/Jan/2020:12:19:31 +0800] "GET /xingrg/kc/buy/cgsh_order_operate.html?command=get_materiel&rest_code=00142&code=00101008355&supplier_code=00100161&order_time=2020-01-28 HTTP/1.1" 200 408
222.69.24.136 - - [28/Jan/2020:12:19:40 +0800] "GET /xingrg/kc/buy/cgsh_order_operate.html?command=get_materiel&rest_code=00142&code=00101008356&supplier_code=00100161&order_time=2020-01-28 HTTP/1.1" 200 408
116.233.72.217 - - [28/Jan/2020:12:19:42 +0800] "GET /xingrg/all/function/internal_message.html?_=1580185186202&CODE_STATE=getMsg HTTP/1.1" 200 27
114.93.75.19 - - [28/Jan/2020:12:19:47 +0800] "GET /xingrg/all/function/internal_message.html?_=1580185181478&CODE_STATE=getMsg HTTP/1.1" 302 -
58.40.7.146 - - [28/Jan/2020:12:19:48 +0800] "GET /xingrg/check_reg.html?_=1580185181953 HTTP/1.1" 200 22
222.69.24.136 - - [28/Jan/2020:12:19:49 +0800] "GET /xingrg/kc/buy/cgsh_order_operate.html?command=get_materiel&rest_code=00142&code=00101008286&supplier_code=00100161&order_time=2020-01-28 HTTP/1.1" 200 408
124.77.241.94 - - [28/Jan/2020:12:19:51 +0800] "GET /xingrg/all/function/internal_message.html?_=1580185191180&CODE_STATE=getMsg HTTP/1.1" 200 27
101.81.125.204 - - [28/Jan/2020:12:19:54 +0800] "GET /xingrg/all/function/internal_message.html?_=1580185194501&CODE_STATE=getMsg HTTP/1.1" 200 27
222.69.24.136 - - [28/Jan/2020:12:19:58 +0800] "GET /xingrg/kc/buy/cgsh_order_operate.html?command=get_materiel&rest_code=00142&code=00101008353&supplier_code=00100161&order_time=2020-01-28 HTTP/1.1" 200 408
116.238.181.252 - - [28/Jan/2020:12:20:07 +0800] "GET /xingrg/all/function/internal_message.html?_=1580185202360&CODE_STATE=getMsg HTTP/1.1" 200 27
222.69.24.136 - - [28/Jan/2020:12:20:07 +0800] "GET /xingrg/kc/buy/cgsh_order_operate.html?command=get_materiel&rest_code=00142&code=00101008366&supplier_code=00100161&order_time=2020-01-28 HTTP/1.1" 200 408
222.69.24.136 - - [28/Jan/2020:12:20:15 +0800] "GET /xingrg/kc/buy/cgsh_order_operate.html?command=get_materiel&rest_code=00142&code=00101016057&supplier_code=00100161&order_time=2020-01-28 HTTP/1.1" 200 408
222.69.24.136 - - [28/Jan/2020:12:20:24 +0800] "GET /xingrg/kc/buy/cgsh_order_operate.html?command=get_materiel&rest_code=00142&code=00101008298&supplier_code=00100161&order_time=2020-01-28 HTTP/1.1" 200 431
222.69.24.136 - - [28/Jan/2020:12:20:28 +0800] "GET /xingrg/all/function/internal_message.html?_=1580184801196&CODE_STATE=getMsg HTTP/1.1" 200 27
222.69.24.136 - - [28/Jan/2020:12:20:30 +0800] "GET /xingrg/kc/buy/cgsh_order_operate.html?command=get_materiel&rest_code=00142&code=00101008354&supplier_code=00100161&order_time=2020-01-28 HTTP/1.1" 200 412
222.69.24.136 - - [28/Jan/2020:12:20:39 +0800] "GET /xingrg/kc/buy/cgsh_order_operate.html?command=get_materiel&rest_code=00142&code=00101008323&supplier_code=00100161&order_time=2020-01-28 HTTP/1.1" 200 408
116.233.72.217 - - [28/Jan/2020:12:20:41 +0800] "GET /xingrg/all/function/internal_message.html?_=1580185246199&CODE_STATE=getMsg HTTP/1.1" 200 27
116.233.72.217 - - [28/Jan/2020:12:20:41 +0800] "GET /xingrg/check_reg.html?_=1580185246199 HTTP/1.1" 200 22
124.77.241.94 - - [28/Jan/2020:12:20:43 +0800] "GET /xingrg/check_reg.html?_=1580185243619 HTTP/1.1" 200 22
222.69.24.136 - - [28/Jan/2020:12:20:47 +0800] "POST /xingrg/kc/buy/cgsh_order_operate.html HTTP/1.1" 200 37
114.93.75.19 - - [28/Jan/2020:12:20:47 +0800] "GET /xingrg/check_reg.html?_=1580185241481 HTTP/1.1" 302 -
