124.77.241.94 - - [25/Jan/2020:16:05:04 +0800] "GET /xingrg/all/function/internal_message.html?_=1579939497538&CODE_STATE=getMsg HTTP/1.1" 200 27
117.185.32.26 - - [25/Jan/2020:16:05:11 +0800] "POST /xingrg/login.do HTTP/1.1" 302 -
117.185.32.26 - - [25/Jan/2020:16:05:11 +0800] "GET /xingrg/index.html?sysBaseUrl=http%3A%2F%2F117.131.15.22%3A18081%2Fxingrg%2F&costTime=35×tamp=1579939511949 HTTP/1.1" 200 17151
117.185.32.26 - - [25/Jan/2020:16:05:13 +0800] "POST /xingrg/all/common/load_tree.html?tree=area_rest_tree_json&manage=1 HTTP/1.1" 200 342
117.185.32.26 - - [25/Jan/2020:16:05:13 +0800] "GET /xingrg/check_reg.html?_=1579939506417 HTTP/1.1" 200 22
117.185.32.26 - - [25/Jan/2020:16:05:13 +0800] "GET /xingrg/all/function/internal_message.html?_=1579939506415&CODE_STATE=count HTTP/1.1" 200 11
117.185.32.26 - - [25/Jan/2020:16:05:13 +0800] "POST /xingrg/load_menu.html HTTP/1.1" 200 5124
180.157.252.250 - - [25/Jan/2020:16:05:15 +0800] "GET /xingrg/all/function/internal_message.html?_=1579939508666&CODE_STATE=getMsg HTTP/1.1" 200 27
116.238.181.252 - - [25/Jan/2020:16:05:16 +0800] "GET /xingrg/all/function/internal_message.html?_=1579939515596&CODE_STATE=getMsg HTTP/1.1" 200 27
117.185.32.26 - - [25/Jan/2020:16:05:18 +0800] "GET /xingrg/kc/base/base_main.html HTTP/1.1" 200 12138
117.185.32.26 - - [25/Jan/2020:16:05:19 +0800] "GET /xingrg/kc/base/wldb_order_list.html HTTP/1.1" 200 19282
101.81.125.204 - - [25/Jan/2020:16:05:21 +0800] "GET /xingrg/all/function/internal_message.html?_=1579939511174&CODE_STATE=getMsg HTTP/1.1" 200 27
117.185.32.26 - - [25/Jan/2020:16:05:22 +0800] "POST /xingrg/kc/base/wldb_list_operate.html HTTP/1.1" 200 928
117.185.32.26 - - [25/Jan/2020:16:05:23 +0800] "GET /xingrg/kc/base/wldb_order_add.html HTTP/1.1" 200 30332
117.185.32.26 - - [25/Jan/2020:16:05:23 +0800] "GET /xingrg/words/20200123085936_words.js HTTP/1.1" 304 -
117.185.32.26 - - [25/Jan/2020:16:05:24 +0800] "GET /xingrg/all/common/auto_word.html?type=base&rest_code=00106 HTTP/1.1" 200 1603
117.185.32.26 - - [25/Jan/2020:16:05:24 +0800] "GET /xingrg/all/common/auto_word.html?type=base&rest_code=00106 HTTP/1.1" 200 1603
117.185.32.26 - - [25/Jan/2020:16:05:24 +0800] "GET /xingrg/javascript/easyui/themes/default/validatebox.css HTTP/1.1" 404 1104
117.185.32.26 - - [25/Jan/2020:16:05:24 +0800] "POST /xingrg/kc/base/wldb_order_operate.html HTTP/1.1" 200 6806
117.185.32.26 - - [25/Jan/2020:16:05:25 +0800] "POST /xingrg/all/common/load_combo.html?type=base HTTP/1.1" 200 2878
117.185.32.26 - - [25/Jan/2020:16:05:28 +0800] "POST /xingrg/all/common/load_combo.html?type=base HTTP/1.1" 200 2878
117.185.32.26 - - [25/Jan/2020:16:05:33 +0800] "GET /xingrg/javascript/auto/indicator.gif HTTP/1.1" 404 1066
117.185.32.26 - - [25/Jan/2020:16:05:36 +0800] "GET /xingrg/kc/base/wldb_order_operate.html?command=get_materiel&rest_code=00106&base_code=0010397&code=00102002204 HTTP/1.1" 200 434
117.185.32.26 - - [25/Jan/2020:16:05:40 +0800] "GET /xingrg/kc/base/wldb_order_operate.html?command=get_materiel&rest_code=00106&base_code=0010397&code=00102002304 HTTP/1.1" 200 450
101.85.55.199 - - [25/Jan/2020:16:05:43 +0800] "GET /xingrg/check_reg.html?_=1579939300918 HTTP/1.1" 302 -
114.93.75.19 - - [25/Jan/2020:16:05:44 +0800] "GET /xingrg/check_reg.html?_=1579939539389 HTTP/1.1" 302 -
114.93.75.19 - - [25/Jan/2020:16:05:44 +0800] "GET /xingrg/all/function/internal_message.html?_=1579939539387&CODE_STATE=getMsg HTTP/1.1" 302 -
101.89.239.238 - - [25/Jan/2020:16:05:45 +0800] "GET /xingrg/login.html HTTP/1.1" 200 7639
117.185.32.26 - - [25/Jan/2020:16:05:45 +0800] "POST /xingrg/kc/base/wldb_order_operate.html HTTP/1.1" 200 37
117.185.32.26 - - [25/Jan/2020:16:05:46 +0800] "POST /xingrg/kc/base/wldb_order_operate.html HTTP/1.1" 200 2694
117.185.32.26 - - [25/Jan/2020:16:05:46 +0800] "GET /xingrg/kc/base/wldb_order_info.html?code=422020012503595 HTTP/1.1" 200 30346
117.185.32.26 - - [25/Jan/2020:16:05:46 +0800] "GET /xingrg/javascript/easyui/themes/default/validatebox.css HTTP/1.1" 404 1104
117.185.32.26 - - [25/Jan/2020:16:05:47 +0800] "POST /xingrg/kc/base/wldb_order_operate.html HTTP/1.1" 200 2694
120.253.135.82 - - [25/Jan/2020:16:05:48 +0800] "GET /xingrg/all/function/internal_message.html?_=1579939604166&CODE_STATE=getMsg HTTP/1.1" 200 27
222.69.24.136 - - [25/Jan/2020:16:05:55 +0800] "GET /xingrg/all/function/internal_message.html?_=1579939134003&CODE_STATE=getMsg HTTP/1.1" 200 27
117.185.32.26 - - [25/Jan/2020:16:05:55 +0800] "GET /xingrg/kc/base/wldb_order_add.html HTTP/1.1" 200 30332
117.185.32.26 - - [25/Jan/2020:16:05:56 +0800] "GET /xingrg/javascript/easyui/themes/default/validatebox.css HTTP/1.1" 404 1104
117.185.32.26 - - [25/Jan/2020:16:05:56 +0800] "POST /xingrg/kc/base/wldb_order_operate.html HTTP/1.1" 200 6806
117.185.32.26 - - [25/Jan/2020:16:05:57 +0800] "POST /xingrg/all/common/load_combo.html?type=base HTTP/1.1" 200 2878
117.185.32.26 - - [25/Jan/2020:16:05:59 +0800] "POST /xingrg/all/common/load_combo.html?type=base HTTP/1.1" 200 2878
124.77.241.94 - - [25/Jan/2020:16:06:04 +0800] "GET /xingrg/all/function/internal_message.html?_=1579939557552&CODE_STATE=getMsg HTTP/1.1" 200 27
117.185.32.26 - - [25/Jan/2020:16:06:07 +0800] "GET /xingrg/check_reg.html?_=1579939950045 HTTP/1.1" 200 22
117.185.32.26 - - [25/Jan/2020:16:06:10 +0800] "POST /xingrg/kc/base/wldb_order_operate.html HTTP/1.1" 200 37
117.185.32.26 - - [25/Jan/2020:16:06:10 +0800] "POST /xingrg/kc/base/wldb_order_operate.html HTTP/1.1" 200 2198
117.185.32.26 - - [25/Jan/2020:16:06:10 +0800] "GET /xingrg/kc/base/wldb_order_info.html?code=422020012503596 HTTP/1.1" 200 30346
117.185.32.26 - - [25/Jan/2020:16:06:11 +0800] "GET /xingrg/javascript/easyui/themes/default/validatebox.css HTTP/1.1" 404 1104
117.185.32.26 - - [25/Jan/2020:16:06:11 +0800] "POST /xingrg/kc/base/wldb_order_operate.html HTTP/1.1" 200 2198
117.185.32.26 - - [25/Jan/2020:16:06:13 +0800] "GET /xingrg/all/function/internal_message.html?_=1579939566436&CODE_STATE=getMsg HTTP/1.1" 200 27
180.157.252.250 - - [25/Jan/2020:16:06:15 +0800] "GET /xingrg/all/function/internal_message.html?_=1579939568652&CODE_STATE=getMsg HTTP/1.1" 200 27
120.204.17.71 - - [25/Jan/2020:16:06:16 +0800] "GET /xingrg/index.html?sysbaseurl=http%3a%2f%2f117.131.15.22%3a18081%2fxingrg%2f&costtime=35×tamp=1579939511949 HTTP/1.1" 302 -
120.204.17.71 - - [25/Jan/2020:16:06:16 +0800] "GET /xingrg/login.html HTTP/1.1" 200 7639
116.238.181.252 - - [25/Jan/2020:16:06:16 +0800] "GET /xingrg/all/function/internal_message.html?_=1579939575596&CODE_STATE=getMsg HTTP/1.1" 200 27
117.185.32.26 - - [25/Jan/2020:16:06:18 +0800] "POST /xingrg/kc/base/wldb_list_operate.html HTTP/1.1" 200 2175
101.81.125.204 - - [25/Jan/2020:16:06:21 +0800] "GET /xingrg/all/function/internal_message.html?_=1579939571182&CODE_STATE=getMsg HTTP/1.1" 200 27
101.81.125.204 - - [25/Jan/2020:16:06:21 +0800] "GET /xingrg/check_reg.html?_=1579939571184 HTTP/1.1" 200 22
61.151.178.174 - - [25/Jan/2020:16:06:22 +0800] "GET /xingrg/index.html?sysbaseurl=http%3a%2f%2f117.131.15.22%3a18081%2fxingrg%2f&costtime=35×tamp=1579939511949 HTTP/1.1" 302 -
61.151.178.174 - - [25/Jan/2020:16:06:22 +0800] "GET /xingrg/login.html HTTP/1.1" 200 7639
117.185.32.26 - - [25/Jan/2020:16:06:24 +0800] "GET /xingrg/kc/buy/buy_main.html HTTP/1.1" 200 12398
117.185.32.26 - - [25/Jan/2020:16:06:24 +0800] "GET /xingrg/css/new_ie.css HTTP/1.1" 404 1036
117.185.32.26 - - [25/Jan/2020:16:06:25 +0800] "GET /xingrg/images/yd/bt.gif HTTP/1.1" 404 1040
117.185.32.26 - - [25/Jan/2020:16:06:26 +0800] "GET /xingrg/kc/buy/cgsh_order_list.html HTTP/1.1" 200 42027
117.185.32.26 - - [25/Jan/2020:16:06:26 +0800] "POST /xingrg/kc/buy/cgsh_list_operate.html HTTP/1.1" 200 876
117.185.32.26 - - [25/Jan/2020:16:06:29 +0800] "POST /xingrg/kc/buy/cgsh_list_operate.html HTTP/1.1" 200 5877
117.185.32.26 - - [25/Jan/2020:16:06:31 +0800] "POST /xingrg/kc/buy/cgsh_list_operate.html HTTP/1.1" 200 352
117.185.32.26 - - [25/Jan/2020:16:06:32 +0800] "GET /xingrg/kc/buy/cgsh_order_info.html?code=212020012412293 HTTP/1.1" 200 52532
117.185.32.26 - - [25/Jan/2020:16:06:32 +0800] "GET /xingrg/javascript/easyui/themes/default/validatebox.css HTTP/1.1" 404 1104
117.185.32.26 - - [25/Jan/2020:16:06:33 +0800] "POST /xingrg/kc/buy/cgsh_order_operate.html HTTP/1.1" 200 1801
117.185.32.26 - - [25/Jan/2020:16:06:34 +0800] "GET /xingrg/kc/print/load_config.html?kc_code=cgsh HTTP/1.1" 200 1841
117.185.32.26 - - [25/Jan/2020:16:06:34 +0800] "GET /xingrg/kc/print/load_data.html?order_code=212020012412293&kc_code=cgsh HTTP/1.1" 200 1150
114.93.75.19 - - [25/Jan/2020:16:06:44 +0800] "GET /xingrg/all/function/internal_message.html?_=1579939599390&CODE_STATE=getMsg HTTP/1.1" 302 -
120.253.135.82 - - [25/Jan/2020:16:06:48 +0800] "GET /xingrg/all/function/internal_message.html?_=1579939664181&CODE_STATE=getMsg HTTP/1.1" 200 27
222.69.24.136 - - [25/Jan/2020:16:06:55 +0800] "GET /xingrg/all/function/internal_message.html?_=1579939194004&CODE_STATE=getMsg HTTP/1.1" 200 27
114.93.75.19 - - [25/Jan/2020:16:07:04 +0800] "GET /xingrg/check_reg.html?_=1579939619056 HTTP/1.1" 302 -
124.77.241.94 - - [25/Jan/2020:16:07:04 +0800] "GET /xingrg/all/function/internal_message.html?_=1579939617574&CODE_STATE=getMsg HTTP/1.1" 200 27
117.185.32.26 - - [25/Jan/2020:16:07:13 +0800] "GET /xingrg/all/function/internal_message.html?_=1579939626433&CODE_STATE=getMsg HTTP/1.1" 200 27
180.157.252.250 - - [25/Jan/2020:16:07:15 +0800] "GET /xingrg/all/function/internal_message.html?_=1579939628666&CODE_STATE=getMsg HTTP/1.1" 200 27
180.157.252.250 - - [25/Jan/2020:16:07:15 +0800] "GET /xingrg/check_reg.html?_=1579939628667 HTTP/1.1" 200 22
116.238.181.252 - - [25/Jan/2020:16:07:16 +0800] "GET /xingrg/all/function/internal_message.html?_=1579939635596&CODE_STATE=getMsg HTTP/1.1" 200 27
101.81.125.204 - - [25/Jan/2020:16:07:21 +0800] "GET /xingrg/all/function/internal_message.html?_=1579939631187&CODE_STATE=getMsg HTTP/1.1" 200 27
114.93.75.19 - - [25/Jan/2020:16:07:44 +0800] "GET /xingrg/all/function/internal_message.html?_=1579939659392&CODE_STATE=getMsg HTTP/1.1" 302 -
120.253.135.82 - - [25/Jan/2020:16:07:48 +0800] "GET /xingrg/all/function/internal_message.html?_=1579939724192&CODE_STATE=getMsg HTTP/1.1" 200 27
222.69.24.136 - - [25/Jan/2020:16:07:55 +0800] "GET /xingrg/check_reg.html?_=1579939254006 HTTP/1.1" 200 22
222.69.24.136 - - [25/Jan/2020:16:07:55 +0800] "GET /xingrg/all/function/internal_message.html?_=1579939254008&CODE_STATE=getMsg HTTP/1.1" 200 27
124.77.241.94 - - [25/Jan/2020:16:08:04 +0800] "GET /xingrg/all/function/internal_message.html?_=1579939677579&CODE_STATE=getMsg HTTP/1.1" 200 27
117.185.32.26 - - [25/Jan/2020:16:08:13 +0800] "GET /xingrg/all/function/internal_message.html?_=1579939686433&CODE_STATE=getMsg HTTP/1.1" 200 27
180.157.252.250 - - [25/Jan/2020:16:08:15 +0800] "GET /xingrg/all/function/internal_message.html?_=1579939688665&CODE_STATE=getMsg HTTP/1.1" 200 27
116.238.181.252 - - [25/Jan/2020:16:08:16 +0800] "GET /xingrg/all/function/internal_message.html?_=1579939695601&CODE_STATE=getMsg HTTP/1.1" 200 27
101.81.125.204 - - [25/Jan/2020:16:08:21 +0800] "GET /xingrg/all/function/internal_message.html?_=1579939691180&CODE_STATE=getMsg HTTP/1.1" 200 27
114.93.75.19 - - [25/Jan/2020:16:08:44 +0800] "GET /xingrg/all/function/internal_message.html?_=1579939719394&CODE_STATE=getMsg HTTP/1.1" 302 -
120.253.135.82 - - [25/Jan/2020:16:08:48 +0800] "GET /xingrg/all/function/internal_message.html?_=1579939784208&CODE_STATE=getMsg HTTP/1.1" 200 27
222.69.24.136 - - [25/Jan/2020:16:08:55 +0800] "GET /xingrg/all/function/internal_message.html?_=1579939314006&CODE_STATE=getMsg HTTP/1.1" 200 27
117.185.32.26 - - [25/Jan/2020:16:09:01 +0800] "POST /xingrg/services/DataTransmitService HTTP/1.1" 200 524
117.185.32.26 - - [25/Jan/2020:16:09:02 +0800] "POST /xingrg/services/DataTransmitService HTTP/1.1" 200 501
117.185.32.26 - - [25/Jan/2020:16:09:02 +0800] "POST /xingrg/services/DataTransmitService HTTP/1.1" 200 501
117.185.32.26 - - [25/Jan/2020:16:09:03 +0800] "POST /xingrg/services/DataTransmitService HTTP/1.1" 200 501
117.185.32.26 - - [25/Jan/2020:16:09:03 +0800] "POST /xingrg/services/DataTransmitService HTTP/1.1" 200 501
117.185.32.26 - - [25/Jan/2020:16:09:03 +0800] "POST /xingrg/services/DataTransmitService HTTP/1.1" 200 501
117.185.32.26 - - [25/Jan/2020:16:09:04 +0800] "POST /xingrg/services/DataTransmitService HTTP/1.1" 200 501
124.77.241.94 - - [25/Jan/2020:16:09:04 +0800] "GET /xingrg/all/function/internal_message.html?_=1579939737604&CODE_STATE=getMsg HTTP/1.1" 200 27
117.185.32.26 - - [25/Jan/2020:16:09:04 +0800] "POST /xingrg/services/DataTransmitService HTTP/1.1" 200 501
117.185.32.26 - - [25/Jan/2020:16:09:05 +0800] "POST /xingrg/services/DataTransmitService HTTP/1.1" 200 501
117.185.32.26 - - [25/Jan/2020:16:09:05 +0800] "POST /xingrg/services/DataTransmitService HTTP/1.1" 200 412
117.185.32.26 - - [25/Jan/2020:16:09:13 +0800] "GET /xingrg/all/function/internal_message.html?_=1579939746435&CODE_STATE=getMsg HTTP/1.1" 200 27
180.157.252.250 - - [25/Jan/2020:16:09:15 +0800] "GET /xingrg/all/function/internal_message.html?_=1579939748691&CODE_STATE=getMsg HTTP/1.1" 200 27
116.238.181.252 - - [25/Jan/2020:16:09:16 +0800] "GET /xingrg/all/function/internal_message.html?_=1579939755606&CODE_STATE=getMsg HTTP/1.1" 200 27
116.238.181.252 - - [25/Jan/2020:16:09:16 +0800] "GET /xingrg/check_reg.html?_=1579939755609 HTTP/1.1" 200 22
101.81.125.204 - - [25/Jan/2020:16:09:21 +0800] "GET /xingrg/all/function/internal_message.html?_=1579939751178&CODE_STATE=getMsg HTTP/1.1" 200 27
117.131.5.26 - - [25/Jan/2020:16:09:27 +0800] "GET /xingrg/check_reg.html?_=1579939781096 HTTP/1.1" 302 -
114.93.75.19 - - [25/Jan/2020:16:09:44 +0800] "GET /xingrg/all/function/internal_message.html?_=1579939779396&CODE_STATE=getMsg HTTP/1.1" 302 -
124.77.241.94 - - [25/Jan/2020:16:09:47 +0800] "GET /xingrg/check_reg.html?_=1579939780897 HTTP/1.1" 200 22
120.253.135.82 - - [25/Jan/2020:16:09:48 +0800] "GET /xingrg/check_reg.html?_=1579939844162 HTTP/1.1" 200 22
120.253.135.82 - - [25/Jan/2020:16:09:48 +0800] "GET /xingrg/all/function/internal_message.html?_=1579939844223&CODE_STATE=getMsg HTTP/1.1" 200 27
222.69.24.136 - - [25/Jan/2020:16:09:55 +0800] "GET /xingrg/all/function/internal_message.html?_=1579939374005&CODE_STATE=getMsg HTTP/1.1" 200 27
124.77.241.94 - - [25/Jan/2020:16:10:04 +0800] "GET /xingrg/all/function/internal_message.html?_=1579939797606&CODE_STATE=getMsg HTTP/1.1" 200 27
117.185.32.26 - - [25/Jan/2020:16:10:13 +0800] "GET /xingrg/check_reg.html?_=1579939806434 HTTP/1.1" 200 22
117.185.32.26 - - [25/Jan/2020:16:10:13 +0800] "GET /xingrg/all/function/internal_message.html?_=1579939806435&CODE_STATE=getMsg HTTP/1.1" 200 27
180.157.252.250 - - [25/Jan/2020:16:10:15 +0800] "GET /xingrg/all/function/internal_message.html?_=1579939808689&CODE_STATE=getMsg HTTP/1.1" 200 27
116.238.181.252 - - [25/Jan/2020:16:10:16 +0800] "GET /xingrg/all/function/internal_message.html?_=1579939815610&CODE_STATE=getMsg HTTP/1.1" 200 27
101.81.125.204 - - [25/Jan/2020:16:10:21 +0800] "GET /xingrg/all/function/internal_message.html?_=1579939811179&CODE_STATE=getMsg HTTP/1.1" 200 27
101.85.55.199 - - [25/Jan/2020:16:10:43 +0800] "GET /xingrg/check_reg.html?_=1579939600896 HTTP/1.1" 302 -
114.93.75.19 - - [25/Jan/2020:16:10:44 +0800] "GET /xingrg/check_reg.html?_=1579939839398 HTTP/1.1" 302 -
114.93.75.19 - - [25/Jan/2020:16:10:44 +0800] "GET /xingrg/all/function/internal_message.html?_=1579939839400&CODE_STATE=getMsg HTTP/1.1" 302 -
120.253.135.82 - - [25/Jan/2020:16:10:48 +0800] "GET /xingrg/all/function/internal_message.html?_=1579939904248&CODE_STATE=getMsg HTTP/1.1" 200 27
222.69.24.136 - - [25/Jan/2020:16:10:55 +0800] "GET /xingrg/all/function/internal_message.html?_=1579939434029&CODE_STATE=getMsg HTTP/1.1" 200 27
124.77.241.94 - - [25/Jan/2020:16:11:04 +0800] "GET /xingrg/all/function/internal_message.html?_=1579939857619&CODE_STATE=getMsg HTTP/1.1" 200 27
117.185.32.26 - - [25/Jan/2020:16:11:07 +0800] "GET /xingrg/check_reg.html?_=1579940250048 HTTP/1.1" 200 22
117.185.32.26 - - [25/Jan/2020:16:11:13 +0800] "GET /xingrg/all/function/internal_message.html?_=1579939866433&CODE_STATE=getMsg HTTP/1.1" 200 27
180.157.252.250 - - [25/Jan/2020:16:11:15 +0800] "GET /xingrg/all/function/internal_message.html?_=1579939868687&CODE_STATE=getMsg HTTP/1.1" 200 27
116.238.181.252 - - [25/Jan/2020:16:11:16 +0800] "GET /xingrg/all/function/internal_message.html?_=1579939875610&CODE_STATE=getMsg HTTP/1.1" 200 27
101.81.125.204 - - [25/Jan/2020:16:11:21 +0800] "GET /xingrg/all/function/internal_message.html?_=1579939871180&CODE_STATE=getMsg HTTP/1.1" 200 27
101.81.125.204 - - [25/Jan/2020:16:11:21 +0800] "GET /xingrg/check_reg.html?_=1579939871183 HTTP/1.1" 200 22
114.93.75.19 - - [25/Jan/2020:16:11:44 +0800] "GET /xingrg/all/function/internal_message.html?_=1579939899401&CODE_STATE=getMsg HTTP/1.1" 302 -
120.253.135.82 - - [25/Jan/2020:16:11:48 +0800] "GET /xingrg/all/function/internal_message.html?_=1579939964263&CODE_STATE=getMsg HTTP/1.1" 200 27
222.69.24.136 - - [25/Jan/2020:16:11:55 +0800] "GET /xingrg/all/function/internal_message.html?_=1579939494028&CODE_STATE=getMsg HTTP/1.1" 200 27
114.93.75.19 - - [25/Jan/2020:16:12:04 +0800] "GET /xingrg/check_reg.html?_=1579939919027 HTTP/1.1" 302 -
114.93.75.19 - - [25/Jan/2020:16:12:04 +0800] "GET /xingrg/login.html HTTP/1.1" 200 7639
124.77.241.94 - - [25/Jan/2020:16:12:04 +0800] "GET /xingrg/all/function/internal_message.html?_=1579939917643&CODE_STATE=getMsg HTTP/1.1" 200 27
117.185.32.26 - - [25/Jan/2020:16:12:13 +0800] "GET /xingrg/all/function/internal_message.html?_=1579939926473&CODE_STATE=getMsg HTTP/1.1" 200 27
180.157.252.250 - - [25/Jan/2020:16:12:15 +0800] "GET /xingrg/all/function/internal_message.html?_=1579939928688&CODE_STATE=getMsg HTTP/1.1" 200 27
180.157.252.250 - - [25/Jan/2020:16:12:15 +0800] "GET /xingrg/check_reg.html?_=1579939928689 HTTP/1.1" 200 22
116.238.181.252 - - [25/Jan/2020:16:12:16 +0800] "GET /xingrg/all/function/internal_message.html?_=1579939935624&CODE_STATE=getMsg HTTP/1.1" 200 27
101.81.125.204 - - [25/Jan/2020:16:12:21 +0800] "GET /xingrg/all/function/internal_message.html?_=1579939931189&CODE_STATE=getMsg HTTP/1.1" 200 27
114.93.75.19 - - [25/Jan/2020:16:12:44 +0800] "GET /xingrg/all/function/internal_message.html?_=1579939959387&CODE_STATE=getMsg HTTP/1.1" 302 -
120.253.135.82 - - [25/Jan/2020:16:12:48 +0800] "GET /xingrg/all/function/internal_message.html?_=1579940024278&CODE_STATE=getMsg HTTP/1.1" 200 27
124.77.241.94 - - [25/Jan/2020:16:12:50 +0800] "GET /xingrg/kc/base/wldb_order_list.html HTTP/1.1" 200 19288
124.77.241.94 - - [25/Jan/2020:16:12:50 +0800] "GET /xingrg/css/base.css HTTP/1.1" 304 -
124.77.241.94 - - [25/Jan/2020:16:12:50 +0800] "GET /xingrg/javascript/easyui/themes/default/easyui.css HTTP/1.1" 304 -
124.77.241.94 - - [25/Jan/2020:16:12:50 +0800] "GET /xingrg/css/site.css HTTP/1.1" 304 -
124.77.241.94 - - [25/Jan/2020:16:12:50 +0800] "GET /xingrg/javascript/jquery_tools/jquery.tools.extend.js HTTP/1.1" 304 -
124.77.241.94 - - [25/Jan/2020:16:12:50 +0800] "GET /xingrg/javascript/jquery_tools/datebox.css HTTP/1.1" 304 -
124.77.241.94 - - [25/Jan/2020:16:12:50 +0800] "GET /xingrg/javascript/easyui/themes/icon.css HTTP/1.1" 304 -
124.77.241.94 - - [25/Jan/2020:16:12:50 +0800] "GET /xingrg/javascript/auto/jquery.autocomplete.css HTTP/1.1" 304 -
124.77.241.94 - - [25/Jan/2020:16:12:50 +0800] "GET /xingrg/javascript/jquery_tools/fix.css HTTP/1.1" 304 -
124.77.241.94 - - [25/Jan/2020:16:12:50 +0800] "GET /xingrg/javascript/jquery_tools/table.css HTTP/1.1" 304 -
124.77.241.94 - - [25/Jan/2020:16:12:50 +0800] "GET /xingrg/javascript/jquery_tools/jquery.tools.min.js HTTP/1.1" 304 -
124.77.241.94 - - [25/Jan/2020:16:12:50 +0800] "GET /xingrg/javascript/jquery_tools/jquery.tools.hotkey.js HTTP/1.1" 304 -
124.77.241.94 - - [25/Jan/2020:16:12:50 +0800] "GET /xingrg/javascript/jquery_tools/jquery.tools.table.js HTTP/1.1" 304 -
124.77.241.94 - - [25/Jan/2020:16:12:50 +0800] "GET /xingrg/javascript/jquery_tools/list_manager.js HTTP/1.1" 304 -
124.77.241.94 - - [25/Jan/2020:16:12:50 +0800] "GET /xingrg/javascript/easyui/easyloader.js HTTP/1.1" 304 -
124.77.241.94 - - [25/Jan/2020:16:12:50 +0800] "GET /xingrg/javascript/jquery.utils.js HTTP/1.1" 304 -
124.77.241.94 - - [25/Jan/2020:16:12:50 +0800] "GET /xingrg/javascript/jquery.cookie.js HTTP/1.1" 304 -
124.77.241.94 - - [25/Jan/2020:16:12:50 +0800] "GET /xingrg/javascript/print/LodopFuncs.js HTTP/1.1" 304 -
124.77.241.94 - - [25/Jan/2020:16:12:50 +0800] "GET /xingrg/javascript/auto/jquery.autocomplete.js HTTP/1.1" 304 -
124.77.241.94 - - [25/Jan/2020:16:12:50 +0800] "GET /xingrg/javascript/easyui/themes/icons/edit_add_new.png HTTP/1.1" 200 2997
124.77.241.94 - - [25/Jan/2020:16:12:50 +0800] "GET /xingrg/javascript/easyui/themes/icons/cance_new.png HTTP/1.1" 200 3986
124.77.241.94 - - [25/Jan/2020:16:12:50 +0800] "GET /xingrg/javascript/easyui/themes/icons/import_new.png HTTP/1.1" 304 -
124.77.241.94 - - [25/Jan/2020:16:12:50 +0800] "GET /xingrg/javascript/easyui/themes/icons/check_new.png HTTP/1.1" 200 3224
124.77.241.94 - - [25/Jan/2020:16:12:50 +0800] "GET /xingrg/javascript/easyui/themes/icons/field_new.png HTTP/1.1" 304 -
124.77.241.94 - - [25/Jan/2020:16:12:50 +0800] "GET /xingrg/javascript/easyui/plugins/jquery.parser.js HTTP/1.1" 304 -
124.77.241.94 - - [25/Jan/2020:16:12:50 +0800] "GET /xingrg/images/control/ajaxLoader.gif HTTP/1.1" 200 4659
124.77.241.94 - - [25/Jan/2020:16:12:51 +0800] "POST /xingrg/kc/base/wldb_list_operate.html HTTP/1.1" 200 928
124.77.241.94 - - [25/Jan/2020:16:12:53 +0800] "GET /xingrg/kc/base/wldb_order_add.html HTTP/1.1" 200 30334
124.77.241.94 - - [25/Jan/2020:16:12:53 +0800] "GET /xingrg/javascript/pic_change.js HTTP/1.1" 304 -
124.77.241.94 - - [25/Jan/2020:16:12:53 +0800] "GET /xingrg/javascript/jquery_tools/order_manager.js HTTP/1.1" 304 -
124.77.241.94 - - [25/Jan/2020:16:12:53 +0800] "GET /xingrg/javascript/print/kc_print.js HTTP/1.1" 304 -
124.77.241.94 - - [25/Jan/2020:16:12:53 +0800] "GET /xingrg/javascript/convert.js HTTP/1.1" 304 -
124.77.241.94 - - [25/Jan/2020:16:12:53 +0800] "GET /xingrg/javascript/json2.js HTTP/1.1" 304 -
124.77.241.94 - - [25/Jan/2020:16:12:53 +0800] "GET /xingrg/words/20200123085936_words.js HTTP/1.1" 304 -
124.77.241.94 - - [25/Jan/2020:16:12:53 +0800] "POST /xingrg/kc/base/wldb_order_operate.html HTTP/1.1" 200 6806
124.77.241.94 - - [25/Jan/2020:16:12:53 +0800] "GET /xingrg/all/common/auto_word.html?type=base&rest_code=00146 HTTP/1.1" 200 1603
124.77.241.94 - - [25/Jan/2020:16:12:53 +0800] "GET /xingrg/all/common/auto_word.html?type=base&rest_code=00146 HTTP/1.1" 200 1603
124.77.241.94 - - [25/Jan/2020:16:12:53 +0800] "GET /xingrg/javascript/easyui/themes/default/validatebox.css HTTP/1.1" 404 1104
124.77.241.94 - - [25/Jan/2020:16:12:53 +0800] "GET /xingrg/javascript/easyui/plugins/jquery.validatebox.js HTTP/1.1" 304 -
124.77.241.94 - - [25/Jan/2020:16:12:53 +0800] "GET /xingrg/javascript/easyui/plugins/jquery.numberbox.js HTTP/1.1" 304 -
222.69.24.136 - - [25/Jan/2020:16:12:55 +0800] "GET /xingrg/all/function/internal_message.html?_=1579939554026&CODE_STATE=getMsg HTTP/1.1" 200 27
222.69.24.136 - - [25/Jan/2020:16:12:55 +0800] "GET /xingrg/check_reg.html?_=1579939554027 HTTP/1.1" 200 22
124.77.241.94 - - [25/Jan/2020:16:13:00 +0800] "GET /xingrg/kc/buy/cgsh_order_list.html HTTP/1.1" 200 42033
124.77.241.94 - - [25/Jan/2020:16:13:00 +0800] "POST /xingrg/kc/buy/cgsh_list_operate.html HTTP/1.1" 200 5217
124.77.241.94 - - [25/Jan/2020:16:13:04 +0800] "GET /xingrg/all/function/internal_message.html?_=1579939977646&CODE_STATE=getMsg HTTP/1.1" 200 27
124.77.241.94 - - [25/Jan/2020:16:13:11 +0800] "POST /xingrg/kc/buy/cgsh_list_operate.html HTTP/1.1" 200 5323
117.185.32.26 - - [25/Jan/2020:16:13:13 +0800] "GET /xingrg/all/function/internal_message.html?_=1579939986428&CODE_STATE=getMsg HTTP/1.1" 200 27
124.77.241.94 - - [25/Jan/2020:16:13:13 +0800] "POST /xingrg/kc/buy/cgsh_list_operate.html HTTP/1.1" 200 214
180.157.252.250 - - [25/Jan/2020:16:13:15 +0800] "GET /xingrg/all/function/internal_message.html?_=1579939988687&CODE_STATE=getMsg HTTP/1.1" 200 27
116.238.181.252 - - [25/Jan/2020:16:13:16 +0800] "GET /xingrg/all/function/internal_message.html?_=1579939995625&CODE_STATE=getMsg HTTP/1.1" 200 27
124.77.241.94 - - [25/Jan/2020:16:13:19 +0800] "POST /xingrg/kc/buy/cgsh_list_operate.html HTTP/1.1" 200 1945
101.81.125.204 - - [25/Jan/2020:16:13:21 +0800] "GET /xingrg/all/function/internal_message.html?_=1579939991175&CODE_STATE=getMsg HTTP/1.1" 200 27
124.77.241.94 - - [25/Jan/2020:16:13:33 +0800] "POST /xingrg/kc/buy/cgsh_list_operate.html HTTP/1.1" 200 4
124.77.241.94 - - [25/Jan/2020:16:13:35 +0800] "POST /xingrg/kc/buy/cgsh_list_operate.html HTTP/1.1" 200 5158
114.93.75.19 - - [25/Jan/2020:16:13:44 +0800] "GET /xingrg/all/function/internal_message.html?_=1579940019390&CODE_STATE=getMsg HTTP/1.1" 302 -
120.253.135.82 - - [25/Jan/2020:16:13:48 +0800] "GET /xingrg/all/function/internal_message.html?_=1579940084290&CODE_STATE=getMsg HTTP/1.1" 200 27
124.77.241.94 - - [25/Jan/2020:16:13:54 +0800] "POST /xingrg/kc/buy/cgsh_list_operate.html HTTP/1.1" 200 4
222.69.24.136 - - [25/Jan/2020:16:13:55 +0800] "GET /xingrg/all/function/internal_message.html?_=1579939614025&CODE_STATE=getMsg HTTP/1.1" 200 27
124.77.241.94 - - [25/Jan/2020:16:13:57 +0800] "POST /xingrg/kc/buy/cgsh_list_operate.html HTTP/1.1" 200 4948
124.77.241.94 - - [25/Jan/2020:16:14:04 +0800] "GET /xingrg/all/function/internal_message.html?_=1579940037660&CODE_STATE=getMsg HTTP/1.1" 200 27
117.185.32.26 - - [25/Jan/2020:16:14:13 +0800] "GET /xingrg/all/function/internal_message.html?_=1579940046459&CODE_STATE=getMsg HTTP/1.1" 200 27
180.157.252.250 - - [25/Jan/2020:16:14:15 +0800] "GET /xingrg/all/function/internal_message.html?_=1579940048685&CODE_STATE=getMsg HTTP/1.1" 200 27
124.77.241.94 - - [25/Jan/2020:16:14:15 +0800] "POST /xingrg/kc/buy/cgsh_list_operate.html HTTP/1.1" 200 214
116.238.181.252 - - [25/Jan/2020:16:14:16 +0800] "GET /xingrg/all/function/internal_message.html?_=1579940055634&CODE_STATE=getMsg HTTP/1.1" 200 27
116.238.181.252 - - [25/Jan/2020:16:14:16 +0800] "GET /xingrg/check_reg.html?_=1579940055636 HTTP/1.1" 200 22
124.77.241.94 - - [25/Jan/2020:16:14:17 +0800] "GET /xingrg/kc/buy/cgsh_order_info.html?code=212020012412363 HTTP/1.1" 200 57648
124.77.241.94 - - [25/Jan/2020:16:14:17 +0800] "GET /xingrg/all/common/auto_word.html?type=employee&rest_code=00146 HTTP/1.1" 200 147
124.77.241.94 - - [25/Jan/2020:16:14:17 +0800] "GET /xingrg/all/common/auto_word.html?type=employee&rest_code=00146 HTTP/1.1" 200 147
124.77.241.94 - - [25/Jan/2020:16:14:17 +0800] "GET /xingrg/javascript/easyui/themes/default/validatebox.css HTTP/1.1" 404 1104
124.77.241.94 - - [25/Jan/2020:16:14:17 +0800] "POST /xingrg/kc/buy/cgsh_order_operate.html HTTP/1.1" 200 2691
124.77.241.94 - - [25/Jan/2020:16:14:20 +0800] "GET /xingrg/javascript/jquery_easy_ui/themes/default/images/tabs_active.png HTTP/1.1" 304 -
101.81.125.204 - - [25/Jan/2020:16:14:21 +0800] "GET /xingrg/all/function/internal_message.html?_=1579940051176&CODE_STATE=getMsg HTTP/1.1" 200 27
117.131.5.26 - - [25/Jan/2020:16:14:27 +0800] "GET /xingrg/check_reg.html?_=1579940081143 HTTP/1.1" 302 -
124.77.241.94 - - [25/Jan/2020:16:14:35 +0800] "POST /xingrg/kc/buy/cgsh_list_operate.html HTTP/1.1" 200 4
124.77.241.94 - - [25/Jan/2020:16:14:37 +0800] "POST /xingrg/kc/buy/cgsh_list_operate.html HTTP/1.1" 200 876
114.93.75.19 - - [25/Jan/2020:16:14:44 +0800] "GET /xingrg/all/function/internal_message.html?_=1579940079391&CODE_STATE=getMsg HTTP/1.1" 302 -
124.77.241.94 - - [25/Jan/2020:16:14:47 +0800] "GET /xingrg/check_reg.html?_=1579940080903 HTTP/1.1" 200 22
120.253.135.82 - - [25/Jan/2020:16:14:48 +0800] "GET /xingrg/check_reg.html?_=1579940144164 HTTP/1.1" 200 22
120.253.135.82 - - [25/Jan/2020:16:14:48 +0800] "GET /xingrg/all/function/internal_message.html?_=1579940144303&CODE_STATE=getMsg HTTP/1.1" 200 27
124.77.241.94 - - [25/Jan/2020:16:14:52 +0800] "GET /xingrg/kc/base/wldb_order_list.html HTTP/1.1" 200 19288
124.77.241.94 - - [25/Jan/2020:16:14:52 +0800] "POST /xingrg/kc/base/wldb_list_operate.html HTTP/1.1" 200 928
124.77.241.94 - - [25/Jan/2020:16:14:52 +0800] "POST /xingrg/kc/buy/cgsh_list_operate.html HTTP/1.1" 200 876
180.157.252.250 - - [25/Jan/2020:16:14:54 +0800] "POST /xingrg/services/DataTransmitService HTTP/1.1" 200 524
222.69.24.136 - - [25/Jan/2020:16:14:55 +0800] "GET /xingrg/all/function/internal_message.html?_=1579939674024&CODE_STATE=getMsg HTTP/1.1" 200 27
124.77.241.94 - - [25/Jan/2020:16:14:56 +0800] "GET /xingrg/kc/base/wldb_order_add.html HTTP/1.1" 200 30334
124.77.241.94 - - [25/Jan/2020:16:14:56 +0800] "POST /xingrg/kc/base/wldb_order_operate.html HTTP/1.1" 200 6806
124.77.241.94 - - [25/Jan/2020:16:14:56 +0800] "GET /xingrg/javascript/easyui/themes/default/validatebox.css HTTP/1.1" 404 1104
124.77.241.94 - - [25/Jan/2020:16:14:59 +0800] "GET /xingrg/javascript/auto/indicator.gif HTTP/1.1" 404 1066
124.77.241.94 - - [25/Jan/2020:16:15:04 +0800] "GET /xingrg/all/function/internal_message.html?_=1579940097674&CODE_STATE=getMsg HTTP/1.1" 200 27
124.77.241.94 - - [25/Jan/2020:16:15:04 +0800] "GET /xingrg/javascript/jquery_tools/images/prev.gif HTTP/1.1" 404 1086
124.77.241.94 - - [25/Jan/2020:16:15:04 +0800] "GET /xingrg/javascript/jquery_tools/images/next.gif HTTP/1.1" 404 1086
117.185.32.26 - - [25/Jan/2020:16:15:13 +0800] "GET /xingrg/check_reg.html?_=1579940106442 HTTP/1.1" 200 22
117.185.32.26 - - [25/Jan/2020:16:15:13 +0800] "GET /xingrg/all/function/internal_message.html?_=1579940106460&CODE_STATE=getMsg HTTP/1.1" 200 27
180.157.252.250 - - [25/Jan/2020:16:15:15 +0800] "GET /xingrg/all/function/internal_message.html?_=1579940108683&CODE_STATE=getMsg HTTP/1.1" 200 27
124.77.241.94 - - [25/Jan/2020:16:15:16 +0800] "GET /xingrg/kc/base/wldb_order_operate.html?command=get_materiel&rest_code=00146&base_code=0010063&code=00101016094 HTTP/1.1" 200 471
116.238.181.252 - - [25/Jan/2020:16:15:16 +0800] "GET /xingrg/all/function/internal_message.html?_=1579940115637&CODE_STATE=getMsg HTTP/1.1" 200 27
101.81.125.204 - - [25/Jan/2020:16:15:21 +0800] "GET /xingrg/all/function/internal_message.html?_=1579940111183&CODE_STATE=getMsg HTTP/1.1" 200 27
124.77.241.94 - - [25/Jan/2020:16:15:27 +0800] "GET /xingrg/kc/base/wldb_order_operate.html?command=get_materiel&rest_code=00146&base_code=0010063&code=00101019377 HTTP/1.1" 200 466
124.77.241.94 - - [25/Jan/2020:16:15:37 +0800] "GET /xingrg/kc/base/wldb_order_operate.html?command=get_materiel&rest_code=00146&base_code=0010063&code=00101019108 HTTP/1.1" 200 464
101.85.55.199 - - [25/Jan/2020:16:15:43 +0800] "GET /xingrg/check_reg.html?_=1579939900872 HTTP/1.1" 302 -
114.93.75.19 - - [25/Jan/2020:16:15:44 +0800] "GET /xingrg/all/function/internal_message.html?_=1579940139394&CODE_STATE=getMsg HTTP/1.1" 302 -
114.93.75.19 - - [25/Jan/2020:16:15:44 +0800] "GET /xingrg/check_reg.html?_=1579940139395 HTTP/1.1" 302 -
124.77.241.94 - - [25/Jan/2020:16:15:47 +0800] "GET /xingrg/kc/base/wldb_order_operate.html?command=get_materiel&rest_code=00146&base_code=0010063&code=00101019400 HTTP/1.1" 200 450
120.253.135.82 - - [25/Jan/2020:16:15:48 +0800] "GET /xingrg/all/function/internal_message.html?_=1579940204317&CODE_STATE=getMsg HTTP/1.1" 200 27
124.77.241.94 - - [25/Jan/2020:16:15:54 +0800] "GET /xingrg/kc/base/wldb_order_operate.html?command=get_materiel&rest_code=00146&base_code=0010063&code=00101019183 HTTP/1.1" 200 433
222.69.24.136 - - [25/Jan/2020:16:15:55 +0800] "GET /xingrg/all/function/internal_message.html?_=1579939734022&CODE_STATE=getMsg HTTP/1.1" 200 27
124.77.241.94 - - [25/Jan/2020:16:16:01 +0800] "GET /xingrg/kc/base/wldb_order_operate.html?command=get_materiel&rest_code=00146&base_code=0010063&code=00101019127 HTTP/1.1" 200 466
124.77.241.94 - - [25/Jan/2020:16:16:04 +0800] "GET /xingrg/all/function/internal_message.html?_=1579940157687&CODE_STATE=getMsg HTTP/1.1" 200 27
116.238.181.252 - - [25/Jan/2020:16:16:07 +0800] "POST /xingrg/all/user/operate.html HTTP/1.1" 200 36
117.185.32.26 - - [25/Jan/2020:16:16:07 +0800] "GET /xingrg/check_reg.html?_=1579940550049 HTTP/1.1" 200 22
116.238.181.252 - - [25/Jan/2020:16:16:07 +0800] "GET /xingrg/javascript/jquery_easy_ui/themes/default/easyui.css HTTP/1.1" 304 -
116.238.181.252 - - [25/Jan/2020:16:16:07 +0800] "GET /xingrg/index.html?sysBaseUrl=http%3A%2F%2F117.131.15.22%3A18081%2Fxingrg%2F&costTime=36×tamp=1579834430492 HTTP/1.1" 200 17157
116.238.181.252 - - [25/Jan/2020:16:16:07 +0800] "GET /xingrg/javascript/jquery_easy_ui/themes/icon.css HTTP/1.1" 304 -
116.238.181.252 - - [25/Jan/2020:16:16:07 +0800] "GET /xingrg/css/form.css HTTP/1.1" 304 -
116.238.181.252 - - [25/Jan/2020:16:16:07 +0800] "GET /xingrg/javascript/jquery-1.4.2.min.js HTTP/1.1" 304 -
116.238.181.252 - - [25/Jan/2020:16:16:07 +0800] "GET /xingrg/javascript/jquery_easy_ui/jquery.easyui.min.js HTTP/1.1" 304 -
116.238.181.252 - - [25/Jan/2020:16:16:08 +0800] "GET /xingrg/javascript/jquery_easy_ui/easyui-lang-zh_CN.js HTTP/1.1" 304 -
116.238.181.252 - - [25/Jan/2020:16:16:08 +0800] "GET /xingrg/javascript/jquery.form.js HTTP/1.1" 304 -
116.238.181.252 - - [25/Jan/2020:16:16:08 +0800] "GET /xingrg/javascript/jquery.utils.js HTTP/1.1" 304 -
116.238.181.252 - - [25/Jan/2020:16:16:08 +0800] "GET /xingrg/javascript/jquery.timers.js HTTP/1.1" 304 -
116.238.181.252 - - [25/Jan/2020:16:16:08 +0800] "GET /xingrg/images/blue/jxLogo.png HTTP/1.1" 304 -
116.238.181.252 - - [25/Jan/2020:16:16:08 +0800] "GET /xingrg/javascript/jquery_easy_ui/themes/icons/settle_new.png HTTP/1.1" 304 -
116.238.181.252 - - [25/Jan/2020:16:16:08 +0800] "GET /xingrg/images/blue/navBackgound.jpg HTTP/1.1" 304 -
116.238.181.252 - - [25/Jan/2020:16:16:08 +0800] "POST /xingrg/all/common/load_tree.html?tree=area_rest_tree_json&manage=1 HTTP/1.1" 200 476
116.238.181.252 - - [25/Jan/2020:16:16:08 +0800] "GET /xingrg/all/function/internal_message.html?_=1579940167259&CODE_STATE=count HTTP/1.1" 200 11
116.238.181.252 - - [25/Jan/2020:16:16:08 +0800] "GET /xingrg/javascript/jquery_easy_ui/themes/default/images/tabs_leftarrow.png HTTP/1.1" 304 -
116.238.181.252 - - [25/Jan/2020:16:16:08 +0800] "GET /xingrg/check_reg.html?_=1579940167260 HTTP/1.1" 200 22
116.238.181.252 - - [25/Jan/2020:16:16:08 +0800] "GET /xingrg/images/blue/pingpu.png HTTP/1.1" 304 -
116.238.181.252 - - [25/Jan/2020:16:16:08 +0800] "GET /xingrg/javascript/jquery_easy_ui/themes/default/images/tabs_rightarrow.png HTTP/1.1" 304 -
116.238.181.252 - - [25/Jan/2020:16:16:08 +0800] "GET /xingrg/javascript/jquery_easy_ui/themes/default/images/panel_tool_collapse.gif HTTP/1.1" 304 -
116.238.181.252 - - [25/Jan/2020:16:16:08 +0800] "POST /xingrg/load_menu.html HTTP/1.1" 200 5124
124.77.241.94 - - [25/Jan/2020:16:16:09 +0800] "GET /xingrg/kc/base/wldb_order_operate.html?command=get_materiel&rest_code=00146&base_code=0010063&code=00101016019 HTTP/1.1" 200 451
116.238.181.252 - - [25/Jan/2020:16:16:10 +0800] "GET /xingrg/kc/base/wldb_order_list.html HTTP/1.1" 200 19288
116.238.181.252 - - [25/Jan/2020:16:16:10 +0800] "POST /xingrg/kc/base/wldb_list_operate.html HTTP/1.1" 200 928
116.238.181.252 - - [25/Jan/2020:16:16:11 +0800] "GET /xingrg/kc/base/wldb_order_add.html HTTP/1.1" 200 30334
116.238.181.252 - - [25/Jan/2020:16:16:11 +0800] "POST /xingrg/kc/base/wldb_order_operate.html HTTP/1.1" 200 6806
116.238.181.252 - - [25/Jan/2020:16:16:11 +0800] "GET /xingrg/all/common/auto_word.html?type=base&rest_code=00150 HTTP/1.1" 200 2341
116.238.181.252 - - [25/Jan/2020:16:16:11 +0800] "GET /xingrg/all/common/auto_word.html?type=base&rest_code=00150 HTTP/1.1" 200 2341
116.238.181.252 - - [25/Jan/2020:16:16:11 +0800] "GET /xingrg/javascript/easyui/themes/default/validatebox.css HTTP/1.1" 404 1104
116.238.181.252 - - [25/Jan/2020:16:16:12 +0800] "GET /xingrg/javascript/auto/indicator.gif HTTP/1.1" 404 1066
117.185.32.26 - - [25/Jan/2020:16:16:13 +0800] "GET /xingrg/all/function/internal_message.html?_=1579940166437&CODE_STATE=getMsg HTTP/1.1" 200 27
180.157.252.250 - - [25/Jan/2020:16:16:15 +0800] "GET /xingrg/all/function/internal_message.html?_=1579940168709&CODE_STATE=getMsg HTTP/1.1" 200 27
116.238.181.252 - - [25/Jan/2020:16:16:18 +0800] "GET /xingrg/kc/base/wldb_order_operate.html?command=get_materiel&rest_code=00150&base_code=0010445&code=00101013203 HTTP/1.1" 200 430
124.77.241.94 - - [25/Jan/2020:16:16:19 +0800] "GET /xingrg/kc/base/wldb_order_operate.html?command=get_materiel&rest_code=00146&base_code=0010063&code=00101019185 HTTP/1.1" 200 455
101.81.125.204 - - [25/Jan/2020:16:16:21 +0800] "GET /xingrg/all/function/internal_message.html?_=1579940171187&CODE_STATE=getMsg HTTP/1.1" 200 27
101.81.125.204 - - [25/Jan/2020:16:16:21 +0800] "GET /xingrg/check_reg.html?_=1579940171189 HTTP/1.1" 200 22
116.238.181.252 - - [25/Jan/2020:16:16:22 +0800] "GET /xingrg/kc/base/wldb_order_operate.html?command=get_materiel&rest_code=00150&base_code=0010445&code=00101013158 HTTP/1.1" 200 431
124.77.241.94 - - [25/Jan/2020:16:16:31 +0800] "GET /xingrg/kc/base/wldb_order_operate.html?command=get_materiel&rest_code=00146&base_code=0010063&code=00101019257 HTTP/1.1" 200 478
180.162.232.172 - - [25/Jan/2020:16:16:32 +0800] "GET /favicon.ico HTTP/1.1" 404 -
124.77.241.94 - - [25/Jan/2020:16:16:39 +0800] "GET /xingrg/kc/base/wldb_order_operate.html?command=get_materiel&rest_code=00146&base_code=0010063&code=00101016029 HTTP/1.1" 200 463
116.238.181.252 - - [25/Jan/2020:16:16:39 +0800] "GET /xingrg/kc/base/wldb_order_operate.html?command=get_materiel&rest_code=00150&base_code=0010445&code=00101013160 HTTP/1.1" 200 427
114.93.75.19 - - [25/Jan/2020:16:16:44 +0800] "GET /xingrg/all/function/internal_message.html?_=1579940199397&CODE_STATE=getMsg HTTP/1.1" 302 -
120.253.135.82 - - [25/Jan/2020:16:16:48 +0800] "GET /xingrg/all/function/internal_message.html?_=1579940264330&CODE_STATE=getMsg HTTP/1.1" 200 27
222.69.24.136 - - [25/Jan/2020:16:16:55 +0800] "GET /xingrg/all/function/internal_message.html?_=1579939794021&CODE_STATE=getMsg HTTP/1.1" 200 27
124.77.241.94 - - [25/Jan/2020:16:17:01 +0800] "GET /xingrg/kc/base/wldb_order_operate.html?command=get_materiel&rest_code=00146&base_code=0010063&code=00101013032 HTTP/1.1" 200 450
114.93.75.19 - - [25/Jan/2020:16:17:04 +0800] "GET /xingrg/check_reg.html?_=1579940219002 HTTP/1.1" 302 -
124.77.241.94 - - [25/Jan/2020:16:17:04 +0800] "GET /xingrg/all/function/internal_message.html?_=1579940217701&CODE_STATE=getMsg HTTP/1.1" 200 27
116.238.181.252 - - [25/Jan/2020:16:17:08 +0800] "GET /xingrg/all/function/internal_message.html?_=1579940227273&CODE_STATE=getMsg HTTP/1.1" 200 27
117.185.32.26 - - [25/Jan/2020:16:17:13 +0800] "GET /xingrg/all/function/internal_message.html?_=1579940226449&CODE_STATE=getMsg HTTP/1.1" 200 27
124.77.241.94 - - [25/Jan/2020:16:17:15 +0800] "GET /xingrg/kc/base/wldb_order_operate.html?command=get_materiel&rest_code=00146&base_code=0010063&code=00101019155 HTTP/1.1" 200 478
180.157.252.250 - - [25/Jan/2020:16:17:15 +0800] "GET /xingrg/all/function/internal_message.html?_=1579940228708&CODE_STATE=getMsg HTTP/1.1" 200 27
180.157.252.250 - - [25/Jan/2020:16:17:15 +0800] "GET /xingrg/check_reg.html?_=1579940228711 HTTP/1.1" 200 22
101.81.125.204 - - [25/Jan/2020:16:17:21 +0800] "GET /xingrg/all/function/internal_message.html?_=1579940231187&CODE_STATE=getMsg HTTP/1.1" 200 27
116.232.32.230 - - [25/Jan/2020:16:17:22 +0800] "POST /xingrg/services/DataTransmitService HTTP/1.1" 200 524
124.77.241.94 - - [25/Jan/2020:16:17:28 +0800] "POST /xingrg/kc/base/wldb_order_operate.html HTTP/1.1" 200 37
124.77.241.94 - - [25/Jan/2020:16:17:29 +0800] "POST /xingrg/kc/base/wldb_order_operate.html HTTP/1.1" 200 12
124.77.241.94 - - [25/Jan/2020:16:17:29 +0800] "POST /xingrg/kc/base/wldb_order_operate.html HTTP/1.1" 200 7709
124.77.241.94 - - [25/Jan/2020:16:17:30 +0800] "GET /xingrg/kc/base/wldb_order_info.html?code=422020012503597 HTTP/1.1" 200 26217
124.77.241.94 - - [25/Jan/2020:16:17:31 +0800] "POST /xingrg/kc/base/wldb_order_operate.html HTTP/1.1" 200 5877
124.77.241.94 - - [25/Jan/2020:16:17:31 +0800] "GET /xingrg/javascript/easyui/themes/default/validatebox.css HTTP/1.1" 404 1104
124.77.241.94 - - [25/Jan/2020:16:17:40 +0800] "GET /xingrg/kc/base/wldb_order_add.html HTTP/1.1" 200 30334
124.77.241.94 - - [25/Jan/2020:16:17:40 +0800] "POST /xingrg/kc/base/wldb_order_operate.html HTTP/1.1" 200 6806
124.77.241.94 - - [25/Jan/2020:16:17:40 +0800] "GET /xingrg/javascript/easyui/themes/default/validatebox.css HTTP/1.1" 404 1104
114.93.75.19 - - [25/Jan/2020:16:17:44 +0800] "GET /xingrg/all/function/internal_message.html?_=1579940259399&CODE_STATE=getMsg HTTP/1.1" 302 -
120.253.135.82 - - [25/Jan/2020:16:17:48 +0800] "GET /xingrg/all/function/internal_message.html?_=1579940324344&CODE_STATE=getMsg HTTP/1.1" 200 27
222.69.24.136 - - [25/Jan/2020:16:17:55 +0800] "GET /xingrg/all/function/internal_message.html?_=1579939854020&CODE_STATE=getMsg HTTP/1.1" 200 27
222.69.24.136 - - [25/Jan/2020:16:17:55 +0800] "GET /xingrg/check_reg.html?_=1579939854022 HTTP/1.1" 200 22
124.77.241.94 - - [25/Jan/2020:16:18:04 +0800] "GET /xingrg/all/function/internal_message.html?_=1579940277714&CODE_STATE=getMsg HTTP/1.1" 200 27
116.238.181.252 - - [25/Jan/2020:16:18:08 +0800] "GET /xingrg/all/function/internal_message.html?_=1579940287263&CODE_STATE=getMsg HTTP/1.1" 200 27
124.77.241.94 - - [25/Jan/2020:16:18:09 +0800] "GET /xingrg/kc/base/wldb_order_operate.html?command=get_materiel&rest_code=00146&base_code=0010063&code=00101016076 HTTP/1.1" 200 476
117.185.32.26 - - [25/Jan/2020:16:18:13 +0800] "GET /xingrg/all/function/internal_message.html?_=1579940286480&CODE_STATE=getMsg HTTP/1.1" 200 27
180.157.252.250 - - [25/Jan/2020:16:18:15 +0800] "GET /xingrg/all/function/internal_message.html?_=1579940288711&CODE_STATE=getMsg HTTP/1.1" 200 27
124.77.241.94 - - [25/Jan/2020:16:18:17 +0800] "GET /xingrg/kc/base/wldb_order_operate.html?command=get_materiel&rest_code=00146&base_code=0010063&code=00101019438 HTTP/1.1" 200 446
101.81.125.204 - - [25/Jan/2020:16:18:21 +0800] "GET /xingrg/all/function/internal_message.html?_=1579940291189&CODE_STATE=getMsg HTTP/1.1" 200 27
124.77.241.94 - - [25/Jan/2020:16:18:24 +0800] "GET /xingrg/kc/base/wldb_order_operate.html?command=get_materiel&rest_code=00146&base_code=0010063&code=00101019071 HTTP/1.1" 200 455
124.77.241.94 - - [25/Jan/2020:16:18:34 +0800] "GET /xingrg/kc/base/wldb_order_operate.html?command=get_materiel&rest_code=00146&base_code=0010063&code=00101019306 HTTP/1.1" 200 463
114.93.75.19 - - [25/Jan/2020:16:18:44 +0800] "GET /xingrg/all/function/internal_message.html?_=1579940319402&CODE_STATE=getMsg HTTP/1.1" 302 -
120.253.135.82 - - [25/Jan/2020:16:18:48 +0800] "GET /xingrg/all/function/internal_message.html?_=1579940384360&CODE_STATE=getMsg HTTP/1.1" 200 27
124.77.241.94 - - [25/Jan/2020:16:18:52 +0800] "GET /xingrg/kc/base/wldb_order_operate.html?command=get_materiel&rest_code=00146&base_code=0010063&code=00101019310 HTTP/1.1" 200 463
222.69.24.136 - - [25/Jan/2020:16:18:55 +0800] "GET /xingrg/all/function/internal_message.html?_=1579939914019&CODE_STATE=getMsg HTTP/1.1" 200 27
124.77.241.94 - - [25/Jan/2020:16:19:04 +0800] "GET /xingrg/all/function/internal_message.html?_=1579940337728&CODE_STATE=getMsg HTTP/1.1" 200 27
116.238.181.252 - - [25/Jan/2020:16:19:08 +0800] "GET /xingrg/all/function/internal_message.html?_=1579940347275&CODE_STATE=getMsg HTTP/1.1" 200 27
117.185.32.26 - - [25/Jan/2020:16:19:13 +0800] "GET /xingrg/all/function/internal_message.html?_=1579940346438&CODE_STATE=getMsg HTTP/1.1" 200 27
180.157.252.250 - - [25/Jan/2020:16:19:15 +0800] "GET /xingrg/all/function/internal_message.html?_=1579940348709&CODE_STATE=getMsg HTTP/1.1" 200 27
101.81.125.204 - - [25/Jan/2020:16:19:21 +0800] "GET /xingrg/all/function/internal_message.html?_=1579940351188&CODE_STATE=getMsg HTTP/1.1" 200 27
124.77.241.94 - - [25/Jan/2020:16:19:22 +0800] "GET /xingrg/kc/base/wldb_order_operate.html?command=get_materiel&rest_code=00146&base_code=0010063&code=00101016113 HTTP/1.1" 200 408
117.131.5.26 - - [25/Jan/2020:16:19:27 +0800] "GET /xingrg/check_reg.html?_=1579940381159 HTTP/1.1" 302 -
116.238.181.252 - - [25/Jan/2020:16:19:35 +0800] "GET /xingrg/javascript/jquery_tools/images/next.gif HTTP/1.1" 404 1086
116.238.181.252 - - [25/Jan/2020:16:19:35 +0800] "GET /xingrg/javascript/jquery_tools/images/prev.gif HTTP/1.1" 404 1086
124.77.241.94 - - [25/Jan/2020:16:19:38 +0800] "GET /xingrg/kc/base/wldb_order_operate.html?command=get_materiel&rest_code=00146&base_code=0010063&code=00101019276 HTTP/1.1" 200 459
114.93.75.19 - - [25/Jan/2020:16:19:44 +0800] "GET /xingrg/all/function/internal_message.html?_=1579940379387&CODE_STATE=getMsg HTTP/1.1" 302 -
124.77.241.94 - - [25/Jan/2020:16:19:47 +0800] "GET /xingrg/check_reg.html?_=1579940380912 HTTP/1.1" 200 22
120.253.135.82 - - [25/Jan/2020:16:19:48 +0800] "GET /xingrg/check_reg.html?_=1579940444178 HTTP/1.1" 200 22
120.253.135.82 - - [25/Jan/2020:16:19:48 +0800] "GET /xingrg/all/function/internal_message.html?_=1579940444371&CODE_STATE=getMsg HTTP/1.1" 200 27
124.77.241.94 - - [25/Jan/2020:16:19:49 +0800] "GET /xingrg/kc/base/wldb_order_operate.html?command=get_materiel&rest_code=00146&base_code=0010063&code=00101019270 HTTP/1.1" 200 465
222.69.24.136 - - [25/Jan/2020:16:19:55 +0800] "GET /xingrg/all/function/internal_message.html?_=1579939974034&CODE_STATE=getMsg HTTP/1.1" 200 27
124.77.241.94 - - [25/Jan/2020:16:20:04 +0800] "GET /xingrg/all/function/internal_message.html?_=1579940397742&CODE_STATE=getMsg HTTP/1.1" 200 27
116.238.181.252 - - [25/Jan/2020:16:20:08 +0800] "GET /xingrg/all/function/internal_message.html?_=1579940407280&CODE_STATE=getMsg HTTP/1.1" 200 27
124.77.241.94 - - [25/Jan/2020:16:20:13 +0800] "GET /xingrg/kc/base/wldb_order_operate.html?command=get_materiel&rest_code=00146&base_code=0010063&code=00101019091 HTTP/1.1" 200 451
117.185.32.26 - - [25/Jan/2020:16:20:13 +0800] "GET /xingrg/check_reg.html?_=1579940406444 HTTP/1.1" 200 22
117.185.32.26 - - [25/Jan/2020:16:20:13 +0800] "GET /xingrg/all/function/internal_message.html?_=1579940406446&CODE_STATE=getMsg HTTP/1.1" 200 27
180.157.252.250 - - [25/Jan/2020:16:20:15 +0800] "GET /xingrg/all/function/internal_message.html?_=1579940408707&CODE_STATE=getMsg HTTP/1.1" 200 27
101.81.125.204 - - [25/Jan/2020:16:20:21 +0800] "GET /xingrg/all/function/internal_message.html?_=1579940411193&CODE_STATE=getMsg HTTP/1.1" 200 27
124.77.241.94 - - [25/Jan/2020:16:20:29 +0800] "GET /xingrg/kc/base/wldb_order_operate.html?command=get_materiel&rest_code=00146&base_code=0010063&code=00101019289 HTTP/1.1" 200 455
124.77.241.94 - - [25/Jan/2020:16:20:37 +0800] "GET /xingrg/kc/base/wldb_order_operate.html?command=get_materiel&rest_code=00146&base_code=0010063&code=00101019184 HTTP/1.1" 200 443
101.85.55.199 - - [25/Jan/2020:16:20:43 +0800] "GET /xingrg/check_reg.html?_=1579940200846 HTTP/1.1" 302 -
114.93.75.19 - - [25/Jan/2020:16:20:44 +0800] "GET /xingrg/all/function/internal_message.html?_=1579940439388&CODE_STATE=getMsg HTTP/1.1" 302 -
114.93.75.19 - - [25/Jan/2020:16:20:44 +0800] "GET /xingrg/check_reg.html?_=1579940439390 HTTP/1.1" 302 -
120.253.135.82 - - [25/Jan/2020:16:20:48 +0800] "GET /xingrg/all/function/internal_message.html?_=1579940504384&CODE_STATE=getMsg HTTP/1.1" 200 27
222.69.24.136 - - [25/Jan/2020:16:20:55 +0800] "GET /xingrg/all/function/internal_message.html?_=1579940034033&CODE_STATE=getMsg HTTP/1.1" 200 27
124.77.241.94 - - [25/Jan/2020:16:21:04 +0800] "GET /xingrg/all/function/internal_message.html?_=1579940457754&CODE_STATE=getMsg HTTP/1.1" 200 27
117.185.32.26 - - [25/Jan/2020:16:21:07 +0800] "GET /xingrg/check_reg.html?_=1579940850056 HTTP/1.1" 200 22
116.238.181.252 - - [25/Jan/2020:16:21:08 +0800] "GET /xingrg/check_reg.html?_=1579940467276 HTTP/1.1" 200 22
116.238.181.252 - - [25/Jan/2020:16:21:08 +0800] "GET /xingrg/all/function/internal_message.html?_=1579940467278&CODE_STATE=getMsg HTTP/1.1" 200 27
124.77.241.94 - - [25/Jan/2020:16:21:13 +0800] "GET /xingrg/kc/base/wldb_order_operate.html?command=get_materiel&rest_code=00146&base_code=0010063&code=00101016120 HTTP/1.1" 200 440
117.185.32.26 - - [25/Jan/2020:16:21:13 +0800] "GET /xingrg/all/function/internal_message.html?_=1579940466431&CODE_STATE=getMsg HTTP/1.1" 200 27
180.157.252.250 - - [25/Jan/2020:16:21:15 +0800] "GET /xingrg/all/function/internal_message.html?_=1579940468721&CODE_STATE=getMsg HTTP/1.1" 200 27
101.81.125.204 - - [25/Jan/2020:16:21:21 +0800] "GET /xingrg/all/function/internal_message.html?_=1579940471193&CODE_STATE=getMsg HTTP/1.1" 200 27
101.81.125.204 - - [25/Jan/2020:16:21:21 +0800] "GET /xingrg/check_reg.html?_=1579940471196 HTTP/1.1" 200 22
124.77.241.94 - - [25/Jan/2020:16:21:24 +0800] "GET /xingrg/kc/base/wldb_order_operate.html?command=get_materiel&rest_code=00146&base_code=0010063&code=00101016034 HTTP/1.1" 200 456
114.93.75.19 - - [25/Jan/2020:16:21:44 +0800] "GET /xingrg/all/function/internal_message.html?_=1579940499394&CODE_STATE=getMsg HTTP/1.1" 302 -
120.253.135.82 - - [25/Jan/2020:16:21:48 +0800] "GET /xingrg/all/function/internal_message.html?_=1579940564399&CODE_STATE=getMsg HTTP/1.1" 200 27
222.69.24.136 - - [25/Jan/2020:16:21:55 +0800] "GET /xingrg/all/function/internal_message.html?_=1579940094031&CODE_STATE=getMsg HTTP/1.1" 200 27
114.93.75.19 - - [25/Jan/2020:16:22:04 +0800] "GET /xingrg/check_reg.html?_=1579940518974 HTTP/1.1" 302 -
124.77.241.94 - - [25/Jan/2020:16:22:04 +0800] "GET /xingrg/all/function/internal_message.html?_=1579940517770&CODE_STATE=getMsg HTTP/1.1" 200 27
116.238.181.252 - - [25/Jan/2020:16:22:08 +0800] "GET /xingrg/all/function/internal_message.html?_=1579940527272&CODE_STATE=getMsg HTTP/1.1" 200 27
124.77.241.94 - - [25/Jan/2020:16:22:08 +0800] "POST /xingrg/kc/base/wldb_order_operate.html HTTP/1.1" 200 37
