120.253.135.82 - - [24/Jan/2020:09:19:49 +0800] "GET /xingrg/javascript/print/kc_print.js HTTP/1.1" 304 -
120.253.135.82 - - [24/Jan/2020:09:19:49 +0800] "GET /xingrg/dwr/interface/AjaxCgthService.js HTTP/1.1" 200 14519
120.253.135.82 - - [24/Jan/2020:09:19:49 +0800] "GET /xingrg/dwr/engine.js HTTP/1.1" 200 43631
120.253.135.82 - - [24/Jan/2020:09:19:49 +0800] "GET /xingrg/kc/buy/cgth_order_info.html?code=232020012300030 HTTP/1.1" 200 59402
120.253.135.82 - - [24/Jan/2020:09:19:49 +0800] "GET /xingrg/javascript/jquery_easy_ui/themes/icons/edit_add_new.png HTTP/1.1" 200 2997
120.253.135.82 - - [24/Jan/2020:09:19:49 +0800] "GET /xingrg/javascript/jquery_easy_ui/themes/icons/check_new.png HTTP/1.1" 304 -
120.253.135.82 - - [24/Jan/2020:09:19:49 +0800] "GET /xingrg/javascript/jquery_easy_ui/themes/icons/ok.png HTTP/1.1" 200 883
120.253.135.82 - - [24/Jan/2020:09:19:49 +0800] "GET /xingrg/javascript/jquery_easy_ui/themes/icons/cance_new.png HTTP/1.1" 200 3986
120.253.135.82 - - [24/Jan/2020:09:19:49 +0800] "GET /xingrg/javascript/jquery_easy_ui/themes/icons/print.png HTTP/1.1" 304 -
120.253.135.82 - - [24/Jan/2020:09:19:49 +0800] "GET /xingrg/javascript/jquery_easy_ui/themes/default/images/menu_downarrow.png HTTP/1.1" 304 -
120.253.135.82 - - [24/Jan/2020:09:19:49 +0800] "GET /xingrg/javascript/jquery_easy_ui/themes/icons/back_new.png HTTP/1.1" 304 -
120.253.135.82 - - [24/Jan/2020:09:19:49 +0800] "GET /xingrg/javascript/jquery_easy_ui/themes/default/images/combo_arrow_dot.gif HTTP/1.1" 200 79
120.253.135.82 - - [24/Jan/2020:09:19:49 +0800] "GET /xingrg/javascript/jquery_easy_ui/themes/default/images/calendar_prevmonth.gif HTTP/1.1" 304 -
120.253.135.82 - - [24/Jan/2020:09:19:49 +0800] "GET /xingrg/javascript/jquery_easy_ui/themes/default/images/calendar_nextmonth.gif HTTP/1.1" 304 -
120.253.135.82 - - [24/Jan/2020:09:19:49 +0800] "GET /xingrg/javascript/jquery_easy_ui/themes/default/images/calendar_nextyear.gif HTTP/1.1" 304 -
120.253.135.82 - - [24/Jan/2020:09:19:49 +0800] "GET /xingrg/javascript/jquery_easy_ui/themes/default/images/calendar_prevyear.gif HTTP/1.1" 304 -
120.253.135.82 - - [24/Jan/2020:09:19:49 +0800] "POST /xingrg/all/common/load_tree.html?tree=supplier_tree_json&isDelete=1 HTTP/1.1" 200 46428
120.253.135.82 - - [24/Jan/2020:09:19:50 +0800] "GET /xingrg/images/blue/button/kc_tab_add.gif HTTP/1.1" 200 375
120.253.135.82 - - [24/Jan/2020:09:19:50 +0800] "GET /xingrg/images/blue/button/kc_tab_del.gif HTTP/1.1" 200 383
120.253.135.82 - - [24/Jan/2020:09:19:50 +0800] "GET /xingrg/images/blue/button/kc_tab_edit.gif HTTP/1.1" 200 551
120.253.135.82 - - [24/Jan/2020:09:19:50 +0800] "GET /xingrg/images/blue/button/kc_tab_save.gif HTTP/1.1" 200 777
120.253.135.82 - - [24/Jan/2020:09:19:50 +0800] "GET /xingrg/images/blue/kc_tab_left.gif HTTP/1.1" 304 -
120.253.135.82 - - [24/Jan/2020:09:19:50 +0800] "GET /xingrg/images/blue/kc_tab2_right.gif HTTP/1.1" 200 192
120.253.135.82 - - [24/Jan/2020:09:19:50 +0800] "GET /xingrg/images/blue/kc_tab_mid.gif HTTP/1.1" 304 -
120.253.135.82 - - [24/Jan/2020:09:19:50 +0800] "GET /xingrg/images/blue/kc_tab_right.gif HTTP/1.1" 304 -
120.253.135.82 - - [24/Jan/2020:09:19:50 +0800] "GET /xingrg/images/blue/kc_tab2_left.gif HTTP/1.1" 200 625
120.253.135.82 - - [24/Jan/2020:09:19:50 +0800] "GET /xingrg/images/blue/wait.gif HTTP/1.1" 304 -
120.253.135.82 - - [24/Jan/2020:09:19:50 +0800] "POST /xingrg/dwr/call/plaincall/AjaxCgthService.loadMaterielItems.dwr HTTP/1.1" 200 760
114.86.231.167 - - [24/Jan/2020:09:19:58 +0800] "GET /xingrg/all/function/internal_message.html?_=1579828801683&CODE_STATE=getMsg HTTP/1.1" 200 27
120.253.135.82 - - [24/Jan/2020:09:19:58 +0800] "GET /xingrg/javascript/jquery_easy_ui/themes/default/images/button_plain_hover.png HTTP/1.1" 200 252
120.253.135.82 - - [24/Jan/2020:09:19:59 +0800] "POST /xingrg/dwr/call/plaincall/AjaxCgthService.saveOrder.dwr HTTP/1.1" 200 78
116.238.35.243 - - [24/Jan/2020:09:19:59 +0800] "GET /xingrg/javascript/jquery_tools/images/prev.gif HTTP/1.1" 404 1086
116.238.35.243 - - [24/Jan/2020:09:19:59 +0800] "GET /xingrg/javascript/jquery_tools/images/next.gif HTTP/1.1" 404 1086
120.253.135.82 - - [24/Jan/2020:09:20:03 +0800] "POST /xingrg/dwr/call/plaincall/AjaxCgthService.saveOrder.dwr HTTP/1.1" 200 78
116.238.35.243 - - [24/Jan/2020:09:20:07 +0800] "GET /xingrg/kc/buy/cgsh_order_operate.html?command=get_materiel&rest_code=00105&code=00101008265&supplier_code=00100005&order_time=2020-01-23 HTTP/1.1" 200 409
120.253.135.82 - - [24/Jan/2020:09:20:08 +0800] "GET /xingrg/kc/print/load_config.html?_=1579828547389&kc_code=cgth HTTP/1.1" 200 2458
120.253.135.82 - - [24/Jan/2020:09:20:08 +0800] "GET /xingrg/kc/print/load_data.html?_=1579828547406&order_code=232020012300030&kc_code=cgth&condition= HTTP/1.1" 200 539
114.93.75.19 - - [24/Jan/2020:09:20:12 +0800] "GET /xingrg/all/function/internal_message.html?_=1579828811354&CODE_STATE=getMsg HTTP/1.1" 302 -
116.238.35.243 - - [24/Jan/2020:09:20:19 +0800] "GET /xingrg/kc/buy/cgsh_order_operate.html?command=get_materiel&rest_code=00105&code=00101008221&supplier_code=00100005&order_time=2020-01-23 HTTP/1.1" 200 412
120.253.135.82 - - [24/Jan/2020:09:20:22 +0800] "POST /xingrg/dwr/call/plaincall/AjaxCgthService.checkOrder.dwr HTTP/1.1" 200 78
120.253.135.82 - - [24/Jan/2020:09:20:23 +0800] "GET /xingrg/kc/buy/cgth_order_info.html?code=232020012300030&part=buyck HTTP/1.1" 200 57402
120.253.135.82 - - [24/Jan/2020:09:20:23 +0800] "GET /xingrg/dwr/interface/AjaxComOrderService.js HTTP/1.1" 200 18264
120.253.135.82 - - [24/Jan/2020:09:20:23 +0800] "GET /xingrg/dwr/interface/AjaxCgthService.js HTTP/1.1" 200 14519
120.253.135.82 - - [24/Jan/2020:09:20:23 +0800] "GET /xingrg/dwr/engine.js HTTP/1.1" 200 43631
120.253.135.82 - - [24/Jan/2020:09:20:23 +0800] "GET /xingrg/javascript/jquery_easy_ui/themes/icons/uncheck_new.png HTTP/1.1" 304 -
120.253.135.82 - - [24/Jan/2020:09:20:24 +0800] "POST /xingrg/all/common/load_tree.html?tree=supplier_tree_json&isDelete=1 HTTP/1.1" 200 46428
120.253.135.82 - - [24/Jan/2020:09:20:24 +0800] "POST /xingrg/dwr/call/plaincall/AjaxCgthService.loadMaterielItems.dwr HTTP/1.1" 200 672
116.238.35.243 - - [24/Jan/2020:09:20:28 +0800] "GET /xingrg/kc/buy/cgsh_order_operate.html?command=get_materiel&rest_code=00105&code=00101008211&supplier_code=00100005&order_time=2020-01-23 HTTP/1.1" 200 412
116.238.35.243 - - [24/Jan/2020:09:20:37 +0800] "GET /xingrg/kc/buy/cgsh_order_operate.html?command=get_materiel&rest_code=00105&code=00101008355&supplier_code=00100005&order_time=2020-01-23 HTTP/1.1" 200 408
172.17.0.196 - - [24/Jan/2020:09:20:38 +0800] "GET /xingrg/all/function/internal_message.html?_=1579828684408&CODE_STATE=getMsg HTTP/1.1" 200 27
120.253.135.82 - - [24/Jan/2020:09:20:41 +0800] "GET /xingrg/all/function/internal_message.html?_=1579828579567&CODE_STATE=getMsg HTTP/1.1" 200 27
114.93.75.19 - - [24/Jan/2020:09:20:42 +0800] "GET /xingrg/all/function/internal_message.html?_=1579828839434&CODE_STATE=getMsg HTTP/1.1" 302 -
114.93.75.19 - - [24/Jan/2020:09:20:42 +0800] "GET /xingrg/check_reg.html?_=1579828839435 HTTP/1.1" 302 -
116.238.35.243 - - [24/Jan/2020:09:20:43 +0800] "GET /xingrg/kc/buy/cgsh_order_operate.html?command=get_materiel&rest_code=00105&code=00101008356&supplier_code=00100005&order_time=2020-01-23 HTTP/1.1" 200 408
116.238.35.243 - - [24/Jan/2020:09:20:46 +0800] "GET /xingrg/all/function/internal_message.html?_=1579828843631&CODE_STATE=getMsg HTTP/1.1" 200 27
116.238.35.243 - - [24/Jan/2020:09:20:46 +0800] "GET /xingrg/check_reg.html?_=1579828843811 HTTP/1.1" 200 22
116.238.35.243 - - [24/Jan/2020:09:20:51 +0800] "GET /xingrg/kc/buy/cgsh_order_operate.html?command=get_materiel&rest_code=00105&code=00101008136&supplier_code=00100005&order_time=2020-01-23 HTTP/1.1" 200 413
116.238.35.243 - - [24/Jan/2020:09:20:56 +0800] "GET /xingrg/kc/buy/cgsh_order_operate.html?command=get_materiel&rest_code=00105&code=00101008357&supplier_code=00100005&order_time=2020-01-23 HTTP/1.1" 200 408
114.86.231.167 - - [24/Jan/2020:09:20:58 +0800] "GET /xingrg/check_reg.html?_=1579828861682 HTTP/1.1" 200 22
114.86.231.167 - - [24/Jan/2020:09:20:58 +0800] "GET /xingrg/all/function/internal_message.html?_=1579828861684&CODE_STATE=getMsg HTTP/1.1" 200 27
116.238.35.243 - - [24/Jan/2020:09:21:02 +0800] "GET /xingrg/kc/buy/cgsh_order_operate.html?command=get_materiel&rest_code=00105&code=00101008069&supplier_code=00100005&order_time=2020-01-23 HTTP/1.1" 200 412
116.238.35.243 - - [24/Jan/2020:09:21:11 +0800] "GET /xingrg/kc/buy/cgsh_order_operate.html?command=get_materiel&rest_code=00105&code=00101008006&supplier_code=00100005&order_time=2020-01-23 HTTP/1.1" 200 416
114.93.75.19 - - [24/Jan/2020:09:21:11 +0800] "GET /xingrg/all/function/internal_message.html?_=1579828871356&CODE_STATE=getMsg HTTP/1.1" 302 -
116.238.35.243 - - [24/Jan/2020:09:21:19 +0800] "GET /xingrg/kc/buy/cgsh_order_operate.html?command=get_materiel&rest_code=00105&code=00101008296&supplier_code=00100005&order_time=2020-01-23 HTTP/1.1" 200 416
116.238.35.243 - - [24/Jan/2020:09:21:26 +0800] "GET /xingrg/kc/buy/cgsh_order_operate.html?command=get_materiel&rest_code=00105&code=00101008005&supplier_code=00100005&order_time=2020-01-23 HTTP/1.1" 200 412
172.17.0.196 - - [24/Jan/2020:09:21:38 +0800] "GET /xingrg/all/function/internal_message.html?_=1579828744408&CODE_STATE=getMsg HTTP/1.1" 200 27
116.238.35.243 - - [24/Jan/2020:09:21:39 +0800] "GET /xingrg/kc/buy/cgsh_order_operate.html?command=get_materiel&rest_code=00105&code=00101008298&supplier_code=00100005&order_time=2020-01-23 HTTP/1.1" 200 431
120.253.135.82 - - [24/Jan/2020:09:21:41 +0800] "GET /xingrg/all/function/internal_message.html?_=1579828639580&CODE_STATE=getMsg HTTP/1.1" 200 27
114.93.75.19 - - [24/Jan/2020:09:21:42 +0800] "GET /xingrg/all/function/internal_message.html?_=1579828899436&CODE_STATE=getMsg HTTP/1.1" 302 -
116.238.35.243 - - [24/Jan/2020:09:21:44 +0800] "GET /xingrg/kc/buy/cgsh_order_operate.html?command=get_materiel&rest_code=00105&code=00101008105&supplier_code=00100005&order_time=2020-01-23 HTTP/1.1" 200 412
116.238.35.243 - - [24/Jan/2020:09:21:46 +0800] "GET /xingrg/all/function/internal_message.html?_=1579828903667&CODE_STATE=getMsg HTTP/1.1" 200 27
116.238.35.243 - - [24/Jan/2020:09:21:49 +0800] "GET /xingrg/kc/buy/cgsh_order_operate.html?command=get_materiel&rest_code=00105&code=00101008119&supplier_code=00100005&order_time=2020-01-23 HTTP/1.1" 200 413
114.88.170.138 - - [24/Jan/2020:09:21:50 +0800] "GET /xingrg/all/function/internal_message.html?_=1579829107516&CODE_STATE=getMsg HTTP/1.1" 302 -
114.88.170.138 - - [24/Jan/2020:09:21:50 +0800] "GET /xingrg/check_reg.html?_=1579829107965 HTTP/1.1" 302 -
114.88.170.138 - - [24/Jan/2020:09:21:50 +0800] "GET /xingrg/login.html HTTP/1.1" 200 7639
114.88.170.138 - - [24/Jan/2020:09:21:50 +0800] "GET /xingrg/login.html HTTP/1.1" 200 7639
120.253.135.82 - - [24/Jan/2020:09:21:57 +0800] "GET /xingrg/kc/buy/cgth_order_list.html?isBack=1 HTTP/1.1" 200 41685
120.253.135.82 - - [24/Jan/2020:09:21:58 +0800] "POST /xingrg/kc/buy/cgth_list_operate.html HTTP/1.1" 200 1035
114.86.231.167 - - [24/Jan/2020:09:21:58 +0800] "GET /xingrg/all/function/internal_message.html?_=1579828921684&CODE_STATE=getMsg HTTP/1.1" 200 27
116.238.35.243 - - [24/Jan/2020:09:21:59 +0800] "GET /xingrg/kc/buy/cgsh_order_operate.html?command=get_materiel&rest_code=00105&code=00101008197&supplier_code=00100005&order_time=2020-01-23 HTTP/1.1" 200 416
120.253.135.82 - - [24/Jan/2020:09:22:01 +0800] "GET /xingrg/kc/buy/cgth_order_list.html HTTP/1.1" 200 41685
120.253.135.82 - - [24/Jan/2020:09:22:01 +0800] "POST /xingrg/kc/buy/cgth_list_operate.html HTTP/1.1" 200 1035
114.93.75.19 - - [24/Jan/2020:09:22:10 +0800] "GET /xingrg/check_reg.html?_=1579828926715 HTTP/1.1" 302 -
114.93.75.19 - - [24/Jan/2020:09:22:12 +0800] "GET /xingrg/all/function/internal_message.html?_=1579828931394&CODE_STATE=getMsg HTTP/1.1" 302 -
101.85.55.199 - - [24/Jan/2020:09:22:12 +0800] "GET /xingrg/check_reg.html?_=1579828695095 HTTP/1.1" 200 22
114.88.170.138 - - [24/Jan/2020:09:22:16 +0800] "GET /xingrg/all/function/internal_message.html?_=1579829167497&CODE_STATE=getMsg HTTP/1.1" 302 -
116.238.35.243 - - [24/Jan/2020:09:22:22 +0800] "GET /xingrg/kc/buy/cgsh_order_operate.html?command=get_materiel&rest_code=00105&code=00101008027&supplier_code=00100005&order_time=2020-01-23 HTTP/1.1" 200 408
116.238.35.243 - - [24/Jan/2020:09:22:28 +0800] "GET /xingrg/kc/buy/cgsh_order_operate.html?command=get_materiel&rest_code=00105&code=00101008028&supplier_code=00100005&order_time=2020-01-23 HTTP/1.1" 200 412
116.238.35.243 - - [24/Jan/2020:09:22:36 +0800] "GET /xingrg/kc/buy/cgsh_order_operate.html?command=get_materiel&rest_code=00105&code=00101008313&supplier_code=00100005&order_time=2020-01-23 HTTP/1.1" 200 412
114.93.75.19 - - [24/Jan/2020:09:22:38 +0800] "GET /xingrg/check_reg.html?_=1579828958081 HTTP/1.1" 302 -
172.17.0.196 - - [24/Jan/2020:09:22:38 +0800] "GET /xingrg/all/function/internal_message.html?_=1579828804411&CODE_STATE=getMsg HTTP/1.1" 200 27
172.17.0.196 - - [24/Jan/2020:09:22:38 +0800] "GET /xingrg/check_reg.html?_=1579828804416 HTTP/1.1" 200 22
120.253.135.82 - - [24/Jan/2020:09:22:41 +0800] "GET /xingrg/all/function/internal_message.html?_=1579828699605&CODE_STATE=getMsg HTTP/1.1" 200 27
114.93.75.19 - - [24/Jan/2020:09:22:42 +0800] "GET /xingrg/all/function/internal_message.html?_=1579828959437&CODE_STATE=getMsg HTTP/1.1" 302 -
116.238.35.243 - - [24/Jan/2020:09:22:45 +0800] "GET /xingrg/kc/buy/cgsh_order_operate.html?command=get_materiel&rest_code=00105&code=00101008351&supplier_code=00100005&order_time=2020-01-23 HTTP/1.1" 200 408
116.238.35.243 - - [24/Jan/2020:09:22:46 +0800] "GET /xingrg/all/function/internal_message.html?_=1579828963589&CODE_STATE=getMsg HTTP/1.1" 200 27
114.86.231.167 - - [24/Jan/2020:09:22:58 +0800] "GET /xingrg/all/function/internal_message.html?_=1579828981684&CODE_STATE=getMsg HTTP/1.1" 200 27
114.93.75.19 - - [24/Jan/2020:09:23:12 +0800] "GET /xingrg/all/function/internal_message.html?_=1579828991404&CODE_STATE=getMsg HTTP/1.1" 302 -
114.88.170.138 - - [24/Jan/2020:09:23:16 +0800] "GET /xingrg/all/function/internal_message.html?_=1579829227472&CODE_STATE=getMsg HTTP/1.1" 302 -
222.69.130.94 - - [24/Jan/2020:09:23:24 +0800] "GET /favicon.ico HTTP/1.1" 404 -
172.17.0.196 - - [24/Jan/2020:09:23:38 +0800] "GET /xingrg/all/function/internal_message.html?_=1579828864418&CODE_STATE=getMsg HTTP/1.1" 200 27
120.253.135.82 - - [24/Jan/2020:09:23:41 +0800] "GET /xingrg/all/function/internal_message.html?_=1579828759608&CODE_STATE=getMsg HTTP/1.1" 200 27
114.93.75.19 - - [24/Jan/2020:09:23:42 +0800] "GET /xingrg/all/function/internal_message.html?_=1579829019439&CODE_STATE=getMsg HTTP/1.1" 302 -
116.238.35.243 - - [24/Jan/2020:09:23:45 +0800] "GET /xingrg/kc/buy/cgsh_order_operate.html?command=get_materiel&rest_code=00105&code=00101008038&supplier_code=00100005&order_time=2020-01-23 HTTP/1.1" 200 412
116.238.35.243 - - [24/Jan/2020:09:23:46 +0800] "GET /xingrg/all/function/internal_message.html?_=1579829023570&CODE_STATE=getMsg HTTP/1.1" 200 27
116.238.35.243 - - [24/Jan/2020:09:23:52 +0800] "POST /xingrg/kc/buy/cgsh_order_operate.html HTTP/1.1" 200 2065
116.238.35.243 - - [24/Jan/2020:09:23:53 +0800] "POST /xingrg/kc/buy/cgsh_order_operate.html HTTP/1.1" 200 2065
116.238.35.243 - - [24/Jan/2020:09:23:55 +0800] "POST /xingrg/kc/buy/cgsh_order_operate.html HTTP/1.1" 200 2065
114.86.231.167 - - [24/Jan/2020:09:23:58 +0800] "GET /xingrg/all/function/internal_message.html?_=1579829041686&CODE_STATE=getMsg HTTP/1.1" 200 27
116.238.35.243 - - [24/Jan/2020:09:24:04 +0800] "GET /xingrg/kc/buy/cgsh_order_operate.html?command=get_materiel&rest_code=00105&code=00101008358&supplier_code=00100005&order_time=2020-01-23 HTTP/1.1" 200 412
116.238.35.243 - - [24/Jan/2020:09:24:09 +0800] "GET /xingrg/kc/buy/cgsh_order_operate.html?command=get_materiel&rest_code=00105&code=00101008088&supplier_code=00100005&order_time=2020-01-23 HTTP/1.1" 200 408
114.93.75.19 - - [24/Jan/2020:09:24:12 +0800] "GET /xingrg/all/function/internal_message.html?_=1579829051440&CODE_STATE=getMsg HTTP/1.1" 302 -
116.238.35.243 - - [24/Jan/2020:09:24:15 +0800] "GET /xingrg/kc/buy/cgsh_order_operate.html?command=get_materiel&rest_code=00105&code=00101008224&supplier_code=00100005&order_time=2020-01-23 HTTP/1.1" 200 416
114.88.170.138 - - [24/Jan/2020:09:24:16 +0800] "GET /xingrg/all/function/internal_message.html?_=1579829287452&CODE_STATE=getMsg HTTP/1.1" 302 -
116.238.35.243 - - [24/Jan/2020:09:24:21 +0800] "GET /xingrg/kc/buy/cgsh_order_operate.html?command=get_materiel&rest_code=00105&code=00101008246&supplier_code=00100005&order_time=2020-01-23 HTTP/1.1" 200 408
101.81.125.204 - - [24/Jan/2020:09:24:27 +0800] "GET /xingrg/login.html HTTP/1.1" 200 7639
116.238.35.243 - - [24/Jan/2020:09:24:28 +0800] "GET /xingrg/kc/buy/cgsh_order_operate.html?command=get_materiel&rest_code=00105&code=00101008003&supplier_code=00100005&order_time=2020-01-23 HTTP/1.1" 200 408
117.131.5.26 - - [24/Jan/2020:09:24:28 +0800] "GET /xingrg/check_reg.html?_=1579829079487 HTTP/1.1" 200 22
172.17.0.196 - - [24/Jan/2020:09:24:38 +0800] "GET /xingrg/all/function/internal_message.html?_=1579828924420&CODE_STATE=getMsg HTTP/1.1" 200 27
101.81.125.204 - - [24/Jan/2020:09:24:38 +0800] "POST /xingrg/login.do HTTP/1.1" 302 -
101.81.125.204 - - [24/Jan/2020:09:24:38 +0800] "GET /xingrg/index.html?sysBaseUrl=http%3A%2F%2F117.131.15.22%3A18081%2Fxingrg%2F&costTime=35×tamp=1579829078958 HTTP/1.1" 200 17151
101.81.125.204 - - [24/Jan/2020:09:24:39 +0800] "POST /xingrg/all/common/load_tree.html?tree=area_rest_tree_json&manage=1 HTTP/1.1" 200 467
101.81.125.204 - - [24/Jan/2020:09:24:39 +0800] "GET /xingrg/all/function/internal_message.html?_=1579829071430&CODE_STATE=count HTTP/1.1" 200 11
101.81.125.204 - - [24/Jan/2020:09:24:39 +0800] "GET /xingrg/check_reg.html?_=1579829071439 HTTP/1.1" 200 22
101.81.125.204 - - [24/Jan/2020:09:24:39 +0800] "POST /xingrg/load_menu.html HTTP/1.1" 200 5124
120.253.135.82 - - [24/Jan/2020:09:24:41 +0800] "GET /xingrg/check_reg.html?_=1579828819570 HTTP/1.1" 200 22
120.253.135.82 - - [24/Jan/2020:09:24:41 +0800] "GET /xingrg/all/function/internal_message.html?_=1579828819621&CODE_STATE=getMsg HTTP/1.1" 200 27
101.81.125.204 - - [24/Jan/2020:09:24:42 +0800] "GET /xingrg/kc/base/base_main.html HTTP/1.1" 200 12138
114.93.75.19 - - [24/Jan/2020:09:24:42 +0800] "GET /xingrg/all/function/internal_message.html?_=1579829079441&CODE_STATE=getMsg HTTP/1.1" 302 -
101.81.125.204 - - [24/Jan/2020:09:24:44 +0800] "GET /xingrg/kc/base/wldb_order_list.html HTTP/1.1" 200 19282
116.238.35.243 - - [24/Jan/2020:09:24:46 +0800] "GET /xingrg/kc/buy/cgsh_order_operate.html?command=get_materiel&rest_code=00105&code=00101008361&supplier_code=00100005&order_time=2020-01-23 HTTP/1.1" 200 408
116.238.35.243 - - [24/Jan/2020:09:24:46 +0800] "GET /xingrg/all/function/internal_message.html?_=1579829083539&CODE_STATE=getMsg HTTP/1.1" 200 27
101.81.125.204 - - [24/Jan/2020:09:24:46 +0800] "GET /xingrg/javascript/jquery_tools/images/next.gif HTTP/1.1" 404 1086
101.81.125.204 - - [24/Jan/2020:09:24:46 +0800] "GET /xingrg/javascript/jquery_tools/images/prev.gif HTTP/1.1" 404 1086
101.81.125.204 - - [24/Jan/2020:09:24:46 +0800] "POST /xingrg/kc/base/wldb_list_operate.html HTTP/1.1" 200 928
101.81.125.204 - - [24/Jan/2020:09:24:51 +0800] "GET /xingrg/kc/base/wldb_order_add.html HTTP/1.1" 200 30324
101.81.125.204 - - [24/Jan/2020:09:24:51 +0800] "GET /xingrg/words/20200123085936_words.js HTTP/1.1" 304 -
101.81.125.204 - - [24/Jan/2020:09:24:52 +0800] "GET /xingrg/all/common/auto_word.html?type=base&rest_code=00107 HTTP/1.1" 200 2181
101.81.125.204 - - [24/Jan/2020:09:24:52 +0800] "GET /xingrg/all/common/auto_word.html?type=base&rest_code=00107 HTTP/1.1" 200 2181
101.81.125.204 - - [24/Jan/2020:09:24:52 +0800] "POST /xingrg/kc/base/wldb_order_operate.html HTTP/1.1" 200 6806
101.81.125.204 - - [24/Jan/2020:09:24:52 +0800] "GET /xingrg/javascript/easyui/themes/default/validatebox.css HTTP/1.1" 404 1104
101.81.125.204 - - [24/Jan/2020:09:24:53 +0800] "POST /xingrg/all/common/load_combo.html?type=base HTTP/1.1" 200 3742
101.81.125.204 - - [24/Jan/2020:09:24:56 +0800] "POST /xingrg/all/common/load_combo.html?type=base HTTP/1.1" 200 3742
114.86.231.167 - - [24/Jan/2020:09:24:58 +0800] "GET /xingrg/all/function/internal_message.html?_=1579829101686&CODE_STATE=getMsg HTTP/1.1" 200 27
116.238.35.243 - - [24/Jan/2020:09:25:00 +0800] "GET /xingrg/kc/buy/cgsh_order_operate.html?command=get_materiel&rest_code=00105&code=00101008067&supplier_code=00100005&order_time=2020-01-23 HTTP/1.1" 200 416
101.81.125.204 - - [24/Jan/2020:09:25:04 +0800] "GET /xingrg/javascript/auto/indicator.gif HTTP/1.1" 404 1066
101.81.125.204 - - [24/Jan/2020:09:25:06 +0800] "GET /xingrg/kc/base/wldb_order_operate.html?command=get_materiel&rest_code=00107&base_code=0010151&code=00101011005 HTTP/1.1" 200 430
114.93.75.19 - - [24/Jan/2020:09:25:12 +0800] "GET /xingrg/all/function/internal_message.html?_=1579829111442&CODE_STATE=getMsg HTTP/1.1" 302 -
101.81.125.204 - - [24/Jan/2020:09:25:15 +0800] "POST /xingrg/kc/base/wldb_order_operate.html HTTP/1.1" 200 37
101.81.125.204 - - [24/Jan/2020:09:25:15 +0800] "POST /xingrg/kc/base/wldb_order_operate.html HTTP/1.1" 200 2181
101.81.125.204 - - [24/Jan/2020:09:25:16 +0800] "GET /xingrg/kc/base/wldb_order_info.html?code=422020012403475 HTTP/1.1" 200 30339
114.88.170.138 - - [24/Jan/2020:09:25:16 +0800] "GET /xingrg/all/function/internal_message.html?_=1579829347430&CODE_STATE=getMsg HTTP/1.1" 302 -
101.81.125.204 - - [24/Jan/2020:09:25:17 +0800] "GET /xingrg/javascript/easyui/themes/default/validatebox.css HTTP/1.1" 404 1104
101.81.125.204 - - [24/Jan/2020:09:25:17 +0800] "POST /xingrg/kc/base/wldb_order_operate.html HTTP/1.1" 200 2181
116.238.35.243 - - [24/Jan/2020:09:25:17 +0800] "GET /xingrg/kc/buy/cgsh_order_operate.html?command=get_materiel&rest_code=00105&code=00101008251&supplier_code=00100005&order_time=2020-01-23 HTTP/1.1" 200 408
116.238.35.243 - - [24/Jan/2020:09:25:26 +0800] "GET /xingrg/kc/buy/cgsh_order_operate.html?command=get_materiel&rest_code=00105&code=00101008137&supplier_code=00100005&order_time=2020-01-23 HTTP/1.1" 200 408
116.238.35.243 - - [24/Jan/2020:09:25:35 +0800] "GET /xingrg/kc/buy/cgsh_order_operate.html?command=get_materiel&rest_code=00105&code=00101008036&supplier_code=00100005&order_time=2020-01-23 HTTP/1.1" 200 408
172.17.0.196 - - [24/Jan/2020:09:25:38 +0800] "GET /xingrg/all/function/internal_message.html?_=1579828984422&CODE_STATE=getMsg HTTP/1.1" 200 27
101.81.125.204 - - [24/Jan/2020:09:25:39 +0800] "GET /xingrg/all/function/internal_message.html?_=1579829131452&CODE_STATE=getMsg HTTP/1.1" 200 27
116.238.35.243 - - [24/Jan/2020:09:25:39 +0800] "POST /xingrg/kc/buy/cgsh_order_operate.html HTTP/1.1" 200 2065
120.253.135.82 - - [24/Jan/2020:09:25:41 +0800] "GET /xingrg/all/function/internal_message.html?_=1579828879635&CODE_STATE=getMsg HTTP/1.1" 200 27
114.93.75.19 - - [24/Jan/2020:09:25:42 +0800] "GET /xingrg/check_reg.html?_=1579829139426 HTTP/1.1" 302 -
114.93.75.19 - - [24/Jan/2020:09:25:42 +0800] "GET /xingrg/all/function/internal_message.html?_=1579829139428&CODE_STATE=getMsg HTTP/1.1" 302 -
116.238.35.243 - - [24/Jan/2020:09:25:43 +0800] "POST /xingrg/kc/buy/cgsh_order_operate.html HTTP/1.1" 200 2065
116.238.35.243 - - [24/Jan/2020:09:25:46 +0800] "GET /xingrg/all/function/internal_message.html?_=1579829143516&CODE_STATE=getMsg HTTP/1.1" 200 27
116.238.35.243 - - [24/Jan/2020:09:25:46 +0800] "GET /xingrg/check_reg.html?_=1579829143780 HTTP/1.1" 200 22
116.238.35.243 - - [24/Jan/2020:09:25:50 +0800] "GET /xingrg/kc/buy/cgsh_order_operate.html?command=get_materiel&rest_code=00105&code=00101008131&supplier_code=00100005&order_time=2020-01-23 HTTP/1.1" 200 408
116.238.35.243 - - [24/Jan/2020:09:25:56 +0800] "GET /xingrg/kc/buy/cgsh_order_operate.html?command=get_materiel&rest_code=00105&code=00101008352&supplier_code=00100005&order_time=2020-01-23 HTTP/1.1" 200 412
114.86.231.167 - - [24/Jan/2020:09:25:58 +0800] "GET /xingrg/check_reg.html?_=1579829161686 HTTP/1.1" 200 22
114.86.231.167 - - [24/Jan/2020:09:25:58 +0800] "GET /xingrg/all/function/internal_message.html?_=1579829161692&CODE_STATE=getMsg HTTP/1.1" 200 27
116.238.35.243 - - [24/Jan/2020:09:26:03 +0800] "GET /xingrg/kc/buy/cgsh_order_operate.html?command=get_materiel&rest_code=00105&code=00101008353&supplier_code=00100005&order_time=2020-01-23 HTTP/1.1" 200 408
114.93.75.19 - - [24/Jan/2020:09:26:12 +0800] "GET /xingrg/all/function/internal_message.html?_=1579829171475&CODE_STATE=getMsg HTTP/1.1" 302 -
114.88.170.138 - - [24/Jan/2020:09:26:16 +0800] "GET /xingrg/all/function/internal_message.html?_=1579829407408&CODE_STATE=getMsg HTTP/1.1" 302 -
114.88.170.138 - - [24/Jan/2020:09:26:17 +0800] "GET /xingrg/check_reg.html?_=1579829407932 HTTP/1.1" 302 -
116.238.35.243 - - [24/Jan/2020:09:26:17 +0800] "GET /xingrg/kc/buy/cgsh_order_operate.html?command=get_materiel&rest_code=00105&code=00101008291&supplier_code=00100005&order_time=2020-01-23 HTTP/1.1" 200 408
116.238.35.243 - - [24/Jan/2020:09:26:27 +0800] "GET /xingrg/kc/buy/cgsh_order_operate.html?command=get_materiel&rest_code=00105&code=00101008242&supplier_code=00100005&order_time=2020-01-23 HTTP/1.1" 200 408
172.17.0.196 - - [24/Jan/2020:09:26:38 +0800] "GET /xingrg/all/function/internal_message.html?_=1579829044408&CODE_STATE=getMsg HTTP/1.1" 200 27
101.81.125.204 - - [24/Jan/2020:09:26:39 +0800] "GET /xingrg/all/function/internal_message.html?_=1579829191452&CODE_STATE=getMsg HTTP/1.1" 200 27
120.253.135.82 - - [24/Jan/2020:09:26:41 +0800] "GET /xingrg/all/function/internal_message.html?_=1579828939649&CODE_STATE=getMsg HTTP/1.1" 200 27
114.93.75.19 - - [24/Jan/2020:09:26:42 +0800] "GET /xingrg/all/function/internal_message.html?_=1579829199429&CODE_STATE=getMsg HTTP/1.1" 302 -
116.238.35.243 - - [24/Jan/2020:09:26:46 +0800] "GET /xingrg/all/function/internal_message.html?_=1579829203490&CODE_STATE=getMsg HTTP/1.1" 200 27
114.86.231.167 - - [24/Jan/2020:09:26:58 +0800] "GET /xingrg/all/function/internal_message.html?_=1579829221679&CODE_STATE=getMsg HTTP/1.1" 200 27
116.238.35.243 - - [24/Jan/2020:09:26:58 +0800] "GET /xingrg/kc/buy/cgsh_order_operate.html?command=get_materiel&rest_code=00105&code=00101008307&supplier_code=00100005&order_time=2020-01-23 HTTP/1.1" 200 420
116.238.35.243 - - [24/Jan/2020:09:27:04 +0800] "GET /xingrg/kc/buy/cgsh_order_operate.html?command=get_materiel&rest_code=00105&code=00101008092&supplier_code=00100005&order_time=2020-01-23 HTTP/1.1" 200 412
116.238.35.243 - - [24/Jan/2020:09:27:10 +0800] "GET /xingrg/kc/buy/cgsh_order_operate.html?command=get_materiel&rest_code=00105&code=00101015074&supplier_code=00100005&order_time=2020-01-23 HTTP/1.1" 200 408
114.93.75.19 - - [24/Jan/2020:09:27:10 +0800] "GET /xingrg/check_reg.html?_=1579829226687 HTTP/1.1" 302 -
114.93.75.19 - - [24/Jan/2020:09:27:12 +0800] "GET /xingrg/all/function/internal_message.html?_=1579829231485&CODE_STATE=getMsg HTTP/1.1" 302 -
101.85.55.199 - - [24/Jan/2020:09:27:12 +0800] "GET /xingrg/check_reg.html?_=1579828995070 HTTP/1.1" 200 22
114.88.170.138 - - [24/Jan/2020:09:27:16 +0800] "GET /xingrg/all/function/internal_message.html?_=1579829467382&CODE_STATE=getMsg HTTP/1.1" 302 -
116.238.35.243 - - [24/Jan/2020:09:27:16 +0800] "GET /xingrg/kc/buy/cgsh_order_operate.html?command=get_materiel&rest_code=00105&code=00101008229&supplier_code=00100005&order_time=2020-01-23 HTTP/1.1" 200 420
116.238.35.243 - - [24/Jan/2020:09:27:23 +0800] "GET /xingrg/kc/buy/cgsh_order_operate.html?command=get_materiel&rest_code=00105&code=00101015072&supplier_code=00100005&order_time=2020-01-23 HTTP/1.1" 200 408
116.238.35.243 - - [24/Jan/2020:09:27:30 +0800] "GET /xingrg/kc/buy/cgsh_order_operate.html?command=get_materiel&rest_code=00105&code=00101015026&supplier_code=00100005&order_time=2020-01-23 HTTP/1.1" 200 412
116.238.35.243 - - [24/Jan/2020:09:27:36 +0800] "GET /xingrg/kc/buy/cgsh_order_operate.html?command=get_materiel&rest_code=00105&code=00101008041&supplier_code=00100005&order_time=2020-01-23 HTTP/1.1" 200 408
114.93.75.19 - - [24/Jan/2020:09:27:38 +0800] "GET /xingrg/check_reg.html?_=1579829258102 HTTP/1.1" 302 -
172.17.0.196 - - [24/Jan/2020:09:27:38 +0800] "GET /xingrg/all/function/internal_message.html?_=1579829104426&CODE_STATE=getMsg HTTP/1.1" 200 27
172.17.0.196 - - [24/Jan/2020:09:27:38 +0800] "GET /xingrg/check_reg.html?_=1579829104429 HTTP/1.1" 200 22
116.238.35.243 - - [24/Jan/2020:09:27:38 +0800] "POST /xingrg/kc/buy/cgsh_order_operate.html HTTP/1.1" 200 2065
101.81.125.204 - - [24/Jan/2020:09:27:39 +0800] "GET /xingrg/all/function/internal_message.html?_=1579829251456&CODE_STATE=getMsg HTTP/1.1" 200 27
120.253.135.82 - - [24/Jan/2020:09:27:41 +0800] "GET /xingrg/all/function/internal_message.html?_=1579828999672&CODE_STATE=getMsg HTTP/1.1" 200 27
116.238.35.243 - - [24/Jan/2020:09:27:41 +0800] "POST /xingrg/kc/buy/cgsh_order_operate.html HTTP/1.1" 200 2065
114.93.75.19 - - [24/Jan/2020:09:27:42 +0800] "GET /xingrg/all/function/internal_message.html?_=1579829259431&CODE_STATE=getMsg HTTP/1.1" 302 -
116.238.35.243 - - [24/Jan/2020:09:27:43 +0800] "POST /xingrg/kc/buy/cgsh_order_operate.html HTTP/1.1" 200 2065
116.238.35.243 - - [24/Jan/2020:09:27:46 +0800] "GET /xingrg/all/function/internal_message.html?_=1579829263575&CODE_STATE=getMsg HTTP/1.1" 200 27
116.238.35.243 - - [24/Jan/2020:09:27:51 +0800] "GET /xingrg/kc/buy/cgsh_order_operate.html?command=get_materiel&rest_code=00105&code=00101008350&supplier_code=00100005&order_time=2020-01-23 HTTP/1.1" 200 408
114.86.231.167 - - [24/Jan/2020:09:27:58 +0800] "GET /xingrg/all/function/internal_message.html?_=1579829281683&CODE_STATE=getMsg HTTP/1.1" 200 27
116.238.35.243 - - [24/Jan/2020:09:28:03 +0800] "GET /xingrg/kc/buy/cgsh_order_operate.html?command=get_materiel&rest_code=00105&code=00101008010&supplier_code=00100005&order_time=2020-01-23 HTTP/1.1" 200 412
116.238.35.243 - - [24/Jan/2020:09:28:09 +0800] "GET /xingrg/kc/buy/cgsh_order_operate.html?command=get_materiel&rest_code=00105&code=00101008096&supplier_code=00100005&order_time=2020-01-23 HTTP/1.1" 200 412
114.93.75.19 - - [24/Jan/2020:09:28:12 +0800] "GET /xingrg/all/function/internal_message.html?_=1579829291509&CODE_STATE=getMsg HTTP/1.1" 302 -
114.88.170.138 - - [24/Jan/2020:09:28:16 +0800] "GET /xingrg/all/function/internal_message.html?_=1579829527351&CODE_STATE=getMsg HTTP/1.1" 302 -
116.238.35.243 - - [24/Jan/2020:09:28:17 +0800] "GET /xingrg/kc/buy/cgsh_order_operate.html?command=get_materiel&rest_code=00105&code=00101008223&supplier_code=00100005&order_time=2020-01-23 HTTP/1.1" 200 412
172.17.0.196 - - [24/Jan/2020:09:28:38 +0800] "GET /xingrg/all/function/internal_message.html?_=1579829164412&CODE_STATE=getMsg HTTP/1.1" 200 27
101.81.125.204 - - [24/Jan/2020:09:28:39 +0800] "GET /xingrg/all/function/internal_message.html?_=1579829311458&CODE_STATE=getMsg HTTP/1.1" 200 27
120.253.135.82 - - [24/Jan/2020:09:28:41 +0800] "GET /xingrg/all/function/internal_message.html?_=1579829059676&CODE_STATE=getMsg HTTP/1.1" 200 27
114.93.75.19 - - [24/Jan/2020:09:28:42 +0800] "GET /xingrg/all/function/internal_message.html?_=1579829319432&CODE_STATE=getMsg HTTP/1.1" 302 -
116.238.35.243 - - [24/Jan/2020:09:28:45 +0800] "GET /xingrg/all/function/internal_message.html?_=1579829323440&CODE_STATE=getMsg HTTP/1.1" 200 27
116.238.35.243 - - [24/Jan/2020:09:28:46 +0800] "GET /xingrg/kc/buy/cgsh_order_operate.html?command=get_materiel&rest_code=00105&code=00101009054&supplier_code=00100005&order_time=2020-01-23 HTTP/1.1" 200 412
116.238.35.243 - - [24/Jan/2020:09:28:53 +0800] "GET /xingrg/kc/buy/cgsh_order_operate.html?command=get_materiel&rest_code=00105&code=00101008168&supplier_code=00100005&order_time=2020-01-23 HTTP/1.1" 200 412
114.86.231.167 - - [24/Jan/2020:09:28:58 +0800] "GET /xingrg/all/function/internal_message.html?_=1579829341683&CODE_STATE=getMsg HTTP/1.1" 200 27
116.238.35.243 - - [24/Jan/2020:09:29:06 +0800] "GET /xingrg/kc/buy/cgsh_order_operate.html?command=get_materiel&rest_code=00105&code=00101015046&supplier_code=00100005&order_time=2020-01-23 HTTP/1.1" 200 413
114.93.75.19 - - [24/Jan/2020:09:29:12 +0800] "GET /xingrg/all/function/internal_message.html?_=1579829351512&CODE_STATE=getMsg HTTP/1.1" 302 -
114.88.170.138 - - [24/Jan/2020:09:29:16 +0800] "GET /xingrg/all/function/internal_message.html?_=1579829587329&CODE_STATE=getMsg HTTP/1.1" 302 -
116.238.35.243 - - [24/Jan/2020:09:29:26 +0800] "GET /xingrg/kc/buy/cgsh_order_operate.html?command=get_materiel&rest_code=00105&code=00101008166&supplier_code=00100005&order_time=2020-01-23 HTTP/1.1" 200 412
117.131.5.26 - - [24/Jan/2020:09:29:28 +0800] "GET /xingrg/check_reg.html?_=1579829379487 HTTP/1.1" 200 22
116.238.35.243 - - [24/Jan/2020:09:29:33 +0800] "GET /xingrg/kc/buy/cgsh_order_operate.html?command=get_materiel&rest_code=00105&code=00101008210&supplier_code=00100005&order_time=2020-01-23 HTTP/1.1" 200 408
172.17.0.196 - - [24/Jan/2020:09:29:38 +0800] "GET /xingrg/all/function/internal_message.html?_=1579829224412&CODE_STATE=getMsg HTTP/1.1" 200 27
101.81.125.204 - - [24/Jan/2020:09:29:39 +0800] "GET /xingrg/check_reg.html?_=1579829371461 HTTP/1.1" 200 22
101.81.125.204 - - [24/Jan/2020:09:29:39 +0800] "GET /xingrg/all/function/internal_message.html?_=1579829371464&CODE_STATE=getMsg HTTP/1.1" 200 27
120.253.135.82 - - [24/Jan/2020:09:29:41 +0800] "GET /xingrg/check_reg.html?_=1579829119578 HTTP/1.1" 200 22
120.253.135.82 - - [24/Jan/2020:09:29:41 +0800] "GET /xingrg/all/function/internal_message.html?_=1579829119688&CODE_STATE=getMsg HTTP/1.1" 200 27
116.238.35.243 - - [24/Jan/2020:09:29:41 +0800] "GET /xingrg/kc/buy/cgsh_order_operate.html?command=get_materiel&rest_code=00105&code=00101008087&supplier_code=00100005&order_time=2020-01-23 HTTP/1.1" 200 412
114.93.75.19 - - [24/Jan/2020:09:29:42 +0800] "GET /xingrg/all/function/internal_message.html?_=1579829379434&CODE_STATE=getMsg HTTP/1.1" 302 -
116.238.35.243 - - [24/Jan/2020:09:29:46 +0800] "GET /xingrg/all/function/internal_message.html?_=1579829383545&CODE_STATE=getMsg HTTP/1.1" 200 27
116.238.35.243 - - [24/Jan/2020:09:29:54 +0800] "POST /xingrg/kc/buy/cgsh_order_operate.html HTTP/1.1" 200 2065
114.86.231.167 - - [24/Jan/2020:09:29:58 +0800] "GET /xingrg/all/function/internal_message.html?_=1579829401687&CODE_STATE=getMsg HTTP/1.1" 200 27
116.238.35.243 - - [24/Jan/2020:09:30:05 +0800] "POST /xingrg/kc/buy/cgsh_order_operate.html HTTP/1.1" 200 37
116.238.35.243 - - [24/Jan/2020:09:30:07 +0800] "POST /xingrg/kc/buy/cgsh_order_operate.html HTTP/1.1" 200 38120
114.93.75.19 - - [24/Jan/2020:09:30:12 +0800] "GET /xingrg/all/function/internal_message.html?_=1579829411539&CODE_STATE=getMsg HTTP/1.1" 302 -
114.88.170.138 - - [24/Jan/2020:09:30:16 +0800] "GET /xingrg/all/function/internal_message.html?_=1579829647310&CODE_STATE=getMsg HTTP/1.1" 302 -
172.17.0.196 - - [24/Jan/2020:09:30:38 +0800] "GET /xingrg/all/function/internal_message.html?_=1579829284412&CODE_STATE=getMsg HTTP/1.1" 200 27
101.81.125.204 - - [24/Jan/2020:09:30:39 +0800] "GET /xingrg/all/function/internal_message.html?_=1579829431453&CODE_STATE=getMsg HTTP/1.1" 200 27
120.253.135.82 - - [24/Jan/2020:09:30:41 +0800] "GET /xingrg/all/function/internal_message.html?_=1579829179703&CODE_STATE=getMsg HTTP/1.1" 200 27
114.93.75.19 - - [24/Jan/2020:09:30:42 +0800] "GET /xingrg/check_reg.html?_=1579829439436 HTTP/1.1" 302 -
114.93.75.19 - - [24/Jan/2020:09:30:42 +0800] "GET /xingrg/all/function/internal_message.html?_=1579829439438&CODE_STATE=getMsg HTTP/1.1" 302 -
116.238.35.243 - - [24/Jan/2020:09:30:46 +0800] "GET /xingrg/all/function/internal_message.html?_=1579829443531&CODE_STATE=getMsg HTTP/1.1" 200 27
116.238.35.243 - - [24/Jan/2020:09:30:46 +0800] "GET /xingrg/check_reg.html?_=1579829443747 HTTP/1.1" 200 22
114.86.231.167 - - [24/Jan/2020:09:30:58 +0800] "GET /xingrg/check_reg.html?_=1579829461713 HTTP/1.1" 200 22
114.86.231.167 - - [24/Jan/2020:09:30:58 +0800] "GET /xingrg/all/function/internal_message.html?_=1579829461716&CODE_STATE=getMsg HTTP/1.1" 200 27
114.93.75.19 - - [24/Jan/2020:09:31:12 +0800] "GET /xingrg/all/function/internal_message.html?_=1579829471555&CODE_STATE=getMsg HTTP/1.1" 302 -
114.88.170.138 - - [24/Jan/2020:09:31:16 +0800] "GET /xingrg/all/function/internal_message.html?_=1579829707289&CODE_STATE=getMsg HTTP/1.1" 302 -
114.88.170.138 - - [24/Jan/2020:09:31:17 +0800] "GET /xingrg/check_reg.html?_=1579829707904 HTTP/1.1" 302 -
172.17.0.196 - - [24/Jan/2020:09:31:38 +0800] "GET /xingrg/all/function/internal_message.html?_=1579829344413&CODE_STATE=getMsg HTTP/1.1" 200 27
101.81.125.204 - - [24/Jan/2020:09:31:39 +0800] "GET /xingrg/all/function/internal_message.html?_=1579829491464&CODE_STATE=getMsg HTTP/1.1" 200 27
120.253.135.82 - - [24/Jan/2020:09:31:41 +0800] "GET /xingrg/all/function/internal_message.html?_=1579829239716&CODE_STATE=getMsg HTTP/1.1" 200 27
114.93.75.19 - - [24/Jan/2020:09:31:42 +0800] "GET /xingrg/all/function/internal_message.html?_=1579829499439&CODE_STATE=getMsg HTTP/1.1" 302 -
116.238.35.243 - - [24/Jan/2020:09:31:45 +0800] "GET /xingrg/all/function/internal_message.html?_=1579829503379&CODE_STATE=getMsg HTTP/1.1" 200 27
114.86.231.167 - - [24/Jan/2020:09:31:58 +0800] "GET /xingrg/all/function/internal_message.html?_=1579829521715&CODE_STATE=getMsg HTTP/1.1" 200 27
114.93.75.19 - - [24/Jan/2020:09:32:10 +0800] "GET /xingrg/check_reg.html?_=1579829526657 HTTP/1.1" 302 -
101.85.55.199 - - [24/Jan/2020:09:32:12 +0800] "GET /xingrg/check_reg.html?_=1579829295054 HTTP/1.1" 200 22
114.93.75.19 - - [24/Jan/2020:09:32:12 +0800] "GET /xingrg/all/function/internal_message.html?_=1579829531588&CODE_STATE=getMsg HTTP/1.1" 302 -
114.88.170.138 - - [24/Jan/2020:09:32:16 +0800] "GET /xingrg/all/function/internal_message.html?_=1579829767266&CODE_STATE=getMsg HTTP/1.1" 302 -
114.93.75.19 - - [24/Jan/2020:09:32:38 +0800] "GET /xingrg/check_reg.html?_=1579829558104 HTTP/1.1" 302 -
172.17.0.196 - - [24/Jan/2020:09:32:38 +0800] "GET /xingrg/all/function/internal_message.html?_=1579829404413&CODE_STATE=getMsg HTTP/1.1" 200 27
172.17.0.196 - - [24/Jan/2020:09:32:38 +0800] "GET /xingrg/check_reg.html?_=1579829404414 HTTP/1.1" 200 22
101.81.125.204 - - [24/Jan/2020:09:32:39 +0800] "GET /xingrg/all/function/internal_message.html?_=1579829551463&CODE_STATE=getMsg HTTP/1.1" 200 27
120.253.135.82 - - [24/Jan/2020:09:32:41 +0800] "GET /xingrg/all/function/internal_message.html?_=1579829299742&CODE_STATE=getMsg HTTP/1.1" 200 27
114.93.75.19 - - [24/Jan/2020:09:32:42 +0800] "GET /xingrg/all/function/internal_message.html?_=1579829559441&CODE_STATE=getMsg HTTP/1.1" 302 -
116.238.35.243 - - [24/Jan/2020:09:32:45 +0800] "GET /xingrg/all/function/internal_message.html?_=1579829563359&CODE_STATE=getMsg HTTP/1.1" 200 27
114.86.231.167 - - [24/Jan/2020:09:32:58 +0800] "GET /xingrg/all/function/internal_message.html?_=1579829581714&CODE_STATE=getMsg HTTP/1.1" 200 27
114.93.75.19 - - [24/Jan/2020:09:33:12 +0800] "GET /xingrg/all/function/internal_message.html?_=1579829591613&CODE_STATE=getMsg HTTP/1.1" 302 -
114.88.170.138 - - [24/Jan/2020:09:33:16 +0800] "GET /xingrg/all/function/internal_message.html?_=1579829827248&CODE_STATE=getMsg HTTP/1.1" 302 -
172.17.0.196 - - [24/Jan/2020:09:33:38 +0800] "GET /xingrg/all/function/internal_message.html?_=1579829464414&CODE_STATE=getMsg HTTP/1.1" 200 27
101.81.125.204 - - [24/Jan/2020:09:33:39 +0800] "GET /xingrg/all/function/internal_message.html?_=1579829611463&CODE_STATE=getMsg HTTP/1.1" 200 27
120.253.135.82 - - [24/Jan/2020:09:33:41 +0800] "GET /xingrg/all/function/internal_message.html?_=1579829359759&CODE_STATE=getMsg HTTP/1.1" 200 27
114.93.75.19 - - [24/Jan/2020:09:33:42 +0800] "GET /xingrg/all/function/internal_message.html?_=1579829619426&CODE_STATE=getMsg HTTP/1.1" 302 -
116.238.35.243 - - [24/Jan/2020:09:33:45 +0800] "GET /xingrg/all/function/internal_message.html?_=1579829623334&CODE_STATE=getMsg HTTP/1.1" 200 27
114.86.231.167 - - [24/Jan/2020:09:33:58 +0800] "GET /xingrg/all/function/internal_message.html?_=1579829641714&CODE_STATE=getMsg HTTP/1.1" 200 27
114.93.75.19 - - [24/Jan/2020:09:34:12 +0800] "GET /xingrg/all/function/internal_message.html?_=1579829651638&CODE_STATE=getMsg HTTP/1.1" 302 -
114.88.170.138 - - [24/Jan/2020:09:34:16 +0800] "GET /xingrg/all/function/internal_message.html?_=1579829887229&CODE_STATE=getMsg HTTP/1.1" 302 -
117.131.5.26 - - [24/Jan/2020:09:34:28 +0800] "GET /xingrg/check_reg.html?_=1579829679487 HTTP/1.1" 200 22
172.17.0.196 - - [24/Jan/2020:09:34:38 +0800] "GET /xingrg/all/function/internal_message.html?_=1579829524422&CODE_STATE=getMsg HTTP/1.1" 200 27
101.81.125.204 - - [24/Jan/2020:09:34:39 +0800] "GET /xingrg/all/function/internal_message.html?_=1579829671467&CODE_STATE=getMsg HTTP/1.1" 200 27
101.81.125.204 - - [24/Jan/2020:09:34:39 +0800] "GET /xingrg/check_reg.html?_=1579829671464 HTTP/1.1" 200 22
120.253.135.82 - - [24/Jan/2020:09:34:41 +0800] "GET /xingrg/check_reg.html?_=1579829419596 HTTP/1.1" 200 22
120.253.135.82 - - [24/Jan/2020:09:34:41 +0800] "GET /xingrg/all/function/internal_message.html?_=1579829419773&CODE_STATE=getMsg HTTP/1.1" 200 27
114.93.75.19 - - [24/Jan/2020:09:34:42 +0800] "GET /xingrg/all/function/internal_message.html?_=1579829679428&CODE_STATE=getMsg HTTP/1.1" 302 -
116.238.35.243 - - [24/Jan/2020:09:34:45 +0800] "GET /xingrg/all/function/internal_message.html?_=1579829683313&CODE_STATE=getMsg HTTP/1.1" 200 27
114.86.231.167 - - [24/Jan/2020:09:34:58 +0800] "GET /xingrg/all/function/internal_message.html?_=1579829701714&CODE_STATE=getMsg HTTP/1.1" 200 27
114.93.75.19 - - [24/Jan/2020:09:35:12 +0800] "GET /xingrg/all/function/internal_message.html?_=1579829711640&CODE_STATE=getMsg HTTP/1.1" 302 -
116.224.233.159 - - [24/Jan/2020:09:35:16 +0800] "GET /favicon.ico HTTP/1.1" 404 -
114.88.170.138 - - [24/Jan/2020:09:35:16 +0800] "GET /xingrg/all/function/internal_message.html?_=1579829947197&CODE_STATE=getMsg HTTP/1.1" 302 -
116.224.233.159 - - [24/Jan/2020:09:35:18 +0800] "GET /xingrg/login.html HTTP/1.1" 200 7639
116.224.233.159 - - [24/Jan/2020:09:35:18 +0800] "GET /xingrg/images/blue/jxLogo.png HTTP/1.1" 304 -
116.224.233.159 - - [24/Jan/2020:09:35:18 +0800] "GET /xingrg/images/blue/login_bg.png HTTP/1.1" 304 -
116.224.233.159 - - [24/Jan/2020:09:35:18 +0800] "GET /xingrg/images/blue/hj.png HTTP/1.1" 304 -
116.224.233.159 - - [24/Jan/2020:09:35:18 +0800] "GET /xingrg/images/blue/srbg.png HTTP/1.1" 304 -
116.224.233.159 - - [24/Jan/2020:09:35:18 +0800] "GET /favicon.ico HTTP/1.1" 404 -
116.224.233.159 - - [24/Jan/2020:09:35:24 +0800] "POST /xingrg/login.do HTTP/1.1" 302 -
116.224.233.159 - - [24/Jan/2020:09:35:24 +0800] "GET /xingrg/index.html?sysBaseUrl=http%3A%2F%2F117.131.15.22%3A18081%2Fxingrg%2F&costTime=35×tamp=1579829724167 HTTP/1.1" 200 17151
116.224.233.159 - - [24/Jan/2020:09:35:24 +0800] "GET /xingrg/javascript/jquery_easy_ui/themes/icon.css HTTP/1.1" 304 -
116.224.233.159 - - [24/Jan/2020:09:35:24 +0800] "GET /xingrg/javascript/jquery_easy_ui/themes/default/easyui.css HTTP/1.1" 304 -
116.224.233.159 - - [24/Jan/2020:09:35:24 +0800] "GET /xingrg/css/form.css HTTP/1.1" 304 -
116.224.233.159 - - [24/Jan/2020:09:35:24 +0800] "GET /xingrg/javascript/jquery-1.4.2.min.js HTTP/1.1" 304 -
116.224.233.159 - - [24/Jan/2020:09:35:24 +0800] "GET /xingrg/javascript/jquery_easy_ui/easyui-lang-zh_CN.js HTTP/1.1" 304 -
116.224.233.159 - - [24/Jan/2020:09:35:24 +0800] "GET /xingrg/javascript/jquery_easy_ui/jquery.easyui.min.js HTTP/1.1" 304 -
116.224.233.159 - - [24/Jan/2020:09:35:24 +0800] "GET /xingrg/javascript/jquery.form.js HTTP/1.1" 304 -
116.224.233.159 - - [24/Jan/2020:09:35:24 +0800] "GET /xingrg/javascript/jquery.utils.js HTTP/1.1" 304 -
116.224.233.159 - - [24/Jan/2020:09:35:24 +0800] "GET /xingrg/javascript/jquery.timers.js HTTP/1.1" 304 -
116.224.233.159 - - [24/Jan/2020:09:35:24 +0800] "GET /xingrg/images/blue/navBackgound.jpg HTTP/1.1" 304 -
116.224.233.159 - - [24/Jan/2020:09:35:24 +0800] "GET /xingrg/javascript/jquery_easy_ui/themes/icons/settle_new.png HTTP/1.1" 304 -
116.224.233.159 - - [24/Jan/2020:09:35:24 +0800] "GET /favicon.ico HTTP/1.1" 404 -
116.224.233.159 - - [24/Jan/2020:09:35:24 +0800] "POST /xingrg/all/common/load_tree.html?tree=area_rest_tree_json&manage=1 HTTP/1.1" 200 342
116.224.233.159 - - [24/Jan/2020:09:35:24 +0800] "GET /xingrg/images/blue/pingpu.png HTTP/1.1" 304 -
116.224.233.159 - - [24/Jan/2020:09:35:24 +0800] "GET /xingrg/javascript/jquery_easy_ui/themes/default/images/tabs_leftarrow.png HTTP/1.1" 304 -
116.224.233.159 - - [24/Jan/2020:09:35:24 +0800] "GET /xingrg/javascript/jquery_easy_ui/themes/default/images/tabs_rightarrow.png HTTP/1.1" 304 -
116.224.233.159 - - [24/Jan/2020:09:35:24 +0800] "GET /xingrg/javascript/jquery_easy_ui/themes/default/images/panel_tool_collapse.gif HTTP/1.1" 304 -
116.224.233.159 - - [24/Jan/2020:09:35:24 +0800] "GET /xingrg/all/function/internal_message.html?_=1579829880707&CODE_STATE=count HTTP/1.1" 200 11
116.224.233.159 - - [24/Jan/2020:09:35:24 +0800] "GET /xingrg/check_reg.html?_=1579829880708 HTTP/1.1" 200 22
116.224.233.159 - - [24/Jan/2020:09:35:24 +0800] "POST /xingrg/load_menu.html HTTP/1.1" 200 5124
116.224.233.159 - - [24/Jan/2020:09:35:24 +0800] "GET /xingrg/javascript/jquery_easy_ui/themes/default/images/tree_arrows.gif HTTP/1.1" 304 -
116.224.233.159 - - [24/Jan/2020:09:35:25 +0800] "GET /xingrg/javascript/jquery_easy_ui/themes/default/images/tree_folder_open.gif HTTP/1.1" 304 -
116.224.233.159 - - [24/Jan/2020:09:35:25 +0800] "GET /xingrg/javascript/jquery_easy_ui/themes/icons/search_new.png HTTP/1.1" 304 -
116.224.233.159 - - [24/Jan/2020:09:35:25 +0800] "GET /xingrg/javascript/jquery_easy_ui/themes/default/images/tree_folder.gif HTTP/1.1" 304 -
116.224.233.159 - - [24/Jan/2020:09:35:25 +0800] "GET /xingrg/javascript/jquery_easy_ui/themes/icons/storage_new.png HTTP/1.1" 304 -
116.224.233.159 - - [24/Jan/2020:09:35:25 +0800] "GET /xingrg/javascript/jquery_easy_ui/themes/icons/forms_new.png HTTP/1.1" 304 -
116.224.233.159 - - [24/Jan/2020:09:35:25 +0800] "GET /xingrg/javascript/jquery_easy_ui/themes/default/images/tree_file.gif HTTP/1.1" 304 -
172.17.0.196 - - [24/Jan/2020:09:35:38 +0800] "GET /xingrg/all/function/internal_message.html?_=1579829584424&CODE_STATE=getMsg HTTP/1.1" 200 27
101.81.125.204 - - [24/Jan/2020:09:35:39 +0800] "GET /xingrg/all/function/internal_message.html?_=1579829731466&CODE_STATE=getMsg HTTP/1.1" 200 27
120.253.135.82 - - [24/Jan/2020:09:35:41 +0800] "GET /xingrg/all/function/internal_message.html?_=1579829479787&CODE_STATE=getMsg HTTP/1.1" 200 27
114.93.75.19 - - [24/Jan/2020:09:35:42 +0800] "GET /xingrg/all/function/internal_message.html?_=1579829739430&CODE_STATE=getMsg HTTP/1.1" 302 -
114.93.75.19 - - [24/Jan/2020:09:35:42 +0800] "GET /xingrg/check_reg.html?_=1579829739431 HTTP/1.1" 302 -
116.238.35.243 - - [24/Jan/2020:09:35:45 +0800] "GET /xingrg/all/function/internal_message.html?_=1579829743276&CODE_STATE=getMsg HTTP/1.1" 200 27
116.238.35.243 - - [24/Jan/2020:09:35:46 +0800] "GET /xingrg/check_reg.html?_=1579829743715 HTTP/1.1" 200 22
114.86.231.167 - - [24/Jan/2020:09:35:58 +0800] "GET /xingrg/check_reg.html?_=1579829761715 HTTP/1.1" 200 22
114.86.231.167 - - [24/Jan/2020:09:35:58 +0800] "GET /xingrg/all/function/internal_message.html?_=1579829761722&CODE_STATE=getMsg HTTP/1.1" 200 27
114.93.75.19 - - [24/Jan/2020:09:36:12 +0800] "GET /xingrg/all/function/internal_message.html?_=1579829771665&CODE_STATE=getMsg HTTP/1.1" 302 -
114.88.170.138 - - [24/Jan/2020:09:36:16 +0800] "GET /xingrg/all/function/internal_message.html?_=1579830007177&CODE_STATE=getMsg HTTP/1.1" 302 -
114.88.170.138 - - [24/Jan/2020:09:36:17 +0800] "GET /xingrg/check_reg.html?_=1579830007880 HTTP/1.1" 302 -
116.224.233.159 - - [24/Jan/2020:09:36:24 +0800] "GET /xingrg/all/function/internal_message.html?_=1579829940710&CODE_STATE=getMsg HTTP/1.1" 200 27
172.17.0.196 - - [24/Jan/2020:09:36:38 +0800] "GET /xingrg/all/function/internal_message.html?_=1579829644427&CODE_STATE=getMsg HTTP/1.1" 200 27
101.81.125.204 - - [24/Jan/2020:09:36:39 +0800] "GET /xingrg/all/function/internal_message.html?_=1579829791468&CODE_STATE=getMsg HTTP/1.1" 200 27
120.253.135.82 - - [24/Jan/2020:09:36:41 +0800] "GET /xingrg/all/function/internal_message.html?_=1579829539799&CODE_STATE=getMsg HTTP/1.1" 200 27
114.93.75.19 - - [24/Jan/2020:09:36:42 +0800] "GET /xingrg/all/function/internal_message.html?_=1579829799435&CODE_STATE=getMsg HTTP/1.1" 302 -
116.238.35.243 - - [24/Jan/2020:09:36:45 +0800] "GET /xingrg/all/function/internal_message.html?_=1579829803250&CODE_STATE=getMsg HTTP/1.1" 200 27
114.86.231.167 - - [24/Jan/2020:09:36:58 +0800] "GET /xingrg/all/function/internal_message.html?_=1579829821705&CODE_STATE=getMsg HTTP/1.1" 200 27
114.93.75.19 - - [24/Jan/2020:09:37:10 +0800] "GET /xingrg/check_reg.html?_=1579829826637 HTTP/1.1" 302 -
101.85.55.199 - - [24/Jan/2020:09:37:12 +0800] "GET /xingrg/check_reg.html?_=1579829595034 HTTP/1.1" 200 22
114.93.75.19 - - [24/Jan/2020:09:37:12 +0800] "GET /xingrg/all/function/internal_message.html?_=1579829831667&CODE_STATE=getMsg HTTP/1.1" 302 -
114.88.170.138 - - [24/Jan/2020:09:37:16 +0800] "GET /xingrg/all/function/internal_message.html?_=1579830067145&CODE_STATE=getMsg HTTP/1.1" 302 -
116.224.233.159 - - [24/Jan/2020:09:37:24 +0800] "GET /xingrg/all/function/internal_message.html?_=1579830000724&CODE_STATE=getMsg HTTP/1.1" 200 27
114.93.75.19 - - [24/Jan/2020:09:37:38 +0800] "GET /xingrg/check_reg.html?_=1579829858123 HTTP/1.1" 302 -
172.17.0.196 - - [24/Jan/2020:09:37:38 +0800] "GET /xingrg/check_reg.html?_=1579829704426 HTTP/1.1" 200 22
172.17.0.196 - - [24/Jan/2020:09:37:38 +0800] "GET /xingrg/all/function/internal_message.html?_=1579829704429&CODE_STATE=getMsg HTTP/1.1" 200 27
