101.81.125.204 - - [24/Jan/2020:12:26:34 +0800] "GET /xingrg/kc/buy/cgsh_order_info.html?code=212020012412335 HTTP/1.1" 200 52987
101.81.125.204 - - [24/Jan/2020:12:26:35 +0800] "GET /xingrg/javascript/easyui/themes/default/validatebox.css HTTP/1.1" 404 1104
101.81.125.204 - - [24/Jan/2020:12:26:35 +0800] "POST /xingrg/kc/buy/cgsh_order_operate.html HTTP/1.1" 200 1208
114.88.170.138 - - [24/Jan/2020:12:26:36 +0800] "GET /xingrg/kc/buy/cgsh_order_operate.html?command=get_materiel&rest_code=00111&code=00101008304&supplier_code=00100005&order_time=2020-01-24 HTTP/1.1" 200 412
101.81.125.204 - - [24/Jan/2020:12:26:36 +0800] "GET /xingrg/kc/print/load_config.html?kc_code=cgsh HTTP/1.1" 200 1841
101.81.125.204 - - [24/Jan/2020:12:26:36 +0800] "GET /xingrg/kc/print/load_data.html?order_code=212020012412335&kc_code=cgsh&condition= HTTP/1.1" 200 942
172.17.0.196 - - [24/Jan/2020:12:26:38 +0800] "GET /xingrg/all/function/internal_message.html?_=1579839844585&CODE_STATE=getMsg HTTP/1.1" 200 27
101.81.125.204 - - [24/Jan/2020:12:26:40 +0800] "GET /xingrg/all/function/internal_message.html?_=1579839992312&CODE_STATE=getMsg HTTP/1.1" 200 27
116.238.35.243 - - [24/Jan/2020:12:26:41 +0800] "GET /xingrg/all/function/internal_message.html?_=1579839999197&CODE_STATE=getMsg HTTP/1.1" 200 27
114.93.75.19 - - [24/Jan/2020:12:26:42 +0800] "GET /xingrg/all/function/internal_message.html?_=1579839999427&CODE_STATE=getMsg HTTP/1.1" 302 -
117.185.32.26 - - [24/Jan/2020:12:26:45 +0800] "GET /xingrg/all/function/internal_message.html?_=1579839999230&CODE_STATE=getMsg HTTP/1.1" 200 27
180.157.252.250 - - [24/Jan/2020:12:26:48 +0800] "GET /xingrg/all/function/internal_message.html?_=1579840003612&CODE_STATE=getMsg HTTP/1.1" 200 27
114.88.170.138 - - [24/Jan/2020:12:26:51 +0800] "GET /xingrg/all/function/internal_message.html?_=1579840242103&CODE_STATE=getMsg HTTP/1.1" 302 -
101.81.125.204 - - [24/Jan/2020:12:26:55 +0800] "GET /xingrg/all/function/internal_message.html?_=1579840010740&CODE_STATE=getMsg HTTP/1.1" 200 27
117.185.32.26 - - [24/Jan/2020:12:26:55 +0800] "GET /xingrg/all/function/internal_message.html?_=1579840400008&CODE_STATE=getMsg HTTP/1.1" 200 27
116.238.181.252 - - [24/Jan/2020:12:26:56 +0800] "GET /xingrg/all/function/internal_message.html?_=1579840016241&CODE_STATE=getMsg HTTP/1.1" 200 27
172.17.2.150 - - [24/Jan/2020:12:26:57 +0800] "GET /xingrg/all/function/internal_message.html?_=1579840011946&CODE_STATE=getMsg HTTP/1.1" 200 27
114.86.231.167 - - [24/Jan/2020:12:26:58 +0800] "GET /xingrg/all/function/internal_message.html?_=1579840021890&CODE_STATE=getMsg HTTP/1.1" 200 27
114.88.159.93 - - [24/Jan/2020:12:27:00 +0800] "POST /xingrg/services/DataTransmitService HTTP/1.1" 200 524
222.69.24.136 - - [24/Jan/2020:12:27:00 +0800] "GET /xingrg/all/function/internal_message.html?_=1579839601133&CODE_STATE=getMsg HTTP/1.1" 200 27
114.88.159.93 - - [24/Jan/2020:12:27:02 +0800] "POST /xingrg/services/DataTransmitService HTTP/1.1" 200 501
114.88.170.138 - - [24/Jan/2020:12:27:03 +0800] "GET /xingrg/check_reg.html?_=1579840019468 HTTP/1.1" 200 22
114.88.170.138 - - [24/Jan/2020:12:27:05 +0800] "GET /xingrg/all/function/internal_message.html?_=1579840021572&CODE_STATE=getMsg HTTP/1.1" 200 27
114.93.75.19 - - [24/Jan/2020:12:27:10 +0800] "GET /xingrg/check_reg.html?_=1579840025917 HTTP/1.1" 302 -
114.88.159.93 - - [24/Jan/2020:12:27:10 +0800] "POST /xingrg/services/DataTransmitService HTTP/1.1" 200 524
114.88.159.93 - - [24/Jan/2020:12:27:10 +0800] "POST /xingrg/services/DataTransmitService HTTP/1.1" 200 2139
101.85.55.199 - - [24/Jan/2020:12:27:11 +0800] "GET /xingrg/check_reg.html?_=1579839794345 HTTP/1.1" 200 22
58.221.95.50 - - [24/Jan/2020:12:27:12 +0800] "GET /xingrg/all/function/internal_message.html?_=1579840340123&CODE_STATE=getMsg HTTP/1.1" 302 -
114.93.75.19 - - [24/Jan/2020:12:27:15 +0800] "GET /xingrg/all/function/internal_message.html?_=1579840034804&CODE_STATE=getMsg HTTP/1.1" 302 -
114.88.159.93 - - [24/Jan/2020:12:27:18 +0800] "GET /xingrg/all/function/internal_message.html?_=1579839785068&CODE_STATE=getMsg HTTP/1.1" 200 27
114.88.159.93 - - [24/Jan/2020:12:27:21 +0800] "POST /xingrg/services/DataTransmitService HTTP/1.1" 200 524
114.88.159.93 - - [24/Jan/2020:12:27:21 +0800] "POST /xingrg/services/DataTransmitService HTTP/1.1" 200 501
114.88.159.93 - - [24/Jan/2020:12:27:27 +0800] "POST /xingrg/services/DataTransmitService HTTP/1.1" 200 524
114.88.159.93 - - [24/Jan/2020:12:27:27 +0800] "POST /xingrg/services/DataTransmitService HTTP/1.1" 200 501
114.88.170.138 - - [24/Jan/2020:12:27:28 +0800] "POST /xingrg/kc/buy/cgsh_order_operate.html HTTP/1.1" 200 37
114.88.170.138 - - [24/Jan/2020:12:27:29 +0800] "POST /xingrg/kc/buy/cgsh_order_operate.html HTTP/1.1" 200 68413
114.93.75.19 - - [24/Jan/2020:12:27:38 +0800] "GET /xingrg/check_reg.html?_=1579840058452 HTTP/1.1" 302 -
172.17.0.196 - - [24/Jan/2020:12:27:38 +0800] "GET /xingrg/all/function/internal_message.html?_=1579839904585&CODE_STATE=getMsg HTTP/1.1" 200 27
172.17.0.196 - - [24/Jan/2020:12:27:38 +0800] "GET /xingrg/check_reg.html?_=1579839904588 HTTP/1.1" 200 22
101.81.125.204 - - [24/Jan/2020:12:27:40 +0800] "GET /xingrg/all/function/internal_message.html?_=1579840052297&CODE_STATE=getMsg HTTP/1.1" 200 27
114.88.170.138 - - [24/Jan/2020:12:27:40 +0800] "GET /xingrg/kc/buy/cgsh_order_operate.html?command=get_materiel&rest_code=00111&code=00102016484&supplier_code=00100005&order_time=2020-01-24 HTTP/1.1" 200 412
116.238.35.243 - - [24/Jan/2020:12:27:41 +0800] "GET /xingrg/all/function/internal_message.html?_=1579840059164&CODE_STATE=getMsg HTTP/1.1" 200 27
114.93.75.19 - - [24/Jan/2020:12:27:42 +0800] "GET /xingrg/all/function/internal_message.html?_=1579840059428&CODE_STATE=getMsg HTTP/1.1" 302 -
117.185.32.26 - - [24/Jan/2020:12:27:45 +0800] "GET /xingrg/all/function/internal_message.html?_=1579840059229&CODE_STATE=getMsg HTTP/1.1" 200 27
180.157.252.250 - - [24/Jan/2020:12:27:48 +0800] "GET /xingrg/all/function/internal_message.html?_=1579840063613&CODE_STATE=getMsg HTTP/1.1" 200 27
114.88.159.93 - - [24/Jan/2020:12:27:50 +0800] "POST /xingrg/services/DataTransmitService HTTP/1.1" 200 524
114.88.159.93 - - [24/Jan/2020:12:27:50 +0800] "POST /xingrg/services/DataTransmitService HTTP/1.1" 200 501
114.88.159.93 - - [24/Jan/2020:12:27:50 +0800] "POST /xingrg/services/DataTransmitService HTTP/1.1" 200 501
114.88.170.138 - - [24/Jan/2020:12:27:51 +0800] "GET /xingrg/all/function/internal_message.html?_=1579840302102&CODE_STATE=getMsg HTTP/1.1" 302 -
114.88.159.93 - - [24/Jan/2020:12:27:52 +0800] "POST /xingrg/services/DataTransmitService HTTP/1.1" 200 501
114.88.159.93 - - [24/Jan/2020:12:27:53 +0800] "POST /xingrg/services/DataTransmitService HTTP/1.1" 200 501
114.88.159.93 - - [24/Jan/2020:12:27:53 +0800] "POST /xingrg/services/DataTransmitService HTTP/1.1" 200 501
114.88.159.93 - - [24/Jan/2020:12:27:54 +0800] "POST /xingrg/services/DataTransmitService HTTP/1.1" 200 501
114.88.159.93 - - [24/Jan/2020:12:27:54 +0800] "POST /xingrg/services/DataTransmitService HTTP/1.1" 200 501
114.88.159.93 - - [24/Jan/2020:12:27:54 +0800] "POST /xingrg/services/DataTransmitService HTTP/1.1" 200 501
114.88.159.93 - - [24/Jan/2020:12:27:54 +0800] "POST /xingrg/services/DataTransmitService HTTP/1.1" 200 412
101.81.125.204 - - [24/Jan/2020:12:27:55 +0800] "GET /xingrg/all/function/internal_message.html?_=1579840070743&CODE_STATE=getMsg HTTP/1.1" 200 27
117.185.32.26 - - [24/Jan/2020:12:27:55 +0800] "GET /xingrg/all/function/internal_message.html?_=1579840459993&CODE_STATE=getMsg HTTP/1.1" 200 27
116.238.181.252 - - [24/Jan/2020:12:27:56 +0800] "GET /xingrg/all/function/internal_message.html?_=1579840076239&CODE_STATE=getMsg HTTP/1.1" 200 27
172.17.2.150 - - [24/Jan/2020:12:27:57 +0800] "GET /xingrg/all/function/internal_message.html?_=1579840071947&CODE_STATE=getMsg HTTP/1.1" 200 27
114.86.231.167 - - [24/Jan/2020:12:27:58 +0800] "GET /xingrg/all/function/internal_message.html?_=1579840081891&CODE_STATE=getMsg HTTP/1.1" 200 27
222.69.24.136 - - [24/Jan/2020:12:28:00 +0800] "GET /xingrg/all/function/internal_message.html?_=1579839661132&CODE_STATE=getMsg HTTP/1.1" 200 27
58.221.95.50 - - [24/Jan/2020:12:28:04 +0800] "GET /xingrg/check_reg.html?_=1579840391119 HTTP/1.1" 302 -
114.88.170.138 - - [24/Jan/2020:12:28:05 +0800] "GET /xingrg/all/function/internal_message.html?_=1579840081586&CODE_STATE=getMsg HTTP/1.1" 200 27
114.88.170.138 - - [24/Jan/2020:12:28:07 +0800] "GET /xingrg/kc/buy/cgsh_order_operate.html?command=get_materiel&rest_code=00111&code=00101008060&supplier_code=00100005&order_time=2020-01-24 HTTP/1.1" 200 416
58.221.95.50 - - [24/Jan/2020:12:28:12 +0800] "GET /xingrg/all/function/internal_message.html?_=1579840400167&CODE_STATE=getMsg HTTP/1.1" 302 -
114.93.75.19 - - [24/Jan/2020:12:28:15 +0800] "GET /xingrg/all/function/internal_message.html?_=1579840094836&CODE_STATE=getMsg HTTP/1.1" 302 -
114.88.159.93 - - [24/Jan/2020:12:28:18 +0800] "GET /xingrg/all/function/internal_message.html?_=1579839845066&CODE_STATE=getMsg HTTP/1.1" 200 27
114.88.170.138 - - [24/Jan/2020:12:28:20 +0800] "GET /xingrg/kc/buy/cgsh_order_operate.html?command=get_materiel&rest_code=00111&code=00101008125&supplier_code=00100005&order_time=2020-01-24 HTTP/1.1" 200 413
114.88.170.138 - - [24/Jan/2020:12:28:24 +0800] "POST /xingrg/kc/buy/cgsh_order_operate.html HTTP/1.1" 200 2065
172.17.0.196 - - [24/Jan/2020:12:28:38 +0800] "GET /xingrg/all/function/internal_message.html?_=1579839964588&CODE_STATE=getMsg HTTP/1.1" 200 27
101.81.125.204 - - [24/Jan/2020:12:28:40 +0800] "GET /xingrg/all/function/internal_message.html?_=1579840112285&CODE_STATE=getMsg HTTP/1.1" 200 27
116.238.35.243 - - [24/Jan/2020:12:28:41 +0800] "GET /xingrg/all/function/internal_message.html?_=1579840119141&CODE_STATE=getMsg HTTP/1.1" 200 27
114.93.75.19 - - [24/Jan/2020:12:28:42 +0800] "GET /xingrg/all/function/internal_message.html?_=1579840119430&CODE_STATE=getMsg HTTP/1.1" 302 -
117.185.32.26 - - [24/Jan/2020:12:28:45 +0800] "GET /xingrg/all/function/internal_message.html?_=1579840119229&CODE_STATE=getMsg HTTP/1.1" 200 27
180.157.252.250 - - [24/Jan/2020:12:28:48 +0800] "GET /xingrg/all/function/internal_message.html?_=1579840123612&CODE_STATE=getMsg HTTP/1.1" 200 27
114.88.170.138 - - [24/Jan/2020:12:28:51 +0800] "GET /xingrg/all/function/internal_message.html?_=1579840362083&CODE_STATE=getMsg HTTP/1.1" 302 -
114.88.170.138 - - [24/Jan/2020:12:28:52 +0800] "GET /xingrg/check_reg.html?_=1579840362637 HTTP/1.1" 302 -
101.81.125.204 - - [24/Jan/2020:12:28:55 +0800] "GET /xingrg/all/function/internal_message.html?_=1579840130746&CODE_STATE=getMsg HTTP/1.1" 200 27
117.185.32.26 - - [24/Jan/2020:12:28:55 +0800] "GET /xingrg/all/function/internal_message.html?_=1579840519978&CODE_STATE=getMsg HTTP/1.1" 200 27
116.238.181.252 - - [24/Jan/2020:12:28:56 +0800] "GET /xingrg/all/function/internal_message.html?_=1579840136224&CODE_STATE=getMsg HTTP/1.1" 200 27
116.238.181.252 - - [24/Jan/2020:12:28:57 +0800] "GET /xingrg/check_reg.html?_=1579840136835 HTTP/1.1" 200 22
172.17.2.150 - - [24/Jan/2020:12:28:57 +0800] "GET /xingrg/all/function/internal_message.html?_=1579840131946&CODE_STATE=getMsg HTTP/1.1" 200 27
114.86.231.167 - - [24/Jan/2020:12:28:58 +0800] "GET /xingrg/all/function/internal_message.html?_=1579840141893&CODE_STATE=getMsg HTTP/1.1" 200 27
222.69.24.136 - - [24/Jan/2020:12:29:00 +0800] "GET /xingrg/all/function/internal_message.html?_=1579839721130&CODE_STATE=getMsg HTTP/1.1" 200 27
114.88.170.138 - - [24/Jan/2020:12:29:05 +0800] "GET /xingrg/all/function/internal_message.html?_=1579840141601&CODE_STATE=getMsg HTTP/1.1" 200 27
58.221.95.50 - - [24/Jan/2020:12:29:13 +0800] "GET /xingrg/all/function/internal_message.html?_=1579840460171&CODE_STATE=getMsg HTTP/1.1" 302 -
114.93.75.19 - - [24/Jan/2020:12:29:15 +0800] "GET /xingrg/all/function/internal_message.html?_=1579840154846&CODE_STATE=getMsg HTTP/1.1" 302 -
114.88.159.93 - - [24/Jan/2020:12:29:18 +0800] "GET /xingrg/all/function/internal_message.html?_=1579839905065&CODE_STATE=getMsg HTTP/1.1" 200 27
117.131.5.26 - - [24/Jan/2020:12:29:27 +0800] "GET /xingrg/check_reg.html?_=1579840179503 HTTP/1.1" 200 22
172.17.0.196 - - [24/Jan/2020:12:29:38 +0800] "GET /xingrg/all/function/internal_message.html?_=1579840024592&CODE_STATE=getMsg HTTP/1.1" 200 27
101.81.125.204 - - [24/Jan/2020:12:29:39 +0800] "GET /xingrg/check_reg.html?_=1579840171727 HTTP/1.1" 200 22
101.81.125.204 - - [24/Jan/2020:12:29:40 +0800] "GET /xingrg/all/function/internal_message.html?_=1579840172266&CODE_STATE=getMsg HTTP/1.1" 200 27
116.238.35.243 - - [24/Jan/2020:12:29:41 +0800] "GET /xingrg/all/function/internal_message.html?_=1579840179120&CODE_STATE=getMsg HTTP/1.1" 200 27
114.93.75.19 - - [24/Jan/2020:12:29:42 +0800] "GET /xingrg/all/function/internal_message.html?_=1579840179432&CODE_STATE=getMsg HTTP/1.1" 302 -
117.185.32.26 - - [24/Jan/2020:12:29:45 +0800] "GET /xingrg/all/function/internal_message.html?_=1579840179228&CODE_STATE=getMsg HTTP/1.1" 200 27
180.157.252.250 - - [24/Jan/2020:12:29:48 +0800] "GET /xingrg/all/function/internal_message.html?_=1579840183628&CODE_STATE=getMsg HTTP/1.1" 200 27
180.157.252.250 - - [24/Jan/2020:12:29:48 +0800] "GET /xingrg/check_reg.html?_=1579840183635 HTTP/1.1" 200 22
114.88.170.138 - - [24/Jan/2020:12:29:51 +0800] "GET /xingrg/all/function/internal_message.html?_=1579840422060&CODE_STATE=getMsg HTTP/1.1" 302 -
101.81.125.204 - - [24/Jan/2020:12:29:55 +0800] "GET /xingrg/all/function/internal_message.html?_=1579840190733&CODE_STATE=getMsg HTTP/1.1" 200 27
117.185.32.26 - - [24/Jan/2020:12:29:55 +0800] "GET /xingrg/all/function/internal_message.html?_=1579840579974&CODE_STATE=getMsg HTTP/1.1" 200 27
116.238.181.252 - - [24/Jan/2020:12:29:56 +0800] "GET /xingrg/all/function/internal_message.html?_=1579840196196&CODE_STATE=getMsg HTTP/1.1" 200 27
172.17.2.150 - - [24/Jan/2020:12:29:57 +0800] "GET /xingrg/all/function/internal_message.html?_=1579840191961&CODE_STATE=getMsg HTTP/1.1" 200 27
114.86.231.167 - - [24/Jan/2020:12:29:58 +0800] "GET /xingrg/all/function/internal_message.html?_=1579840201895&CODE_STATE=getMsg HTTP/1.1" 200 27
222.69.24.136 - - [24/Jan/2020:12:30:00 +0800] "GET /xingrg/all/function/internal_message.html?_=1579839781144&CODE_STATE=getMsg HTTP/1.1" 200 27
114.88.170.138 - - [24/Jan/2020:12:30:05 +0800] "GET /xingrg/all/function/internal_message.html?_=1579840201613&CODE_STATE=getMsg HTTP/1.1" 200 27
114.88.170.138 - - [24/Jan/2020:12:30:12 +0800] "GET /xingrg/kc/buy/cgsh_order_operate.html?command=get_materiel&rest_code=00111&code=00101008114&supplier_code=00100005&order_time=2020-01-24 HTTP/1.1" 200 412
58.221.95.50 - - [24/Jan/2020:12:30:13 +0800] "GET /xingrg/all/function/internal_message.html?_=1579840520198&CODE_STATE=getMsg HTTP/1.1" 302 -
114.93.75.19 - - [24/Jan/2020:12:30:15 +0800] "GET /xingrg/all/function/internal_message.html?_=1579840214873&CODE_STATE=getMsg HTTP/1.1" 302 -
114.88.159.93 - - [24/Jan/2020:12:30:18 +0800] "GET /xingrg/all/function/internal_message.html?_=1579839965064&CODE_STATE=getMsg HTTP/1.1" 200 27
172.17.0.196 - - [24/Jan/2020:12:30:38 +0800] "GET /xingrg/all/function/internal_message.html?_=1579840084592&CODE_STATE=getMsg HTTP/1.1" 200 27
101.81.125.204 - - [24/Jan/2020:12:30:40 +0800] "GET /xingrg/all/function/internal_message.html?_=1579840232258&CODE_STATE=getMsg HTTP/1.1" 200 27
116.238.35.243 - - [24/Jan/2020:12:30:41 +0800] "GET /xingrg/all/function/internal_message.html?_=1579840239120&CODE_STATE=getMsg HTTP/1.1" 200 27
114.93.75.19 - - [24/Jan/2020:12:30:42 +0800] "GET /xingrg/all/function/internal_message.html?_=1579840239434&CODE_STATE=getMsg HTTP/1.1" 302 -
114.93.75.19 - - [24/Jan/2020:12:30:42 +0800] "GET /xingrg/check_reg.html?_=1579840239435 HTTP/1.1" 302 -
117.185.32.26 - - [24/Jan/2020:12:30:45 +0800] "GET /xingrg/all/function/internal_message.html?_=1579840239244&CODE_STATE=getMsg HTTP/1.1" 200 27
117.185.32.26 - - [24/Jan/2020:12:30:45 +0800] "GET /xingrg/check_reg.html?_=1579840239242 HTTP/1.1" 200 22
116.238.35.243 - - [24/Jan/2020:12:30:46 +0800] "GET /xingrg/check_reg.html?_=1579840243882 HTTP/1.1" 200 22
180.157.252.250 - - [24/Jan/2020:12:30:48 +0800] "GET /xingrg/all/function/internal_message.html?_=1579840243627&CODE_STATE=getMsg HTTP/1.1" 200 27
114.88.159.93 - - [24/Jan/2020:12:30:51 +0800] "GET /xingrg/kc/buy/cgsh_order_add.html HTTP/1.1" 200 57641
114.88.170.138 - - [24/Jan/2020:12:30:51 +0800] "GET /xingrg/all/function/internal_message.html?_=1579840482034&CODE_STATE=getMsg HTTP/1.1" 302 -
114.88.159.93 - - [24/Jan/2020:12:30:51 +0800] "POST /xingrg/kc/buy/cgsh_order_operate.html HTTP/1.1" 200 8245
114.88.159.93 - - [24/Jan/2020:12:30:51 +0800] "GET /xingrg/javascript/easyui/themes/default/validatebox.css HTTP/1.1" 404 1104
101.81.125.204 - - [24/Jan/2020:12:30:55 +0800] "GET /xingrg/all/function/internal_message.html?_=1579840250734&CODE_STATE=getMsg HTTP/1.1" 200 27
101.81.125.204 - - [24/Jan/2020:12:30:55 +0800] "GET /xingrg/check_reg.html?_=1579840250736 HTTP/1.1" 200 22
117.185.32.26 - - [24/Jan/2020:12:30:55 +0800] "GET /xingrg/all/function/internal_message.html?_=1579840639958&CODE_STATE=getMsg HTTP/1.1" 200 27
116.238.181.252 - - [24/Jan/2020:12:30:56 +0800] "GET /xingrg/all/function/internal_message.html?_=1579840256182&CODE_STATE=getMsg HTTP/1.1" 200 27
172.17.2.150 - - [24/Jan/2020:12:30:57 +0800] "GET /xingrg/check_reg.html?_=1579840251960 HTTP/1.1" 200 22
172.17.2.150 - - [24/Jan/2020:12:30:57 +0800] "GET /xingrg/all/function/internal_message.html?_=1579840251961&CODE_STATE=getMsg HTTP/1.1" 200 27
114.86.231.167 - - [24/Jan/2020:12:30:58 +0800] "GET /xingrg/check_reg.html?_=1579840261882 HTTP/1.1" 200 22
114.86.231.167 - - [24/Jan/2020:12:30:58 +0800] "GET /xingrg/all/function/internal_message.html?_=1579840261886&CODE_STATE=getMsg HTTP/1.1" 200 27
117.185.32.26 - - [24/Jan/2020:12:30:58 +0800] "GET /xingrg/check_reg.html?_=1579840642878 HTTP/1.1" 200 22
222.69.24.136 - - [24/Jan/2020:12:31:00 +0800] "GET /xingrg/check_reg.html?_=1579839841144 HTTP/1.1" 200 22
222.69.24.136 - - [24/Jan/2020:12:31:00 +0800] "GET /xingrg/all/function/internal_message.html?_=1579839841145&CODE_STATE=getMsg HTTP/1.1" 200 27
114.88.170.138 - - [24/Jan/2020:12:31:05 +0800] "GET /xingrg/all/function/internal_message.html?_=1579840261627&CODE_STATE=getMsg HTTP/1.1" 200 27
58.221.95.50 - - [24/Jan/2020:12:31:12 +0800] "GET /xingrg/all/function/internal_message.html?_=1579840580236&CODE_STATE=getMsg HTTP/1.1" 302 -
114.93.75.19 - - [24/Jan/2020:12:31:15 +0800] "GET /xingrg/all/function/internal_message.html?_=1579840274875&CODE_STATE=getMsg HTTP/1.1" 302 -
114.88.159.93 - - [24/Jan/2020:12:31:18 +0800] "GET /xingrg/all/function/internal_message.html?_=1579840025093&CODE_STATE=getMsg HTTP/1.1" 200 27
114.88.159.93 - - [24/Jan/2020:12:31:18 +0800] "GET /xingrg/check_reg.html?_=1579840025094 HTTP/1.1" 200 22
114.88.159.93 - - [24/Jan/2020:12:31:27 +0800] "GET /xingrg/kc/buy/cgsh_order_operate.html?command=get_materiel&rest_code=00141&code=00101015038&supplier_code=00100007&order_time=2020-01-24 HTTP/1.1" 200 419
114.88.159.93 - - [24/Jan/2020:12:31:33 +0800] "GET /xingrg/kc/buy/cgsh_order_operate.html?command=get_materiel&rest_code=00141&code=00101009046&supplier_code=00100007&order_time=2020-01-24 HTTP/1.1" 200 409
114.88.170.138 - - [24/Jan/2020:12:31:35 +0800] "GET /xingrg/kc/buy/cgsh_order_operate.html?command=get_materiel&rest_code=00111&code=00101008168&supplier_code=00100005&order_time=2020-01-24 HTTP/1.1" 200 412
172.17.0.196 - - [24/Jan/2020:12:31:38 +0800] "GET /xingrg/all/function/internal_message.html?_=1579840144593&CODE_STATE=getMsg HTTP/1.1" 200 27
101.81.125.204 - - [24/Jan/2020:12:31:40 +0800] "GET /xingrg/all/function/internal_message.html?_=1579840292242&CODE_STATE=getMsg HTTP/1.1" 200 27
116.238.35.243 - - [24/Jan/2020:12:31:41 +0800] "GET /xingrg/all/function/internal_message.html?_=1579840299099&CODE_STATE=getMsg HTTP/1.1" 200 27
114.93.75.19 - - [24/Jan/2020:12:31:42 +0800] "GET /xingrg/all/function/internal_message.html?_=1579840299437&CODE_STATE=getMsg HTTP/1.1" 302 -
114.88.159.93 - - [24/Jan/2020:12:31:44 +0800] "GET /xingrg/kc/buy/cgsh_order_operate.html?command=get_materiel&rest_code=00141&code=00101015066&supplier_code=00100007&order_time=2020-01-24 HTTP/1.1" 200 413
117.185.32.26 - - [24/Jan/2020:12:31:45 +0800] "GET /xingrg/all/function/internal_message.html?_=1579840299227&CODE_STATE=getMsg HTTP/1.1" 200 27
114.88.170.138 - - [24/Jan/2020:12:31:48 +0800] "GET /xingrg/kc/buy/cgsh_order_operate.html?command=get_materiel&rest_code=00111&code=00101008150&supplier_code=00100005&order_time=2020-01-24 HTTP/1.1" 200 408
180.157.252.250 - - [24/Jan/2020:12:31:48 +0800] "GET /xingrg/all/function/internal_message.html?_=1579840303628&CODE_STATE=getMsg HTTP/1.1" 200 27
114.88.159.93 - - [24/Jan/2020:12:31:50 +0800] "GET /xingrg/kc/buy/cgsh_order_operate.html?command=get_materiel&rest_code=00141&code=00101008123&supplier_code=00100007&order_time=2020-01-24 HTTP/1.1" 200 413
114.88.170.138 - - [24/Jan/2020:12:31:51 +0800] "GET /xingrg/all/function/internal_message.html?_=1579840542011&CODE_STATE=getMsg HTTP/1.1" 302 -
101.81.125.204 - - [24/Jan/2020:12:31:55 +0800] "GET /xingrg/all/function/internal_message.html?_=1579840310737&CODE_STATE=getMsg HTTP/1.1" 200 27
117.185.32.26 - - [24/Jan/2020:12:31:55 +0800] "GET /xingrg/all/function/internal_message.html?_=1579840699932&CODE_STATE=getMsg HTTP/1.1" 200 27
114.88.159.93 - - [24/Jan/2020:12:31:56 +0800] "GET /xingrg/kc/buy/cgsh_order_operate.html?command=get_materiel&rest_code=00141&code=00101008284&supplier_code=00100007&order_time=2020-01-24 HTTP/1.1" 200 432
116.238.181.252 - - [24/Jan/2020:12:31:56 +0800] "GET /xingrg/all/function/internal_message.html?_=1579840316166&CODE_STATE=getMsg HTTP/1.1" 200 27
172.17.2.150 - - [24/Jan/2020:12:31:57 +0800] "GET /xingrg/all/function/internal_message.html?_=1579840311959&CODE_STATE=getMsg HTTP/1.1" 200 27
114.88.170.138 - - [24/Jan/2020:12:31:58 +0800] "GET /xingrg/kc/buy/cgsh_order_operate.html?command=get_materiel&rest_code=00111&code=00101008209&supplier_code=00100005&order_time=2020-01-24 HTTP/1.1" 200 408
114.86.231.167 - - [24/Jan/2020:12:31:58 +0800] "GET /xingrg/all/function/internal_message.html?_=1579840321887&CODE_STATE=getMsg HTTP/1.1" 200 27
222.69.24.136 - - [24/Jan/2020:12:32:00 +0800] "GET /xingrg/all/function/internal_message.html?_=1579839901142&CODE_STATE=getMsg HTTP/1.1" 200 27
114.88.170.138 - - [24/Jan/2020:12:32:03 +0800] "GET /xingrg/check_reg.html?_=1579840319474 HTTP/1.1" 200 22
114.88.170.138 - - [24/Jan/2020:12:32:05 +0800] "GET /xingrg/all/function/internal_message.html?_=1579840321641&CODE_STATE=getMsg HTTP/1.1" 200 27
114.88.159.93 - - [24/Jan/2020:12:32:09 +0800] "GET /xingrg/kc/buy/cgsh_order_operate.html?command=get_materiel&rest_code=00141&code=00101008324&supplier_code=00100007&order_time=2020-01-24 HTTP/1.1" 200 413
114.93.75.19 - - [24/Jan/2020:12:32:10 +0800] "GET /xingrg/check_reg.html?_=1579840325914 HTTP/1.1" 302 -
101.85.55.199 - - [24/Jan/2020:12:32:11 +0800] "GET /xingrg/check_reg.html?_=1579840094320 HTTP/1.1" 200 22
58.221.95.50 - - [24/Jan/2020:12:32:13 +0800] "GET /xingrg/all/function/internal_message.html?_=1579840640222&CODE_STATE=getMsg HTTP/1.1" 302 -
114.93.75.19 - - [24/Jan/2020:12:32:15 +0800] "GET /xingrg/all/function/internal_message.html?_=1579840334901&CODE_STATE=getMsg HTTP/1.1" 302 -
114.88.159.93 - - [24/Jan/2020:12:32:17 +0800] "GET /xingrg/kc/buy/cgsh_order_operate.html?command=get_materiel&rest_code=00141&code=00101008359&supplier_code=00100007&order_time=2020-01-24 HTTP/1.1" 200 408
114.88.159.93 - - [24/Jan/2020:12:32:18 +0800] "GET /xingrg/all/function/internal_message.html?_=1579840085098&CODE_STATE=getMsg HTTP/1.1" 200 27
114.88.159.93 - - [24/Jan/2020:12:32:22 +0800] "GET /xingrg/kc/buy/cgsh_order_operate.html?command=get_materiel&rest_code=00141&code=00101013114&supplier_code=00100007&order_time=2020-01-24 HTTP/1.1" 200 409
114.88.159.93 - - [24/Jan/2020:12:32:29 +0800] "GET /xingrg/kc/buy/cgsh_order_operate.html?command=get_materiel&rest_code=00141&code=00101008041&supplier_code=00100007&order_time=2020-01-24 HTTP/1.1" 200 409
114.93.75.19 - - [24/Jan/2020:12:32:38 +0800] "GET /xingrg/check_reg.html?_=1579840358459 HTTP/1.1" 302 -
172.17.0.196 - - [24/Jan/2020:12:32:38 +0800] "GET /xingrg/check_reg.html?_=1579840204593 HTTP/1.1" 200 22
172.17.0.196 - - [24/Jan/2020:12:32:38 +0800] "GET /xingrg/all/function/internal_message.html?_=1579840204601&CODE_STATE=getMsg HTTP/1.1" 200 27
101.81.125.204 - - [24/Jan/2020:12:32:40 +0800] "GET /xingrg/all/function/internal_message.html?_=1579840352228&CODE_STATE=getMsg HTTP/1.1" 200 27
114.88.170.138 - - [24/Jan/2020:12:32:40 +0800] "POST /xingrg/kc/buy/cgsh_order_operate.html HTTP/1.1" 200 2065
116.238.35.243 - - [24/Jan/2020:12:32:41 +0800] "GET /xingrg/all/function/internal_message.html?_=1579840359072&CODE_STATE=getMsg HTTP/1.1" 200 27
114.93.75.19 - - [24/Jan/2020:12:32:42 +0800] "GET /xingrg/all/function/internal_message.html?_=1579840359439&CODE_STATE=getMsg HTTP/1.1" 302 -
117.185.32.26 - - [24/Jan/2020:12:32:45 +0800] "GET /xingrg/all/function/internal_message.html?_=1579840359230&CODE_STATE=getMsg HTTP/1.1" 200 27
180.157.252.250 - - [24/Jan/2020:12:32:48 +0800] "GET /xingrg/all/function/internal_message.html?_=1579840363629&CODE_STATE=getMsg HTTP/1.1" 200 27
114.88.159.93 - - [24/Jan/2020:12:32:50 +0800] "POST /xingrg/kc/buy/cgsh_order_operate.html HTTP/1.1" 200 37
114.88.170.138 - - [24/Jan/2020:12:32:51 +0800] "GET /xingrg/all/function/internal_message.html?_=1579840601989&CODE_STATE=getMsg HTTP/1.1" 302 -
114.88.159.93 - - [24/Jan/2020:12:32:52 +0800] "POST /xingrg/kc/buy/cgsh_order_operate.html HTTP/1.1" 200 12
114.88.159.93 - - [24/Jan/2020:12:32:53 +0800] "GET /xingrg/kc/buy/cgsh_order_info.html?code=212020012412337 HTTP/1.1" 200 52546
114.88.159.93 - - [24/Jan/2020:12:32:53 +0800] "GET /xingrg/javascript/easyui/themes/default/validatebox.css HTTP/1.1" 404 1104
114.88.159.93 - - [24/Jan/2020:12:32:53 +0800] "POST /xingrg/kc/buy/cgsh_order_operate.html HTTP/1.1" 200 8303
101.81.125.204 - - [24/Jan/2020:12:32:55 +0800] "GET /xingrg/all/function/internal_message.html?_=1579840370742&CODE_STATE=getMsg HTTP/1.1" 200 27
114.88.159.93 - - [24/Jan/2020:12:32:55 +0800] "GET /xingrg/kc/print/load_data.html?order_code=212020012412337&kc_code=cgsh&condition= HTTP/1.1" 200 3678
117.185.32.26 - - [24/Jan/2020:12:32:55 +0800] "GET /xingrg/all/function/internal_message.html?_=1579840759917&CODE_STATE=getMsg HTTP/1.1" 200 27
116.238.181.252 - - [24/Jan/2020:12:32:56 +0800] "GET /xingrg/all/function/internal_message.html?_=1579840376136&CODE_STATE=getMsg HTTP/1.1" 200 27
172.17.2.150 - - [24/Jan/2020:12:32:57 +0800] "GET /xingrg/all/function/internal_message.html?_=1579840371959&CODE_STATE=getMsg HTTP/1.1" 200 27
114.86.231.167 - - [24/Jan/2020:12:32:58 +0800] "GET /xingrg/all/function/internal_message.html?_=1579840381889&CODE_STATE=getMsg HTTP/1.1" 200 27
222.69.24.136 - - [24/Jan/2020:12:33:00 +0800] "GET /xingrg/all/function/internal_message.html?_=1579839961140&CODE_STATE=getMsg HTTP/1.1" 200 27
58.221.95.50 - - [24/Jan/2020:12:33:04 +0800] "GET /xingrg/check_reg.html?_=1579840691115 HTTP/1.1" 302 -
114.88.170.138 - - [24/Jan/2020:12:33:05 +0800] "GET /xingrg/all/function/internal_message.html?_=1579840381889&CODE_STATE=getMsg HTTP/1.1" 200 27
58.221.95.50 - - [24/Jan/2020:12:33:13 +0800] "GET /xingrg/all/function/internal_message.html?_=1579840700265&CODE_STATE=getMsg HTTP/1.1" 302 -
114.93.75.19 - - [24/Jan/2020:12:33:15 +0800] "GET /xingrg/all/function/internal_message.html?_=1579840394917&CODE_STATE=getMsg HTTP/1.1" 302 -
114.88.159.93 - - [24/Jan/2020:12:33:18 +0800] "GET /xingrg/all/function/internal_message.html?_=1579840145087&CODE_STATE=getMsg HTTP/1.1" 200 27
124.77.241.94 - - [24/Jan/2020:12:33:21 +0800] "GET /xingrg/all/function/internal_message.html?_=1579840390990&CODE_STATE=getMsg HTTP/1.1" 200 27
124.77.241.94 - - [24/Jan/2020:12:33:21 +0800] "GET /xingrg/check_reg.html?_=1579840390991 HTTP/1.1" 200 22
180.162.232.172 - - [24/Jan/2020:12:33:27 +0800] "POST /xingrg/services/DataTransmitService HTTP/1.1" 200 524
180.162.232.172 - - [24/Jan/2020:12:33:27 +0800] "POST /xingrg/services/DataTransmitService HTTP/1.1" 200 501
180.162.232.172 - - [24/Jan/2020:12:33:27 +0800] "POST /xingrg/services/DataTransmitService HTTP/1.1" 200 501
180.162.232.172 - - [24/Jan/2020:12:33:28 +0800] "POST /xingrg/services/DataTransmitService HTTP/1.1" 200 501
180.162.232.172 - - [24/Jan/2020:12:33:28 +0800] "POST /xingrg/services/DataTransmitService HTTP/1.1" 200 501
180.162.232.172 - - [24/Jan/2020:12:33:28 +0800] "POST /xingrg/services/DataTransmitService HTTP/1.1" 200 501
180.162.232.172 - - [24/Jan/2020:12:33:29 +0800] "POST /xingrg/services/DataTransmitService HTTP/1.1" 200 412
172.17.0.196 - - [24/Jan/2020:12:33:38 +0800] "GET /xingrg/all/function/internal_message.html?_=1579840264587&CODE_STATE=getMsg HTTP/1.1" 200 27
101.81.125.204 - - [24/Jan/2020:12:33:40 +0800] "GET /xingrg/all/function/internal_message.html?_=1579840412204&CODE_STATE=getMsg HTTP/1.1" 200 27
116.238.35.243 - - [24/Jan/2020:12:33:41 +0800] "GET /xingrg/all/function/internal_message.html?_=1579840419042&CODE_STATE=getMsg HTTP/1.1" 200 27
114.93.75.19 - - [24/Jan/2020:12:33:43 +0800] "GET /xingrg/all/function/internal_message.html?_=1579840419441&CODE_STATE=getMsg HTTP/1.1" 302 -
124.77.242.186 - - [24/Jan/2020:12:33:44 +0800] "GET /favicon.ico HTTP/1.1" 404 -
117.185.32.26 - - [24/Jan/2020:12:33:45 +0800] "GET /xingrg/all/function/internal_message.html?_=1579840419230&CODE_STATE=getMsg HTTP/1.1" 200 27
180.157.252.250 - - [24/Jan/2020:12:33:48 +0800] "GET /xingrg/all/function/internal_message.html?_=1579840423632&CODE_STATE=getMsg HTTP/1.1" 200 27
114.88.170.138 - - [24/Jan/2020:12:33:51 +0800] "GET /xingrg/all/function/internal_message.html?_=1579840661971&CODE_STATE=getMsg HTTP/1.1" 302 -
114.88.170.138 - - [24/Jan/2020:12:33:52 +0800] "GET /xingrg/check_reg.html?_=1579840662616 HTTP/1.1" 302 -
101.81.125.204 - - [24/Jan/2020:12:33:55 +0800] "GET /xingrg/all/function/internal_message.html?_=1579840430743&CODE_STATE=getMsg HTTP/1.1" 200 27
117.185.32.26 - - [24/Jan/2020:12:33:55 +0800] "GET /xingrg/all/function/internal_message.html?_=1579840819900&CODE_STATE=getMsg HTTP/1.1" 200 27
116.238.181.252 - - [24/Jan/2020:12:33:56 +0800] "GET /xingrg/all/function/internal_message.html?_=1579840436105&CODE_STATE=getMsg HTTP/1.1" 200 27
116.238.181.252 - - [24/Jan/2020:12:33:57 +0800] "GET /xingrg/check_reg.html?_=1579840436858 HTTP/1.1" 200 22
172.17.2.150 - - [24/Jan/2020:12:33:57 +0800] "GET /xingrg/all/function/internal_message.html?_=1579840431959&CODE_STATE=getMsg HTTP/1.1" 200 27
114.86.231.167 - - [24/Jan/2020:12:33:58 +0800] "GET /xingrg/all/function/internal_message.html?_=1579840441888&CODE_STATE=getMsg HTTP/1.1" 200 27
222.69.24.136 - - [24/Jan/2020:12:34:00 +0800] "GET /xingrg/all/function/internal_message.html?_=1579840021138&CODE_STATE=getMsg HTTP/1.1" 200 27
124.77.241.94 - - [24/Jan/2020:12:34:00 +0800] "GET /xingrg/javascript/jquery_tools/list_manager.js HTTP/1.1" 304 -
124.77.241.94 - - [24/Jan/2020:12:34:00 +0800] "GET /xingrg/kc/buy/cgsh_order_list.html HTTP/1.1" 200 42033
124.77.241.94 - - [24/Jan/2020:12:34:01 +0800] "POST /xingrg/kc/buy/cgsh_list_operate.html HTTP/1.1" 200 876
124.77.241.94 - - [24/Jan/2020:12:34:02 +0800] "GET /xingrg/kc/buy/cgsh_order_add.html HTTP/1.1" 200 57641
124.77.241.94 - - [24/Jan/2020:12:34:02 +0800] "GET /xingrg/javascript/easyui/themes/default/validatebox.css HTTP/1.1" 404 1104
124.77.241.94 - - [24/Jan/2020:12:34:03 +0800] "POST /xingrg/kc/buy/cgsh_order_operate.html HTTP/1.1" 200 8245
114.88.170.138 - - [24/Jan/2020:12:34:06 +0800] "GET /xingrg/all/function/internal_message.html?_=1579840442360&CODE_STATE=getMsg HTTP/1.1" 200 27
58.221.95.50 - - [24/Jan/2020:12:34:13 +0800] "GET /xingrg/all/function/internal_message.html?_=1579840760368&CODE_STATE=getMsg HTTP/1.1" 302 -
114.93.75.19 - - [24/Jan/2020:12:34:15 +0800] "GET /xingrg/all/function/internal_message.html?_=1579840454943&CODE_STATE=getMsg HTTP/1.1" 302 -
114.88.159.93 - - [24/Jan/2020:12:34:18 +0800] "GET /xingrg/all/function/internal_message.html?_=1579840205085&CODE_STATE=getMsg HTTP/1.1" 200 27
124.77.241.94 - - [24/Jan/2020:12:34:21 +0800] "GET /xingrg/all/function/internal_message.html?_=1579840451006&CODE_STATE=getMsg HTTP/1.1" 200 27
124.77.241.94 - - [24/Jan/2020:12:34:22 +0800] "GET /xingrg/kc/buy/cgsh_order_operate.html?command=get_materiel&rest_code=00146&code=00101002007&supplier_code=00100199&order_time=2020-01-24 HTTP/1.1" 200 409
117.131.5.26 - - [24/Jan/2020:12:34:27 +0800] "GET /xingrg/check_reg.html?_=1579840479503 HTTP/1.1" 200 22
172.17.0.196 - - [24/Jan/2020:12:34:38 +0800] "GET /xingrg/all/function/internal_message.html?_=1579840324601&CODE_STATE=getMsg HTTP/1.1" 200 27
101.81.125.204 - - [24/Jan/2020:12:34:38 +0800] "POST /xingrg/kc/buy/cgsh_list_operate.html HTTP/1.1" 200 876
101.81.125.204 - - [24/Jan/2020:12:34:39 +0800] "GET /xingrg/check_reg.html?_=1579840471747 HTTP/1.1" 200 22
101.81.125.204 - - [24/Jan/2020:12:34:40 +0800] "GET /xingrg/all/function/internal_message.html?_=1579840472189&CODE_STATE=getMsg HTTP/1.1" 200 27
116.238.35.243 - - [24/Jan/2020:12:34:41 +0800] "GET /xingrg/all/function/internal_message.html?_=1579840479023&CODE_STATE=getMsg HTTP/1.1" 200 27
124.77.241.94 - - [24/Jan/2020:12:34:41 +0800] "POST /xingrg/kc/buy/cgsh_order_operate.html HTTP/1.1" 200 37
114.93.75.19 - - [24/Jan/2020:12:34:42 +0800] "GET /xingrg/all/function/internal_message.html?_=1579840479426&CODE_STATE=getMsg HTTP/1.1" 302 -
124.77.241.94 - - [24/Jan/2020:12:34:43 +0800] "POST /xingrg/kc/buy/cgsh_order_operate.html HTTP/1.1" 200 2659
117.185.32.26 - - [24/Jan/2020:12:34:45 +0800] "GET /xingrg/all/function/internal_message.html?_=1579840479256&CODE_STATE=getMsg HTTP/1.1" 200 27
124.77.241.94 - - [24/Jan/2020:12:34:48 +0800] "GET /xingrg/kc/print/load_data.html?order_code=212020012412338&kc_code=cgsh&condition= HTTP/1.1" 200 679
180.157.252.250 - - [24/Jan/2020:12:34:48 +0800] "GET /xingrg/all/function/internal_message.html?_=1579840483626&CODE_STATE=getMsg HTTP/1.1" 200 27
180.157.252.250 - - [24/Jan/2020:12:34:48 +0800] "GET /xingrg/check_reg.html?_=1579840483632 HTTP/1.1" 200 22
101.81.125.204 - - [24/Jan/2020:12:34:51 +0800] "POST /xingrg/kc/buy/cgsh_list_operate.html HTTP/1.1" 200 5769
114.88.170.138 - - [24/Jan/2020:12:34:51 +0800] "GET /xingrg/all/function/internal_message.html?_=1579840721950&CODE_STATE=getMsg HTTP/1.1" 302 -
101.81.125.204 - - [24/Jan/2020:12:34:55 +0800] "GET /xingrg/all/function/internal_message.html?_=1579840490744&CODE_STATE=getMsg HTTP/1.1" 200 27
117.185.32.26 - - [24/Jan/2020:12:34:55 +0800] "GET /xingrg/all/function/internal_message.html?_=1579840879910&CODE_STATE=getMsg HTTP/1.1" 200 27
116.238.181.252 - - [24/Jan/2020:12:34:56 +0800] "GET /xingrg/all/function/internal_message.html?_=1579840496078&CODE_STATE=getMsg HTTP/1.1" 200 27
101.81.125.204 - - [24/Jan/2020:12:34:57 +0800] "POST /xingrg/kc/buy/cgsh_list_operate.html HTTP/1.1" 200 278
172.17.2.150 - - [24/Jan/2020:12:34:57 +0800] "GET /xingrg/all/function/internal_message.html?_=1579840491959&CODE_STATE=getMsg HTTP/1.1" 200 27
114.86.231.167 - - [24/Jan/2020:12:34:58 +0800] "GET /xingrg/all/function/internal_message.html?_=1579840501889&CODE_STATE=getMsg HTTP/1.1" 200 27
222.69.24.136 - - [24/Jan/2020:12:35:00 +0800] "GET /xingrg/all/function/internal_message.html?_=1579840081136&CODE_STATE=getMsg HTTP/1.1" 200 27
114.88.170.138 - - [24/Jan/2020:12:35:06 +0800] "GET /xingrg/all/function/internal_message.html?_=1579840502700&CODE_STATE=getMsg HTTP/1.1" 200 27
112.49.235.203 - - [24/Jan/2020:12:35:09 +0800] "GET /xingrg/index.html HTTP/1.1" 302 -
112.49.235.203 - - [24/Jan/2020:12:35:09 +0800] "GET /xingrg/login.html HTTP/1.1" 200 2139
112.49.235.203 - - [24/Jan/2020:12:35:09 +0800] "GET /favicon.ico HTTP/1.1" 404 -
58.221.95.50 - - [24/Jan/2020:12:35:13 +0800] "GET /xingrg/all/function/internal_message.html?_=1579840820355&CODE_STATE=getMsg HTTP/1.1" 302 -
114.93.75.19 - - [24/Jan/2020:12:35:15 +0800] "GET /xingrg/all/function/internal_message.html?_=1579840514944&CODE_STATE=getMsg HTTP/1.1" 302 -
114.88.159.93 - - [24/Jan/2020:12:35:18 +0800] "GET /xingrg/all/function/internal_message.html?_=1579840265079&CODE_STATE=getMsg HTTP/1.1" 200 27
112.49.235.203 - - [24/Jan/2020:12:35:20 +0800] "POST /xingrg/login.do HTTP/1.1" 302 -
112.49.235.203 - - [24/Jan/2020:12:35:20 +0800] "GET /xingrg/index_mobile.html?sysBaseUrl=http%3A%2F%2F117.131.15.22%3A18081%2Fxingrg%2F&costTime=41×tamp=1579840520263 HTTP/1.1" 200 3172
124.77.241.94 - - [24/Jan/2020:12:35:21 +0800] "GET /xingrg/all/function/internal_message.html?_=1579840511117&CODE_STATE=getMsg HTTP/1.1" 200 27
112.49.235.203 - - [24/Jan/2020:12:35:22 +0800] "GET /xingrg/index.html HTTP/1.1" 200 17528
112.49.235.203 - - [24/Jan/2020:12:35:22 +0800] "POST /xingrg/all/common/load_tree.html?tree=area_rest_tree_json&manage=1 HTTP/1.1" 200 3079
112.49.235.203 - - [24/Jan/2020:12:35:22 +0800] "GET /xingrg/check_reg.html?_=1579840520770 HTTP/1.1" 200 22
112.49.235.203 - - [24/Jan/2020:12:35:22 +0800] "GET /xingrg/all/function/internal_message.html?_=1579840520769&CODE_STATE=count HTTP/1.1" 200 11
112.49.235.203 - - [24/Jan/2020:12:35:22 +0800] "POST /xingrg/load_menu.html HTTP/1.1" 200 11550
124.77.241.94 - - [24/Jan/2020:12:35:28 +0800] "GET /xingrg/kc/buy/cgsh_order_add.html HTTP/1.1" 200 57641
124.77.241.94 - - [24/Jan/2020:12:35:28 +0800] "POST /xingrg/kc/buy/cgsh_order_operate.html HTTP/1.1" 200 8245
124.77.241.94 - - [24/Jan/2020:12:35:28 +0800] "GET /xingrg/javascript/easyui/themes/default/validatebox.css HTTP/1.1" 404 1104
112.49.235.203 - - [24/Jan/2020:12:35:29 +0800] "GET /xingrg/kc/buy/cgsh_order_list.html HTTP/1.1" 200 42282
112.49.235.203 - - [24/Jan/2020:12:35:29 +0800] "POST /xingrg/kc/buy/cgsh_list_operate.html HTTP/1.1" 200 876
172.17.0.196 - - [24/Jan/2020:12:35:38 +0800] "GET /xingrg/all/function/internal_message.html?_=1579840384589&CODE_STATE=getMsg HTTP/1.1" 200 27
101.81.125.204 - - [24/Jan/2020:12:35:40 +0800] "GET /xingrg/all/function/internal_message.html?_=1579840532165&CODE_STATE=getMsg HTTP/1.1" 200 27
116.238.35.243 - - [24/Jan/2020:12:35:41 +0800] "GET /xingrg/all/function/internal_message.html?_=1579840539004&CODE_STATE=getMsg HTTP/1.1" 200 27
114.93.75.19 - - [24/Jan/2020:12:35:42 +0800] "GET /xingrg/all/function/internal_message.html?_=1579840539428&CODE_STATE=getMsg HTTP/1.1" 302 -
114.93.75.19 - - [24/Jan/2020:12:35:42 +0800] "GET /xingrg/check_reg.html?_=1579840539429 HTTP/1.1" 302 -
124.77.241.94 - - [24/Jan/2020:12:35:43 +0800] "GET /xingrg/kc/buy/cgsh_order_operate.html?command=get_materiel&rest_code=00146&code=00101001049&supplier_code=00100090&order_time=2020-01-24 HTTP/1.1" 200 415
117.185.32.26 - - [24/Jan/2020:12:35:45 +0800] "GET /xingrg/all/function/internal_message.html?_=1579840539256&CODE_STATE=getMsg HTTP/1.1" 200 27
117.185.32.26 - - [24/Jan/2020:12:35:45 +0800] "GET /xingrg/check_reg.html?_=1579840539261 HTTP/1.1" 200 22
116.238.35.243 - - [24/Jan/2020:12:35:46 +0800] "GET /xingrg/check_reg.html?_=1579840543873 HTTP/1.1" 200 22
180.157.252.250 - - [24/Jan/2020:12:35:48 +0800] "GET /xingrg/all/function/internal_message.html?_=1579840543625&CODE_STATE=getMsg HTTP/1.1" 200 27
114.88.170.138 - - [24/Jan/2020:12:35:51 +0800] "GET /xingrg/all/function/internal_message.html?_=1579840781925&CODE_STATE=getMsg HTTP/1.1" 302 -
101.81.125.204 - - [24/Jan/2020:12:35:55 +0800] "GET /xingrg/check_reg.html?_=1579840550753 HTTP/1.1" 200 22
101.81.125.204 - - [24/Jan/2020:12:35:55 +0800] "GET /xingrg/all/function/internal_message.html?_=1579840550761&CODE_STATE=getMsg HTTP/1.1" 200 27
117.185.32.26 - - [24/Jan/2020:12:35:55 +0800] "GET /xingrg/all/function/internal_message.html?_=1579840939895&CODE_STATE=getMsg HTTP/1.1" 200 27
116.238.181.252 - - [24/Jan/2020:12:35:56 +0800] "GET /xingrg/all/function/internal_message.html?_=1579840556048&CODE_STATE=getMsg HTTP/1.1" 200 27
172.17.2.150 - - [24/Jan/2020:12:35:57 +0800] "GET /xingrg/all/function/internal_message.html?_=1579840551960&CODE_STATE=getMsg HTTP/1.1" 200 27
172.17.2.150 - - [24/Jan/2020:12:35:57 +0800] "GET /xingrg/check_reg.html?_=1579840551962 HTTP/1.1" 200 22
114.86.231.167 - - [24/Jan/2020:12:35:58 +0800] "GET /xingrg/check_reg.html?_=1579840561891 HTTP/1.1" 200 22
114.86.231.167 - - [24/Jan/2020:12:35:58 +0800] "GET /xingrg/all/function/internal_message.html?_=1579840561893&CODE_STATE=getMsg HTTP/1.1" 200 27
117.185.32.26 - - [24/Jan/2020:12:35:58 +0800] "GET /xingrg/check_reg.html?_=1579840942892 HTTP/1.1" 200 22
112.49.235.203 - - [24/Jan/2020:12:36:00 +0800] "GET /xingrg/javascript/auto/indicator.gif HTTP/1.1" 404 1066
222.69.24.136 - - [24/Jan/2020:12:36:00 +0800] "GET /xingrg/all/function/internal_message.html?_=1579840141136&CODE_STATE=getMsg HTTP/1.1" 200 27
222.69.24.136 - - [24/Jan/2020:12:36:00 +0800] "GET /xingrg/check_reg.html?_=1579840141136 HTTP/1.1" 200 22
124.77.241.94 - - [24/Jan/2020:12:36:02 +0800] "GET /xingrg/kc/buy/cgsh_order_operate.html?command=get_materiel&rest_code=00146&code=00101001040&supplier_code=00100090&order_time=2020-01-24 HTTP/1.1" 200 434
114.88.170.138 - - [24/Jan/2020:12:36:06 +0800] "GET /xingrg/all/function/internal_message.html?_=1579840562709&CODE_STATE=getMsg HTTP/1.1" 200 27
112.49.235.203 - - [24/Jan/2020:12:36:10 +0800] "POST /xingrg/kc/buy/cgsh_list_operate.html HTTP/1.1" 200 5713
58.221.95.50 - - [24/Jan/2020:12:36:13 +0800] "GET /xingrg/all/function/internal_message.html?_=1579840880438&CODE_STATE=getMsg HTTP/1.1" 302 -
112.49.235.203 - - [24/Jan/2020:12:36:14 +0800] "POST /xingrg/kc/buy/cgsh_list_operate.html HTTP/1.1" 200 278
114.93.75.19 - - [24/Jan/2020:12:36:15 +0800] "GET /xingrg/all/function/internal_message.html?_=1579840574975&CODE_STATE=getMsg HTTP/1.1" 302 -
124.77.241.94 - - [24/Jan/2020:12:36:17 +0800] "GET /xingrg/kc/buy/cgsh_order_operate.html?command=get_materiel&rest_code=00146&code=00101001140&supplier_code=00100090&order_time=2020-01-24 HTTP/1.1" 200 415
112.49.235.203 - - [24/Jan/2020:12:36:17 +0800] "POST /xingrg/kc/buy/cgsh_list_operate.html HTTP/1.1" 200 4
114.88.159.93 - - [24/Jan/2020:12:36:18 +0800] "GET /xingrg/all/function/internal_message.html?_=1579840325076&CODE_STATE=getMsg HTTP/1.1" 200 27
114.88.159.93 - - [24/Jan/2020:12:36:18 +0800] "GET /xingrg/check_reg.html?_=1579840325078 HTTP/1.1" 200 22
112.49.235.203 - - [24/Jan/2020:12:36:18 +0800] "POST /xingrg/kc/buy/cgsh_list_operate.html HTTP/1.1" 200 5691
124.77.241.94 - - [24/Jan/2020:12:36:22 +0800] "GET /xingrg/all/function/internal_message.html?_=1579840571173&CODE_STATE=getMsg HTTP/1.1" 200 27
112.49.235.203 - - [24/Jan/2020:12:36:22 +0800] "GET /xingrg/all/function/internal_message.html?_=1579840580773&CODE_STATE=getMsg HTTP/1.1" 200 27
112.49.235.203 - - [24/Jan/2020:12:36:28 +0800] "POST /xingrg/kc/buy/cgsh_list_operate.html HTTP/1.1" 200 278
124.77.241.94 - - [24/Jan/2020:12:36:38 +0800] "POST /xingrg/kc/buy/cgsh_order_operate.html HTTP/1.1" 200 37
172.17.0.196 - - [24/Jan/2020:12:36:38 +0800] "GET /xingrg/all/function/internal_message.html?_=1579840444592&CODE_STATE=getMsg HTTP/1.1" 200 27
124.77.241.94 - - [24/Jan/2020:12:36:39 +0800] "POST /xingrg/kc/buy/cgsh_order_operate.html HTTP/1.1" 200 3856
101.81.125.204 - - [24/Jan/2020:12:36:40 +0800] "GET /xingrg/all/function/internal_message.html?_=1579840592137&CODE_STATE=getMsg HTTP/1.1" 200 27
116.238.35.243 - - [24/Jan/2020:12:36:41 +0800] "GET /xingrg/all/function/internal_message.html?_=1579840598978&CODE_STATE=getMsg HTTP/1.1" 200 27
124.77.241.94 - - [24/Jan/2020:12:36:42 +0800] "GET /xingrg/kc/print/load_data.html?order_code=212020012412339&kc_code=cgsh&condition= HTTP/1.1" 200 1216
114.93.75.19 - - [24/Jan/2020:12:36:42 +0800] "GET /xingrg/all/function/internal_message.html?_=1579840599433&CODE_STATE=getMsg HTTP/1.1" 302 -
117.185.32.26 - - [24/Jan/2020:12:36:45 +0800] "GET /xingrg/all/function/internal_message.html?_=1579840599261&CODE_STATE=getMsg HTTP/1.1" 200 27
180.157.252.250 - - [24/Jan/2020:12:36:48 +0800] "GET /xingrg/all/function/internal_message.html?_=1579840603628&CODE_STATE=getMsg HTTP/1.1" 200 27
114.88.170.138 - - [24/Jan/2020:12:36:51 +0800] "GET /xingrg/all/function/internal_message.html?_=1579840841896&CODE_STATE=getMsg HTTP/1.1" 302 -
101.81.125.204 - - [24/Jan/2020:12:36:55 +0800] "GET /xingrg/all/function/internal_message.html?_=1579840610733&CODE_STATE=getMsg HTTP/1.1" 200 27
117.185.32.26 - - [24/Jan/2020:12:36:55 +0800] "GET /xingrg/all/function/internal_message.html?_=1579840999865&CODE_STATE=getMsg HTTP/1.1" 200 27
116.238.181.252 - - [24/Jan/2020:12:36:56 +0800] "GET /xingrg/all/function/internal_message.html?_=1579840616042&CODE_STATE=getMsg HTTP/1.1" 200 27
172.17.2.150 - - [24/Jan/2020:12:36:57 +0800] "GET /xingrg/all/function/internal_message.html?_=1579840611962&CODE_STATE=getMsg HTTP/1.1" 200 27
114.86.231.167 - - [24/Jan/2020:12:36:58 +0800] "GET /xingrg/all/function/internal_message.html?_=1579840621918&CODE_STATE=getMsg HTTP/1.1" 200 27
116.238.181.252 - - [24/Jan/2020:12:36:59 +0800] "GET /xingrg/kc/mdqp/pssh_order_list.html HTTP/1.1" 200 18151
116.238.181.252 - - [24/Jan/2020:12:37:00 +0800] "POST /xingrg/kc/mdqp/pssh_list_operate.html HTTP/1.1" 200 5515
222.69.24.136 - - [24/Jan/2020:12:37:00 +0800] "GET /xingrg/all/function/internal_message.html?_=1579840201134&CODE_STATE=getMsg HTTP/1.1" 200 27
114.88.170.138 - - [24/Jan/2020:12:37:03 +0800] "GET /xingrg/check_reg.html?_=1579840619823 HTTP/1.1" 200 22
114.88.170.138 - - [24/Jan/2020:12:37:06 +0800] "GET /xingrg/all/function/internal_message.html?_=1579840622722&CODE_STATE=getMsg HTTP/1.1" 200 27
116.238.181.252 - - [24/Jan/2020:12:37:09 +0800] "POST /xingrg/kc/mdqp/pssh_list_operate.html HTTP/1.1" 200 750
101.81.125.204 - - [24/Jan/2020:12:37:09 +0800] "GET /xingrg/system/rest/query_items.html?_=1579840625230&table=menu&page=2&rows=20&categoryId=&key=%25E6%25B5%25B7%25E5%258F%2582 HTTP/1.1" 200 513
124.77.241.94 - - [24/Jan/2020:12:37:09 +0800] "GET /xingrg/kc/buy/cgsh_order_add.html HTTP/1.1" 200 57641
114.93.75.19 - - [24/Jan/2020:12:37:10 +0800] "GET /xingrg/check_reg.html?_=1579840625887 HTTP/1.1" 302 -
124.77.241.94 - - [24/Jan/2020:12:37:10 +0800] "POST /xingrg/kc/buy/cgsh_order_operate.html HTTP/1.1" 200 8245
124.77.241.94 - - [24/Jan/2020:12:37:10 +0800] "GET /xingrg/javascript/easyui/themes/default/validatebox.css HTTP/1.1" 404 1104
101.81.125.204 - - [24/Jan/2020:12:37:10 +0800] "GET /xingrg/system/rest/query_items.html?_=1579840626074&table=menu&page=2&rows=20&categoryId=&key=%25E6%25B5%25B7%25E5%258F%2582 HTTP/1.1" 200 513
116.238.181.252 - - [24/Jan/2020:12:37:11 +0800] "POST /xingrg/kc/mdqp/pssh_list_operate.html HTTP/1.1" 200 359
101.85.55.199 - - [24/Jan/2020:12:37:11 +0800] "GET /xingrg/check_reg.html?_=1579840394293 HTTP/1.1" 200 22
58.221.95.50 - - [24/Jan/2020:12:37:14 +0800] "GET /xingrg/all/function/internal_message.html?_=1579840940550&CODE_STATE=getMsg HTTP/1.1" 302 -
114.93.75.19 - - [24/Jan/2020:12:37:15 +0800] "GET /xingrg/all/function/internal_message.html?_=1579840634986&CODE_STATE=getMsg HTTP/1.1" 302 -
116.238.181.252 - - [24/Jan/2020:12:37:15 +0800] "POST /xingrg/kc/mdqp/pssh_list_operate.html HTTP/1.1" 200 1615
114.88.159.93 - - [24/Jan/2020:12:37:18 +0800] "GET /xingrg/all/function/internal_message.html?_=1579840385083&CODE_STATE=getMsg HTTP/1.1" 200 27
124.77.241.94 - - [24/Jan/2020:12:37:22 +0800] "GET /xingrg/all/function/internal_message.html?_=1579840631186&CODE_STATE=getMsg HTTP/1.1" 200 27
112.49.235.203 - - [24/Jan/2020:12:37:22 +0800] "GET /xingrg/all/function/internal_message.html?_=1579840641266&CODE_STATE=getMsg HTTP/1.1" 200 27
124.77.241.94 - - [24/Jan/2020:12:37:23 +0800] "GET /xingrg/kc/buy/cgsh_order_operate.html?command=get_materiel&rest_code=00146&code=00101001044&supplier_code=00100319&order_time=2020-01-24 HTTP/1.1" 200 409
114.93.75.19 - - [24/Jan/2020:12:37:38 +0800] "GET /xingrg/check_reg.html?_=1579840658477 HTTP/1.1" 302 -
172.17.0.196 - - [24/Jan/2020:12:37:38 +0800] "GET /xingrg/all/function/internal_message.html?_=1579840504593&CODE_STATE=getMsg HTTP/1.1" 200 27
172.17.0.196 - - [24/Jan/2020:12:37:38 +0800] "GET /xingrg/check_reg.html?_=1579840504597 HTTP/1.1" 200 22
116.238.181.252 - - [24/Jan/2020:12:37:39 +0800] "POST /xingrg/kc/mdqp/pssh_list_operate.html HTTP/1.1" 200 814
101.81.125.204 - - [24/Jan/2020:12:37:40 +0800] "GET /xingrg/all/function/internal_message.html?_=1579840652122&CODE_STATE=getMsg HTTP/1.1" 200 27
116.238.181.252 - - [24/Jan/2020:12:37:40 +0800] "POST /xingrg/kc/mdqp/pssh_list_operate.html HTTP/1.1" 200 814
116.238.181.252 - - [24/Jan/2020:12:37:41 +0800] "POST /xingrg/kc/mdqp/pssh_list_operate.html HTTP/1.1" 200 814
116.238.35.243 - - [24/Jan/2020:12:37:41 +0800] "GET /xingrg/all/function/internal_message.html?_=1579840658949&CODE_STATE=getMsg HTTP/1.1" 200 27
114.93.75.19 - - [24/Jan/2020:12:37:42 +0800] "GET /xingrg/all/function/internal_message.html?_=1579840659434&CODE_STATE=getMsg HTTP/1.1" 302 -
117.185.32.26 - - [24/Jan/2020:12:37:45 +0800] "GET /xingrg/all/function/internal_message.html?_=1579840659262&CODE_STATE=getMsg HTTP/1.1" 200 27
124.77.241.94 - - [24/Jan/2020:12:37:47 +0800] "GET /xingrg/kc/buy/cgsh_order_operate.html?command=get_materiel&rest_code=00146&code=00101001125&supplier_code=00100319&order_time=2020-01-24 HTTP/1.1" 200 415
180.157.252.250 - - [24/Jan/2020:12:37:48 +0800] "GET /xingrg/all/function/internal_message.html?_=1579840663643&CODE_STATE=getMsg HTTP/1.1" 200 27
116.238.181.252 - - [24/Jan/2020:12:37:51 +0800] "POST /xingrg/kc/mdqp/pssh_list_operate.html HTTP/1.1" 200 814
114.88.170.138 - - [24/Jan/2020:12:37:51 +0800] "GET /xingrg/all/function/internal_message.html?_=1579840901873&CODE_STATE=getMsg HTTP/1.1" 302 -
