117.131.5.26 - - [24/Jan/2020:12:46:38 +0800] "GET /xingrg/javascript/easyui/plugins/jquery.validatebox.js HTTP/1.1" 304 -
117.131.5.26 - - [24/Jan/2020:12:46:38 +0800] "GET /xingrg/words/20200123085936_words.js HTTP/1.1" 304 -
117.131.5.26 - - [24/Jan/2020:12:46:38 +0800] "GET /xingrg/javascript/easyui/plugins/jquery.parser.js HTTP/1.1" 304 -
117.131.5.26 - - [24/Jan/2020:12:46:38 +0800] "GET /xingrg/javascript/convert.js HTTP/1.1" 304 -
101.81.125.204 - - [24/Jan/2020:12:46:39 +0800] "GET /xingrg/all/function/internal_message.html?_=1579841192024&CODE_STATE=getMsg HTTP/1.1" 200 27
116.238.35.243 - - [24/Jan/2020:12:46:41 +0800] "GET /xingrg/all/function/internal_message.html?_=1579841198809&CODE_STATE=getMsg HTTP/1.1" 200 27
114.93.75.19 - - [24/Jan/2020:12:46:43 +0800] "GET /xingrg/all/function/internal_message.html?_=1579841199437&CODE_STATE=getMsg HTTP/1.1" 302 -
117.185.32.26 - - [24/Jan/2020:12:46:45 +0800] "GET /xingrg/all/function/internal_message.html?_=1579841199260&CODE_STATE=getMsg HTTP/1.1" 200 27
117.131.5.26 - - [24/Jan/2020:12:46:46 +0800] "GET /xingrg/kc/buy/cgsh_order_operate.html?command=get_materiel&rest_code=00104&code=00101002007&supplier_code=00100151&order_time=2020-01-24 HTTP/1.1" 200 409
117.185.32.26 - - [24/Jan/2020:12:46:55 +0800] "GET /xingrg/all/function/internal_message.html?_=1579841599717&CODE_STATE=getMsg HTTP/1.1" 200 27
116.238.181.252 - - [24/Jan/2020:12:46:56 +0800] "GET /xingrg/all/function/internal_message.html?_=1579841215893&CODE_STATE=getMsg HTTP/1.1" 200 27
172.17.2.150 - - [24/Jan/2020:12:46:57 +0800] "GET /xingrg/all/function/internal_message.html?_=1579841211959&CODE_STATE=getMsg HTTP/1.1" 200 27
114.86.231.167 - - [24/Jan/2020:12:46:58 +0800] "GET /xingrg/all/function/internal_message.html?_=1579841221908&CODE_STATE=getMsg HTTP/1.1" 200 27
117.131.5.26 - - [24/Jan/2020:12:46:59 +0800] "GET /xingrg/kc/buy/cgsh_order_operate.html?command=get_materiel&rest_code=00104&code=00101002007&supplier_code=00100151&order_time=2020-01-24 HTTP/1.1" 200 409
101.81.125.204 - - [24/Jan/2020:12:46:59 +0800] "GET /xingrg/login.html HTTP/1.1" 200 7639
222.69.24.136 - - [24/Jan/2020:12:47:00 +0800] "GET /xingrg/all/function/internal_message.html?_=1579840801162&CODE_STATE=getMsg HTTP/1.1" 200 27
117.131.5.26 - - [24/Jan/2020:12:47:07 +0800] "GET /xingrg/kc/buy/cgsh_order_operate.html?command=get_materiel&rest_code=00104&code=00101002027&supplier_code=00100151&order_time=2020-01-24 HTTP/1.1" 200 433
114.93.75.19 - - [24/Jan/2020:12:47:10 +0800] "GET /xingrg/check_reg.html?_=1579841225843 HTTP/1.1" 302 -
101.85.55.199 - - [24/Jan/2020:12:47:11 +0800] "GET /xingrg/check_reg.html?_=1579840994269 HTTP/1.1" 200 22
114.88.170.138 - - [24/Jan/2020:12:47:11 +0800] "GET /xingrg/check_reg.html?_=1579841227889 HTTP/1.1" 200 22
58.221.95.50 - - [24/Jan/2020:12:47:14 +0800] "GET /xingrg/all/function/internal_message.html?_=1579841541155&CODE_STATE=getMsg HTTP/1.1" 302 -
117.131.5.26 - - [24/Jan/2020:12:47:15 +0800] "GET /xingrg/javascript/easyui/themes/default/images/button_plain_hover.png HTTP/1.1" 304 -
117.131.5.26 - - [24/Jan/2020:12:47:15 +0800] "GET /xingrg/javascript/easyui/themes/default/images/button_plain_hover.png HTTP/1.1" 304 -
114.88.170.138 - - [24/Jan/2020:12:47:15 +0800] "GET /xingrg/all/function/internal_message.html?_=1579841231049&CODE_STATE=getMsg HTTP/1.1" 200 27
117.131.5.26 - - [24/Jan/2020:12:47:15 +0800] "GET /xingrg/javascript/easyui/themes/default/images/button_plain_hover.png HTTP/1.1" 304 -
114.93.75.19 - - [24/Jan/2020:12:47:15 +0800] "GET /xingrg/all/function/internal_message.html?_=1579841235169&CODE_STATE=getMsg HTTP/1.1" 302 -
117.131.5.26 - - [24/Jan/2020:12:47:17 +0800] "POST /xingrg/kc/buy/cgsh_order_operate.html HTTP/1.1" 200 37
117.131.5.26 - - [24/Jan/2020:12:47:17 +0800] "POST /xingrg/kc/buy/cgsh_order_operate.html HTTP/1.1" 200 3840
114.88.159.93 - - [24/Jan/2020:12:47:18 +0800] "GET /xingrg/all/function/internal_message.html?_=1579840985102&CODE_STATE=getMsg HTTP/1.1" 200 27
117.131.5.26 - - [24/Jan/2020:12:47:19 +0800] "GET /xingrg/javascript/easyui/themes/default/images/button_plain_hover.png HTTP/1.1" 304 -
117.131.5.26 - - [24/Jan/2020:12:47:19 +0800] "GET /xingrg/javascript/easyui/themes/default/images/button_plain_hover.png HTTP/1.1" 304 -
117.131.5.26 - - [24/Jan/2020:12:47:19 +0800] "GET /xingrg/javascript/easyui/themes/default/images/button_plain_hover.png HTTP/1.1" 304 -
117.131.5.26 - - [24/Jan/2020:12:47:19 +0800] "GET /xingrg/javascript/easyui/themes/default/images/button_plain_hover.png HTTP/1.1" 304 -
116.238.35.243 - - [24/Jan/2020:12:47:20 +0800] "GET /xingrg/kc/base/wldb_order_list.html HTTP/1.1" 200 19282
116.238.35.243 - - [24/Jan/2020:12:47:20 +0800] "POST /xingrg/kc/base/wldb_list_operate.html HTTP/1.1" 200 5502
117.131.5.26 - - [24/Jan/2020:12:47:21 +0800] "GET /xingrg/kc/print/load_config.html?kc_code=cgsh HTTP/1.1" 200 1841
117.131.5.26 - - [24/Jan/2020:12:47:21 +0800] "GET /xingrg/kc/print/load_data.html?order_code=212020012412346&kc_code=cgsh&condition= HTTP/1.1" 200 1105
116.238.35.243 - - [24/Jan/2020:12:47:21 +0800] "GET /xingrg/kc/base/wldb_order_add.html HTTP/1.1" 200 30328
116.238.35.243 - - [24/Jan/2020:12:47:21 +0800] "GET /xingrg/javascript/easyui/themes/default/validatebox.css HTTP/1.1" 404 1104
116.238.35.243 - - [24/Jan/2020:12:47:21 +0800] "POST /xingrg/kc/base/wldb_order_operate.html HTTP/1.1" 200 6806
116.238.35.243 - - [24/Jan/2020:12:47:22 +0800] "POST /xingrg/all/common/load_combo.html?type=base HTTP/1.1" 200 2878
124.77.241.94 - - [24/Jan/2020:12:47:27 +0800] "GET /xingrg/all/function/internal_message.html?_=1579841236204&CODE_STATE=getMsg HTTP/1.1" 200 27
117.131.5.26 - - [24/Jan/2020:12:47:27 +0800] "GET /xingrg/all/function/internal_message.html?_=1579841462817&CODE_STATE=getMsg HTTP/1.1" 200 27
101.81.125.204 - - [24/Jan/2020:12:47:29 +0800] "POST /xingrg/login.do HTTP/1.1" 302 -
101.81.125.204 - - [24/Jan/2020:12:47:29 +0800] "GET /xingrg/index.html?sysBaseUrl=http%3A%2F%2F117.131.15.22%3A18081%2Fxingrg%2F&costTime=35×tamp=1579841249486 HTTP/1.1" 200 17481
101.81.125.204 - - [24/Jan/2020:12:47:30 +0800] "POST /xingrg/all/common/load_tree.html?tree=area_rest_tree_json&manage=1 HTTP/1.1" 200 3079
101.81.125.204 - - [24/Jan/2020:12:47:30 +0800] "GET /xingrg/javascript/jquery_easy_ui/themes/default/images/panel_tool_expand.gif HTTP/1.1" 200 247
101.81.125.204 - - [24/Jan/2020:12:47:30 +0800] "GET /xingrg/check_reg.html?_=1579841242110 HTTP/1.1" 200 22
101.81.125.204 - - [24/Jan/2020:12:47:30 +0800] "GET /xingrg/all/function/internal_message.html?_=1579841242101&CODE_STATE=count HTTP/1.1" 200 11
101.81.125.204 - - [24/Jan/2020:12:47:30 +0800] "POST /xingrg/load_menu.html HTTP/1.1" 200 11429
101.81.125.204 - - [24/Jan/2020:12:47:30 +0800] "GET /xingrg/javascript/jquery_easy_ui/themes/icons/checkout_new.png HTTP/1.1" 200 744
101.81.125.204 - - [24/Jan/2020:12:47:30 +0800] "GET /xingrg/javascript/jquery_easy_ui/themes/icons/systemset_new.png HTTP/1.1" 200 606
101.81.125.204 - - [24/Jan/2020:12:47:30 +0800] "GET /xingrg/javascript/jquery_easy_ui/themes/icons/setting_new.png HTTP/1.1" 200 450
101.81.125.204 - - [24/Jan/2020:12:47:30 +0800] "GET /xingrg/javascript/jquery_easy_ui/themes/icons/delivery_new.png HTTP/1.1" 200 700
101.81.125.204 - - [24/Jan/2020:12:47:31 +0800] "GET /xingrg/javascript/jquery_easy_ui/themes/icons/manage.png HTTP/1.1" 200 696
101.81.125.204 - - [24/Jan/2020:12:47:32 +0800] "GET /xingrg/javascript/jquery_easy_ui/themes/icons/ok.png HTTP/1.1" 304 -
101.81.125.204 - - [24/Jan/2020:12:47:32 +0800] "GET /xingrg/javascript/jquery_easy_ui/themes/default/images/panel_tools.gif HTTP/1.1" 304 -
101.81.125.204 - - [24/Jan/2020:12:47:32 +0800] "GET /xingrg/javascript/jquery_easy_ui/themes/default/images/button_span_bg.gif HTTP/1.1" 304 -
101.81.125.204 - - [24/Jan/2020:12:47:32 +0800] "GET /xingrg/javascript/jquery_easy_ui/themes/default/images/panel_title.png HTTP/1.1" 304 -
101.81.125.204 - - [24/Jan/2020:12:47:32 +0800] "GET /xingrg/javascript/jquery_easy_ui/themes/default/images/button_a_bg.gif HTTP/1.1" 304 -
101.81.125.204 - - [24/Jan/2020:12:47:37 +0800] "POST /xingrg/all/user/operate.html HTTP/1.1" 200 36
101.81.125.204 - - [24/Jan/2020:12:47:37 +0800] "GET /xingrg/index.html?sysBaseUrl=http%3A%2F%2F117.131.15.22%3A18081%2Fxingrg%2F&costTime=35×tamp=1579841249486 HTTP/1.1" 200 17481
101.81.125.204 - - [24/Jan/2020:12:47:37 +0800] "GET /xingrg/javascript/jquery_easy_ui/themes/default/easyui.css HTTP/1.1" 304 -
101.81.125.204 - - [24/Jan/2020:12:47:37 +0800] "GET /xingrg/javascript/jquery_easy_ui/themes/icon.css HTTP/1.1" 304 -
101.81.125.204 - - [24/Jan/2020:12:47:37 +0800] "GET /xingrg/css/form.css HTTP/1.1" 304 -
101.81.125.204 - - [24/Jan/2020:12:47:37 +0800] "GET /xingrg/javascript/jquery-1.4.2.min.js HTTP/1.1" 304 -
101.81.125.204 - - [24/Jan/2020:12:47:37 +0800] "GET /xingrg/javascript/jquery_easy_ui/jquery.easyui.min.js HTTP/1.1" 304 -
101.81.125.204 - - [24/Jan/2020:12:47:37 +0800] "GET /xingrg/javascript/jquery_easy_ui/easyui-lang-zh_CN.js HTTP/1.1" 304 -
101.81.125.204 - - [24/Jan/2020:12:47:37 +0800] "GET /xingrg/javascript/jquery.form.js HTTP/1.1" 304 -
101.81.125.204 - - [24/Jan/2020:12:47:37 +0800] "GET /xingrg/javascript/jquery.utils.js HTTP/1.1" 304 -
101.81.125.204 - - [24/Jan/2020:12:47:37 +0800] "GET /xingrg/javascript/jquery.timers.js HTTP/1.1" 304 -
101.81.125.204 - - [24/Jan/2020:12:47:38 +0800] "GET /xingrg/images/blue/jxLogo.png HTTP/1.1" 304 -
101.81.125.204 - - [24/Jan/2020:12:47:38 +0800] "GET /xingrg/javascript/jquery_easy_ui/themes/icons/settle_new.png HTTP/1.1" 304 -
101.81.125.204 - - [24/Jan/2020:12:47:38 +0800] "GET /xingrg/images/blue/navBackgound.jpg HTTP/1.1" 304 -
101.81.125.204 - - [24/Jan/2020:12:47:38 +0800] "POST /xingrg/all/common/load_tree.html?tree=area_rest_tree_json&manage=1 HTTP/1.1" 200 3079
101.81.125.204 - - [24/Jan/2020:12:47:38 +0800] "GET /xingrg/all/function/internal_message.html?_=1579841250289&CODE_STATE=count HTTP/1.1" 200 11
101.81.125.204 - - [24/Jan/2020:12:47:38 +0800] "GET /xingrg/images/blue/pingpu.png HTTP/1.1" 304 -
101.81.125.204 - - [24/Jan/2020:12:47:38 +0800] "GET /xingrg/check_reg.html?_=1579841250299 HTTP/1.1" 200 22
101.81.125.204 - - [24/Jan/2020:12:47:38 +0800] "GET /xingrg/javascript/jquery_easy_ui/themes/default/images/panel_tool_expand.gif HTTP/1.1" 304 -
101.81.125.204 - - [24/Jan/2020:12:47:38 +0800] "GET /xingrg/javascript/jquery_easy_ui/themes/default/images/tabs_leftarrow.png HTTP/1.1" 304 -
101.81.125.204 - - [24/Jan/2020:12:47:38 +0800] "GET /xingrg/javascript/jquery_easy_ui/themes/default/images/panel_tool_collapse.gif HTTP/1.1" 304 -
101.81.125.204 - - [24/Jan/2020:12:47:38 +0800] "GET /xingrg/javascript/jquery_easy_ui/themes/default/images/tabs_rightarrow.png HTTP/1.1" 304 -
114.93.75.19 - - [24/Jan/2020:12:47:38 +0800] "GET /xingrg/check_reg.html?_=1579841258503 HTTP/1.1" 302 -
172.17.0.196 - - [24/Jan/2020:12:47:38 +0800] "GET /xingrg/all/function/internal_message.html?_=1579841104602&CODE_STATE=getMsg HTTP/1.1" 200 27
172.17.0.196 - - [24/Jan/2020:12:47:38 +0800] "GET /xingrg/check_reg.html?_=1579841104609 HTTP/1.1" 200 22
101.81.125.204 - - [24/Jan/2020:12:47:39 +0800] "POST /xingrg/load_menu.html HTTP/1.1" 200 9945
116.238.35.243 - - [24/Jan/2020:12:47:40 +0800] "GET /xingrg/kc/base/wldb_order_operate.html?command=get_materiel&rest_code=00105&base_code=0010508&code=00102002556 HTTP/1.1" 200 427
101.81.125.204 - - [24/Jan/2020:12:47:40 +0800] "GET /xingrg/kc/buy/buy_main.html HTTP/1.1" 200 12398
101.81.125.204 - - [24/Jan/2020:12:47:40 +0800] "GET /xingrg/css/new_ie.css HTTP/1.1" 404 1036
116.238.35.243 - - [24/Jan/2020:12:47:41 +0800] "GET /xingrg/all/function/internal_message.html?_=1579841258728&CODE_STATE=getMsg HTTP/1.1" 200 27
101.81.125.204 - - [24/Jan/2020:12:47:41 +0800] "GET /xingrg/images/yd/bt.gif HTTP/1.1" 404 1040
101.81.125.204 - - [24/Jan/2020:12:47:42 +0800] "GET /xingrg/javascript/easyui/themes/icons/uncheck_new.png HTTP/1.1" 304 -
101.81.125.204 - - [24/Jan/2020:12:47:42 +0800] "GET /xingrg/kc/buy/cgsh_order_list.html HTTP/1.1" 200 42282
114.93.75.19 - - [24/Jan/2020:12:47:43 +0800] "GET /xingrg/all/function/internal_message.html?_=1579841259440&CODE_STATE=getMsg HTTP/1.1" 302 -
101.81.125.204 - - [24/Jan/2020:12:47:43 +0800] "GET /xingrg/javascript/jquery_tools/images/prev.gif HTTP/1.1" 404 1086
101.81.125.204 - - [24/Jan/2020:12:47:43 +0800] "GET /xingrg/javascript/jquery_tools/images/next.gif HTTP/1.1" 404 1086
101.81.125.204 - - [24/Jan/2020:12:47:43 +0800] "POST /xingrg/kc/buy/cgsh_list_operate.html HTTP/1.1" 200 1678
117.185.32.26 - - [24/Jan/2020:12:47:45 +0800] "GET /xingrg/all/function/internal_message.html?_=1579841259260&CODE_STATE=getMsg HTTP/1.1" 200 27
101.81.125.204 - - [24/Jan/2020:12:47:45 +0800] "POST /xingrg/kc/buy/cgsh_list_operate.html HTTP/1.1" 200 278
101.81.125.204 - - [24/Jan/2020:12:47:49 +0800] "POST /xingrg/kc/buy/cgsh_list_operate.html HTTP/1.1" 200 4
116.238.35.243 - - [24/Jan/2020:12:47:50 +0800] "GET /xingrg/kc/base/wldb_order_operate.html?command=get_materiel&rest_code=00105&base_code=0010508&code=00102002543 HTTP/1.1" 200 441
101.81.125.204 - - [24/Jan/2020:12:47:50 +0800] "POST /xingrg/kc/buy/cgsh_list_operate.html HTTP/1.1" 200 1678
101.81.125.204 - - [24/Jan/2020:12:47:53 +0800] "POST /xingrg/kc/buy/cgsh_list_operate.html HTTP/1.1" 200 278
116.238.35.243 - - [24/Jan/2020:12:47:54 +0800] "POST /xingrg/kc/base/wldb_order_operate.html HTTP/1.1" 200 37
116.238.35.243 - - [24/Jan/2020:12:47:54 +0800] "POST /xingrg/kc/base/wldb_order_operate.html HTTP/1.1" 200 2661
116.238.35.243 - - [24/Jan/2020:12:47:55 +0800] "GET /xingrg/kc/base/wldb_order_info.html?code=422020012403531 HTTP/1.1" 200 30339
117.185.32.26 - - [24/Jan/2020:12:47:55 +0800] "GET /xingrg/all/function/internal_message.html?_=1579841659701&CODE_STATE=getMsg HTTP/1.1" 200 27
116.238.35.243 - - [24/Jan/2020:12:47:55 +0800] "GET /xingrg/javascript/easyui/themes/default/validatebox.css HTTP/1.1" 404 1104
116.238.35.243 - - [24/Jan/2020:12:47:55 +0800] "POST /xingrg/kc/base/wldb_order_operate.html HTTP/1.1" 200 2661
101.81.125.204 - - [24/Jan/2020:12:47:55 +0800] "GET /xingrg/kc/buy/cgsh_order_info.html?code=212020012412335 HTTP/1.1" 200 58094
116.238.181.252 - - [24/Jan/2020:12:47:56 +0800] "GET /xingrg/all/function/internal_message.html?_=1579841275894&CODE_STATE=getMsg HTTP/1.1" 200 27
101.81.125.204 - - [24/Jan/2020:12:47:56 +0800] "GET /xingrg/javascript/easyui/themes/default/validatebox.css HTTP/1.1" 404 1104
101.81.125.204 - - [24/Jan/2020:12:47:56 +0800] "POST /xingrg/kc/buy/cgsh_order_operate.html HTTP/1.1" 200 3258
172.17.2.150 - - [24/Jan/2020:12:47:57 +0800] "GET /xingrg/all/function/internal_message.html?_=1579841271958&CODE_STATE=getMsg HTTP/1.1" 200 27
114.86.231.167 - - [24/Jan/2020:12:47:58 +0800] "GET /xingrg/all/function/internal_message.html?_=1579841281908&CODE_STATE=getMsg HTTP/1.1" 200 27
101.81.125.204 - - [24/Jan/2020:12:47:58 +0800] "GET /xingrg/javascript/easyui/themes/default/tree.css HTTP/1.1" 404 1090
101.81.125.204 - - [24/Jan/2020:12:47:58 +0800] "POST /xingrg/all/common/load_tree.html?tree=supplier_tree_json&isDelete=1 HTTP/1.1" 200 46428
124.77.241.94 - - [24/Jan/2020:12:48:00 +0800] "GET /xingrg/kc/buy/cgsh_order_operate.html?command=get_materiel&rest_code=00146&code=00101014006&supplier_code=00100330&order_time=2020-01-24 HTTP/1.1" 200 412
222.69.24.136 - - [24/Jan/2020:12:48:00 +0800] "GET /xingrg/all/function/internal_message.html?_=1579840861160&CODE_STATE=getMsg HTTP/1.1" 200 27
58.221.95.50 - - [24/Jan/2020:12:48:03 +0800] "GET /xingrg/check_reg.html?_=1579841591260 HTTP/1.1" 302 -
124.77.241.94 - - [24/Jan/2020:12:48:07 +0800] "GET /xingrg/kc/buy/cgsh_order_operate.html?command=get_materiel&rest_code=00146&code=00101018015&supplier_code=00100330&order_time=2020-01-24 HTTP/1.1" 200 420
116.238.35.243 - - [24/Jan/2020:12:48:12 +0800] "POST /xingrg/kc/base/wldb_order_operate.html HTTP/1.1" 200 37
116.238.35.243 - - [24/Jan/2020:12:48:12 +0800] "POST /xingrg/kc/base/wldb_order_operate.html HTTP/1.1" 200 2661
116.238.35.243 - - [24/Jan/2020:12:48:12 +0800] "GET /xingrg/kc/base/wldb_order_info.html?code=422020012403531 HTTP/1.1" 200 30339
116.238.35.243 - - [24/Jan/2020:12:48:12 +0800] "GET /xingrg/javascript/easyui/themes/default/validatebox.css HTTP/1.1" 404 1104
116.238.35.243 - - [24/Jan/2020:12:48:13 +0800] "POST /xingrg/kc/base/wldb_order_operate.html HTTP/1.1" 200 2661
58.221.95.50 - - [24/Jan/2020:12:48:13 +0800] "GET /xingrg/all/function/internal_message.html?_=1579841601143&CODE_STATE=getMsg HTTP/1.1" 302 -
114.93.75.19 - - [24/Jan/2020:12:48:15 +0800] "GET /xingrg/all/function/internal_message.html?_=1579841295194&CODE_STATE=getMsg HTTP/1.1" 302 -
114.88.159.93 - - [24/Jan/2020:12:48:18 +0800] "GET /xingrg/all/function/internal_message.html?_=1579841045117&CODE_STATE=getMsg HTTP/1.1" 200 27
124.77.241.94 - - [24/Jan/2020:12:48:21 +0800] "GET /xingrg/check_reg.html?_=1579841291009 HTTP/1.1" 200 22
116.238.35.243 - - [24/Jan/2020:12:48:25 +0800] "POST /xingrg/kc/base/wldb_order_operate.html HTTP/1.1" 200 37
116.238.35.243 - - [24/Jan/2020:12:48:25 +0800] "POST /xingrg/kc/base/wldb_order_operate.html HTTP/1.1" 200 2661
116.238.35.243 - - [24/Jan/2020:12:48:25 +0800] "GET /xingrg/kc/base/wldb_order_info.html?code=422020012403531 HTTP/1.1" 200 30339
116.238.35.243 - - [24/Jan/2020:12:48:26 +0800] "GET /xingrg/javascript/easyui/themes/default/validatebox.css HTTP/1.1" 404 1104
116.238.35.243 - - [24/Jan/2020:12:48:26 +0800] "POST /xingrg/kc/base/wldb_order_operate.html HTTP/1.1" 200 2661
124.77.241.94 - - [24/Jan/2020:12:48:27 +0800] "GET /xingrg/all/function/internal_message.html?_=1579841296219&CODE_STATE=getMsg HTTP/1.1" 200 27
117.131.5.26 - - [24/Jan/2020:12:48:27 +0800] "GET /xingrg/all/function/internal_message.html?_=1579841522864&CODE_STATE=getMsg HTTP/1.1" 200 27
114.88.170.138 - - [24/Jan/2020:12:48:28 +0800] "GET /xingrg/all/function/internal_message.html?_=1579841304609&CODE_STATE=getMsg HTTP/1.1" 200 27
124.77.241.94 - - [24/Jan/2020:12:48:30 +0800] "POST /xingrg/kc/buy/cgsh_order_operate.html HTTP/1.1" 200 37
116.238.35.243 - - [24/Jan/2020:12:48:30 +0800] "GET /xingrg/login.html HTTP/1.1" 200 7639
116.238.35.243 - - [24/Jan/2020:12:48:32 +0800] "GET /favicon.ico HTTP/1.1" 404 -
124.77.241.94 - - [24/Jan/2020:12:48:33 +0800] "POST /xingrg/kc/buy/cgsh_order_operate.html HTTP/1.1" 200 2666
116.238.35.243 - - [24/Jan/2020:12:48:34 +0800] "POST /xingrg/login.do HTTP/1.1" 302 -
116.238.35.243 - - [24/Jan/2020:12:48:34 +0800] "GET /xingrg/index.html?sysBaseUrl=http%3A%2F%2F117.131.15.22%3A18081%2Fxingrg%2F&costTime=35×tamp=1579841314679 HTTP/1.1" 200 17151
116.238.35.243 - - [24/Jan/2020:12:48:35 +0800] "GET /favicon.ico HTTP/1.1" 404 -
116.238.35.243 - - [24/Jan/2020:12:48:35 +0800] "POST /xingrg/all/common/load_tree.html?tree=area_rest_tree_json&manage=1 HTTP/1.1" 200 342
116.238.35.243 - - [24/Jan/2020:12:48:36 +0800] "GET /xingrg/check_reg.html?_=1579841317458 HTTP/1.1" 200 22
116.238.35.243 - - [24/Jan/2020:12:48:36 +0800] "GET /xingrg/all/function/internal_message.html?_=1579841317456&CODE_STATE=count HTTP/1.1" 200 11
116.238.35.243 - - [24/Jan/2020:12:48:36 +0800] "POST /xingrg/load_menu.html HTTP/1.1" 200 5124
124.77.241.94 - - [24/Jan/2020:12:48:36 +0800] "GET /xingrg/kc/print/load_data.html?order_code=212020012412347&kc_code=cgsh&condition= HTTP/1.1" 200 697
117.131.5.26 - - [24/Jan/2020:12:48:37 +0800] "GET /xingrg/javascript/easyui/themes/default/images/button_plain_hover.png HTTP/1.1" 304 -
117.131.5.26 - - [24/Jan/2020:12:48:37 +0800] "GET /xingrg/javascript/easyui/themes/default/images/button_plain_hover.png HTTP/1.1" 304 -
117.131.5.26 - - [24/Jan/2020:12:48:38 +0800] "GET /xingrg/javascript/easyui/themes/default/images/button_plain_hover.png HTTP/1.1" 304 -
117.131.5.26 - - [24/Jan/2020:12:48:38 +0800] "GET /xingrg/javascript/easyui/themes/default/images/button_plain_hover.png HTTP/1.1" 304 -
114.88.170.138 - - [24/Jan/2020:12:48:38 +0800] "POST /xingrg/kc/buy/cgsh_order_operate.html HTTP/1.1" 200 37
172.17.0.196 - - [24/Jan/2020:12:48:38 +0800] "GET /xingrg/all/function/internal_message.html?_=1579841164613&CODE_STATE=getMsg HTTP/1.1" 200 27
114.88.170.138 - - [24/Jan/2020:12:48:39 +0800] "POST /xingrg/kc/buy/cgsh_order_operate.html HTTP/1.1" 200 87346
117.131.5.26 - - [24/Jan/2020:12:48:40 +0800] "GET /xingrg/javascript/easyui/themes/default/images/button_plain_hover.png HTTP/1.1" 304 -
117.131.5.26 - - [24/Jan/2020:12:48:40 +0800] "GET /xingrg/javascript/easyui/themes/default/images/button_plain_hover.png HTTP/1.1" 304 -
117.131.5.26 - - [24/Jan/2020:12:48:40 +0800] "GET /xingrg/javascript/easyui/themes/default/images/button_plain_hover.png HTTP/1.1" 304 -
114.88.170.138 - - [24/Jan/2020:12:48:40 +0800] "POST /xingrg/kc/buy/cgsh_list_operate.html HTTP/1.1" 200 2060
117.131.5.26 - - [24/Jan/2020:12:48:41 +0800] "GET /xingrg/kc/print/load_config.html?kc_code=cgsh HTTP/1.1" 200 1841
117.131.5.26 - - [24/Jan/2020:12:48:41 +0800] "GET /xingrg/kc/print/load_data.html?order_code=212020012412346&kc_code=cgsh&condition= HTTP/1.1" 200 1105
116.238.35.243 - - [24/Jan/2020:12:48:41 +0800] "GET /xingrg/all/function/internal_message.html?_=1579841318702&CODE_STATE=getMsg HTTP/1.1" 200 27
114.88.170.138 - - [24/Jan/2020:12:48:41 +0800] "POST /xingrg/kc/buy/cgsh_order_operate.html HTTP/1.1" 200 37
114.93.75.19 - - [24/Jan/2020:12:48:42 +0800] "GET /xingrg/all/function/internal_message.html?_=1579841319425&CODE_STATE=getMsg HTTP/1.1" 302 -
114.88.170.138 - - [24/Jan/2020:12:48:44 +0800] "POST /xingrg/kc/buy/cgsh_list_operate.html HTTP/1.1" 200 572
114.88.170.138 - - [24/Jan/2020:12:48:44 +0800] "GET /xingrg/kc/buy/cgsh_order_info.html?code=212020012412336 HTTP/1.1" 200 57638
114.88.170.138 - - [24/Jan/2020:12:48:45 +0800] "GET /xingrg/javascript/easyui/themes/default/validatebox.css HTTP/1.1" 404 1104
117.185.32.26 - - [24/Jan/2020:12:48:45 +0800] "GET /xingrg/all/function/internal_message.html?_=1579841319262&CODE_STATE=getMsg HTTP/1.1" 200 27
114.88.170.138 - - [24/Jan/2020:12:48:45 +0800] "POST /xingrg/kc/buy/cgsh_order_operate.html HTTP/1.1" 200 87346
101.81.125.204 - - [24/Jan/2020:12:48:47 +0800] "POST /xingrg/kc/buy/cgsh_order_operate.html HTTP/1.1" 200 37
101.81.125.204 - - [24/Jan/2020:12:48:49 +0800] "POST /xingrg/kc/buy/cgsh_order_operate.html HTTP/1.1" 200 12
116.238.35.243 - - [24/Jan/2020:12:48:49 +0800] "GET /xingrg/kc/base/base_main.html HTTP/1.1" 200 12138
101.81.125.204 - - [24/Jan/2020:12:48:49 +0800] "GET /xingrg/kc/buy/cgsh_order_info.html?code=212020012412335 HTTP/1.1" 200 53246
101.81.125.204 - - [24/Jan/2020:12:48:50 +0800] "GET /xingrg/javascript/easyui/themes/default/validatebox.css HTTP/1.1" 404 1104
101.81.125.204 - - [24/Jan/2020:12:48:50 +0800] "POST /xingrg/kc/buy/cgsh_order_operate.html HTTP/1.1" 200 1209
116.238.35.243 - - [24/Jan/2020:12:48:51 +0800] "GET /xingrg/kc/base/wldb_order_list.html HTTP/1.1" 200 19282
116.238.35.243 - - [24/Jan/2020:12:48:52 +0800] "POST /xingrg/kc/base/wldb_list_operate.html HTTP/1.1" 200 5499
124.77.241.94 - - [24/Jan/2020:12:48:52 +0800] "GET /xingrg/kc/buy/cgsh_order_add.html HTTP/1.1" 200 57641
124.77.241.94 - - [24/Jan/2020:12:48:53 +0800] "POST /xingrg/kc/buy/cgsh_order_operate.html HTTP/1.1" 200 8245
124.77.241.94 - - [24/Jan/2020:12:48:53 +0800] "GET /xingrg/javascript/easyui/themes/default/validatebox.css HTTP/1.1" 404 1104
117.185.32.26 - - [24/Jan/2020:12:48:55 +0800] "GET /xingrg/all/function/internal_message.html?_=1579841719684&CODE_STATE=getMsg HTTP/1.1" 200 27
116.238.35.243 - - [24/Jan/2020:12:48:55 +0800] "GET /xingrg/kc/base/wldb_order_add.html HTTP/1.1" 200 30328
116.238.181.252 - - [24/Jan/2020:12:48:56 +0800] "GET /xingrg/all/function/internal_message.html?_=1579841335884&CODE_STATE=getMsg HTTP/1.1" 200 27
116.238.35.243 - - [24/Jan/2020:12:48:56 +0800] "POST /xingrg/kc/base/wldb_order_operate.html HTTP/1.1" 200 6806
116.238.35.243 - - [24/Jan/2020:12:48:56 +0800] "GET /xingrg/all/common/auto_word.html?type=base&rest_code=00105 HTTP/1.1" 200 1603
116.238.35.243 - - [24/Jan/2020:12:48:56 +0800] "GET /xingrg/all/common/auto_word.html?type=base&rest_code=00105 HTTP/1.1" 200 1603
116.238.35.243 - - [24/Jan/2020:12:48:56 +0800] "GET /xingrg/javascript/easyui/themes/default/validatebox.css HTTP/1.1" 404 1104
116.238.181.252 - - [24/Jan/2020:12:48:57 +0800] "GET /xingrg/check_reg.html?_=1579841336938 HTTP/1.1" 200 22
172.17.2.150 - - [24/Jan/2020:12:48:57 +0800] "GET /xingrg/all/function/internal_message.html?_=1579841331957&CODE_STATE=getMsg HTTP/1.1" 200 27
114.86.231.167 - - [24/Jan/2020:12:48:58 +0800] "GET /xingrg/all/function/internal_message.html?_=1579841341907&CODE_STATE=getMsg HTTP/1.1" 200 27
116.238.35.243 - - [24/Jan/2020:12:48:58 +0800] "POST /xingrg/all/common/load_combo.html?type=base HTTP/1.1" 200 2878
222.69.24.136 - - [24/Jan/2020:12:49:00 +0800] "GET /xingrg/all/function/internal_message.html?_=1579840921158&CODE_STATE=getMsg HTTP/1.1" 200 27
116.238.35.243 - - [24/Jan/2020:12:49:02 +0800] "POST /xingrg/all/common/load_combo.html?type=base HTTP/1.1" 200 2878
124.77.241.94 - - [24/Jan/2020:12:49:06 +0800] "GET /xingrg/kc/buy/cgsh_order_operate.html?command=get_materiel&rest_code=00146&code=00101010534&supplier_code=00100322&order_time=2020-01-24 HTTP/1.1" 200 428
58.221.95.50 - - [24/Jan/2020:12:49:13 +0800] "GET /xingrg/all/function/internal_message.html?_=1579841661129&CODE_STATE=getMsg HTTP/1.1" 302 -
114.93.75.19 - - [24/Jan/2020:12:49:15 +0800] "GET /xingrg/all/function/internal_message.html?_=1579841355197&CODE_STATE=getMsg HTTP/1.1" 302 -
116.238.35.243 - - [24/Jan/2020:12:49:17 +0800] "GET /xingrg/javascript/auto/indicator.gif HTTP/1.1" 404 1066
114.88.159.93 - - [24/Jan/2020:12:49:18 +0800] "GET /xingrg/all/function/internal_message.html?_=1579841105104&CODE_STATE=getMsg HTTP/1.1" 200 27
116.238.35.243 - - [24/Jan/2020:12:49:22 +0800] "GET /xingrg/kc/base/wldb_order_operate.html?command=get_materiel&rest_code=00105&base_code=0010507&code=00101013011 HTTP/1.1" 200 451
124.77.241.94 - - [24/Jan/2020:12:49:27 +0800] "GET /xingrg/all/function/internal_message.html?_=1579841356244&CODE_STATE=getMsg HTTP/1.1" 200 27
124.77.241.94 - - [24/Jan/2020:12:49:27 +0800] "POST /xingrg/kc/buy/cgsh_order_operate.html HTTP/1.1" 200 37
117.131.5.26 - - [24/Jan/2020:12:49:27 +0800] "GET /xingrg/all/function/internal_message.html?_=1579841582895&CODE_STATE=getMsg HTTP/1.1" 200 27
117.131.5.26 - - [24/Jan/2020:12:49:27 +0800] "GET /xingrg/check_reg.html?_=1579841379503 HTTP/1.1" 200 22
124.77.241.94 - - [24/Jan/2020:12:49:28 +0800] "POST /xingrg/kc/buy/cgsh_order_operate.html HTTP/1.1" 200 2680
114.88.170.138 - - [24/Jan/2020:12:49:28 +0800] "GET /xingrg/all/function/internal_message.html?_=1579841364615&CODE_STATE=getMsg HTTP/1.1" 200 27
124.77.241.94 - - [24/Jan/2020:12:49:31 +0800] "GET /xingrg/kc/print/load_data.html?order_code=212020012412348&kc_code=cgsh&condition= HTTP/1.1" 200 699
116.238.35.243 - - [24/Jan/2020:12:49:36 +0800] "GET /xingrg/all/function/internal_message.html?_=1579841377469&CODE_STATE=getMsg HTTP/1.1" 200 27
101.81.125.204 - - [24/Jan/2020:12:49:38 +0800] "GET /xingrg/all/function/internal_message.html?_=1579841370319&CODE_STATE=getMsg HTTP/1.1" 200 27
172.17.0.196 - - [24/Jan/2020:12:49:38 +0800] "GET /xingrg/all/function/internal_message.html?_=1579841224600&CODE_STATE=getMsg HTTP/1.1" 200 27
116.238.35.243 - - [24/Jan/2020:12:49:41 +0800] "GET /xingrg/all/function/internal_message.html?_=1579841378678&CODE_STATE=getMsg HTTP/1.1" 200 27
114.93.75.19 - - [24/Jan/2020:12:49:43 +0800] "GET /xingrg/all/function/internal_message.html?_=1579841379427&CODE_STATE=getMsg HTTP/1.1" 302 -
117.185.32.26 - - [24/Jan/2020:12:49:45 +0800] "GET /xingrg/all/function/internal_message.html?_=1579841379263&CODE_STATE=getMsg HTTP/1.1" 200 27
124.77.241.94 - - [24/Jan/2020:12:49:47 +0800] "GET /xingrg/kc/buy/cgsh_order_add.html HTTP/1.1" 200 57641
124.77.241.94 - - [24/Jan/2020:12:49:47 +0800] "POST /xingrg/kc/buy/cgsh_order_operate.html HTTP/1.1" 200 8245
124.77.241.94 - - [24/Jan/2020:12:49:47 +0800] "GET /xingrg/javascript/easyui/themes/default/validatebox.css HTTP/1.1" 404 1104
117.185.32.26 - - [24/Jan/2020:12:49:55 +0800] "GET /xingrg/all/function/internal_message.html?_=1579841779694&CODE_STATE=getMsg HTTP/1.1" 200 27
116.238.181.252 - - [24/Jan/2020:12:49:56 +0800] "GET /xingrg/all/function/internal_message.html?_=1579841395863&CODE_STATE=getMsg HTTP/1.1" 200 27
172.17.2.150 - - [24/Jan/2020:12:49:57 +0800] "GET /xingrg/all/function/internal_message.html?_=1579841391956&CODE_STATE=getMsg HTTP/1.1" 200 27
114.86.231.167 - - [24/Jan/2020:12:49:58 +0800] "GET /xingrg/all/function/internal_message.html?_=1579841401909&CODE_STATE=getMsg HTTP/1.1" 200 27
222.69.24.136 - - [24/Jan/2020:12:50:00 +0800] "GET /xingrg/all/function/internal_message.html?_=1579840981156&CODE_STATE=getMsg HTTP/1.1" 200 27
116.238.35.243 - - [24/Jan/2020:12:50:02 +0800] "POST /xingrg/kc/base/wldb_order_operate.html HTTP/1.1" 200 37
116.238.35.243 - - [24/Jan/2020:12:50:02 +0800] "POST /xingrg/kc/base/wldb_order_operate.html HTTP/1.1" 200 2194
116.238.35.243 - - [24/Jan/2020:12:50:04 +0800] "GET /xingrg/kc/base/wldb_order_info.html?code=422020012403532 HTTP/1.1" 200 30342
116.238.35.243 - - [24/Jan/2020:12:50:05 +0800] "GET /xingrg/javascript/easyui/themes/default/validatebox.css HTTP/1.1" 404 1104
116.238.35.243 - - [24/Jan/2020:12:50:05 +0800] "POST /xingrg/kc/base/wldb_order_operate.html HTTP/1.1" 200 2194
58.221.95.50 - - [24/Jan/2020:12:50:13 +0800] "GET /xingrg/all/function/internal_message.html?_=1579841721186&CODE_STATE=getMsg HTTP/1.1" 302 -
114.93.75.19 - - [24/Jan/2020:12:50:15 +0800] "GET /xingrg/all/function/internal_message.html?_=1579841415223&CODE_STATE=getMsg HTTP/1.1" 302 -
124.77.241.94 - - [24/Jan/2020:12:50:15 +0800] "GET /xingrg/kc/buy/cgsh_order_operate.html?command=get_materiel&rest_code=00146&code=00101023020&supplier_code=00100323&order_time=2020-01-24 HTTP/1.1" 200 407
114.88.159.93 - - [24/Jan/2020:12:50:18 +0800] "GET /xingrg/all/function/internal_message.html?_=1579841165104&CODE_STATE=getMsg HTTP/1.1" 200 27
116.238.181.252 - - [24/Jan/2020:12:50:19 +0800] "GET /xingrg/kc/mdqp/qqps_order_list.html HTTP/1.1" 200 9210
116.238.181.252 - - [24/Jan/2020:12:50:19 +0800] "GET /xingrg/dwr/interface/AjaxQqpsService.js HTTP/1.1" 200 16326
116.238.181.252 - - [24/Jan/2020:12:50:19 +0800] "GET /xingrg/dwr/util.js HTTP/1.1" 304 -
116.238.181.252 - - [24/Jan/2020:12:50:19 +0800] "GET /xingrg/dwr/interface/AjaxReportQueryService.js HTTP/1.1" 200 13203
116.238.181.252 - - [24/Jan/2020:12:50:19 +0800] "GET /xingrg/dwr/engine.js HTTP/1.1" 200 43631
116.238.181.252 - - [24/Jan/2020:12:50:22 +0800] "GET /xingrg/kc/mdqp/qqps_order_add.html HTTP/1.1" 200 28994
116.238.181.252 - - [24/Jan/2020:12:50:22 +0800] "GET /xingrg/dwr/interface/AjaxComOrderService.js HTTP/1.1" 200 18264
116.238.181.252 - - [24/Jan/2020:12:50:22 +0800] "GET /xingrg/dwr/interface/AjaxQqpsService.js HTTP/1.1" 200 16326
116.238.181.252 - - [24/Jan/2020:12:50:23 +0800] "GET /xingrg/dwr/engine.js HTTP/1.1" 200 43631
124.77.241.94 - - [24/Jan/2020:12:50:27 +0800] "GET /xingrg/all/function/internal_message.html?_=1579841416261&CODE_STATE=getMsg HTTP/1.1" 200 27
117.131.5.26 - - [24/Jan/2020:12:50:27 +0800] "GET /xingrg/all/function/internal_message.html?_=1579841642926&CODE_STATE=getMsg HTTP/1.1" 200 27
124.77.241.94 - - [24/Jan/2020:12:50:30 +0800] "POST /xingrg/kc/buy/cgsh_order_operate.html HTTP/1.1" 200 37
124.77.241.94 - - [24/Jan/2020:12:50:31 +0800] "POST /xingrg/kc/buy/cgsh_order_operate.html HTTP/1.1" 200 2670
116.238.181.252 - - [24/Jan/2020:12:50:32 +0800] "POST /xingrg/dwr/call/plaincall/AjaxQqpsService.saveOrder.dwr HTTP/1.1" 200 78
114.88.170.138 - - [24/Jan/2020:12:50:33 +0800] "GET /xingrg/all/function/internal_message.html?_=1579841429589&CODE_STATE=getMsg HTTP/1.1" 200 27
124.77.241.94 - - [24/Jan/2020:12:50:35 +0800] "GET /xingrg/kc/print/load_data.html?order_code=212020012412349&kc_code=cgsh&condition= HTTP/1.1" 200 704
116.238.35.243 - - [24/Jan/2020:12:50:36 +0800] "GET /xingrg/all/function/internal_message.html?_=1579841437476&CODE_STATE=getMsg HTTP/1.1" 200 27
101.81.125.204 - - [24/Jan/2020:12:50:38 +0800] "GET /xingrg/all/function/internal_message.html?_=1579841430292&CODE_STATE=getMsg HTTP/1.1" 200 27
172.17.0.196 - - [24/Jan/2020:12:50:38 +0800] "GET /xingrg/all/function/internal_message.html?_=1579841284601&CODE_STATE=getMsg HTTP/1.1" 200 27
116.238.181.252 - - [24/Jan/2020:12:50:38 +0800] "GET /xingrg/javascript/auto/indicator.gif HTTP/1.1" 404 1066
116.238.181.252 - - [24/Jan/2020:12:50:40 +0800] "POST /xingrg/dwr/call/plaincall/AjaxQqpsService.getMaterielByCode.dwr HTTP/1.1" 200 3465
116.238.35.243 - - [24/Jan/2020:12:50:41 +0800] "GET /xingrg/all/function/internal_message.html?_=1579841438659&CODE_STATE=getMsg HTTP/1.1" 200 27
114.93.75.19 - - [24/Jan/2020:12:50:42 +0800] "GET /xingrg/all/function/internal_message.html?_=1579841439429&CODE_STATE=getMsg HTTP/1.1" 302 -
114.93.75.19 - - [24/Jan/2020:12:50:43 +0800] "GET /xingrg/check_reg.html?_=1579841439431 HTTP/1.1" 302 -
117.185.32.26 - - [24/Jan/2020:12:50:45 +0800] "GET /xingrg/check_reg.html?_=1579841439265 HTTP/1.1" 200 22
117.185.32.26 - - [24/Jan/2020:12:50:45 +0800] "GET /xingrg/all/function/internal_message.html?_=1579841439266&CODE_STATE=getMsg HTTP/1.1" 200 27
116.238.35.243 - - [24/Jan/2020:12:50:46 +0800] "GET /xingrg/check_reg.html?_=1579841443888 HTTP/1.1" 200 22
124.77.241.94 - - [24/Jan/2020:12:50:52 +0800] "GET /xingrg/kc/buy/cgsh_order_add.html HTTP/1.1" 200 57641
124.77.241.94 - - [24/Jan/2020:12:50:53 +0800] "POST /xingrg/kc/buy/cgsh_order_operate.html HTTP/1.1" 200 8245
124.77.241.94 - - [24/Jan/2020:12:50:53 +0800] "GET /xingrg/javascript/easyui/themes/default/validatebox.css HTTP/1.1" 404 1104
117.185.32.26 - - [24/Jan/2020:12:50:55 +0800] "GET /xingrg/all/function/internal_message.html?_=1579841839678&CODE_STATE=getMsg HTTP/1.1" 200 27
116.238.181.252 - - [24/Jan/2020:12:50:56 +0800] "GET /xingrg/all/function/internal_message.html?_=1579841455847&CODE_STATE=getMsg HTTP/1.1" 200 27
172.17.2.150 - - [24/Jan/2020:12:50:57 +0800] "GET /xingrg/all/function/internal_message.html?_=1579841451956&CODE_STATE=getMsg HTTP/1.1" 200 27
172.17.2.150 - - [24/Jan/2020:12:50:57 +0800] "GET /xingrg/check_reg.html?_=1579841451957 HTTP/1.1" 200 22
114.86.231.167 - - [24/Jan/2020:12:50:58 +0800] "GET /xingrg/all/function/internal_message.html?_=1579841461912&CODE_STATE=getMsg HTTP/1.1" 200 27
114.86.231.167 - - [24/Jan/2020:12:50:58 +0800] "GET /xingrg/check_reg.html?_=1579841461918 HTTP/1.1" 200 22
117.185.32.26 - - [24/Jan/2020:12:50:58 +0800] "GET /xingrg/check_reg.html?_=1579841842970 HTTP/1.1" 200 22
116.238.181.252 - - [24/Jan/2020:12:51:00 +0800] "POST /xingrg/dwr/call/plaincall/AjaxQqpsService.saveMaterielItem.dwr HTTP/1.1" 200 78
222.69.24.136 - - [24/Jan/2020:12:51:00 +0800] "GET /xingrg/check_reg.html?_=1579841041157 HTTP/1.1" 200 22
222.69.24.136 - - [24/Jan/2020:12:51:00 +0800] "GET /xingrg/all/function/internal_message.html?_=1579841041155&CODE_STATE=getMsg HTTP/1.1" 200 27
116.238.181.252 - - [24/Jan/2020:12:51:01 +0800] "POST /xingrg/dwr/call/plaincall/AjaxQqpsService.saveOrder.dwr HTTP/1.1" 200 78
116.238.181.252 - - [24/Jan/2020:12:51:04 +0800] "POST /xingrg/dwr/call/plaincall/AjaxQqpsService.getMaterielByCode.dwr HTTP/1.1" 200 3472
124.77.241.94 - - [24/Jan/2020:12:51:07 +0800] "GET /xingrg/kc/buy/cgsh_order_operate.html?command=get_materiel&rest_code=00146&code=00101006001&supplier_code=00100324&order_time=2020-01-24 HTTP/1.1" 200 428
116.238.181.252 - - [24/Jan/2020:12:51:11 +0800] "POST /xingrg/dwr/call/plaincall/AjaxQqpsService.saveMaterielItem.dwr HTTP/1.1" 200 78
58.221.95.50 - - [24/Jan/2020:12:51:13 +0800] "GET /xingrg/all/function/internal_message.html?_=1579841781282&CODE_STATE=getMsg HTTP/1.1" 302 -
114.93.75.19 - - [24/Jan/2020:12:51:15 +0800] "GET /xingrg/all/function/internal_message.html?_=1579841475239&CODE_STATE=getMsg HTTP/1.1" 302 -
114.88.159.93 - - [24/Jan/2020:12:51:18 +0800] "GET /xingrg/check_reg.html?_=1579841225103 HTTP/1.1" 200 22
114.88.159.93 - - [24/Jan/2020:12:51:18 +0800] "GET /xingrg/all/function/internal_message.html?_=1579841225105&CODE_STATE=getMsg HTTP/1.1" 200 27
116.238.181.252 - - [24/Jan/2020:12:51:21 +0800] "POST /xingrg/dwr/call/plaincall/AjaxQqpsService.checkOrder.dwr HTTP/1.1" 200 78
116.238.181.252 - - [24/Jan/2020:12:51:22 +0800] "GET /xingrg/dwr/interface/AjaxComOrderService.js HTTP/1.1" 200 18264
116.238.181.252 - - [24/Jan/2020:12:51:22 +0800] "GET /xingrg/dwr/interface/AjaxQqpsService.js HTTP/1.1" 200 16326
116.238.181.252 - - [24/Jan/2020:12:51:22 +0800] "GET /xingrg/dwr/engine.js HTTP/1.1" 200 43631
116.238.181.252 - - [24/Jan/2020:12:51:22 +0800] "GET /xingrg/kc/mdqp/qqps_order_info.html?code=302020012400510 HTTP/1.1" 200 27396
116.238.181.252 - - [24/Jan/2020:12:51:23 +0800] "POST /xingrg/dwr/call/plaincall/AjaxQqpsService.loadMaterielItems.dwr HTTP/1.1" 200 642
124.77.241.94 - - [24/Jan/2020:12:51:27 +0800] "GET /xingrg/all/function/internal_message.html?_=1579841476275&CODE_STATE=getMsg HTTP/1.1" 200 27
117.131.5.26 - - [24/Jan/2020:12:51:27 +0800] "GET /xingrg/check_reg.html?_=1579841702833 HTTP/1.1" 200 22
117.131.5.26 - - [24/Jan/2020:12:51:27 +0800] "GET /xingrg/all/function/internal_message.html?_=1579841702927&CODE_STATE=getMsg HTTP/1.1" 200 27
116.238.35.243 - - [24/Jan/2020:12:51:36 +0800] "GET /xingrg/all/function/internal_message.html?_=1579841497469&CODE_STATE=getMsg HTTP/1.1" 200 27
101.81.125.204 - - [24/Jan/2020:12:51:38 +0800] "GET /xingrg/all/function/internal_message.html?_=1579841490281&CODE_STATE=getMsg HTTP/1.1" 200 27
172.17.0.196 - - [24/Jan/2020:12:51:38 +0800] "GET /xingrg/all/function/internal_message.html?_=1579841344605&CODE_STATE=getMsg HTTP/1.1" 200 27
116.238.35.243 - - [24/Jan/2020:12:51:41 +0800] "GET /xingrg/all/function/internal_message.html?_=1579841498632&CODE_STATE=getMsg HTTP/1.1" 200 27
114.93.75.19 - - [24/Jan/2020:12:51:43 +0800] "GET /xingrg/all/function/internal_message.html?_=1579841499432&CODE_STATE=getMsg HTTP/1.1" 302 -
117.185.32.26 - - [24/Jan/2020:12:51:45 +0800] "GET /xingrg/all/function/internal_message.html?_=1579841499266&CODE_STATE=getMsg HTTP/1.1" 200 27
124.77.241.94 - - [24/Jan/2020:12:51:45 +0800] "GET /xingrg/kc/buy/cgsh_order_operate.html?command=get_materiel&rest_code=00146&code=00101006101&supplier_code=00100324&order_time=2020-01-24 HTTP/1.1" 200 419
114.88.170.138 - - [24/Jan/2020:12:51:46 +0800] "GET /xingrg/all/function/internal_message.html?_=1579841502861&CODE_STATE=getMsg HTTP/1.1" 200 27
117.185.32.26 - - [24/Jan/2020:12:51:55 +0800] "GET /xingrg/all/function/internal_message.html?_=1579841899663&CODE_STATE=getMsg HTTP/1.1" 200 27
116.238.181.252 - - [24/Jan/2020:12:51:56 +0800] "GET /xingrg/all/function/internal_message.html?_=1579841515819&CODE_STATE=getMsg HTTP/1.1" 200 27
172.17.2.150 - - [24/Jan/2020:12:51:57 +0800] "GET /xingrg/all/function/internal_message.html?_=1579841511956&CODE_STATE=getMsg HTTP/1.1" 200 27
114.86.231.167 - - [24/Jan/2020:12:51:58 +0800] "GET /xingrg/all/function/internal_message.html?_=1579841521918&CODE_STATE=getMsg HTTP/1.1" 200 27
222.69.24.136 - - [24/Jan/2020:12:52:00 +0800] "GET /xingrg/all/function/internal_message.html?_=1579841101171&CODE_STATE=getMsg HTTP/1.1" 200 27
114.93.75.19 - - [24/Jan/2020:12:52:10 +0800] "GET /xingrg/check_reg.html?_=1579841525820 HTTP/1.1" 302 -
101.85.55.199 - - [24/Jan/2020:12:52:11 +0800] "GET /xingrg/check_reg.html?_=1579841294246 HTTP/1.1" 200 22
58.221.95.50 - - [24/Jan/2020:12:52:13 +0800] "GET /xingrg/all/function/internal_message.html?_=1579841841338&CODE_STATE=getMsg HTTP/1.1" 302 -
114.93.75.19 - - [24/Jan/2020:12:52:15 +0800] "GET /xingrg/all/function/internal_message.html?_=1579841535266&CODE_STATE=getMsg HTTP/1.1" 302 -
124.77.241.94 - - [24/Jan/2020:12:52:17 +0800] "POST /xingrg/kc/buy/cgsh_order_operate.html HTTP/1.1" 200 37
114.88.159.93 - - [24/Jan/2020:12:52:18 +0800] "GET /xingrg/all/function/internal_message.html?_=1579841285103&CODE_STATE=getMsg HTTP/1.1" 200 27
124.77.241.94 - - [24/Jan/2020:12:52:19 +0800] "POST /xingrg/kc/buy/cgsh_order_operate.html HTTP/1.1" 200 3281
124.77.241.94 - - [24/Jan/2020:12:52:21 +0800] "GET /xingrg/kc/print/load_data.html?order_code=212020012412350&kc_code=cgsh&condition= HTTP/1.1" 200 947
124.77.241.94 - - [24/Jan/2020:12:52:27 +0800] "GET /xingrg/all/function/internal_message.html?_=1579841536288&CODE_STATE=getMsg HTTP/1.1" 200 27
117.131.5.26 - - [24/Jan/2020:12:52:27 +0800] "GET /xingrg/all/function/internal_message.html?_=1579841762942&CODE_STATE=getMsg HTTP/1.1" 200 27
116.238.35.243 - - [24/Jan/2020:12:52:36 +0800] "GET /xingrg/all/function/internal_message.html?_=1579841557467&CODE_STATE=getMsg HTTP/1.1" 200 27
101.81.125.204 - - [24/Jan/2020:12:52:38 +0800] "GET /xingrg/all/function/internal_message.html?_=1579841550274&CODE_STATE=getMsg HTTP/1.1" 200 27
101.81.125.204 - - [24/Jan/2020:12:52:38 +0800] "GET /xingrg/check_reg.html?_=1579841550314 HTTP/1.1" 200 22
114.93.75.19 - - [24/Jan/2020:12:52:38 +0800] "GET /xingrg/check_reg.html?_=1579841558501 HTTP/1.1" 302 -
172.17.0.196 - - [24/Jan/2020:12:52:38 +0800] "GET /xingrg/all/function/internal_message.html?_=1579841404610&CODE_STATE=getMsg HTTP/1.1" 200 27
172.17.0.196 - - [24/Jan/2020:12:52:38 +0800] "GET /xingrg/check_reg.html?_=1579841404615 HTTP/1.1" 200 22
114.88.170.138 - - [24/Jan/2020:12:52:40 +0800] "GET /xingrg/login.html HTTP/1.1" 200 7639
116.238.35.243 - - [24/Jan/2020:12:52:41 +0800] "GET /xingrg/all/function/internal_message.html?_=1579841558614&CODE_STATE=getMsg HTTP/1.1" 200 27
114.88.170.138 - - [24/Jan/2020:12:52:41 +0800] "GET /xingrg/images/blue/jxLogo.png HTTP/1.1" 304 -
114.88.170.138 - - [24/Jan/2020:12:52:41 +0800] "GET /xingrg/images/blue/login_bg.png HTTP/1.1" 304 -
114.88.170.138 - - [24/Jan/2020:12:52:41 +0800] "GET /xingrg/images/blue/hj.png HTTP/1.1" 304 -
114.88.170.138 - - [24/Jan/2020:12:52:41 +0800] "GET /xingrg/images/blue/srbg.png HTTP/1.1" 304 -
114.88.170.138 - - [24/Jan/2020:12:52:41 +0800] "GET /favicon.ico HTTP/1.1" 404 -
124.77.241.94 - - [24/Jan/2020:12:52:42 +0800] "GET /xingrg/kc/buy/cgsh_order_add.html HTTP/1.1" 200 57641
124.77.241.94 - - [24/Jan/2020:12:52:42 +0800] "POST /xingrg/kc/buy/cgsh_order_operate.html HTTP/1.1" 200 8245
124.77.241.94 - - [24/Jan/2020:12:52:42 +0800] "GET /xingrg/javascript/easyui/themes/default/validatebox.css HTTP/1.1" 404 1104
114.93.75.19 - - [24/Jan/2020:12:52:43 +0800] "GET /xingrg/all/function/internal_message.html?_=1579841559434&CODE_STATE=getMsg HTTP/1.1" 302 -
114.88.170.138 - - [24/Jan/2020:12:52:43 +0800] "POST /xingrg/login.do HTTP/1.1" 302 -
114.88.170.138 - - [24/Jan/2020:12:52:43 +0800] "GET /xingrg/index.html?sysBaseUrl=http%3A%2F%2F117.131.15.22%3A18081%2Fxingrg%2F&costTime=39×tamp=1579841563513 HTTP/1.1" 200 17151
114.88.170.138 - - [24/Jan/2020:12:52:43 +0800] "GET /xingrg/javascript/jquery_easy_ui/themes/default/easyui.css HTTP/1.1" 304 -
114.88.170.138 - - [24/Jan/2020:12:52:43 +0800] "GET /xingrg/javascript/jquery_easy_ui/themes/icon.css HTTP/1.1" 304 -
114.88.170.138 - - [24/Jan/2020:12:52:43 +0800] "GET /xingrg/css/form.css HTTP/1.1" 304 -
114.88.170.138 - - [24/Jan/2020:12:52:43 +0800] "GET /xingrg/javascript/jquery-1.4.2.min.js HTTP/1.1" 304 -
114.88.170.138 - - [24/Jan/2020:12:52:43 +0800] "GET /xingrg/javascript/jquery_easy_ui/jquery.easyui.min.js HTTP/1.1" 304 -
114.88.170.138 - - [24/Jan/2020:12:52:43 +0800] "GET /xingrg/javascript/jquery_easy_ui/easyui-lang-zh_CN.js HTTP/1.1" 304 -
114.88.170.138 - - [24/Jan/2020:12:52:43 +0800] "GET /xingrg/javascript/jquery.form.js HTTP/1.1" 304 -
114.88.170.138 - - [24/Jan/2020:12:52:43 +0800] "GET /xingrg/javascript/jquery.utils.js HTTP/1.1" 304 -
114.88.170.138 - - [24/Jan/2020:12:52:43 +0800] "GET /xingrg/javascript/jquery.timers.js HTTP/1.1" 304 -
114.88.170.138 - - [24/Jan/2020:12:52:44 +0800] "GET /favicon.ico HTTP/1.1" 404 -
114.88.170.138 - - [24/Jan/2020:12:52:44 +0800] "GET /xingrg/images/blue/navBackgound.jpg HTTP/1.1" 304 -
114.88.170.138 - - [24/Jan/2020:12:52:44 +0800] "GET /xingrg/javascript/jquery_easy_ui/themes/icons/settle_new.png HTTP/1.1" 304 -
114.88.170.138 - - [24/Jan/2020:12:52:44 +0800] "POST /xingrg/all/common/load_tree.html?tree=area_rest_tree_json&manage=1 HTTP/1.1" 200 342
114.88.170.138 - - [24/Jan/2020:12:52:44 +0800] "GET /xingrg/images/blue/pingpu.png HTTP/1.1" 304 -
114.88.170.138 - - [24/Jan/2020:12:52:44 +0800] "GET /xingrg/javascript/jquery_easy_ui/themes/default/images/tabs_leftarrow.png HTTP/1.1" 304 -
114.88.170.138 - - [24/Jan/2020:12:52:44 +0800] "GET /xingrg/javascript/jquery_easy_ui/themes/default/images/tabs_rightarrow.png HTTP/1.1" 304 -
114.88.170.138 - - [24/Jan/2020:12:52:44 +0800] "GET /xingrg/javascript/jquery_easy_ui/themes/default/images/panel_tool_collapse.gif HTTP/1.1" 304 -
114.88.170.138 - - [24/Jan/2020:12:52:44 +0800] "GET /xingrg/all/function/internal_message.html?_=1579841560708&CODE_STATE=count HTTP/1.1" 200 11
114.88.170.138 - - [24/Jan/2020:12:52:44 +0800] "GET /xingrg/check_reg.html?_=1579841560708 HTTP/1.1" 200 22
114.88.170.138 - - [24/Jan/2020:12:52:44 +0800] "POST /xingrg/load_menu.html HTTP/1.1" 200 5124
114.88.170.138 - - [24/Jan/2020:12:52:44 +0800] "GET /xingrg/javascript/jquery_easy_ui/themes/default/images/tree_arrows.gif HTTP/1.1" 304 -
114.88.170.138 - - [24/Jan/2020:12:52:45 +0800] "GET /xingrg/javascript/jquery_easy_ui/themes/default/images/tree_folder_open.gif HTTP/1.1" 304 -
114.88.170.138 - - [24/Jan/2020:12:52:45 +0800] "GET /xingrg/javascript/jquery_easy_ui/themes/icons/search_new.png HTTP/1.1" 304 -
114.88.170.138 - - [24/Jan/2020:12:52:45 +0800] "GET /xingrg/javascript/jquery_easy_ui/themes/default/images/tree_folder.gif HTTP/1.1" 304 -
114.88.170.138 - - [24/Jan/2020:12:52:45 +0800] "GET /xingrg/javascript/jquery_easy_ui/themes/icons/storage_new.png HTTP/1.1" 304 -
114.88.170.138 - - [24/Jan/2020:12:52:45 +0800] "GET /xingrg/javascript/jquery_easy_ui/themes/icons/forms_new.png HTTP/1.1" 304 -
114.88.170.138 - - [24/Jan/2020:12:52:45 +0800] "GET /xingrg/javascript/jquery_easy_ui/themes/default/images/tree_file.gif HTTP/1.1" 304 -
117.185.32.26 - - [24/Jan/2020:12:52:45 +0800] "GET /xingrg/all/function/internal_message.html?_=1579841559269&CODE_STATE=getMsg HTTP/1.1" 200 27
114.88.170.138 - - [24/Jan/2020:12:52:50 +0800] "GET /xingrg/kc/buy/buy_main.html HTTP/1.1" 200 12398
114.88.170.138 - - [24/Jan/2020:12:52:50 +0800] "GET /xingrg/javascript/jquery_easy_ui/themes/default/images/tabs_close.gif HTTP/1.1" 304 -
114.88.170.138 - - [24/Jan/2020:12:52:51 +0800] "GET /xingrg/css/new_ie.css HTTP/1.1" 404 1036
114.88.170.138 - - [24/Jan/2020:12:52:51 +0800] "GET /xingrg/javascript/jquery_ui/themes/humanity/humanity.css HTTP/1.1" 304 -
114.88.170.138 - - [24/Jan/2020:12:52:51 +0800] "GET /xingrg/javascript/pic_change.js HTTP/1.1" 304 -
114.88.170.138 - - [24/Jan/2020:12:52:51 +0800] "GET /xingrg/css/blue.css HTTP/1.1" 304 -
114.88.170.138 - - [24/Jan/2020:12:52:51 +0800] "GET /xingrg/javascript/myfunction.js HTTP/1.1" 304 -
114.88.170.138 - - [24/Jan/2020:12:52:51 +0800] "GET /xingrg/javascript/ToolTips.js HTTP/1.1" 304 -
114.88.170.138 - - [24/Jan/2020:12:52:51 +0800] "GET /xingrg/javascript/jquery_ui/jquery-ui.min.js HTTP/1.1" 304 -
114.88.170.138 - - [24/Jan/2020:12:52:51 +0800] "GET /xingrg/images/blue/button/cgydd.gif HTTP/1.1" 304 -
114.88.170.138 - - [24/Jan/2020:12:52:51 +0800] "GET /xingrg/images/blue/button/cgshd.gif HTTP/1.1" 304 -
114.88.170.138 - - [24/Jan/2020:12:52:51 +0800] "GET /xingrg/images/blue/button/cgfkd.gif HTTP/1.1" 304 -
114.88.170.138 - - [24/Jan/2020:12:52:51 +0800] "GET /xingrg/images/blue/button/ckthd.gif HTTP/1.1" 304 -
114.88.170.138 - - [24/Jan/2020:12:52:51 +0800] "GET /xingrg/images/blue/button/kc.gif HTTP/1.1" 304 -
114.88.170.138 - - [24/Jan/2020:12:52:51 +0800] "GET /xingrg/images/blue/pic_form2.gif HTTP/1.1" 304 -
114.88.170.138 - - [24/Jan/2020:12:52:51 +0800] "GET /xingrg/images/blue/button/cgxqd.gif HTTP/1.1" 304 -
114.88.170.138 - - [24/Jan/2020:12:52:51 +0800] "GET /xingrg/javascript/jquery_ui/themes/humanity/images/ui-bg_inset-soft_100_f4f0ec_1x100.png HTTP/1.1" 304 -
114.88.170.138 - - [24/Jan/2020:12:52:51 +0800] "GET /xingrg/images/blue/bg_dotted.jpg HTTP/1.1" 304 -
114.88.170.138 - - [24/Jan/2020:12:52:51 +0800] "GET /xingrg/images/blue/button/right_ah.jpg HTTP/1.1" 304 -
114.88.170.138 - - [24/Jan/2020:12:52:51 +0800] "GET /xingrg/images/blue/button/down_ah.jpg HTTP/1.1" 304 -
114.88.170.138 - - [24/Jan/2020:12:52:51 +0800] "GET /xingrg/javascript/jquery_ui/themes/humanity/images/ui-icons_ffffff_256x240.png HTTP/1.1" 304 -
114.88.170.138 - - [24/Jan/2020:12:52:51 +0800] "GET /xingrg/javascript/jquery_ui/themes/humanity/images/ui-iconsnew.jpg HTTP/1.1" 304 -
114.88.170.138 - - [24/Jan/2020:12:52:51 +0800] "GET /xingrg/javascript/jquery_ui/themes/humanity/images/ui-icons_c47a23_256x240.png HTTP/1.1" 304 -
114.88.170.138 - - [24/Jan/2020:12:52:51 +0800] "GET /xingrg/javascript/jquery_ui/themes/humanity/images/ui-bg_glass_70_ede4d4_1x400.png HTTP/1.1" 304 -
114.88.170.138 - - [24/Jan/2020:12:52:51 +0800] "GET /xingrg/images/yd/bt.gif HTTP/1.1" 404 1040
114.88.170.138 - - [24/Jan/2020:12:52:52 +0800] "GET /xingrg/css/base.css HTTP/1.1" 304 -
114.88.170.138 - - [24/Jan/2020:12:52:52 +0800] "GET /xingrg/css/site.css HTTP/1.1" 304 -
114.88.170.138 - - [24/Jan/2020:12:52:52 +0800] "GET /xingrg/javascript/jquery_tools/datebox.css HTTP/1.1" 304 -
114.88.170.138 - - [24/Jan/2020:12:52:52 +0800] "GET /xingrg/javascript/easyui/themes/default/easyui.css HTTP/1.1" 304 -
114.88.170.138 - - [24/Jan/2020:12:52:52 +0800] "GET /xingrg/javascript/easyui/themes/icon.css HTTP/1.1" 304 -
114.88.170.138 - - [24/Jan/2020:12:52:52 +0800] "GET /xingrg/javascript/auto/jquery.autocomplete.css HTTP/1.1" 304 -
