117.131.5.26 - - [21/Jan/2020:08:17:01 +0800] "GET /xingrg/all/function/internal_message.html?_=1579566036918&CODE_STATE=getMsg HTTP/1.1" 200 27
117.131.5.26 - - [21/Jan/2020:08:17:05 +0800] "GET /xingrg/all/function/internal_message.html?_=1579565830487&CODE_STATE=getMsg HTTP/1.1" 200 27
120.253.135.82 - - [21/Jan/2020:08:17:19 +0800] "GET /xingrg/all/function/internal_message.html?_=1579565579951&CODE_STATE=getMsg HTTP/1.1" 200 27
114.93.75.19 - - [21/Jan/2020:08:17:26 +0800] "GET /xingrg/check_reg.html?_=1579565845016 HTTP/1.1" 302 -
114.88.159.93 - - [21/Jan/2020:08:17:31 +0800] "GET /xingrg/all/function/internal_message.html?_=1579565857851&CODE_STATE=getMsg HTTP/1.1" 200 27
116.238.35.243 - - [21/Jan/2020:08:17:33 +0800] "GET /xingrg/all/function/internal_message.html?_=1579565853808&CODE_STATE=getMsg HTTP/1.1" 200 27
172.17.2.150 - - [21/Jan/2020:08:17:41 +0800] "GET /xingrg/check_reg.html?_=1579565855582 HTTP/1.1" 200 22
172.17.2.150 - - [21/Jan/2020:08:17:41 +0800] "GET /xingrg/all/function/internal_message.html?_=1579565855584&CODE_STATE=getMsg HTTP/1.1" 200 27
58.221.95.50 - - [21/Jan/2020:08:17:42 +0800] "GET /xingrg/all/function/internal_message.html?_=1579566168669&CODE_STATE=getMsg HTTP/1.1" 200 27
114.93.75.19 - - [21/Jan/2020:08:17:53 +0800] "GET /xingrg/all/function/internal_message.html?_=1579565778219&CODE_STATE=getMsg HTTP/1.1" 200 27
117.131.5.26 - - [21/Jan/2020:08:18:01 +0800] "GET /xingrg/all/function/internal_message.html?_=1579566096934&CODE_STATE=getMsg HTTP/1.1" 200 27
117.131.5.26 - - [21/Jan/2020:08:18:05 +0800] "GET /xingrg/all/function/internal_message.html?_=1579565890487&CODE_STATE=getMsg HTTP/1.1" 200 27
120.253.135.82 - - [21/Jan/2020:08:18:19 +0800] "GET /xingrg/all/function/internal_message.html?_=1579565639960&CODE_STATE=getMsg HTTP/1.1" 200 27
114.88.159.93 - - [21/Jan/2020:08:18:31 +0800] "GET /xingrg/all/function/internal_message.html?_=1579565917833&CODE_STATE=getMsg HTTP/1.1" 200 27
116.238.35.243 - - [21/Jan/2020:08:18:33 +0800] "GET /xingrg/all/function/internal_message.html?_=1579565913783&CODE_STATE=getMsg HTTP/1.1" 200 27
172.17.2.150 - - [21/Jan/2020:08:18:41 +0800] "GET /xingrg/all/function/internal_message.html?_=1579565915569&CODE_STATE=getMsg HTTP/1.1" 200 27
58.221.95.50 - - [21/Jan/2020:08:18:42 +0800] "GET /xingrg/all/function/internal_message.html?_=1579566228650&CODE_STATE=getMsg HTTP/1.1" 200 27
114.93.75.19 - - [21/Jan/2020:08:18:53 +0800] "GET /xingrg/all/function/internal_message.html?_=1579565838218&CODE_STATE=getMsg HTTP/1.1" 200 27
117.131.5.26 - - [21/Jan/2020:08:19:01 +0800] "GET /xingrg/all/function/internal_message.html?_=1579566156963&CODE_STATE=getMsg HTTP/1.1" 200 27
117.131.5.26 - - [21/Jan/2020:08:19:05 +0800] "GET /xingrg/all/function/internal_message.html?_=1579565950487&CODE_STATE=getMsg HTTP/1.1" 200 27
116.238.181.252 - - [21/Jan/2020:08:19:15 +0800] "GET /xingrg/check_reg.html?_=1579565956183 HTTP/1.1" 200 22
120.253.135.82 - - [21/Jan/2020:08:19:19 +0800] "GET /xingrg/check_reg.html?_=1579565699850 HTTP/1.1" 200 22
120.253.135.82 - - [21/Jan/2020:08:19:19 +0800] "GET /xingrg/all/function/internal_message.html?_=1579565699972&CODE_STATE=getMsg HTTP/1.1" 200 27
114.88.159.93 - - [21/Jan/2020:08:19:31 +0800] "GET /xingrg/all/function/internal_message.html?_=1579565977808&CODE_STATE=getMsg HTTP/1.1" 200 27
116.238.35.243 - - [21/Jan/2020:08:19:33 +0800] "GET /xingrg/all/function/internal_message.html?_=1579565973762&CODE_STATE=getMsg HTTP/1.1" 200 27
180.162.232.172 - - [21/Jan/2020:08:19:35 +0800] "GET /favicon.ico HTTP/1.1" 404 -
180.162.232.172 - - [21/Jan/2020:08:19:36 +0800] "GET /xingrg/login.html HTTP/1.1" 200 7639
180.162.232.172 - - [21/Jan/2020:08:19:37 +0800] "GET /xingrg/images/blue/jxLogo.png HTTP/1.1" 304 -
180.162.232.172 - - [21/Jan/2020:08:19:37 +0800] "GET /favicon.ico HTTP/1.1" 404 -
172.17.2.150 - - [21/Jan/2020:08:19:41 +0800] "GET /xingrg/all/function/internal_message.html?_=1579565975573&CODE_STATE=getMsg HTTP/1.1" 200 27
58.221.95.50 - - [21/Jan/2020:08:19:42 +0800] "GET /xingrg/all/function/internal_message.html?_=1579566288613&CODE_STATE=getMsg HTTP/1.1" 200 27
180.162.232.172 - - [21/Jan/2020:08:19:42 +0800] "POST /xingrg/login.do HTTP/1.1" 302 -
180.162.232.172 - - [21/Jan/2020:08:19:42 +0800] "GET /xingrg/index.html?sysBaseUrl=http%3A%2F%2F117.131.15.22%3A18081%2Fxingrg%2F&costTime=34×tamp=1579565982496 HTTP/1.1" 200 17157
180.162.232.172 - - [21/Jan/2020:08:19:42 +0800] "GET /xingrg/javascript/jquery_easy_ui/themes/default/easyui.css HTTP/1.1" 304 -
180.162.232.172 - - [21/Jan/2020:08:19:42 +0800] "GET /xingrg/javascript/jquery_easy_ui/themes/icon.css HTTP/1.1" 304 -
180.162.232.172 - - [21/Jan/2020:08:19:42 +0800] "GET /xingrg/javascript/jquery.utils.js HTTP/1.1" 304 -
180.162.232.172 - - [21/Jan/2020:08:19:42 +0800] "GET /xingrg/css/form.css HTTP/1.1" 304 -
180.162.232.172 - - [21/Jan/2020:08:19:42 +0800] "GET /xingrg/javascript/jquery-1.4.2.min.js HTTP/1.1" 304 -
180.162.232.172 - - [21/Jan/2020:08:19:42 +0800] "GET /xingrg/javascript/jquery_easy_ui/jquery.easyui.min.js HTTP/1.1" 304 -
180.162.232.172 - - [21/Jan/2020:08:19:42 +0800] "GET /xingrg/javascript/jquery.form.js HTTP/1.1" 304 -
180.162.232.172 - - [21/Jan/2020:08:19:42 +0800] "GET /xingrg/javascript/jquery_easy_ui/easyui-lang-zh_CN.js HTTP/1.1" 304 -
180.162.232.172 - - [21/Jan/2020:08:19:42 +0800] "GET /xingrg/javascript/jquery.timers.js HTTP/1.1" 304 -
180.162.232.172 - - [21/Jan/2020:08:19:42 +0800] "GET /xingrg/images/blue/navBackgound.jpg HTTP/1.1" 304 -
180.162.232.172 - - [21/Jan/2020:08:19:42 +0800] "GET /xingrg/javascript/jquery_easy_ui/themes/icons/settle_new.png HTTP/1.1" 304 -
180.162.232.172 - - [21/Jan/2020:08:19:42 +0800] "GET /favicon.ico HTTP/1.1" 404 -
180.162.232.172 - - [21/Jan/2020:08:19:42 +0800] "POST /xingrg/all/common/load_tree.html?tree=area_rest_tree_json&manage=1 HTTP/1.1" 200 476
180.162.232.172 - - [21/Jan/2020:08:19:42 +0800] "GET /xingrg/images/blue/pingpu.png HTTP/1.1" 304 -
180.162.232.172 - - [21/Jan/2020:08:19:42 +0800] "GET /xingrg/javascript/jquery_easy_ui/themes/default/images/tabs_leftarrow.png HTTP/1.1" 304 -
180.162.232.172 - - [21/Jan/2020:08:19:42 +0800] "GET /xingrg/javascript/jquery_easy_ui/themes/default/images/tabs_rightarrow.png HTTP/1.1" 304 -
180.162.232.172 - - [21/Jan/2020:08:19:42 +0800] "GET /xingrg/javascript/jquery_easy_ui/themes/default/images/panel_tool_collapse.gif HTTP/1.1" 304 -
180.162.232.172 - - [21/Jan/2020:08:19:42 +0800] "GET /xingrg/all/function/internal_message.html?_=1579566090541&CODE_STATE=count HTTP/1.1" 200 11
180.162.232.172 - - [21/Jan/2020:08:19:42 +0800] "GET /xingrg/check_reg.html?_=1579566090542 HTTP/1.1" 200 22
180.162.232.172 - - [21/Jan/2020:08:19:42 +0800] "GET /xingrg/javascript/jquery_easy_ui/themes/default/images/tree_arrows.gif HTTP/1.1" 304 -
180.162.232.172 - - [21/Jan/2020:08:19:43 +0800] "POST /xingrg/load_menu.html HTTP/1.1" 200 5124
180.162.232.172 - - [21/Jan/2020:08:19:43 +0800] "GET /xingrg/javascript/jquery_easy_ui/themes/default/images/tree_folder_open.gif HTTP/1.1" 304 -
180.162.232.172 - - [21/Jan/2020:08:19:43 +0800] "GET /xingrg/javascript/jquery_easy_ui/themes/icons/search_new.png HTTP/1.1" 304 -
180.162.232.172 - - [21/Jan/2020:08:19:43 +0800] "GET /xingrg/javascript/jquery_easy_ui/themes/default/images/tree_folder.gif HTTP/1.1" 304 -
180.162.232.172 - - [21/Jan/2020:08:19:43 +0800] "GET /xingrg/javascript/jquery_easy_ui/themes/icons/forms_new.png HTTP/1.1" 304 -
180.162.232.172 - - [21/Jan/2020:08:19:43 +0800] "GET /xingrg/javascript/jquery_easy_ui/themes/icons/storage_new.png HTTP/1.1" 304 -
180.162.232.172 - - [21/Jan/2020:08:19:43 +0800] "GET /xingrg/javascript/jquery_easy_ui/themes/default/images/tree_file.gif HTTP/1.1" 304 -
180.162.232.172 - - [21/Jan/2020:08:19:46 +0800] "GET /xingrg/javascript/jquery_easy_ui/themes/default/images/tabs_close.gif HTTP/1.1" 304 -
180.162.232.172 - - [21/Jan/2020:08:19:46 +0800] "GET /xingrg/css/base.css HTTP/1.1" 304 -
180.162.232.172 - - [21/Jan/2020:08:19:46 +0800] "GET /xingrg/javascript/easyui/themes/default/easyui.css HTTP/1.1" 304 -
180.162.232.172 - - [21/Jan/2020:08:19:46 +0800] "GET /xingrg/css/site.css HTTP/1.1" 304 -
180.162.232.172 - - [21/Jan/2020:08:19:46 +0800] "GET /xingrg/javascript/auto/jquery.autocomplete.css HTTP/1.1" 304 -
180.162.232.172 - - [21/Jan/2020:08:19:46 +0800] "GET /xingrg/javascript/jquery_tools/datebox.css HTTP/1.1" 304 -
180.162.232.172 - - [21/Jan/2020:08:19:46 +0800] "GET /xingrg/javascript/jquery_tools/fix.css HTTP/1.1" 304 -
180.162.232.172 - - [21/Jan/2020:08:19:46 +0800] "GET /xingrg/javascript/easyui/themes/icon.css HTTP/1.1" 304 -
180.162.232.172 - - [21/Jan/2020:08:19:46 +0800] "GET /xingrg/javascript/jquery_tools/jquery.tools.extend.js HTTP/1.1" 304 -
180.162.232.172 - - [21/Jan/2020:08:19:46 +0800] "GET /xingrg/javascript/jquery_tools/jquery.tools.table.js HTTP/1.1" 304 -
180.162.232.172 - - [21/Jan/2020:08:19:46 +0800] "GET /xingrg/javascript/jquery_tools/jquery.tools.min.js HTTP/1.1" 304 -
180.162.232.172 - - [21/Jan/2020:08:19:46 +0800] "GET /xingrg/javascript/auto/jquery.autocomplete.js HTTP/1.1" 304 -
180.162.232.172 - - [21/Jan/2020:08:19:46 +0800] "GET /xingrg/javascript/jquery_tools/list_manager.js HTTP/1.1" 304 -
180.162.232.172 - - [21/Jan/2020:08:19:46 +0800] "GET /xingrg/javascript/jquery_tools/jquery.tools.hotkey.js HTTP/1.1" 304 -
180.162.232.172 - - [21/Jan/2020:08:19:46 +0800] "GET /xingrg/javascript/easyui/easyloader.js HTTP/1.1" 304 -
180.162.232.172 - - [21/Jan/2020:08:19:46 +0800] "GET /xingrg/javascript/print/LodopFuncs.js HTTP/1.1" 304 -
180.162.232.172 - - [21/Jan/2020:08:19:46 +0800] "GET /xingrg/javascript/jquery_tools/table.css HTTP/1.1" 304 -
180.162.232.172 - - [21/Jan/2020:08:19:46 +0800] "GET /xingrg/javascript/jquery.cookie.js HTTP/1.1" 304 -
180.162.232.172 - - [21/Jan/2020:08:19:46 +0800] "GET /xingrg/kc/buy/cgsh_order_list.html HTTP/1.1" 200 42033
180.162.232.172 - - [21/Jan/2020:08:19:47 +0800] "GET /xingrg/javascript/easyui/themes/icons/edit_add_new.png HTTP/1.1" 304 -
180.162.232.172 - - [21/Jan/2020:08:19:47 +0800] "GET /xingrg/javascript/easyui/themes/icons/cance_new.png HTTP/1.1" 304 -
180.162.232.172 - - [21/Jan/2020:08:19:47 +0800] "GET /xingrg/javascript/easyui/themes/icons/field_new.png HTTP/1.1" 304 -
180.162.232.172 - - [21/Jan/2020:08:19:47 +0800] "GET /xingrg/javascript/easyui/themes/icons/import_new.png HTTP/1.1" 304 -
180.162.232.172 - - [21/Jan/2020:08:19:47 +0800] "GET /xingrg/javascript/easyui/themes/icons/check_new.png HTTP/1.1" 304 -
180.162.232.172 - - [21/Jan/2020:08:19:47 +0800] "GET /xingrg/javascript/easyui/plugins/jquery.parser.js HTTP/1.1" 304 -
180.162.232.172 - - [21/Jan/2020:08:19:47 +0800] "GET /xingrg/images/control/ajaxLoader.gif HTTP/1.1" 304 -
180.162.232.172 - - [21/Jan/2020:08:19:47 +0800] "POST /xingrg/kc/buy/cgsh_list_operate.html HTTP/1.1" 200 876
117.131.5.26 - - [21/Jan/2020:08:19:48 +0800] "GET /xingrg/check_reg.html?_=1579566203921 HTTP/1.1" 200 22
180.162.232.172 - - [21/Jan/2020:08:19:52 +0800] "GET /xingrg/javascript/pic_change.js HTTP/1.1" 304 -
180.162.232.172 - - [21/Jan/2020:08:19:52 +0800] "GET /xingrg/javascript/jquery_tools/order_manager.js HTTP/1.1" 304 -
180.162.232.172 - - [21/Jan/2020:08:19:52 +0800] "GET /xingrg/javascript/print/kc_print.js HTTP/1.1" 304 -
180.162.232.172 - - [21/Jan/2020:08:19:52 +0800] "GET /xingrg/javascript/json2.js HTTP/1.1" 304 -
180.162.232.172 - - [21/Jan/2020:08:19:52 +0800] "GET /xingrg/javascript/convert.js HTTP/1.1" 304 -
180.162.232.172 - - [21/Jan/2020:08:19:52 +0800] "GET /xingrg/kc/buy/cgsh_order_add.html HTTP/1.1" 200 58234
180.162.232.172 - - [21/Jan/2020:08:19:53 +0800] "GET /xingrg/words/20200119115455_words.js HTTP/1.1" 304 -
114.93.75.19 - - [21/Jan/2020:08:19:53 +0800] "GET /xingrg/all/function/internal_message.html?_=1579565898219&CODE_STATE=getMsg HTTP/1.1" 200 27
180.162.232.172 - - [21/Jan/2020:08:19:53 +0800] "POST /xingrg/kc/buy/cgsh_order_operate.html HTTP/1.1" 200 8245
180.162.232.172 - - [21/Jan/2020:08:19:53 +0800] "GET /xingrg/all/common/auto_word.html?type=employee&rest_code=00150 HTTP/1.1" 200 205
180.162.232.172 - - [21/Jan/2020:08:19:53 +0800] "GET /xingrg/all/common/auto_word.html?type=employee&rest_code=00150 HTTP/1.1" 200 205
180.162.232.172 - - [21/Jan/2020:08:19:53 +0800] "GET /xingrg/javascript/easyui/themes/default/validatebox.css HTTP/1.1" 404 1104
180.162.232.172 - - [21/Jan/2020:08:19:53 +0800] "GET /xingrg/javascript/easyui/plugins/jquery.validatebox.js HTTP/1.1" 304 -
180.162.232.172 - - [21/Jan/2020:08:19:53 +0800] "GET /xingrg/javascript/easyui/plugins/jquery.numberbox.js HTTP/1.1" 304 -
58.221.95.50 - - [21/Jan/2020:08:19:54 +0800] "GET /xingrg/check_reg.html?_=1579566301554 HTTP/1.1" 200 22
117.131.5.26 - - [21/Jan/2020:08:20:01 +0800] "GET /xingrg/all/function/internal_message.html?_=1579566216976&CODE_STATE=getMsg HTTP/1.1" 200 27
180.162.232.172 - - [21/Jan/2020:08:20:02 +0800] "GET /xingrg/javascript/auto/indicator.gif HTTP/1.1" 404 1066
117.131.5.26 - - [21/Jan/2020:08:20:05 +0800] "GET /xingrg/all/function/internal_message.html?_=1579566010487&CODE_STATE=getMsg HTTP/1.1" 200 27
180.162.232.172 - - [21/Jan/2020:08:20:10 +0800] "GET /xingrg/kc/buy/cgsh_order_operate.html?command=get_materiel&rest_code=00150&code=00101008323&supplier_code=00100007&order_time=2020-01-21 HTTP/1.1" 200 408
180.162.232.172 - - [21/Jan/2020:08:20:19 +0800] "GET /xingrg/kc/buy/cgsh_order_operate.html?command=get_materiel&rest_code=00150&code=00101008027&supplier_code=00100007&order_time=2020-01-21 HTTP/1.1" 200 408
120.253.135.82 - - [21/Jan/2020:08:20:19 +0800] "GET /xingrg/all/function/internal_message.html?_=1579565759987&CODE_STATE=getMsg HTTP/1.1" 200 27
180.162.232.172 - - [21/Jan/2020:08:20:26 +0800] "GET /xingrg/kc/buy/cgsh_order_operate.html?command=get_materiel&rest_code=00150&code=00101008349&supplier_code=00100007&order_time=2020-01-21 HTTP/1.1" 200 412
120.253.135.82 - - [21/Jan/2020:08:20:29 +0800] "GET /xingrg/check_reg.html?_=1579566092910 HTTP/1.1" 200 22
114.88.159.93 - - [21/Jan/2020:08:20:31 +0800] "GET /xingrg/all/function/internal_message.html?_=1579566037777&CODE_STATE=getMsg HTTP/1.1" 200 27
116.238.35.243 - - [21/Jan/2020:08:20:33 +0800] "GET /xingrg/all/function/internal_message.html?_=1579566033737&CODE_STATE=getMsg HTTP/1.1" 200 27
180.162.232.172 - - [21/Jan/2020:08:20:34 +0800] "GET /xingrg/kc/buy/cgsh_order_operate.html?command=get_materiel&rest_code=00150&code=00101008049&supplier_code=00100007&order_time=2020-01-21 HTTP/1.1" 200 408
172.17.2.150 - - [21/Jan/2020:08:20:41 +0800] "GET /xingrg/all/function/internal_message.html?_=1579566035588&CODE_STATE=getMsg HTTP/1.1" 200 27
58.221.95.50 - - [21/Jan/2020:08:20:42 +0800] "GET /xingrg/all/function/internal_message.html?_=1579566348604&CODE_STATE=getMsg HTTP/1.1" 200 27
180.162.232.172 - - [21/Jan/2020:08:20:42 +0800] "GET /xingrg/all/function/internal_message.html?_=1579566150549&CODE_STATE=getMsg HTTP/1.1" 200 27
180.162.232.172 - - [21/Jan/2020:08:20:44 +0800] "GET /xingrg/kc/buy/cgsh_order_operate.html?command=get_materiel&rest_code=00150&code=00101008354&supplier_code=00100007&order_time=2020-01-21 HTTP/1.1" 200 412
180.162.232.172 - - [21/Jan/2020:08:20:51 +0800] "GET /xingrg/kc/buy/cgsh_order_operate.html?command=get_materiel&rest_code=00150&code=00101008096&supplier_code=00100007&order_time=2020-01-21 HTTP/1.1" 200 412
114.93.75.19 - - [21/Jan/2020:08:20:53 +0800] "GET /xingrg/all/function/internal_message.html?_=1579565958219&CODE_STATE=getMsg HTTP/1.1" 200 27
116.238.35.243 - - [21/Jan/2020:08:20:57 +0800] "GET /xingrg/check_reg.html?_=1579566057864 HTTP/1.1" 200 22
180.162.232.172 - - [21/Jan/2020:08:20:58 +0800] "GET /xingrg/kc/buy/cgsh_order_operate.html?command=get_materiel&rest_code=00150&code=00101008038&supplier_code=00100007&order_time=2020-01-21 HTTP/1.1" 200 412
117.131.5.26 - - [21/Jan/2020:08:21:01 +0800] "GET /xingrg/all/function/internal_message.html?_=1579566276992&CODE_STATE=getMsg HTTP/1.1" 200 27
114.88.159.93 - - [21/Jan/2020:08:21:02 +0800] "GET /xingrg/check_reg.html?_=1579566069569 HTTP/1.1" 200 22
117.131.5.26 - - [21/Jan/2020:08:21:05 +0800] "GET /xingrg/check_reg.html?_=1579566070456 HTTP/1.1" 200 22
117.131.5.26 - - [21/Jan/2020:08:21:05 +0800] "GET /xingrg/all/function/internal_message.html?_=1579566070487&CODE_STATE=getMsg HTTP/1.1" 200 27
180.162.232.172 - - [21/Jan/2020:08:21:11 +0800] "GET /xingrg/kc/buy/cgsh_order_operate.html?command=get_materiel&rest_code=00150&code=00101008358&supplier_code=00100007&order_time=2020-01-21 HTTP/1.1" 200 412
180.162.232.172 - - [21/Jan/2020:08:21:16 +0800] "GET /xingrg/kc/buy/cgsh_order_operate.html?command=get_materiel&rest_code=00150&code=00101008051&supplier_code=00100007&order_time=2020-01-21 HTTP/1.1" 200 409
120.253.135.82 - - [21/Jan/2020:08:21:19 +0800] "GET /xingrg/all/function/internal_message.html?_=1579565820000&CODE_STATE=getMsg HTTP/1.1" 200 27
180.162.232.172 - - [21/Jan/2020:08:21:29 +0800] "GET /xingrg/kc/buy/cgsh_order_operate.html?command=get_materiel&rest_code=00150&code=00101008163&supplier_code=00100007&order_time=2020-01-21 HTTP/1.1" 200 409
114.88.159.93 - - [21/Jan/2020:08:21:31 +0800] "GET /xingrg/all/function/internal_message.html?_=1579566097749&CODE_STATE=getMsg HTTP/1.1" 200 27
116.238.35.243 - - [21/Jan/2020:08:21:33 +0800] "GET /xingrg/all/function/internal_message.html?_=1579566093705&CODE_STATE=getMsg HTTP/1.1" 200 27
172.17.2.150 - - [21/Jan/2020:08:21:41 +0800] "GET /xingrg/all/function/internal_message.html?_=1579566095574&CODE_STATE=getMsg HTTP/1.1" 200 27
58.221.95.50 - - [21/Jan/2020:08:21:42 +0800] "GET /xingrg/all/function/internal_message.html?_=1579566408587&CODE_STATE=getMsg HTTP/1.1" 200 27
180.162.232.172 - - [21/Jan/2020:08:21:42 +0800] "GET /xingrg/all/function/internal_message.html?_=1579566210564&CODE_STATE=getMsg HTTP/1.1" 200 27
180.162.232.172 - - [21/Jan/2020:08:21:45 +0800] "GET /xingrg/kc/buy/cgsh_order_operate.html?command=get_materiel&rest_code=00150&code=00101008003&supplier_code=00100007&order_time=2020-01-21 HTTP/1.1" 200 408
114.93.75.19 - - [21/Jan/2020:08:21:53 +0800] "GET /xingrg/check_reg.html?_=1579566018218 HTTP/1.1" 200 22
114.93.75.19 - - [21/Jan/2020:08:21:53 +0800] "GET /xingrg/all/function/internal_message.html?_=1579566018220&CODE_STATE=getMsg HTTP/1.1" 200 27
180.162.232.172 - - [21/Jan/2020:08:21:56 +0800] "GET /xingrg/kc/buy/cgsh_order_operate.html?command=get_materiel&rest_code=00150&code=00101008087&supplier_code=00100007&order_time=2020-01-21 HTTP/1.1" 200 412
117.131.5.26 - - [21/Jan/2020:08:22:01 +0800] "GET /xingrg/all/function/internal_message.html?_=1579566337021&CODE_STATE=getMsg HTTP/1.1" 200 27
180.162.232.172 - - [21/Jan/2020:08:22:03 +0800] "GET /xingrg/kc/buy/cgsh_order_operate.html?command=get_materiel&rest_code=00150&code=00101008355&supplier_code=00100007&order_time=2020-01-21 HTTP/1.1" 200 408
117.131.5.26 - - [21/Jan/2020:08:22:05 +0800] "GET /xingrg/all/function/internal_message.html?_=1579566130487&CODE_STATE=getMsg HTTP/1.1" 200 27
180.162.232.172 - - [21/Jan/2020:08:22:15 +0800] "GET /xingrg/kc/buy/cgsh_order_operate.html?command=get_materiel&rest_code=00150&code=00101008264&supplier_code=00100007&order_time=2020-01-21 HTTP/1.1" 200 412
120.253.135.82 - - [21/Jan/2020:08:22:19 +0800] "GET /xingrg/kc/pszx/mdqp_order_list.html?state=10 HTTP/1.1" 200 10061
120.253.135.82 - - [21/Jan/2020:08:22:19 +0800] "GET /xingrg/dwr/interface/AjaxQqpsService.js HTTP/1.1" 200 16326
120.253.135.82 - - [21/Jan/2020:08:22:19 +0800] "GET /xingrg/dwr/interface/AjaxReportQueryService.js HTTP/1.1" 200 13203
120.253.135.82 - - [21/Jan/2020:08:22:19 +0800] "GET /xingrg/all/function/internal_message.html?_=1579565880015&CODE_STATE=getMsg HTTP/1.1" 200 27
120.253.135.82 - - [21/Jan/2020:08:22:19 +0800] "GET /xingrg/dwr/engine.js HTTP/1.1" 200 43631
120.253.135.82 - - [21/Jan/2020:08:22:19 +0800] "GET /xingrg/javascript/jquery_easy_ui/themes/icons/check_new.png HTTP/1.1" 200 3224
120.253.135.82 - - [21/Jan/2020:08:22:19 +0800] "GET /xingrg/javascript/jquery_easy_ui/themes/icons/uncheck_new.png HTTP/1.1" 200 3197
120.253.135.82 - - [21/Jan/2020:08:22:22 +0800] "GET /xingrg/kc/pszx/mdps_order_list.html?orderType=0 HTTP/1.1" 200 20985
120.253.135.82 - - [21/Jan/2020:08:22:23 +0800] "POST /xingrg/kc/pszx/mdps_list_operate.html HTTP/1.1" 200 5454
180.162.232.172 - - [21/Jan/2020:08:22:23 +0800] "GET /xingrg/kc/buy/cgsh_order_operate.html?command=get_materiel&rest_code=00150&code=00101008063&supplier_code=00100007&order_time=2020-01-21 HTTP/1.1" 200 412
114.93.75.19 - - [21/Jan/2020:08:22:26 +0800] "GET /xingrg/check_reg.html?_=1579566144998 HTTP/1.1" 302 -
180.162.232.172 - - [21/Jan/2020:08:22:28 +0800] "GET /xingrg/kc/buy/cgsh_order_operate.html?command=get_materiel&rest_code=00150&code=00101008251&supplier_code=00100007&order_time=2020-01-21 HTTP/1.1" 200 408
120.253.135.82 - - [21/Jan/2020:08:22:29 +0800] "POST /xingrg/kc/pszx/mdps_list_operate.html HTTP/1.1" 200 2773
120.253.135.82 - - [21/Jan/2020:08:22:30 +0800] "POST /xingrg/kc/pszx/mdps_list_operate.html HTTP/1.1" 200 615
114.88.159.93 - - [21/Jan/2020:08:22:31 +0800] "GET /xingrg/all/function/internal_message.html?_=1579566157724&CODE_STATE=getMsg HTTP/1.1" 200 27
120.253.135.82 - - [21/Jan/2020:08:22:31 +0800] "GET /xingrg/kc/pszx/mdps_order_info.html?code=312020012100627 HTTP/1.1" 200 23829
120.253.135.82 - - [21/Jan/2020:08:22:32 +0800] "GET /xingrg/javascript/easyui/themes/icons/copy_new.png HTTP/1.1" 304 -
120.253.135.82 - - [21/Jan/2020:08:22:32 +0800] "POST /xingrg/kc/pszx/mdps_order_operate.html HTTP/1.1" 200 7251
120.253.135.82 - - [21/Jan/2020:08:22:32 +0800] "GET /xingrg/javascript/easyui/themes/default/validatebox.css HTTP/1.1" 404 1104
116.238.35.243 - - [21/Jan/2020:08:22:33 +0800] "GET /xingrg/all/function/internal_message.html?_=1579566153680&CODE_STATE=getMsg HTTP/1.1" 200 27
120.253.135.82 - - [21/Jan/2020:08:22:35 +0800] "POST /xingrg/kc/pszx/mdps_order_operate.html HTTP/1.1" 200 37
116.232.49.240 - - [21/Jan/2020:08:22:36 +0800] "POST /xingrg/services/DataTransmitService HTTP/1.1" 200 524
120.253.135.82 - - [21/Jan/2020:08:22:37 +0800] "GET /xingrg/kc/pszx/mdps_order_info.html?code=312020012100627 HTTP/1.1" 200 23829
120.253.135.82 - - [21/Jan/2020:08:22:37 +0800] "POST /xingrg/kc/pszx/mdps_order_operate.html HTTP/1.1" 200 7335
180.162.232.172 - - [21/Jan/2020:08:22:37 +0800] "GET /xingrg/kc/buy/cgsh_order_operate.html?command=get_materiel&rest_code=00150&code=00101008137&supplier_code=00100007&order_time=2020-01-21 HTTP/1.1" 200 408
120.253.135.82 - - [21/Jan/2020:08:22:37 +0800] "GET /xingrg/javascript/easyui/themes/default/validatebox.css HTTP/1.1" 404 1104
172.17.2.150 - - [21/Jan/2020:08:22:41 +0800] "GET /xingrg/all/function/internal_message.html?_=1579566155585&CODE_STATE=getMsg HTTP/1.1" 200 27
172.17.2.150 - - [21/Jan/2020:08:22:41 +0800] "GET /xingrg/check_reg.html?_=1579566155585 HTTP/1.1" 200 22
58.221.95.50 - - [21/Jan/2020:08:22:42 +0800] "GET /xingrg/all/function/internal_message.html?_=1579566468566&CODE_STATE=getMsg HTTP/1.1" 200 27
180.162.232.172 - - [21/Jan/2020:08:22:42 +0800] "GET /xingrg/all/function/internal_message.html?_=1579566270576&CODE_STATE=getMsg HTTP/1.1" 200 27
180.162.232.172 - - [21/Jan/2020:08:22:46 +0800] "GET /xingrg/kc/buy/cgsh_order_operate.html?command=get_materiel&rest_code=00150&code=00101008270&supplier_code=00100007&order_time=2020-01-21 HTTP/1.1" 200 412
120.253.135.82 - - [21/Jan/2020:08:22:50 +0800] "GET /xingrg/kc/pszx/mdth_order_list.html HTTP/1.1" 200 18409
120.253.135.82 - - [21/Jan/2020:08:22:50 +0800] "POST /xingrg/kc/pszx/mdps_list_operate.html HTTP/1.1" 200 2773
120.253.135.82 - - [21/Jan/2020:08:22:51 +0800] "POST /xingrg/kc/pszx/mdth_order_new_list.html HTTP/1.1" 200 3476
120.253.135.82 - - [21/Jan/2020:08:22:53 +0800] "POST /xingrg/kc/pszx/mdth_order_new_list.html HTTP/1.1" 200 202
114.93.75.19 - - [21/Jan/2020:08:22:53 +0800] "GET /xingrg/all/function/internal_message.html?_=1579566078219&CODE_STATE=getMsg HTTP/1.1" 200 27
120.253.135.82 - - [21/Jan/2020:08:22:56 +0800] "GET /xingrg/kc/pszx/mdth_order_info.html?code=322020012000005 HTTP/1.1" 200 22024
120.253.135.82 - - [21/Jan/2020:08:22:56 +0800] "GET /xingrg/all/common/auto_word.html?type=employee&rest_code=00101 HTTP/1.1" 200 1169
120.253.135.82 - - [21/Jan/2020:08:22:56 +0800] "GET /xingrg/javascript/easyui/themes/default/validatebox.css HTTP/1.1" 404 1104
120.253.135.82 - - [21/Jan/2020:08:22:56 +0800] "POST /xingrg/kc/pszx/mdth_order_new_info.html HTTP/1.1" 200 286
180.162.232.172 - - [21/Jan/2020:08:22:57 +0800] "GET /xingrg/kc/buy/cgsh_order_operate.html?command=get_materiel&rest_code=00150&code=00101008069&supplier_code=00100007&order_time=2020-01-21 HTTP/1.1" 200 412
117.131.5.26 - - [21/Jan/2020:08:23:01 +0800] "GET /xingrg/all/function/internal_message.html?_=1579566397035&CODE_STATE=getMsg HTTP/1.1" 200 27
117.131.5.26 - - [21/Jan/2020:08:23:05 +0800] "GET /xingrg/all/function/internal_message.html?_=1579566190487&CODE_STATE=getMsg HTTP/1.1" 200 27
120.253.135.82 - - [21/Jan/2020:08:23:08 +0800] "GET /xingrg/login.html HTTP/1.1" 200 7639
120.253.135.82 - - [21/Jan/2020:08:23:08 +0800] "GET /xingrg/images/blue/jxLogo.png HTTP/1.1" 304 -
120.253.135.82 - - [21/Jan/2020:08:23:08 +0800] "GET /xingrg/images/blue/hj.png HTTP/1.1" 304 -
120.253.135.82 - - [21/Jan/2020:08:23:08 +0800] "GET /xingrg/images/blue/login_bg.png HTTP/1.1" 304 -
120.253.135.82 - - [21/Jan/2020:08:23:08 +0800] "GET /xingrg/images/blue/srbg.png HTTP/1.1" 304 -
120.253.135.82 - - [21/Jan/2020:08:23:08 +0800] "GET /favicon.ico HTTP/1.1" 404 -
180.162.232.172 - - [21/Jan/2020:08:23:09 +0800] "GET /xingrg/kc/buy/cgsh_order_operate.html?command=get_materiel&rest_code=00150&code=00101008286&supplier_code=00100007&order_time=2020-01-21 HTTP/1.1" 200 408
120.253.135.82 - - [21/Jan/2020:08:23:10 +0800] "POST /xingrg/login.do HTTP/1.1" 302 -
120.253.135.82 - - [21/Jan/2020:08:23:10 +0800] "GET /xingrg/index.html?sysBaseUrl=http%3A%2F%2F117.131.15.22%3A18081%2Fxingrg%2F&costTime=38×tamp=1579566190948 HTTP/1.1" 200 17151
120.253.135.82 - - [21/Jan/2020:08:23:10 +0800] "GET /xingrg/javascript/jquery_easy_ui/themes/default/easyui.css HTTP/1.1" 304 -
120.253.135.82 - - [21/Jan/2020:08:23:10 +0800] "GET /xingrg/javascript/jquery_easy_ui/themes/icon.css HTTP/1.1" 304 -
120.253.135.82 - - [21/Jan/2020:08:23:10 +0800] "GET /xingrg/javascript/jquery.utils.js HTTP/1.1" 304 -
120.253.135.82 - - [21/Jan/2020:08:23:10 +0800] "GET /xingrg/css/form.css HTTP/1.1" 304 -
120.253.135.82 - - [21/Jan/2020:08:23:10 +0800] "GET /xingrg/javascript/jquery-1.4.2.min.js HTTP/1.1" 304 -
120.253.135.82 - - [21/Jan/2020:08:23:11 +0800] "GET /xingrg/javascript/jquery_easy_ui/jquery.easyui.min.js HTTP/1.1" 304 -
120.253.135.82 - - [21/Jan/2020:08:23:11 +0800] "GET /xingrg/javascript/jquery.timers.js HTTP/1.1" 304 -
120.253.135.82 - - [21/Jan/2020:08:23:11 +0800] "GET /xingrg/javascript/jquery_easy_ui/easyui-lang-zh_CN.js HTTP/1.1" 304 -
120.253.135.82 - - [21/Jan/2020:08:23:11 +0800] "GET /xingrg/javascript/jquery.form.js HTTP/1.1" 304 -
120.253.135.82 - - [21/Jan/2020:08:23:11 +0800] "GET /xingrg/images/blue/navBackgound.jpg HTTP/1.1" 304 -
120.253.135.82 - - [21/Jan/2020:08:23:11 +0800] "GET /xingrg/javascript/jquery_easy_ui/themes/icons/settle_new.png HTTP/1.1" 304 -
120.253.135.82 - - [21/Jan/2020:08:23:11 +0800] "GET /favicon.ico HTTP/1.1" 404 -
120.253.135.82 - - [21/Jan/2020:08:23:11 +0800] "POST /xingrg/all/common/load_tree.html?tree=area_rest_tree_json&manage=1 HTTP/1.1" 200 344
120.253.135.82 - - [21/Jan/2020:08:23:11 +0800] "GET /xingrg/images/blue/pingpu.png HTTP/1.1" 304 -
120.253.135.82 - - [21/Jan/2020:08:23:11 +0800] "GET /xingrg/javascript/jquery_easy_ui/themes/default/images/tabs_leftarrow.png HTTP/1.1" 304 -
120.253.135.82 - - [21/Jan/2020:08:23:11 +0800] "GET /xingrg/javascript/jquery_easy_ui/themes/default/images/tabs_rightarrow.png HTTP/1.1" 304 -
120.253.135.82 - - [21/Jan/2020:08:23:11 +0800] "GET /xingrg/javascript/jquery_easy_ui/themes/default/images/panel_tool_collapse.gif HTTP/1.1" 304 -
120.253.135.82 - - [21/Jan/2020:08:23:11 +0800] "GET /xingrg/all/function/internal_message.html?_=1579566323311&CODE_STATE=count HTTP/1.1" 200 11
120.253.135.82 - - [21/Jan/2020:08:23:11 +0800] "GET /xingrg/check_reg.html?_=1579566323312 HTTP/1.1" 200 22
120.253.135.82 - - [21/Jan/2020:08:23:11 +0800] "POST /xingrg/load_menu.html HTTP/1.1" 200 6729
120.253.135.82 - - [21/Jan/2020:08:23:11 +0800] "GET /xingrg/javascript/jquery_easy_ui/themes/default/images/tree_arrows.gif HTTP/1.1" 304 -
120.253.135.82 - - [21/Jan/2020:08:23:11 +0800] "GET /xingrg/javascript/jquery_easy_ui/themes/default/images/tree_folder_open.gif HTTP/1.1" 304 -
120.253.135.82 - - [21/Jan/2020:08:23:11 +0800] "GET /xingrg/javascript/jquery_easy_ui/themes/icons/delivery_new.png HTTP/1.1" 304 -
120.253.135.82 - - [21/Jan/2020:08:23:11 +0800] "GET /xingrg/javascript/jquery_easy_ui/themes/icons/search_new.png HTTP/1.1" 304 -
120.253.135.82 - - [21/Jan/2020:08:23:11 +0800] "GET /xingrg/javascript/jquery_easy_ui/themes/icons/storage_new.png HTTP/1.1" 304 -
120.253.135.82 - - [21/Jan/2020:08:23:11 +0800] "GET /xingrg/javascript/jquery_easy_ui/themes/icons/forms_new.png HTTP/1.1" 304 -
120.253.135.82 - - [21/Jan/2020:08:23:11 +0800] "GET /xingrg/javascript/jquery_easy_ui/themes/default/images/tree_file.gif HTTP/1.1" 304 -
120.253.135.82 - - [21/Jan/2020:08:23:11 +0800] "GET /xingrg/javascript/jquery_easy_ui/themes/default/images/tree_folder.gif HTTP/1.1" 304 -
180.162.232.172 - - [21/Jan/2020:08:23:15 +0800] "POST /xingrg/kc/buy/cgsh_order_operate.html HTTP/1.1" 200 37
180.162.232.172 - - [21/Jan/2020:08:23:16 +0800] "POST /xingrg/kc/buy/cgsh_order_operate.html HTTP/1.1" 200 13897
120.253.135.82 - - [21/Jan/2020:08:23:18 +0800] "GET /xingrg/javascript/jquery_easy_ui/themes/icons/area.png HTTP/1.1" 304 -
120.253.135.82 - - [21/Jan/2020:08:23:18 +0800] "GET /xingrg/javascript/jquery_easy_ui/themes/icons/manage.png HTTP/1.1" 304 -
120.253.135.82 - - [21/Jan/2020:08:23:19 +0800] "GET /xingrg/all/function/internal_message.html?_=1579565940028&CODE_STATE=getMsg HTTP/1.1" 200 27
180.162.232.172 - - [21/Jan/2020:08:23:21 +0800] "GET /xingrg/kc/buy/cgsh_order_operate.html?command=get_materiel&rest_code=00150&code=00101008131&supplier_code=00100007&order_time=2020-01-21 HTTP/1.1" 200 408
120.253.135.82 - - [21/Jan/2020:08:23:26 +0800] "GET /xingrg/javascript/jquery_easy_ui/themes/default/images/tabs_close.gif HTTP/1.1" 304 -
120.253.135.82 - - [21/Jan/2020:08:23:26 +0800] "GET /xingrg/kc/pszx/mdqp_order_list.html?state=10 HTTP/1.1" 200 10061
120.253.135.82 - - [21/Jan/2020:08:23:26 +0800] "GET /xingrg/css/blue.css HTTP/1.1" 304 -
120.253.135.82 - - [21/Jan/2020:08:23:26 +0800] "GET /xingrg/javascript/pic_change.js HTTP/1.1" 304 -
120.253.135.82 - - [21/Jan/2020:08:23:26 +0800] "GET /xingrg/dwr/interface/AjaxReportQueryService.js HTTP/1.1" 200 13203
120.253.135.82 - - [21/Jan/2020:08:23:26 +0800] "GET /xingrg/dwr/interface/AjaxQqpsService.js HTTP/1.1" 200 16326
120.253.135.82 - - [21/Jan/2020:08:23:26 +0800] "GET /xingrg/dwr/util.js HTTP/1.1" 304 -
120.253.135.82 - - [21/Jan/2020:08:23:26 +0800] "GET /xingrg/javascript/Calendar.js HTTP/1.1" 304 -
120.253.135.82 - - [21/Jan/2020:08:23:26 +0800] "GET /xingrg/javascript/myfunction.js HTTP/1.1" 304 -
120.253.135.82 - - [21/Jan/2020:08:23:26 +0800] "GET /xingrg/dwr/engine.js HTTP/1.1" 200 43631
120.253.135.82 - - [21/Jan/2020:08:23:26 +0800] "GET /xingrg/javascript/jquery_easy_ui/themes/icons/check_new.png HTTP/1.1" 304 -
120.253.135.82 - - [21/Jan/2020:08:23:26 +0800] "GET /xingrg/javascript/jquery_easy_ui/themes/icons/uncheck_new.png HTTP/1.1" 304 -
120.253.135.82 - - [21/Jan/2020:08:23:26 +0800] "GET /xingrg/javascript/jquery_easy_ui/themes/icons/back_new.png HTTP/1.1" 304 -
180.162.232.172 - - [21/Jan/2020:08:23:28 +0800] "GET /xingrg/kc/buy/cgsh_order_operate.html?command=get_materiel&rest_code=00150&code=00101008318&supplier_code=00100007&order_time=2020-01-21 HTTP/1.1" 200 408
120.253.135.82 - - [21/Jan/2020:08:23:30 +0800] "GET /xingrg/kc/pszx/jzcl_ps.html HTTP/1.1" 200 7673
120.253.135.82 - - [21/Jan/2020:08:23:30 +0800] "GET /xingrg/javascript/step/step.css HTTP/1.1" 200 999
120.253.135.82 - - [21/Jan/2020:08:23:30 +0800] "GET /xingrg/css/table.css HTTP/1.1" 200 3684
120.253.135.82 - - [21/Jan/2020:08:23:30 +0800] "GET /xingrg/javascript/tools/jquery.qtip-1.0.0-rc3.min.js HTTP/1.1" 304 -
120.253.135.82 - - [21/Jan/2020:08:23:30 +0800] "GET /xingrg/javascript/step/images/navCurrentBtn.gif HTTP/1.1" 200 557
120.253.135.82 - - [21/Jan/2020:08:23:30 +0800] "GET /xingrg/javascript/jquery_easy_ui/themes/default/images/button_a_bg.gif HTTP/1.1" 304 -
120.253.135.82 - - [21/Jan/2020:08:23:30 +0800] "GET /xingrg/javascript/jquery_easy_ui/themes/default/images/button_span_bg.gif HTTP/1.1" 304 -
120.253.135.82 - - [21/Jan/2020:08:23:30 +0800] "GET /xingrg/javascript/jquery_easy_ui/themes/icons/search.png HTTP/1.1" 304 -
120.253.135.82 - - [21/Jan/2020:08:23:30 +0800] "GET /xingrg/javascript/jquery_easy_ui/themes/default/images/combo_arrow_dot.gif HTTP/1.1" 200 79
120.253.135.82 - - [21/Jan/2020:08:23:30 +0800] "POST /xingrg/all/common/load_tree.html?tree=area_rest_tree_json HTTP/1.1" 200 3079
120.253.135.82 - - [21/Jan/2020:08:23:30 +0800] "GET /xingrg/javascript/jquery_easy_ui/themes/default/images/calendar_prevmonth.gif HTTP/1.1" 200 66
120.253.135.82 - - [21/Jan/2020:08:23:30 +0800] "GET /xingrg/javascript/jquery_easy_ui/themes/default/images/calendar_nextmonth.gif HTTP/1.1" 200 64
120.253.135.82 - - [21/Jan/2020:08:23:30 +0800] "GET /xingrg/javascript/jquery_easy_ui/themes/default/images/calendar_prevyear.gif HTTP/1.1" 200 76
120.253.135.82 - - [21/Jan/2020:08:23:30 +0800] "GET /xingrg/javascript/jquery_easy_ui/themes/default/images/calendar_nextyear.gif HTTP/1.1" 200 75
120.253.135.82 - - [21/Jan/2020:08:23:30 +0800] "GET /xingrg/images/control/ajaxLoader.gif HTTP/1.1" 304 -
120.253.135.82 - - [21/Jan/2020:08:23:30 +0800] "GET /xingrg/javascript/jquery_easy_ui/themes/default/images/datagrid_header_bg.gif HTTP/1.1" 304 -
120.253.135.82 - - [21/Jan/2020:08:23:30 +0800] "GET /xingrg/javascript/jquery_easy_ui/themes/default/images/pagination_loading.gif HTTP/1.1" 200 1737
120.253.135.82 - - [21/Jan/2020:08:23:30 +0800] "GET /xingrg/javascript/jquery_easy_ui/themes/default/images/tree_checkbox_0.gif HTTP/1.1" 200 168
120.253.135.82 - - [21/Jan/2020:08:23:30 +0800] "GET /xingrg/javascript/jquery_easy_ui/themes/icons/rest.png HTTP/1.1" 200 695
120.253.135.82 - - [21/Jan/2020:08:23:30 +0800] "POST /xingrg/kc/pszx/jzcl_ps_operate.html HTTP/1.1" 200 21
120.253.135.82 - - [21/Jan/2020:08:23:30 +0800] "POST /xingrg/kc/pszx/jzcl_ps_operate.html HTTP/1.1" 200 21
114.88.159.93 - - [21/Jan/2020:08:23:30 +0800] "GET /xingrg/all/function/internal_message.html?_=1579566217701&CODE_STATE=getMsg HTTP/1.1" 200 27
116.238.35.243 - - [21/Jan/2020:08:23:33 +0800] "GET /xingrg/all/function/internal_message.html?_=1579566213656&CODE_STATE=getMsg HTTP/1.1" 200 27
180.162.232.172 - - [21/Jan/2020:08:23:34 +0800] "GET /xingrg/kc/buy/cgsh_order_operate.html?command=get_materiel&rest_code=00150&code=00101008352&supplier_code=00100007&order_time=2020-01-21 HTTP/1.1" 200 412
180.162.232.172 - - [21/Jan/2020:08:23:40 +0800] "GET /xingrg/kc/buy/cgsh_order_operate.html?command=get_materiel&rest_code=00150&code=00101008271&supplier_code=00100007&order_time=2020-01-21 HTTP/1.1" 200 408
172.17.2.150 - - [21/Jan/2020:08:23:41 +0800] "GET /xingrg/all/function/internal_message.html?_=1579566215590&CODE_STATE=getMsg HTTP/1.1" 200 27
58.221.95.50 - - [21/Jan/2020:08:23:42 +0800] "GET /xingrg/all/function/internal_message.html?_=1579566528539&CODE_STATE=getMsg HTTP/1.1" 200 27
180.162.232.172 - - [21/Jan/2020:08:23:42 +0800] "GET /xingrg/all/function/internal_message.html?_=1579566330590&CODE_STATE=getMsg HTTP/1.1" 200 27
180.162.232.172 - - [21/Jan/2020:08:23:48 +0800] "GET /xingrg/kc/buy/cgsh_order_operate.html?command=get_materiel&rest_code=00150&code=00101008092&supplier_code=00100007&order_time=2020-01-21 HTTP/1.1" 200 412
114.93.75.19 - - [21/Jan/2020:08:23:53 +0800] "GET /xingrg/all/function/internal_message.html?_=1579566138218&CODE_STATE=getMsg HTTP/1.1" 200 27
180.162.232.172 - - [21/Jan/2020:08:23:53 +0800] "POST /xingrg/kc/buy/cgsh_order_operate.html HTTP/1.1" 200 37
180.162.232.172 - - [21/Jan/2020:08:23:54 +0800] "POST /xingrg/kc/buy/cgsh_order_operate.html HTTP/1.1" 200 16852
180.162.232.172 - - [21/Jan/2020:08:24:01 +0800] "GET /xingrg/kc/buy/cgsh_order_operate.html?command=get_materiel&rest_code=00150&code=00101008353&supplier_code=00100007&order_time=2020-01-21 HTTP/1.1" 200 408
117.131.5.26 - - [21/Jan/2020:08:24:01 +0800] "GET /xingrg/all/function/internal_message.html?_=1579566457061&CODE_STATE=getMsg HTTP/1.1" 200 27
117.131.5.26 - - [21/Jan/2020:08:24:05 +0800] "GET /xingrg/all/function/internal_message.html?_=1579566250487&CODE_STATE=getMsg HTTP/1.1" 200 27
180.162.232.172 - - [21/Jan/2020:08:24:08 +0800] "GET /xingrg/kc/buy/cgsh_order_operate.html?command=get_materiel&rest_code=00150&code=00101008213&supplier_code=00100007&order_time=2020-01-21 HTTP/1.1" 200 412
120.253.135.82 - - [21/Jan/2020:08:24:08 +0800] "POST /xingrg/all/common/load_combo.html?type=employee HTTP/1.1" 200 2098
120.253.135.82 - - [21/Jan/2020:08:24:11 +0800] "GET /xingrg/all/function/internal_message.html?_=1579566383327&CODE_STATE=getMsg HTTP/1.1" 200 27
120.253.135.82 - - [21/Jan/2020:08:24:11 +0800] "GET /xingrg/javascript/jquery_tools/images/prev.gif HTTP/1.1" 404 1086
120.253.135.82 - - [21/Jan/2020:08:24:11 +0800] "GET /xingrg/javascript/jquery_tools/images/next.gif HTTP/1.1" 404 1086
116.238.181.252 - - [21/Jan/2020:08:24:15 +0800] "GET /xingrg/check_reg.html?_=1579566256194 HTTP/1.1" 200 22
120.253.135.82 - - [21/Jan/2020:08:24:15 +0800] "POST /xingrg/all/common/load_combo.html?type=base HTTP/1.1" 200 899
180.162.232.172 - - [21/Jan/2020:08:24:17 +0800] "GET /xingrg/kc/buy/cgsh_order_operate.html?command=get_materiel&rest_code=00150&code=00101008312&supplier_code=00100007&order_time=2020-01-21 HTTP/1.1" 200 412
120.253.135.82 - - [21/Jan/2020:08:24:20 +0800] "POST /xingrg/kc/pszx/mdth_order_new_info.html HTTP/1.1" 200 37
120.253.135.82 - - [21/Jan/2020:08:24:21 +0800] "POST /xingrg/kc/pszx/mdth_order_new_info.html HTTP/1.1" 200 293
120.253.135.82 - - [21/Jan/2020:08:24:21 +0800] "GET /xingrg/check_reg.html?_=1579566002147 HTTP/1.1" 200 22
120.253.135.82 - - [21/Jan/2020:08:24:21 +0800] "GET /xingrg/all/function/internal_message.html?_=1579566002150&CODE_STATE=getMsg HTTP/1.1" 200 27
120.253.135.82 - - [21/Jan/2020:08:24:25 +0800] "GET /xingrg/kc/print/load_config.html?kc_code=mdth HTTP/1.1" 200 3088
120.253.135.82 - - [21/Jan/2020:08:24:25 +0800] "GET /xingrg/kc/print/load_data.html?order_code=322020012000005&kc_code=mdth&condition= HTTP/1.1" 200 625
180.162.232.172 - - [21/Jan/2020:08:24:26 +0800] "GET /xingrg/kc/buy/cgsh_order_operate.html?command=get_materiel&rest_code=00150&code=00101008344&supplier_code=00100007&order_time=2020-01-21 HTTP/1.1" 200 412
114.88.159.93 - - [21/Jan/2020:08:24:30 +0800] "GET /xingrg/all/function/internal_message.html?_=1579566277668&CODE_STATE=getMsg HTTP/1.1" 200 27
116.238.35.243 - - [21/Jan/2020:08:24:33 +0800] "GET /xingrg/all/function/internal_message.html?_=1579566273626&CODE_STATE=getMsg HTTP/1.1" 200 27
180.162.232.172 - - [21/Jan/2020:08:24:34 +0800] "GET /xingrg/kc/buy/cgsh_order_operate.html?command=get_materiel&rest_code=00150&code=00101008297&supplier_code=00100007&order_time=2020-01-21 HTTP/1.1" 200 412
120.253.135.82 - - [21/Jan/2020:08:24:34 +0800] "POST /xingrg/kc/pszx/mdth_order_new_info.html HTTP/1.1" 200 37
120.253.135.82 - - [21/Jan/2020:08:24:35 +0800] "POST /xingrg/kc/pszx/mdth_order_new_info.html HTTP/1.1" 200 293
120.253.135.82 - - [21/Jan/2020:08:24:35 +0800] "POST /xingrg/kc/pszx/mdth_order_new_info.html HTTP/1.1" 200 12
120.253.135.82 - - [21/Jan/2020:08:24:36 +0800] "GET /xingrg/kc/pszx/mdth_order_info.html?code=322020012000005 HTTP/1.1" 200 20084
120.253.135.82 - - [21/Jan/2020:08:24:37 +0800] "POST /xingrg/kc/pszx/mdth_order_new_info.html HTTP/1.1" 200 293
120.253.135.82 - - [21/Jan/2020:08:24:37 +0800] "GET /xingrg/javascript/easyui/themes/default/validatebox.css HTTP/1.1" 404 1104
172.17.2.150 - - [21/Jan/2020:08:24:41 +0800] "GET /xingrg/all/function/internal_message.html?_=1579566275588&CODE_STATE=getMsg HTTP/1.1" 200 27
58.221.95.50 - - [21/Jan/2020:08:24:41 +0800] "GET /xingrg/all/function/internal_message.html?_=1579566588525&CODE_STATE=getMsg HTTP/1.1" 200 27
180.162.232.172 - - [21/Jan/2020:08:24:42 +0800] "GET /xingrg/check_reg.html?_=1579566390541 HTTP/1.1" 200 22
180.162.232.172 - - [21/Jan/2020:08:24:42 +0800] "GET /xingrg/all/function/internal_message.html?_=1579566390604&CODE_STATE=getMsg HTTP/1.1" 200 27
180.162.232.172 - - [21/Jan/2020:08:24:48 +0800] "POST /xingrg/kc/buy/cgsh_order_operate.html HTTP/1.1" 200 37
117.131.5.26 - - [21/Jan/2020:08:24:48 +0800] "GET /xingrg/check_reg.html?_=1579566503928 HTTP/1.1" 200 22
180.162.232.172 - - [21/Jan/2020:08:24:49 +0800] "POST /xingrg/kc/buy/cgsh_order_operate.html HTTP/1.1" 200 19810
114.93.75.19 - - [21/Jan/2020:08:24:53 +0800] "GET /xingrg/all/function/internal_message.html?_=1579566198218&CODE_STATE=getMsg HTTP/1.1" 200 27
180.162.232.172 - - [21/Jan/2020:08:24:54 +0800] "GET /xingrg/kc/buy/cgsh_order_operate.html?command=get_materiel&rest_code=00150&code=00101008095&supplier_code=00100007&order_time=2020-01-21 HTTP/1.1" 200 412
58.221.95.50 - - [21/Jan/2020:08:24:55 +0800] "GET /xingrg/check_reg.html?_=1579566601578 HTTP/1.1" 200 22
180.162.232.172 - - [21/Jan/2020:08:25:01 +0800] "GET /xingrg/kc/buy/cgsh_order_operate.html?command=get_materiel&rest_code=00150&code=00101008110&supplier_code=00100007&order_time=2020-01-21 HTTP/1.1" 200 409
117.131.5.26 - - [21/Jan/2020:08:25:01 +0800] "GET /xingrg/all/function/internal_message.html?_=1579566517075&CODE_STATE=getMsg HTTP/1.1" 200 27
117.131.5.26 - - [21/Jan/2020:08:25:05 +0800] "GET /xingrg/all/function/internal_message.html?_=1579566310487&CODE_STATE=getMsg HTTP/1.1" 200 27
180.162.232.172 - - [21/Jan/2020:08:25:10 +0800] "GET /xingrg/kc/buy/cgsh_order_operate.html?command=get_materiel&rest_code=00150&code=00101015074&supplier_code=00100007&order_time=2020-01-21 HTTP/1.1" 200 408
120.253.135.82 - - [21/Jan/2020:08:25:12 +0800] "GET /xingrg/all/function/internal_message.html?_=1579566443342&CODE_STATE=getMsg HTTP/1.1" 200 27
180.162.232.172 - - [21/Jan/2020:08:25:17 +0800] "GET /xingrg/kc/buy/cgsh_order_operate.html?command=get_materiel&rest_code=00150&code=00101008085&supplier_code=00100007&order_time=2020-01-21 HTTP/1.1" 200 413
120.253.135.82 - - [21/Jan/2020:08:25:21 +0800] "GET /xingrg/all/function/internal_message.html?_=1579566062160&CODE_STATE=getMsg HTTP/1.1" 200 27
180.162.232.172 - - [21/Jan/2020:08:25:25 +0800] "GET /xingrg/kc/buy/cgsh_order_operate.html?command=get_materiel&rest_code=00150&code=00101008283&supplier_code=00100007&order_time=2020-01-21 HTTP/1.1" 200 408
120.253.135.82 - - [21/Jan/2020:08:25:29 +0800] "GET /xingrg/check_reg.html?_=1579566392912 HTTP/1.1" 200 22
180.162.232.172 - - [21/Jan/2020:08:25:30 +0800] "POST /xingrg/kc/buy/cgsh_order_operate.html HTTP/1.1" 200 37
114.88.159.93 - - [21/Jan/2020:08:25:30 +0800] "GET /xingrg/all/function/internal_message.html?_=1579566337636&CODE_STATE=getMsg HTTP/1.1" 200 27
180.162.232.172 - - [21/Jan/2020:08:25:32 +0800] "POST /xingrg/kc/buy/cgsh_order_operate.html HTTP/1.1" 200 22761
116.238.35.243 - - [21/Jan/2020:08:25:33 +0800] "GET /xingrg/all/function/internal_message.html?_=1579566333595&CODE_STATE=getMsg HTTP/1.1" 200 27
180.162.232.172 - - [21/Jan/2020:08:25:37 +0800] "GET /xingrg/kc/buy/cgsh_order_operate.html?command=get_materiel&rest_code=00150&code=00101008010&supplier_code=00100007&order_time=2020-01-21 HTTP/1.1" 200 412
172.17.2.150 - - [21/Jan/2020:08:25:41 +0800] "GET /xingrg/all/function/internal_message.html?_=1579566335585&CODE_STATE=getMsg HTTP/1.1" 200 27
58.221.95.50 - - [21/Jan/2020:08:25:41 +0800] "GET /xingrg/all/function/internal_message.html?_=1579566648504&CODE_STATE=getMsg HTTP/1.1" 200 27
180.162.232.172 - - [21/Jan/2020:08:25:43 +0800] "GET /xingrg/all/function/internal_message.html?_=1579566450618&CODE_STATE=getMsg HTTP/1.1" 200 27
114.93.75.19 - - [21/Jan/2020:08:25:53 +0800] "GET /xingrg/all/function/internal_message.html?_=1579566258220&CODE_STATE=getMsg HTTP/1.1" 200 27
116.238.35.243 - - [21/Jan/2020:08:25:57 +0800] "GET /xingrg/check_reg.html?_=1579566357863 HTTP/1.1" 200 22
180.162.232.172 - - [21/Jan/2020:08:25:58 +0800] "GET /xingrg/kc/buy/cgsh_order_operate.html?command=get_materiel&rest_code=00150&code=00101008350&supplier_code=00100007&order_time=2020-01-21 HTTP/1.1" 200 408
117.131.5.26 - - [21/Jan/2020:08:26:01 +0800] "GET /xingrg/all/function/internal_message.html?_=1579566577090&CODE_STATE=getMsg HTTP/1.1" 200 27
114.88.159.93 - - [21/Jan/2020:08:26:02 +0800] "GET /xingrg/check_reg.html?_=1579566369557 HTTP/1.1" 200 22
180.162.232.172 - - [21/Jan/2020:08:26:05 +0800] "GET /xingrg/kc/buy/cgsh_order_operate.html?command=get_materiel&rest_code=00150&code=00101008067&supplier_code=00100007&order_time=2020-01-21 HTTP/1.1" 200 416
117.131.5.26 - - [21/Jan/2020:08:26:05 +0800] "GET /xingrg/check_reg.html?_=1579566370456 HTTP/1.1" 200 22
117.131.5.26 - - [21/Jan/2020:08:26:05 +0800] "GET /xingrg/all/function/internal_message.html?_=1579566370487&CODE_STATE=getMsg HTTP/1.1" 200 27
180.162.232.172 - - [21/Jan/2020:08:26:11 +0800] "GET /xingrg/kc/buy/cgsh_order_operate.html?command=get_materiel&rest_code=00150&code=00101008223&supplier_code=00100007&order_time=2020-01-21 HTTP/1.1" 200 412
120.253.135.82 - - [21/Jan/2020:08:26:11 +0800] "GET /xingrg/all/function/internal_message.html?_=1579566503349&CODE_STATE=getMsg HTTP/1.1" 200 27
180.162.232.172 - - [21/Jan/2020:08:26:17 +0800] "POST /xingrg/kc/buy/cgsh_order_operate.html HTTP/1.1" 200 37
180.162.232.172 - - [21/Jan/2020:08:26:18 +0800] "POST /xingrg/kc/buy/cgsh_order_operate.html HTTP/1.1" 200 25725
120.253.135.82 - - [21/Jan/2020:08:26:18 +0800] "GET /xingrg/kc/pszx/mdth_order_info.html?code=322020012000005 HTTP/1.1" 200 20084
120.253.135.82 - - [21/Jan/2020:08:26:19 +0800] "POST /xingrg/kc/pszx/mdth_order_new_info.html HTTP/1.1" 200 293
120.253.135.82 - - [21/Jan/2020:08:26:19 +0800] "GET /xingrg/javascript/easyui/themes/default/validatebox.css HTTP/1.1" 404 1104
120.253.135.82 - - [21/Jan/2020:08:26:21 +0800] "POST /xingrg/kc/pszx/mdth_order_new_list.html HTTP/1.1" 200 3157
120.253.135.82 - - [21/Jan/2020:08:26:21 +0800] "GET /xingrg/all/function/internal_message.html?_=1579566122184&CODE_STATE=getMsg HTTP/1.1" 200 27
180.162.232.172 - - [21/Jan/2020:08:26:23 +0800] "GET /xingrg/kc/buy/cgsh_order_operate.html?command=get_materiel&rest_code=00150&code=00101015038&supplier_code=00100007&order_time=2020-01-21 HTTP/1.1" 200 419
120.253.135.82 - - [21/Jan/2020:08:26:24 +0800] "GET /xingrg/kc/pszx/mdps_order_list.html?orderType=0 HTTP/1.1" 200 20985
120.253.135.82 - - [21/Jan/2020:08:26:24 +0800] "POST /xingrg/kc/pszx/mdth_order_new_list.html HTTP/1.1" 200 3157
120.253.135.82 - - [21/Jan/2020:08:26:24 +0800] "POST /xingrg/kc/pszx/mdps_list_operate.html HTTP/1.1" 200 5454
180.162.232.172 - - [21/Jan/2020:08:26:30 +0800] "GET /xingrg/kc/buy/cgsh_order_operate.html?command=get_materiel&rest_code=00150&code=00101008102&supplier_code=00100007&order_time=2020-01-21 HTTP/1.1" 200 413
114.88.159.93 - - [21/Jan/2020:08:26:30 +0800] "GET /xingrg/all/function/internal_message.html?_=1579566397617&CODE_STATE=getMsg HTTP/1.1" 200 27
120.253.135.82 - - [21/Jan/2020:08:26:31 +0800] "POST /xingrg/kc/pszx/mdps_list_operate.html HTTP/1.1" 200 2773
120.253.135.82 - - [21/Jan/2020:08:26:33 +0800] "POST /xingrg/kc/pszx/mdps_list_operate.html HTTP/1.1" 200 615
116.238.35.243 - - [21/Jan/2020:08:26:33 +0800] "GET /xingrg/all/function/internal_message.html?_=1579566393595&CODE_STATE=getMsg HTTP/1.1" 200 27
120.253.135.82 - - [21/Jan/2020:08:26:34 +0800] "GET /xingrg/kc/pszx/mdps_order_info.html?code=312020012100627 HTTP/1.1" 200 23829
120.253.135.82 - - [21/Jan/2020:08:26:34 +0800] "POST /xingrg/kc/pszx/mdps_order_operate.html HTTP/1.1" 200 7336
120.253.135.82 - - [21/Jan/2020:08:26:34 +0800] "GET /xingrg/javascript/easyui/themes/default/validatebox.css HTTP/1.1" 404 1104
180.162.232.172 - - [21/Jan/2020:08:26:38 +0800] "GET /xingrg/kc/buy/cgsh_order_operate.html?command=get_materiel&rest_code=00150&code=00101015024&supplier_code=00100007&order_time=2020-01-21 HTTP/1.1" 200 413
172.17.2.150 - - [21/Jan/2020:08:26:41 +0800] "GET /xingrg/all/function/internal_message.html?_=1579566395607&CODE_STATE=getMsg HTTP/1.1" 200 27
58.221.95.50 - - [21/Jan/2020:08:26:42 +0800] "GET /xingrg/all/function/internal_message.html?_=1579566708490&CODE_STATE=getMsg HTTP/1.1" 200 27
180.162.232.172 - - [21/Jan/2020:08:26:43 +0800] "GET /xingrg/all/function/internal_message.html?_=1579566510631&CODE_STATE=getMsg HTTP/1.1" 200 27
180.162.232.172 - - [21/Jan/2020:08:26:44 +0800] "GET /xingrg/kc/buy/cgsh_order_operate.html?command=get_materiel&rest_code=00150&code=00101005018&supplier_code=00100007&order_time=2020-01-21 HTTP/1.1" 200 408
180.162.232.172 - - [21/Jan/2020:08:26:48 +0800] "GET /favicon.ico HTTP/1.1" 404 -
180.162.232.172 - - [21/Jan/2020:08:26:48 +0800] "GET /xingrg/kc/buy/cgsh_order_operate.html?command=get_materiel&rest_code=00150&code=00101008090&supplier_code=00100007&order_time=2020-01-21 HTTP/1.1" 200 409
114.93.75.19 - - [21/Jan/2020:08:26:53 +0800] "GET /xingrg/all/function/internal_message.html?_=1579566318246&CODE_STATE=getMsg HTTP/1.1" 200 27
114.93.75.19 - - [21/Jan/2020:08:26:53 +0800] "GET /xingrg/check_reg.html?_=1579566318244 HTTP/1.1" 200 22
