101.81.125.204 - - [21/Jan/2020:10:19:45 +0800] "GET /xingrg/system/rest/get_item.html?table=menu&id=2084&_=1579573182580 HTTP/1.1" 200 971
101.81.125.204 - - [21/Jan/2020:10:19:45 +0800] "GET /xingrg/system/rest/get_item.html?table=menu&target=menu_rest&id=2084&_=1579573182597 HTTP/1.1" 200 1236
101.81.125.204 - - [21/Jan/2020:10:19:45 +0800] "GET /xingrg/system/rest/get_item.html?table=menu&target=cook_mode&id=2084&_=1579573182596 HTTP/1.1" 200 9370
101.81.125.204 - - [21/Jan/2020:10:19:45 +0800] "GET /xingrg/system/rest/get_infos.html?command=menu_img_show&id=2084 HTTP/1.1" 200 5
117.131.5.26 - - [21/Jan/2020:10:19:46 +0800] "POST /xingrg/kc/buy/cgsh_list_operate.html HTTP/1.1" 200 876
101.81.125.204 - - [21/Jan/2020:10:19:48 +0800] "GET /xingrg/system/rest/get_item.html?table=menu&target=menu_rest_detail&id=2084&sid=6&_=1579573185640 HTTP/1.1" 200 419
117.131.5.26 - - [21/Jan/2020:10:19:48 +0800] "GET /xingrg/check_reg.html?_=1579573404091 HTTP/1.1" 200 22
117.131.5.26 - - [21/Jan/2020:10:19:49 +0800] "GET /xingrg/kc/buy/cgth_order_list.html HTTP/1.1" 200 41436
117.131.5.26 - - [21/Jan/2020:10:19:49 +0800] "POST /xingrg/kc/buy/cgth_list_operate.html HTTP/1.1" 200 1035
58.221.95.50 - - [21/Jan/2020:10:19:55 +0800] "GET /xingrg/check_reg.html?_=1579573501712 HTTP/1.1" 200 22
117.131.5.26 - - [21/Jan/2020:10:19:55 +0800] "GET /xingrg/kc/base/yddb_order_list.html HTTP/1.1" 200 16894
117.131.5.26 - - [21/Jan/2020:10:19:56 +0800] "POST /xingrg/kc/base/yddb_list_operate.html HTTP/1.1" 200 1217
180.157.252.250 - - [21/Jan/2020:10:19:57 +0800] "POST /xingrg/load_menu.html HTTP/1.1" 200 10062
101.81.125.204 - - [21/Jan/2020:10:19:58 +0800] "GET /xingrg/kc/buy/cgsh_order_operate.html?command=get_materiel&rest_code=00107&code=00101007077&supplier_code=00100002&order_time=2020-01-21 HTTP/1.1" 200 415
101.81.125.204 - - [21/Jan/2020:10:20:00 +0800] "GET /xingrg/system/rest/query_items.html?_=1579573197394&table=menu&page=1&rows=20&categoryId=&key=%25E6%25A2%2585%25E5%25AD%2590 HTTP/1.1" 200 553
117.131.5.26 - - [21/Jan/2020:10:20:00 +0800] "GET /xingrg/kc/base/yddb_order_add.html HTTP/1.1" 200 29537
117.131.5.26 - - [21/Jan/2020:10:20:00 +0800] "GET /xingrg/css/blue.css HTTP/1.1" 200 15949
117.131.5.26 - - [21/Jan/2020:10:20:00 +0800] "GET /xingrg/dwr/interface/AjaxComOrderService.js HTTP/1.1" 200 18264
117.131.5.26 - - [21/Jan/2020:10:20:00 +0800] "GET /xingrg/dwr/interface/AjaxYddbService.js HTTP/1.1" 200 13201
117.131.5.26 - - [21/Jan/2020:10:20:00 +0800] "GET /xingrg/javascript/Grid.js HTTP/1.1" 200 58908
117.131.5.26 - - [21/Jan/2020:10:20:00 +0800] "GET /xingrg/javascript/ToolTips.js HTTP/1.1" 200 5615
117.131.5.26 - - [21/Jan/2020:10:20:00 +0800] "GET /xingrg/javascript/AjaxInfoList.js HTTP/1.1" 200 3774
117.131.5.26 - - [21/Jan/2020:10:20:00 +0800] "GET /xingrg/javascript/checkform.js HTTP/1.1" 200 18351
117.131.5.26 - - [21/Jan/2020:10:20:00 +0800] "GET /xingrg/javascript/Calendar.js HTTP/1.1" 200 31561
117.131.5.26 - - [21/Jan/2020:10:20:00 +0800] "GET /xingrg/javascript/myfunction.js HTTP/1.1" 200 24559
117.131.5.26 - - [21/Jan/2020:10:20:00 +0800] "GET /xingrg/dwr/util.js HTTP/1.1" 200 35990
117.131.5.26 - - [21/Jan/2020:10:20:00 +0800] "GET /xingrg/dwr/engine.js HTTP/1.1" 200 43631
117.131.5.26 - - [21/Jan/2020:10:20:00 +0800] "GET /xingrg/javascript/jquery_easy_ui/themes/icons/edit_add_new.png HTTP/1.1" 200 2997
117.131.5.26 - - [21/Jan/2020:10:20:00 +0800] "GET /xingrg/javascript/jquery_easy_ui/themes/icons/print.png HTTP/1.1" 200 1057
117.131.5.26 - - [21/Jan/2020:10:20:00 +0800] "GET /xingrg/javascript/jquery_easy_ui/themes/icons/check_new.png HTTP/1.1" 200 3224
117.131.5.26 - - [21/Jan/2020:10:20:00 +0800] "GET /xingrg/javascript/jquery_easy_ui/themes/default/images/menu_downarrow.png HTTP/1.1" 200 173
117.131.5.26 - - [21/Jan/2020:10:20:00 +0800] "GET /xingrg/javascript/jquery_easy_ui/themes/icons/cance_new.png HTTP/1.1" 200 3986
117.131.5.26 - - [21/Jan/2020:10:20:00 +0800] "GET /xingrg/javascript/jquery_easy_ui/themes/icons/back_new.png HTTP/1.1" 200 3414
117.131.5.26 - - [21/Jan/2020:10:20:00 +0800] "GET /xingrg/images/blue/button/kc_tab_add.gif HTTP/1.1" 200 375
117.131.5.26 - - [21/Jan/2020:10:20:00 +0800] "GET /xingrg/images/blue/button/kc_tab_edit.gif HTTP/1.1" 200 551
117.131.5.26 - - [21/Jan/2020:10:20:00 +0800] "GET /xingrg/images/blue/button/kc_tab_save.gif HTTP/1.1" 200 777
117.131.5.26 - - [21/Jan/2020:10:20:00 +0800] "GET /xingrg/images/blue/button/kc_tab_del.gif HTTP/1.1" 200 383
117.131.5.26 - - [21/Jan/2020:10:20:00 +0800] "GET /xingrg/images/blue/kc_tab_left.gif HTTP/1.1" 200 188
117.131.5.26 - - [21/Jan/2020:10:20:00 +0800] "GET /xingrg/images/blue/kc_tab_mid.gif HTTP/1.1" 200 44
117.131.5.26 - - [21/Jan/2020:10:20:00 +0800] "GET /xingrg/images/blue/kc_tab_right.gif HTTP/1.1" 200 643
117.131.5.26 - - [21/Jan/2020:10:20:00 +0800] "GET /xingrg/images/blue/kc_tab2_right.gif HTTP/1.1" 200 192
117.131.5.26 - - [21/Jan/2020:10:20:00 +0800] "GET /xingrg/images/blue/kc_tab2_left.gif HTTP/1.1" 200 625
117.131.5.26 - - [21/Jan/2020:10:20:00 +0800] "GET /xingrg/javascript/jquery_easy_ui/themes/default/images/button_plain_hover.png HTTP/1.1" 200 252
180.157.252.250 - - [21/Jan/2020:10:20:02 +0800] "GET /xingrg/dwr/interface/AjaxGetFirstChart.js HTTP/1.1" 200 631
180.157.252.250 - - [21/Jan/2020:10:20:02 +0800] "GET /xingrg/dwr/util.js HTTP/1.1" 304 -
180.157.252.250 - - [21/Jan/2020:10:20:02 +0800] "GET /xingrg/dwr/engine.js HTTP/1.1" 200 43631
180.157.252.250 - - [21/Jan/2020:10:20:02 +0800] "GET /xingrg/system/rest/list_page.html?p=menu HTTP/1.1" 200 110631
101.81.125.204 - - [21/Jan/2020:10:20:02 +0800] "GET /xingrg/system/rest/query_items.html?_=1579573199645&table=menu&page=1&rows=20&categoryId=&key=%25E6%25A2%2585%25E5%25AD%2590 HTTP/1.1" 200 553
101.81.125.204 - - [21/Jan/2020:10:20:02 +0800] "GET /xingrg/system/rest/get_item.html?table=menu&id=1954&_=1579573200126 HTTP/1.1" 200 1026
101.81.125.204 - - [21/Jan/2020:10:20:02 +0800] "GET /xingrg/system/rest/get_item.html?table=menu&target=menu_rest&id=1954&_=1579573200144 HTTP/1.1" 200 954
101.81.125.204 - - [21/Jan/2020:10:20:02 +0800] "GET /xingrg/system/rest/get_item.html?table=menu&target=cook_mode&id=1954&_=1579573200142 HTTP/1.1" 200 6954
180.157.252.250 - - [21/Jan/2020:10:20:02 +0800] "GET /xingrg/system/rest/query_items.html?_=1579573200283&table=menu&page=1&rows=20&categoryId=&key= HTTP/1.1" 200 4723
101.81.125.204 - - [21/Jan/2020:10:20:03 +0800] "GET /xingrg/system/rest/get_infos.html?command=menu_img_show&id=1954 HTTP/1.1" 200 5
117.131.5.26 - - [21/Jan/2020:10:20:04 +0800] "GET /xingrg/all/function/internal_message.html?_=1579573419621&CODE_STATE=getMsg HTTP/1.1" 200 27
101.81.125.204 - - [21/Jan/2020:10:20:04 +0800] "GET /xingrg/system/rest/get_item.html?table=menu&target=menu_rest_detail&id=1954&sid=6&_=1579573201887 HTTP/1.1" 200 419
101.81.125.204 - - [21/Jan/2020:10:20:04 +0800] "GET /xingrg/all/function/internal_message.html?_=1579573202214&CODE_STATE=getMsg HTTP/1.1" 200 27
117.131.5.26 - - [21/Jan/2020:10:20:05 +0800] "GET /xingrg/all/function/internal_message.html?_=1579573210518&CODE_STATE=getMsg HTTP/1.1" 200 27
101.81.125.204 - - [21/Jan/2020:10:20:06 +0800] "GET /xingrg/all/function/internal_message.html?_=1579573204474&CODE_STATE=getMsg HTTP/1.1" 200 27
117.131.5.26 - - [21/Jan/2020:10:20:07 +0800] "GET /xingrg/images/blue/wait.gif HTTP/1.1" 200 1100
117.131.5.26 - - [21/Jan/2020:10:20:07 +0800] "POST /xingrg/dwr/call/plaincall/AjaxYddbService.getRestBases.dwr HTTP/1.1" 200 926
101.81.125.204 - - [21/Jan/2020:10:20:08 +0800] "POST /xingrg/system/rest/edit_item.html HTTP/1.1" 200 4
101.81.125.204 - - [21/Jan/2020:10:20:08 +0800] "GET /xingrg/system/rest/get_item.html?table=menu&target=menu_rest&id=1954&_=1579573205715 HTTP/1.1" 200 954
120.253.135.82 - - [21/Jan/2020:10:20:12 +0800] "GET /xingrg/all/function/internal_message.html?_=1579573344899&CODE_STATE=getMsg HTTP/1.1" 200 27
101.81.125.204 - - [21/Jan/2020:10:20:13 +0800] "GET /xingrg/system/rest/query_items.html?_=1579573210673&table=menu&page=1&rows=20&categoryId=&key=%25E7%2599%25BD%25E7%258E%2589 HTTP/1.1" 200 3657
114.88.159.93 - - [21/Jan/2020:10:20:13 +0800] "GET /xingrg/all/function/internal_message.html?_=1579572964291&CODE_STATE=getMsg HTTP/1.1" 200 27
101.81.125.204 - - [21/Jan/2020:10:20:14 +0800] "GET /xingrg/system/rest/query_items.html?_=1579573211888&table=menu&page=1&rows=20&categoryId=&key=%25E7%2599%25BD%25E7%258E%2589 HTTP/1.1" 200 3657
101.81.125.204 - - [21/Jan/2020:10:20:15 +0800] "GET /xingrg/system/rest/get_item.html?table=menu&id=2075&_=1579573212492 HTTP/1.1" 200 952
101.81.125.204 - - [21/Jan/2020:10:20:15 +0800] "GET /xingrg/system/rest/get_item.html?table=menu&target=menu_rest&id=2075&_=1579573212510 HTTP/1.1" 200 840
101.81.125.204 - - [21/Jan/2020:10:20:15 +0800] "GET /xingrg/system/rest/get_item.html?table=menu&target=cook_mode&id=2075&_=1579573212509 HTTP/1.1" 200 8733
101.81.125.204 - - [21/Jan/2020:10:20:15 +0800] "GET /xingrg/system/rest/get_infos.html?command=menu_img_show&id=2075 HTTP/1.1" 200 5
101.81.125.204 - - [21/Jan/2020:10:20:17 +0800] "GET /xingrg/system/rest/get_item.html?table=menu&target=menu_rest_detail&id=2075&sid=6&_=1579573214327 HTTP/1.1" 200 420
222.69.132.194 - - [21/Jan/2020:10:20:17 +0800] "GET /xingrg/all/function/internal_message.html?_=1579573213856&CODE_STATE=getMsg HTTP/1.1" 200 27
117.131.5.26 - - [21/Jan/2020:10:20:17 +0800] "POST /xingrg/dwr/call/plaincall/AjaxYddbService.saveOrder.dwr HTTP/1.1" 200 78
117.131.5.26 - - [21/Jan/2020:10:20:17 +0800] "GET /xingrg/images/yd/bt.gif HTTP/1.1" 404 1040
180.157.252.250 - - [21/Jan/2020:10:20:20 +0800] "GET /xingrg/all/function/internal_message.html?_=1579573219908&CODE_STATE=getMsg HTTP/1.1" 200 27
180.157.252.250 - - [21/Jan/2020:10:20:20 +0800] "GET /xingrg/system/rest/query_items.html?_=1579573218024&table=menu&page=1&rows=20&categoryId=&key=2023 HTTP/1.1" 200 257
117.131.5.26 - - [21/Jan/2020:10:20:21 +0800] "POST /xingrg/dwr/call/plaincall/AjaxComOrderService.getMaterielSearchList.dwr HTTP/1.1" 200 9643
180.157.252.250 - - [21/Jan/2020:10:20:21 +0800] "GET /xingrg/system/rest/query_items.html?_=1579573219187&table=menu&page=1&rows=20&categoryId=&key=2023 HTTP/1.1" 200 257
117.131.5.26 - - [21/Jan/2020:10:20:22 +0800] "POST /xingrg/dwr/call/plaincall/AjaxComOrderService.getMaterielSearchList.dwr HTTP/1.1" 200 1744
180.157.252.250 - - [21/Jan/2020:10:20:22 +0800] "GET /xingrg/system/rest/get_item.html?table=menu&id=2023&_=1579573219853 HTTP/1.1" 200 953
180.157.252.250 - - [21/Jan/2020:10:20:22 +0800] "GET /xingrg/system/rest/get_item.html?table=menu&target=menu_rest&id=2023&_=1579573219878 HTTP/1.1" 200 855
180.157.252.250 - - [21/Jan/2020:10:20:22 +0800] "GET /xingrg/system/rest/get_item.html?table=menu&target=cook_mode&id=2023&_=1579573219877 HTTP/1.1" 200 27807
180.157.252.250 - - [21/Jan/2020:10:20:23 +0800] "GET /xingrg/system/rest/get_infos.html?command=menu_img_show&id=2023 HTTP/1.1" 200 5
101.81.125.204 - - [21/Jan/2020:10:20:24 +0800] "POST /xingrg/system/rest/edit_item.html HTTP/1.1" 200 4
101.81.125.204 - - [21/Jan/2020:10:20:24 +0800] "GET /xingrg/system/rest/get_item.html?table=menu&target=menu_rest&id=2075&_=1579573221704 HTTP/1.1" 200 840
124.77.241.94 - - [21/Jan/2020:10:20:24 +0800] "GET /xingrg/check_reg.html?_=1579573217634 HTTP/1.1" 200 22
116.224.233.159 - - [21/Jan/2020:10:20:24 +0800] "GET /xingrg/check_reg.html?_=1579573382761 HTTP/1.1" 200 22
180.157.252.250 - - [21/Jan/2020:10:20:25 +0800] "GET /xingrg/system/rest/get_item.html?table=menu&target=menu_rest_detail&id=2023&sid=14&_=1579573222529 HTTP/1.1" 200 428
114.88.159.93 - - [21/Jan/2020:10:20:27 +0800] "GET /xingrg/all/function/internal_message.html?_=1579573234880&CODE_STATE=getMsg HTTP/1.1" 200 27
116.224.233.159 - - [21/Jan/2020:10:20:29 +0800] "GET /xingrg/all/function/internal_message.html?_=1579573387220&CODE_STATE=getMsg HTTP/1.1" 200 27
101.81.125.204 - - [21/Jan/2020:10:20:29 +0800] "GET /xingrg/system/rest/query_items.html?_=1579573227049&table=menu&page=1&rows=20&categoryId=&key=%25E5%25B0%258F%25E7%2599%25BD HTTP/1.1" 200 1207
120.253.135.82 - - [21/Jan/2020:10:20:30 +0800] "GET /xingrg/check_reg.html?_=1579573293037 HTTP/1.1" 200 22
101.81.125.204 - - [21/Jan/2020:10:20:30 +0800] "GET /xingrg/system/rest/query_items.html?_=1579573228168&table=menu&page=1&rows=20&categoryId=&key=%25E5%25B0%258F%25E7%2599%25BD HTTP/1.1" 200 1207
116.238.35.243 - - [21/Jan/2020:10:20:30 +0800] "GET /xingrg/all/function/internal_message.html?_=1579573231015&CODE_STATE=getMsg HTTP/1.1" 200 27
180.162.232.172 - - [21/Jan/2020:10:20:31 +0800] "GET /xingrg/check_reg.html?_=1579573339131 HTTP/1.1" 200 22
180.162.232.172 - - [21/Jan/2020:10:20:31 +0800] "GET /xingrg/all/function/internal_message.html?_=1579573339247&CODE_STATE=getMsg HTTP/1.1" 200 27
180.157.252.250 - - [21/Jan/2020:10:20:31 +0800] "POST /xingrg/system/rest/edit_item.html HTTP/1.1" 200 4
180.157.252.250 - - [21/Jan/2020:10:20:31 +0800] "GET /xingrg/system/rest/get_item.html?table=menu&target=menu_rest&id=2023&_=1579573229239 HTTP/1.1" 200 855
101.81.125.204 - - [21/Jan/2020:10:20:31 +0800] "GET /xingrg/system/rest/get_item.html?table=menu&id=1931&_=1579573229053 HTTP/1.1" 200 946
101.81.125.204 - - [21/Jan/2020:10:20:31 +0800] "GET /xingrg/system/rest/get_item.html?table=menu&target=menu_rest&id=1931&_=1579573229071 HTTP/1.1" 200 975
101.81.125.204 - - [21/Jan/2020:10:20:31 +0800] "GET /xingrg/system/rest/get_item.html?table=menu&target=cook_mode&id=1931&_=1579573229069 HTTP/1.1" 200 17346
117.131.5.26 - - [21/Jan/2020:10:20:31 +0800] "POST /xingrg/dwr/call/plaincall/AjaxYddbService.getMaterielByMap.dwr HTTP/1.1" 200 2501
101.81.125.204 - - [21/Jan/2020:10:20:32 +0800] "GET /xingrg/system/rest/get_infos.html?command=menu_img_show&id=1931 HTTP/1.1" 200 5
101.81.125.204 - - [21/Jan/2020:10:20:33 +0800] "GET /xingrg/kc/buy/cgsh_order_operate.html?command=get_materiel&rest_code=00107&code=00101007059&supplier_code=00100002&order_time=2020-01-21 HTTP/1.1" 200 409
114.93.75.19 - - [21/Jan/2020:10:20:33 +0800] "GET /xingrg/all/function/internal_message.html?_=1579573138315&CODE_STATE=getMsg HTTP/1.1" 200 27
114.93.75.19 - - [21/Jan/2020:10:20:33 +0800] "GET /xingrg/check_reg.html?_=1579573138313 HTTP/1.1" 200 22
101.81.125.204 - - [21/Jan/2020:10:20:33 +0800] "GET /xingrg/system/rest/get_item.html?table=menu&target=menu_rest_detail&id=1931&sid=6&_=1579573230943 HTTP/1.1" 200 434
114.88.170.138 - - [21/Jan/2020:10:20:34 +0800] "GET /xingrg/all/function/internal_message.html?_=1579573463704&CODE_STATE=getMsg HTTP/1.1" 200 27
117.131.5.26 - - [21/Jan/2020:10:20:35 +0800] "GET /xingrg/all/function/internal_message.html?_=1579573562101&CODE_STATE=getMsg HTTP/1.1" 200 27
180.157.252.250 - - [21/Jan/2020:10:20:36 +0800] "GET /xingrg/all/function/internal_message.html?_=1579573233610&CODE_STATE=getMsg HTTP/1.1" 200 27
180.157.252.250 - - [21/Jan/2020:10:20:38 +0800] "GET /xingrg/system/rest/query_items.html?_=1579573236016&table=menu&page=1&rows=20&categoryId=&key=2061 HTTP/1.1" 200 256
101.81.125.204 - - [21/Jan/2020:10:20:38 +0800] "POST /xingrg/system/rest/edit_item.html HTTP/1.1" 200 4
101.81.125.204 - - [21/Jan/2020:10:20:38 +0800] "GET /xingrg/system/rest/get_item.html?table=menu&target=menu_rest&id=1931&_=1579573236291 HTTP/1.1" 200 975
124.77.241.94 - - [21/Jan/2020:10:20:39 +0800] "GET /xingrg/all/function/internal_message.html?_=1579573231956&CODE_STATE=getMsg HTTP/1.1" 200 27
180.157.252.250 - - [21/Jan/2020:10:20:39 +0800] "GET /xingrg/system/rest/query_items.html?_=1579573237328&table=menu&page=1&rows=20&categoryId=&key=2061 HTTP/1.1" 200 256
58.221.95.50 - - [21/Jan/2020:10:20:40 +0800] "GET /xingrg/all/function/internal_message.html?_=1579573546799&CODE_STATE=getMsg HTTP/1.1" 200 27
180.157.252.250 - - [21/Jan/2020:10:20:40 +0800] "GET /xingrg/system/rest/get_item.html?table=menu&id=2061&_=1579573237858 HTTP/1.1" 200 954
180.157.252.250 - - [21/Jan/2020:10:20:40 +0800] "GET /xingrg/system/rest/get_item.html?table=menu&target=menu_rest&id=2061&_=1579573237880 HTTP/1.1" 200 747
180.157.252.250 - - [21/Jan/2020:10:20:40 +0800] "GET /xingrg/system/rest/get_item.html?table=menu&target=cook_mode&id=2061&_=1579573237879 HTTP/1.1" 200 18248
180.157.252.250 - - [21/Jan/2020:10:20:40 +0800] "GET /xingrg/system/rest/get_infos.html?command=menu_img_show&id=2061 HTTP/1.1" 200 5
117.184.7.30 - - [21/Jan/2020:10:20:44 +0800] "GET /xingrg/all/function/internal_message.html?_=1579573239644&CODE_STATE=getMsg HTTP/1.1" 200 27
101.81.125.204 - - [21/Jan/2020:10:20:44 +0800] "GET /xingrg/system/rest/query_items.html?_=1579573242172&table=menu&page=1&rows=20&categoryId=&key=%25E5%25B8%25A6%25E9%25B1%25BC HTTP/1.1" 200 2131
101.81.125.204 - - [21/Jan/2020:10:20:46 +0800] "GET /xingrg/system/rest/query_items.html?_=1579573243942&table=menu&page=1&rows=20&categoryId=&key=%25E5%25B8%25A6%25E9%25B1%25BC HTTP/1.1" 200 2131
101.81.125.204 - - [21/Jan/2020:10:20:47 +0800] "GET /xingrg/system/rest/get_item.html?table=menu&id=1932&_=1579573244459 HTTP/1.1" 200 938
101.81.125.204 - - [21/Jan/2020:10:20:47 +0800] "GET /xingrg/system/rest/get_item.html?table=menu&target=menu_rest&id=1932&_=1579573244480 HTTP/1.1" 200 849
101.81.125.204 - - [21/Jan/2020:10:20:47 +0800] "GET /xingrg/system/rest/get_item.html?table=menu&target=cook_mode&id=1932&_=1579573244478 HTTP/1.1" 200 14725
101.81.125.204 - - [21/Jan/2020:10:20:47 +0800] "GET /xingrg/system/rest/get_infos.html?command=menu_img_show&id=1932 HTTP/1.1" 200 5
101.81.125.204 - - [21/Jan/2020:10:20:49 +0800] "GET /xingrg/system/rest/get_item.html?table=menu&target=menu_rest_detail&id=1932&sid=6&_=1579573246416 HTTP/1.1" 200 419
116.238.35.243 - - [21/Jan/2020:10:20:57 +0800] "GET /xingrg/check_reg.html?_=1579573257500 HTTP/1.1" 200 22
117.131.5.26 - - [21/Jan/2020:10:20:59 +0800] "POST /xingrg/dwr/call/plaincall/AjaxYddbService.saveMaterielItem.dwr HTTP/1.1" 200 78
117.131.5.26 - - [21/Jan/2020:10:21:00 +0800] "POST /xingrg/dwr/call/plaincall/AjaxComOrderService.getMaterielSearchList.dwr HTTP/1.1" 200 76
114.88.159.93 - - [21/Jan/2020:10:21:02 +0800] "GET /xingrg/check_reg.html?_=1579573269640 HTTP/1.1" 200 22
117.131.5.26 - - [21/Jan/2020:10:21:04 +0800] "GET /xingrg/all/function/internal_message.html?_=1579573479635&CODE_STATE=getMsg HTTP/1.1" 200 27
101.81.125.204 - - [21/Jan/2020:10:21:05 +0800] "GET /xingrg/all/function/internal_message.html?_=1579573262605&CODE_STATE=getMsg HTTP/1.1" 200 27
117.131.5.26 - - [21/Jan/2020:10:21:05 +0800] "GET /xingrg/check_reg.html?_=1579573270456 HTTP/1.1" 200 22
117.131.5.26 - - [21/Jan/2020:10:21:05 +0800] "GET /xingrg/all/function/internal_message.html?_=1579573270518&CODE_STATE=getMsg HTTP/1.1" 200 27
101.81.125.204 - - [21/Jan/2020:10:21:06 +0800] "GET /xingrg/all/function/internal_message.html?_=1579573264471&CODE_STATE=getMsg HTTP/1.1" 200 27
101.81.125.204 - - [21/Jan/2020:10:21:11 +0800] "GET /xingrg/system/rest/query_items.html?_=1579573269175&table=menu&page=1&rows=20&categoryId=&key=%25E9%25A6%2599%25E8%259E%25BA HTTP/1.1" 200 297
117.131.5.26 - - [21/Jan/2020:10:21:12 +0800] "POST /xingrg/dwr/call/plaincall/AjaxYddbService.checkOrder.dwr HTTP/1.1" 200 78
120.253.135.82 - - [21/Jan/2020:10:21:13 +0800] "GET /xingrg/all/function/internal_message.html?_=1579573404916&CODE_STATE=getMsg HTTP/1.1" 200 27
101.81.125.204 - - [21/Jan/2020:10:21:13 +0800] "GET /xingrg/system/rest/query_items.html?_=1579573270484&table=menu&page=1&rows=20&categoryId=&key=%25E9%25A6%2599%25E8%259E%25BA HTTP/1.1" 200 297
117.131.5.26 - - [21/Jan/2020:10:21:13 +0800] "GET /xingrg/kc/base/yddb_order_info.html?code=482020012100185 HTTP/1.1" 200 29128
117.131.5.26 - - [21/Jan/2020:10:21:13 +0800] "GET /xingrg/dwr/interface/AjaxComOrderService.js HTTP/1.1" 200 18264
117.131.5.26 - - [21/Jan/2020:10:21:13 +0800] "GET /xingrg/dwr/interface/AjaxYddbService.js HTTP/1.1" 200 13201
117.131.5.26 - - [21/Jan/2020:10:21:13 +0800] "GET /xingrg/dwr/engine.js HTTP/1.1" 200 43631
114.88.159.93 - - [21/Jan/2020:10:21:13 +0800] "GET /xingrg/check_reg.html?_=1579573024289 HTTP/1.1" 200 22
101.81.125.204 - - [21/Jan/2020:10:21:13 +0800] "GET /xingrg/system/rest/get_item.html?table=menu&id=2046&_=1579573270993 HTTP/1.1" 200 1005
101.81.125.204 - - [21/Jan/2020:10:21:13 +0800] "GET /xingrg/system/rest/get_item.html?table=menu&target=menu_rest&id=2046&_=1579573271013 HTTP/1.1" 200 945
114.88.159.93 - - [21/Jan/2020:10:21:13 +0800] "GET /xingrg/all/function/internal_message.html?_=1579573024290&CODE_STATE=getMsg HTTP/1.1" 200 27
101.81.125.204 - - [21/Jan/2020:10:21:13 +0800] "GET /xingrg/system/rest/get_item.html?table=menu&target=cook_mode&id=2046&_=1579573271011 HTTP/1.1" 200 9356
117.131.5.26 - - [21/Jan/2020:10:21:14 +0800] "POST /xingrg/dwr/call/plaincall/AjaxYddbService.loadMaterielItems.dwr HTTP/1.1" 200 402
101.81.125.204 - - [21/Jan/2020:10:21:14 +0800] "GET /xingrg/system/rest/get_infos.html?command=menu_img_show&id=2046 HTTP/1.1" 200 5
101.81.125.204 - - [21/Jan/2020:10:21:15 +0800] "GET /xingrg/system/rest/get_item.html?table=menu&target=menu_rest_detail&id=2046&sid=6&_=1579573273240 HTTP/1.1" 200 420
222.69.132.194 - - [21/Jan/2020:10:21:17 +0800] "GET /xingrg/all/function/internal_message.html?_=1579573273843&CODE_STATE=getMsg HTTP/1.1" 200 27
101.81.125.204 - - [21/Jan/2020:10:21:19 +0800] "POST /xingrg/kc/buy/cgsh_order_operate.html HTTP/1.1" 200 37
180.157.252.250 - - [21/Jan/2020:10:21:19 +0800] "GET /xingrg/check_reg.html?_=1579573279840 HTTP/1.1" 200 22
180.157.252.250 - - [21/Jan/2020:10:21:19 +0800] "GET /xingrg/all/function/internal_message.html?_=1579573279890&CODE_STATE=getMsg HTTP/1.1" 200 27
117.131.5.26 - - [21/Jan/2020:10:21:19 +0800] "GET /xingrg/kc/base/yddb_order_report.html?fileType=printReport.do&code=482020012100185&reportName=ck_order_report&subName=yddb HTTP/1.1" 302 -
117.131.5.26 - - [21/Jan/2020:10:21:19 +0800] "GET /xingrg/printReport.do?sysBaseUrl=http%3A%2F%2F117.131.15.22%3A18081%2Fxingrg%2F&costTime=52×tamp=1579573279984 HTTP/1.1" 200 1138
117.131.5.26 - - [21/Jan/2020:10:21:20 +0800] "GET /favicon.ico HTTP/1.1" 404 -
101.81.125.204 - - [21/Jan/2020:10:21:20 +0800] "POST /xingrg/kc/buy/cgsh_order_operate.html HTTP/1.1" 200 3840
101.81.125.204 - - [21/Jan/2020:10:21:22 +0800] "GET /xingrg/kc/print/load_data.html?order_code=212020012111063&kc_code=cgsh&condition= HTTP/1.1" 200 1193
117.131.5.26 - - [21/Jan/2020:10:21:24 +0800] "GET /xingrg/applets HTTP/1.1" 302 -
117.131.5.26 - - [21/Jan/2020:10:21:24 +0800] "GET /xingrg/applets/ HTTP/1.1" 404 992
114.88.159.93 - - [21/Jan/2020:10:21:27 +0800] "GET /xingrg/all/function/internal_message.html?_=1579573294852&CODE_STATE=getMsg HTTP/1.1" 200 27
116.224.233.159 - - [21/Jan/2020:10:21:29 +0800] "GET /xingrg/all/function/internal_message.html?_=1579573447231&CODE_STATE=getMsg HTTP/1.1" 200 27
116.238.35.243 - - [21/Jan/2020:10:21:30 +0800] "GET /xingrg/all/function/internal_message.html?_=1579573290986&CODE_STATE=getMsg HTTP/1.1" 200 27
101.81.125.204 - - [21/Jan/2020:10:21:30 +0800] "GET /xingrg/system/rest/query_items.html?_=1579573288223&table=menu&page=1&rows=20&categoryId=&key=%25E8%258A%25B1%25E8%259E%25BA HTTP/1.1" 200 1050
180.162.232.172 - - [21/Jan/2020:10:21:31 +0800] "GET /xingrg/all/function/internal_message.html?_=1579573399262&CODE_STATE=getMsg HTTP/1.1" 200 27
101.81.125.204 - - [21/Jan/2020:10:21:32 +0800] "GET /xingrg/kc/buy/cgsh_order_add.html HTTP/1.1" 200 58087
101.81.125.204 - - [21/Jan/2020:10:21:33 +0800] "GET /xingrg/system/rest/query_items.html?_=1579573290447&table=menu&page=1&rows=20&categoryId=&key=%25E8%258A%25B1%25E8%259E%25BA HTTP/1.1" 200 1050
101.81.125.204 - - [21/Jan/2020:10:21:33 +0800] "POST /xingrg/kc/buy/cgsh_order_operate.html HTTP/1.1" 200 8245
114.93.75.19 - - [21/Jan/2020:10:21:33 +0800] "GET /xingrg/all/function/internal_message.html?_=1579573198313&CODE_STATE=getMsg HTTP/1.1" 200 27
101.81.125.204 - - [21/Jan/2020:10:21:33 +0800] "GET /xingrg/javascript/easyui/themes/default/validatebox.css HTTP/1.1" 404 1104
101.81.125.204 - - [21/Jan/2020:10:21:33 +0800] "GET /xingrg/system/rest/get_item.html?table=menu&id=2054&_=1579573290927 HTTP/1.1" 200 1007
101.81.125.204 - - [21/Jan/2020:10:21:33 +0800] "GET /xingrg/system/rest/get_item.html?table=menu&target=menu_rest&id=2054&_=1579573290945 HTTP/1.1" 200 868
101.81.125.204 - - [21/Jan/2020:10:21:33 +0800] "GET /xingrg/system/rest/get_item.html?table=menu&target=cook_mode&id=2054&_=1579573290945 HTTP/1.1" 200 10645
101.81.125.204 - - [21/Jan/2020:10:21:34 +0800] "GET /xingrg/system/rest/get_infos.html?command=menu_img_show&id=2054 HTTP/1.1" 200 5
101.81.125.204 - - [21/Jan/2020:10:21:34 +0800] "GET /xingrg/javascript/easyui/themes/default/tree.css HTTP/1.1" 404 1090
101.81.125.204 - - [21/Jan/2020:10:21:34 +0800] "POST /xingrg/all/common/load_tree.html?tree=supplier_tree_json&isDelete=1 HTTP/1.1" 200 46428
114.88.170.138 - - [21/Jan/2020:10:21:34 +0800] "GET /xingrg/all/function/internal_message.html?_=1579573523673&CODE_STATE=getMsg HTTP/1.1" 200 27
114.88.170.138 - - [21/Jan/2020:10:21:34 +0800] "GET /xingrg/check_reg.html?_=1579573523778 HTTP/1.1" 200 22
117.131.5.26 - - [21/Jan/2020:10:21:35 +0800] "GET /xingrg/kc/base/yddb_order_report.html?fileType=servlets/html&code=482020012100185&reportName=ck_order_report&subName=yddb HTTP/1.1" 302 -
117.131.5.26 - - [21/Jan/2020:10:21:35 +0800] "GET /xingrg/servlets/html?sysBaseUrl=http%3A%2F%2F117.131.15.22%3A18081%2Fxingrg%2F&costTime=41×tamp=1579573295187 HTTP/1.1" 200 14764
117.131.5.26 - - [21/Jan/2020:10:21:35 +0800] "GET /xingrg/servlets/image?image=px HTTP/1.1" 200 807
117.131.5.26 - - [21/Jan/2020:10:21:35 +0800] "GET /favicon.ico HTTP/1.1" 404 -
117.131.5.26 - - [21/Jan/2020:10:21:35 +0800] "GET /xingrg/all/function/internal_message.html?_=1579573622110&CODE_STATE=getMsg HTTP/1.1" 200 27
101.81.125.204 - - [21/Jan/2020:10:21:35 +0800] "GET /xingrg/system/rest/get_item.html?table=menu&target=menu_rest_detail&id=2054&sid=6&_=1579573292845 HTTP/1.1" 200 420
180.157.252.250 - - [21/Jan/2020:10:21:36 +0800] "GET /xingrg/all/function/internal_message.html?_=1579573293611&CODE_STATE=getMsg HTTP/1.1" 200 27
124.77.241.94 - - [21/Jan/2020:10:21:39 +0800] "GET /xingrg/all/function/internal_message.html?_=1579573291969&CODE_STATE=getMsg HTTP/1.1" 200 27
58.221.95.50 - - [21/Jan/2020:10:21:40 +0800] "GET /xingrg/all/function/internal_message.html?_=1579573606770&CODE_STATE=getMsg HTTP/1.1" 200 27
101.81.125.204 - - [21/Jan/2020:10:21:40 +0800] "POST /xingrg/system/rest/edit_item.html HTTP/1.1" 200 4
101.81.125.204 - - [21/Jan/2020:10:21:40 +0800] "GET /xingrg/system/rest/get_item.html?table=menu&target=menu_rest&id=2054&_=1579573297718 HTTP/1.1" 200 868
117.184.7.30 - - [21/Jan/2020:10:21:44 +0800] "GET /xingrg/all/function/internal_message.html?_=1579573299644&CODE_STATE=getMsg HTTP/1.1" 200 27
101.81.125.204 - - [21/Jan/2020:10:21:46 +0800] "GET /xingrg/system/rest/query_items.html?_=1579573303656&table=menu&page=1&rows=20&categoryId=&key=%25E9%259D%2592%25E5%258F%25A3%25E8%25B4%259D HTTP/1.1" 200 1182
114.93.75.19 - - [21/Jan/2020:10:21:46 +0800] "GET /favicon.ico HTTP/1.1" 404 -
101.81.125.204 - - [21/Jan/2020:10:21:47 +0800] "GET /xingrg/system/rest/query_items.html?_=1579573304757&table=menu&page=1&rows=20&categoryId=&key=%25E9%259D%2592%25E5%258F%25A3%25E8%25B4%259D HTTP/1.1" 200 1182
101.81.125.204 - - [21/Jan/2020:10:21:47 +0800] "GET /xingrg/system/rest/get_item.html?table=menu&id=2121&_=1579573305236 HTTP/1.1" 200 943
101.81.125.204 - - [21/Jan/2020:10:21:47 +0800] "GET /xingrg/system/rest/get_item.html?table=menu&target=cook_mode&id=2121&_=1579573305253 HTTP/1.1" 200 4431
101.81.125.204 - - [21/Jan/2020:10:21:47 +0800] "GET /xingrg/system/rest/get_item.html?table=menu&target=menu_rest&id=2121&_=1579573305254 HTTP/1.1" 200 250
101.81.125.204 - - [21/Jan/2020:10:21:48 +0800] "GET /xingrg/system/rest/get_infos.html?command=menu_img_show&id=2121 HTTP/1.1" 200 5
101.81.125.204 - - [21/Jan/2020:10:21:49 +0800] "GET /xingrg/system/rest/get_item.html?table=menu&target=menu_rest_detail&id=2121&sid=6&_=1579573307158 HTTP/1.1" 200 419
101.81.125.204 - - [21/Jan/2020:10:21:54 +0800] "POST /xingrg/system/rest/edit_item.html HTTP/1.1" 200 4
101.81.125.204 - - [21/Jan/2020:10:21:54 +0800] "GET /xingrg/system/rest/get_item.html?table=menu&target=menu_rest&id=2121&_=1579573311459 HTTP/1.1" 200 250
101.81.125.204 - - [21/Jan/2020:10:21:57 +0800] "GET /xingrg/kc/buy/cgsh_order_operate.html?command=get_materiel&rest_code=00107&code=00101006058&supplier_code=00100010&order_time=2020-01-21 HTTP/1.1" 200 413
101.81.125.204 - - [21/Jan/2020:10:22:00 +0800] "GET /xingrg/system/rest/query_items.html?_=1579573317491&table=menu&page=1&rows=20&categoryId=&key=%25E6%25B5%25B7%25E8%2582%25A0 HTTP/1.1" 200 470
222.69.132.194 - - [21/Jan/2020:10:22:01 +0800] "GET /xingrg/kc/buy/cgsh_order_add.html HTTP/1.1" 200 57603
101.81.125.204 - - [21/Jan/2020:10:22:01 +0800] "GET /xingrg/system/rest/query_items.html?_=1579573318644&table=menu&page=1&rows=20&categoryId=&key=%25E6%25B5%25B7%25E8%2582%25A0 HTTP/1.1" 200 470
222.69.132.194 - - [21/Jan/2020:10:22:01 +0800] "POST /xingrg/kc/buy/cgsh_order_operate.html HTTP/1.1" 200 8245
222.69.132.194 - - [21/Jan/2020:10:22:01 +0800] "GET /xingrg/javascript/easyui/themes/default/validatebox.css HTTP/1.1" 404 1104
101.81.125.204 - - [21/Jan/2020:10:22:01 +0800] "GET /xingrg/system/rest/get_item.html?table=menu&id=2090&_=1579573319113 HTTP/1.1" 200 935
101.81.125.204 - - [21/Jan/2020:10:22:01 +0800] "GET /xingrg/system/rest/get_item.html?table=menu&target=menu_rest&id=2090&_=1579573319127 HTTP/1.1" 200 644
101.81.125.204 - - [21/Jan/2020:10:22:01 +0800] "GET /xingrg/system/rest/get_item.html?table=menu&target=cook_mode&id=2090&_=1579573319126 HTTP/1.1" 200 9336
101.81.125.204 - - [21/Jan/2020:10:22:02 +0800] "GET /xingrg/system/rest/get_infos.html?command=menu_img_show&id=2090 HTTP/1.1" 200 5
117.131.5.26 - - [21/Jan/2020:10:22:04 +0800] "GET /xingrg/all/function/internal_message.html?_=1579573539661&CODE_STATE=getMsg HTTP/1.1" 200 27
101.81.125.204 - - [21/Jan/2020:10:22:05 +0800] "GET /xingrg/all/function/internal_message.html?_=1579573322581&CODE_STATE=getMsg HTTP/1.1" 200 27
101.81.125.204 - - [21/Jan/2020:10:22:05 +0800] "GET /xingrg/system/rest/get_item.html?table=menu&target=menu_rest_detail&id=2090&sid=6&_=1579573322775 HTTP/1.1" 200 419
117.131.5.26 - - [21/Jan/2020:10:22:05 +0800] "GET /xingrg/all/function/internal_message.html?_=1579573330518&CODE_STATE=getMsg HTTP/1.1" 200 27
101.81.125.204 - - [21/Jan/2020:10:22:06 +0800] "GET /xingrg/all/function/internal_message.html?_=1579573324470&CODE_STATE=getMsg HTTP/1.1" 200 27
180.157.252.250 - - [21/Jan/2020:10:22:08 +0800] "GET /xingrg/system/rest/get_item.html?table=menu&target=menu_rest_detail&id=2061&sid=14&_=1579573325913 HTTP/1.1" 200 428
101.81.125.204 - - [21/Jan/2020:10:22:08 +0800] "POST /xingrg/system/rest/edit_item.html HTTP/1.1" 200 4
101.81.125.204 - - [21/Jan/2020:10:22:08 +0800] "GET /xingrg/system/rest/get_item.html?table=menu&target=menu_rest&id=2090&_=1579573326254 HTTP/1.1" 200 644
101.81.125.204 - - [21/Jan/2020:10:22:12 +0800] "GET /xingrg/kc/buy/cgsh_order_operate.html?command=get_materiel&rest_code=00107&code=00101006113&supplier_code=00100010&order_time=2020-01-21 HTTP/1.1" 200 413
120.253.135.82 - - [21/Jan/2020:10:22:13 +0800] "GET /xingrg/all/function/internal_message.html?_=1579573464926&CODE_STATE=getMsg HTTP/1.1" 200 27
114.88.159.93 - - [21/Jan/2020:10:22:13 +0800] "GET /xingrg/all/function/internal_message.html?_=1579573084288&CODE_STATE=getMsg HTTP/1.1" 200 27
101.81.125.204 - - [21/Jan/2020:10:22:16 +0800] "GET /xingrg/system/rest/query_items.html?_=1579573334171&table=menu&page=1&rows=20&categoryId=&key=%25E8%258A%2592%25E6%259E%259C HTTP/1.1" 200 3721
222.69.132.194 - - [21/Jan/2020:10:22:17 +0800] "GET /xingrg/all/function/internal_message.html?_=1579573333831&CODE_STATE=getMsg HTTP/1.1" 200 27
180.157.252.250 - - [21/Jan/2020:10:22:19 +0800] "GET /xingrg/all/function/internal_message.html?_=1579573339864&CODE_STATE=getMsg HTTP/1.1" 200 27
42.236.10.84 - - [21/Jan/2020:10:22:20 +0800] "GET /xingrg/supplier_index.html HTTP/1.1" 302 -
42.236.10.84 - - [21/Jan/2020:10:22:20 +0800] "GET /xingrg/supplier_index.html HTTP/1.1" 302 -
42.236.10.84 - - [21/Jan/2020:10:22:21 +0800] "GET /xingrg/login.html HTTP/1.1" 200 2139
101.81.125.204 - - [21/Jan/2020:10:22:21 +0800] "GET /xingrg/system/rest/query_items.html?_=1579573338725&table=menu&page=1&rows=20&categoryId=&key=%25E8%258A%2592%25E6%259E%259C HTTP/1.1" 200 3721
101.81.125.204 - - [21/Jan/2020:10:22:21 +0800] "GET /xingrg/index.html?sysBaseUrl=http%3A%2F%2F117.131.15.22%3A18081%2Fxingrg%2F&costTime=10×tamp=1570860225636 HTTP/1.1" 302 -
101.81.125.204 - - [21/Jan/2020:10:22:21 +0800] "GET /xingrg/login.html HTTP/1.1" 200 7639
42.236.10.84 - - [21/Jan/2020:10:22:22 +0800] "GET /xingrg/javascript/mobile/jquery.mobile-1.3.2.min.css HTTP/1.1" 200 94670
42.236.10.78 - - [21/Jan/2020:10:22:22 +0800] "GET /xingrg/javascript/mobile/jquery-1.8.3.min.js HTTP/1.1" 200 93637
42.236.10.84 - - [21/Jan/2020:10:22:22 +0800] "GET /xingrg/javascript/mobile/jquery.mobile-1.3.2.min.js HTTP/1.1" 200 145396
101.81.125.204 - - [21/Jan/2020:10:22:22 +0800] "GET /xingrg/system/rest/get_item.html?table=menu&id=2053&_=1579573340151 HTTP/1.1" 200 939
101.81.125.204 - - [21/Jan/2020:10:22:22 +0800] "GET /xingrg/system/rest/get_item.html?table=menu&target=cook_mode&id=2053&_=1579573340167 HTTP/1.1" 200 6751
101.81.125.204 - - [21/Jan/2020:10:22:22 +0800] "GET /xingrg/system/rest/get_item.html?table=menu&target=menu_rest&id=2053&_=1579573340167 HTTP/1.1" 200 455
101.81.125.204 - - [21/Jan/2020:10:22:23 +0800] "GET /xingrg/system/rest/get_infos.html?command=menu_img_show&id=2053 HTTP/1.1" 200 5
101.81.125.204 - - [21/Jan/2020:10:22:23 +0800] "GET /xingrg/images/blue/jxLogo.png HTTP/1.1" 304 -
101.81.125.204 - - [21/Jan/2020:10:22:23 +0800] "GET /xingrg/images/blue/hj.png HTTP/1.1" 200 1014
101.81.125.204 - - [21/Jan/2020:10:22:23 +0800] "GET /xingrg/images/blue/login_bg.png HTTP/1.1" 200 22101
101.81.125.204 - - [21/Jan/2020:10:22:23 +0800] "GET /xingrg/images/blue/srbg.png HTTP/1.1" 200 138
101.81.125.204 - - [21/Jan/2020:10:22:23 +0800] "GET /favicon.ico HTTP/1.1" 404 -
101.81.125.204 - - [21/Jan/2020:10:22:24 +0800] "GET /xingrg/system/rest/get_item.html?table=menu&target=menu_rest_detail&id=2053&sid=6&_=1579573341951 HTTP/1.1" 200 419
42.236.10.84 - - [21/Jan/2020:10:22:25 +0800] "GET /xingrg/javascript/mobile/images/ajax-loader.gif HTTP/1.1" 200 7825
101.81.125.204 - - [21/Jan/2020:10:22:25 +0800] "POST /xingrg/login.do HTTP/1.1" 302 -
101.81.125.204 - - [21/Jan/2020:10:22:25 +0800] "GET /xingrg/index.html?sysBaseUrl=http%3A%2F%2F117.131.15.22%3A18081%2Fxingrg%2F&costTime=34×tamp=1579573345373 HTTP/1.1" 200 17151
101.81.125.204 - - [21/Jan/2020:10:22:25 +0800] "GET /xingrg/javascript/jquery_easy_ui/themes/default/easyui.css HTTP/1.1" 304 -
101.81.125.204 - - [21/Jan/2020:10:22:25 +0800] "GET /xingrg/javascript/jquery_easy_ui/themes/icon.css HTTP/1.1" 304 -
101.81.125.204 - - [21/Jan/2020:10:22:25 +0800] "GET /xingrg/css/form.css HTTP/1.1" 304 -
101.81.125.204 - - [21/Jan/2020:10:22:25 +0800] "GET /xingrg/javascript/jquery-1.4.2.min.js HTTP/1.1" 304 -
101.81.125.204 - - [21/Jan/2020:10:22:25 +0800] "GET /xingrg/javascript/jquery_easy_ui/jquery.easyui.min.js HTTP/1.1" 304 -
101.81.125.204 - - [21/Jan/2020:10:22:25 +0800] "GET /xingrg/javascript/jquery_easy_ui/easyui-lang-zh_CN.js HTTP/1.1" 304 -
101.81.125.204 - - [21/Jan/2020:10:22:25 +0800] "GET /xingrg/javascript/jquery.form.js HTTP/1.1" 304 -
101.81.125.204 - - [21/Jan/2020:10:22:25 +0800] "GET /xingrg/javascript/jquery.utils.js HTTP/1.1" 304 -
101.81.125.204 - - [21/Jan/2020:10:22:25 +0800] "GET /xingrg/javascript/jquery.timers.js HTTP/1.1" 304 -
101.81.125.204 - - [21/Jan/2020:10:22:26 +0800] "GET /xingrg/images/blue/navBackgound.jpg HTTP/1.1" 304 -
101.81.125.204 - - [21/Jan/2020:10:22:26 +0800] "GET /xingrg/javascript/jquery_easy_ui/themes/icons/settle_new.png HTTP/1.1" 304 -
101.81.125.204 - - [21/Jan/2020:10:22:26 +0800] "GET /xingrg/images/blue/pingpu.png HTTP/1.1" 304 -
101.81.125.204 - - [21/Jan/2020:10:22:26 +0800] "GET /xingrg/javascript/jquery_easy_ui/themes/default/images/tabs_leftarrow.png HTTP/1.1" 304 -
101.81.125.204 - - [21/Jan/2020:10:22:26 +0800] "GET /xingrg/javascript/jquery_easy_ui/themes/default/images/tabs_rightarrow.png HTTP/1.1" 304 -
101.81.125.204 - - [21/Jan/2020:10:22:26 +0800] "POST /xingrg/all/common/load_tree.html?tree=area_rest_tree_json&manage=1 HTTP/1.1" 200 467
114.93.75.19 - - [21/Jan/2020:10:22:26 +0800] "GET /xingrg/check_reg.html?_=1579573344493 HTTP/1.1" 302 -
101.81.125.204 - - [21/Jan/2020:10:22:26 +0800] "GET /favicon.ico HTTP/1.1" 404 -
101.81.125.204 - - [21/Jan/2020:10:22:26 +0800] "GET /xingrg/javascript/jquery_easy_ui/themes/default/images/panel_tool_collapse.gif HTTP/1.1" 304 -
101.81.125.204 - - [21/Jan/2020:10:22:26 +0800] "GET /xingrg/javascript/jquery_easy_ui/themes/default/images/tree_arrows.gif HTTP/1.1" 304 -
101.81.125.204 - - [21/Jan/2020:10:22:26 +0800] "GET /xingrg/check_reg.html?_=1579572723264 HTTP/1.1" 200 22
101.81.125.204 - - [21/Jan/2020:10:22:26 +0800] "GET /xingrg/all/function/internal_message.html?_=1579572723262&CODE_STATE=count HTTP/1.1" 200 11
101.81.125.204 - - [21/Jan/2020:10:22:26 +0800] "POST /xingrg/load_menu.html HTTP/1.1" 200 5124
101.81.125.204 - - [21/Jan/2020:10:22:26 +0800] "GET /xingrg/javascript/jquery_easy_ui/themes/default/images/tree_folder_open.gif HTTP/1.1" 304 -
101.81.125.204 - - [21/Jan/2020:10:22:26 +0800] "GET /xingrg/javascript/jquery_easy_ui/themes/icons/search_new.png HTTP/1.1" 304 -
101.81.125.204 - - [21/Jan/2020:10:22:26 +0800] "GET /xingrg/javascript/jquery_easy_ui/themes/default/images/tree_folder.gif HTTP/1.1" 304 -
101.81.125.204 - - [21/Jan/2020:10:22:26 +0800] "GET /xingrg/javascript/jquery_easy_ui/themes/icons/storage_new.png HTTP/1.1" 304 -
101.81.125.204 - - [21/Jan/2020:10:22:26 +0800] "GET /xingrg/javascript/jquery_easy_ui/themes/icons/forms_new.png HTTP/1.1" 304 -
101.81.125.204 - - [21/Jan/2020:10:22:26 +0800] "GET /xingrg/javascript/jquery_easy_ui/themes/default/images/tree_file.gif HTTP/1.1" 304 -
114.88.159.93 - - [21/Jan/2020:10:22:27 +0800] "GET /xingrg/all/function/internal_message.html?_=1579573354821&CODE_STATE=getMsg HTTP/1.1" 200 27
101.81.125.204 - - [21/Jan/2020:10:22:28 +0800] "GET /xingrg/kc/buy/cgsh_order_operate.html?command=get_materiel&rest_code=00107&code=00101006006&supplier_code=00100010&order_time=2020-01-21 HTTP/1.1" 200 409
101.81.125.204 - - [21/Jan/2020:10:22:29 +0800] "GET /xingrg/javascript/jquery_easy_ui/themes/default/images/tabs_close.gif HTTP/1.1" 304 -
101.81.125.204 - - [21/Jan/2020:10:22:29 +0800] "GET /xingrg/css/site.css HTTP/1.1" 304 -
101.81.125.204 - - [21/Jan/2020:10:22:29 +0800] "GET /xingrg/css/base.css HTTP/1.1" 304 -
101.81.125.204 - - [21/Jan/2020:10:22:29 +0800] "GET /xingrg/javascript/jquery_tools/datebox.css HTTP/1.1" 304 -
101.81.125.204 - - [21/Jan/2020:10:22:29 +0800] "GET /xingrg/javascript/easyui/themes/icon.css HTTP/1.1" 304 -
101.81.125.204 - - [21/Jan/2020:10:22:29 +0800] "GET /xingrg/javascript/auto/jquery.autocomplete.css HTTP/1.1" 304 -
101.81.125.204 - - [21/Jan/2020:10:22:29 +0800] "GET /xingrg/javascript/easyui/themes/default/easyui.css HTTP/1.1" 304 -
101.81.125.204 - - [21/Jan/2020:10:22:29 +0800] "GET /xingrg/javascript/jquery_tools/fix.css HTTP/1.1" 304 -
101.81.125.204 - - [21/Jan/2020:10:22:29 +0800] "GET /xingrg/javascript/jquery_tools/table.css HTTP/1.1" 304 -
101.81.125.204 - - [21/Jan/2020:10:22:29 +0800] "GET /xingrg/javascript/jquery_tools/jquery.tools.min.js HTTP/1.1" 304 -
101.81.125.204 - - [21/Jan/2020:10:22:29 +0800] "GET /xingrg/javascript/jquery_tools/jquery.tools.extend.js HTTP/1.1" 304 -
101.81.125.204 - - [21/Jan/2020:10:22:29 +0800] "GET /xingrg/javascript/jquery_tools/jquery.tools.hotkey.js HTTP/1.1" 304 -
101.81.125.204 - - [21/Jan/2020:10:22:29 +0800] "GET /xingrg/javascript/jquery.cookie.js HTTP/1.1" 304 -
101.81.125.204 - - [21/Jan/2020:10:22:29 +0800] "GET /xingrg/javascript/jquery_tools/jquery.tools.table.js HTTP/1.1" 304 -
101.81.125.204 - - [21/Jan/2020:10:22:29 +0800] "GET /xingrg/javascript/auto/jquery.autocomplete.js HTTP/1.1" 304 -
101.81.125.204 - - [21/Jan/2020:10:22:29 +0800] "GET /xingrg/javascript/easyui/easyloader.js HTTP/1.1" 304 -
101.81.125.204 - - [21/Jan/2020:10:22:29 +0800] "GET /xingrg/javascript/print/LodopFuncs.js HTTP/1.1" 304 -
101.81.125.204 - - [21/Jan/2020:10:22:29 +0800] "GET /xingrg/kc/buy/cgsh_order_list.html HTTP/1.1" 200 42027
101.81.125.204 - - [21/Jan/2020:10:22:29 +0800] "GET /xingrg/javascript/jquery_tools/list_manager.js HTTP/1.1" 304 -
101.81.125.204 - - [21/Jan/2020:10:22:29 +0800] "POST /xingrg/system/rest/edit_item.html HTTP/1.1" 200 4
101.81.125.204 - - [21/Jan/2020:10:22:29 +0800] "GET /xingrg/system/rest/get_item.html?table=menu&target=menu_rest&id=2053&_=1579573346497 HTTP/1.1" 200 455
116.224.233.159 - - [21/Jan/2020:10:22:29 +0800] "GET /xingrg/all/function/internal_message.html?_=1579573507794&CODE_STATE=getMsg HTTP/1.1" 200 27
116.238.35.243 - - [21/Jan/2020:10:22:30 +0800] "GET /xingrg/all/function/internal_message.html?_=1579573350967&CODE_STATE=getMsg HTTP/1.1" 200 27
101.81.125.204 - - [21/Jan/2020:10:22:31 +0800] "GET /xingrg/javascript/easyui/themes/icons/edit_add_new.png HTTP/1.1" 304 -
101.81.125.204 - - [21/Jan/2020:10:22:31 +0800] "GET /xingrg/javascript/easyui/themes/icons/cance_new.png HTTP/1.1" 304 -
101.81.125.204 - - [21/Jan/2020:10:22:31 +0800] "GET /xingrg/javascript/easyui/themes/icons/check_new.png HTTP/1.1" 304 -
101.81.125.204 - - [21/Jan/2020:10:22:31 +0800] "GET /xingrg/javascript/easyui/themes/icons/field_new.png HTTP/1.1" 304 -
101.81.125.204 - - [21/Jan/2020:10:22:31 +0800] "GET /xingrg/javascript/easyui/themes/icons/import_new.png HTTP/1.1" 304 -
101.81.125.204 - - [21/Jan/2020:10:22:31 +0800] "GET /xingrg/javascript/easyui/plugins/jquery.parser.js HTTP/1.1" 304 -
101.81.125.204 - - [21/Jan/2020:10:22:31 +0800] "GET /xingrg/images/control/ajaxLoader.gif HTTP/1.1" 304 -
101.81.125.204 - - [21/Jan/2020:10:22:31 +0800] "GET /xingrg/javascript/jquery_easy_ui/themes/icons/area.png HTTP/1.1" 304 -
101.81.125.204 - - [21/Jan/2020:10:22:31 +0800] "GET /xingrg/javascript/jquery_easy_ui/themes/icons/rest.png HTTP/1.1" 304 -
101.81.125.204 - - [21/Jan/2020:10:22:31 +0800] "POST /xingrg/kc/buy/cgsh_list_operate.html HTTP/1.1" 200 2386
180.162.232.172 - - [21/Jan/2020:10:22:31 +0800] "GET /xingrg/all/function/internal_message.html?_=1579573459275&CODE_STATE=getMsg HTTP/1.1" 200 27
101.81.125.204 - - [21/Jan/2020:10:22:32 +0800] "GET /xingrg/javascript/easyui/themes/default/images/button_plain_hover.png HTTP/1.1" 304 -
101.81.125.204 - - [21/Jan/2020:10:22:32 +0800] "GET /xingrg/javascript/easyui/themes/default/images/button_plain_hover.png HTTP/1.1" 304 -
101.81.125.204 - - [21/Jan/2020:10:22:32 +0800] "GET /xingrg/javascript/pic_change.js HTTP/1.1" 304 -
101.81.125.204 - - [21/Jan/2020:10:22:32 +0800] "GET /xingrg/javascript/jquery_tools/order_manager.js HTTP/1.1" 304 -
101.81.125.204 - - [21/Jan/2020:10:22:32 +0800] "GET /xingrg/javascript/convert.js HTTP/1.1" 304 -
101.81.125.204 - - [21/Jan/2020:10:22:32 +0800] "GET /xingrg/javascript/print/kc_print.js HTTP/1.1" 304 -
101.81.125.204 - - [21/Jan/2020:10:22:32 +0800] "GET /xingrg/javascript/json2.js HTTP/1.1" 304 -
101.81.125.204 - - [21/Jan/2020:10:22:33 +0800] "GET /xingrg/javascript/easyui/themes/icons/copy_new.png HTTP/1.1" 304 -
101.81.125.204 - - [21/Jan/2020:10:22:33 +0800] "GET /xingrg/javascript/easyui/themes/icons/template_new.png HTTP/1.1" 304 -
101.81.125.204 - - [21/Jan/2020:10:22:33 +0800] "GET /xingrg/javascript/easyui/themes/icons/ok.png HTTP/1.1" 304 -
101.81.125.204 - - [21/Jan/2020:10:22:33 +0800] "GET /xingrg/javascript/easyui/themes/icons/print.png HTTP/1.1" 304 -
101.81.125.204 - - [21/Jan/2020:10:22:33 +0800] "GET /xingrg/javascript/easyui/themes/default/images/menu_downarrow.png HTTP/1.1" 304 -
101.81.125.204 - - [21/Jan/2020:10:22:33 +0800] "GET /xingrg/words/20200119115455_words.js HTTP/1.1" 304 -
101.81.125.204 - - [21/Jan/2020:10:22:33 +0800] "GET /xingrg/javascript/easyui/themes/icons/cancel.png HTTP/1.1" 304 -
114.93.75.19 - - [21/Jan/2020:10:22:33 +0800] "GET /xingrg/all/function/internal_message.html?_=1579573258313&CODE_STATE=getMsg HTTP/1.1" 200 27
101.81.125.204 - - [21/Jan/2020:10:22:34 +0800] "GET /xingrg/kc/buy/cgsh_order_add.html HTTP/1.1" 200 58093
101.81.125.204 - - [21/Jan/2020:10:22:34 +0800] "GET /xingrg/all/common/auto_word.html?type=employee&rest_code=00107 HTTP/1.1" 200 197
101.81.125.204 - - [21/Jan/2020:10:22:34 +0800] "GET /xingrg/all/common/auto_word.html?type=employee&rest_code=00107 HTTP/1.1" 200 197
101.81.125.204 - - [21/Jan/2020:10:22:34 +0800] "POST /xingrg/kc/buy/cgsh_order_operate.html HTTP/1.1" 200 8245
101.81.125.204 - - [21/Jan/2020:10:22:34 +0800] "GET /xingrg/javascript/easyui/themes/icons/edit_remove.png HTTP/1.1" 304 -
101.81.125.204 - - [21/Jan/2020:10:22:34 +0800] "GET /xingrg/javascript/easyui/themes/default/validatebox.css HTTP/1.1" 404 1104
101.81.125.204 - - [21/Jan/2020:10:22:34 +0800] "GET /xingrg/javascript/easyui/plugins/jquery.validatebox.js HTTP/1.1" 304 -
101.81.125.204 - - [21/Jan/2020:10:22:34 +0800] "GET /xingrg/javascript/easyui/plugins/jquery.numberbox.js HTTP/1.1" 304 -
114.88.170.138 - - [21/Jan/2020:10:22:34 +0800] "GET /xingrg/all/function/internal_message.html?_=1579573583650&CODE_STATE=getMsg HTTP/1.1" 200 27
117.131.5.26 - - [21/Jan/2020:10:22:35 +0800] "GET /xingrg/all/function/internal_message.html?_=1579573682116&CODE_STATE=getMsg HTTP/1.1" 200 27
180.157.252.250 - - [21/Jan/2020:10:22:36 +0800] "GET /xingrg/all/function/internal_message.html?_=1579573353613&CODE_STATE=getMsg HTTP/1.1" 200 27
101.81.125.204 - - [21/Jan/2020:10:22:37 +0800] "GET /xingrg/javascript/auto/indicator.gif HTTP/1.1" 404 1066
101.81.125.204 - - [21/Jan/2020:10:22:37 +0800] "GET /xingrg/system/rest/query_items.html?_=1579573354474&table=menu&page=1&rows=20&categoryId=&key=%25E9%25BB%2584%25E9%2587%2591 HTTP/1.1" 200 4252
222.69.132.194 - - [21/Jan/2020:10:22:37 +0800] "GET /xingrg/kc/buy/cgsh_order_operate.html?command=get_materiel&rest_code=00149&code=00101002027&supplier_code=00100039&order_time=2020-01-21 HTTP/1.1" 200 433
124.77.241.94 - - [21/Jan/2020:10:22:39 +0800] "GET /xingrg/all/function/internal_message.html?_=1579573352024&CODE_STATE=getMsg HTTP/1.1" 200 27
58.221.95.50 - - [21/Jan/2020:10:22:40 +0800] "GET /xingrg/all/function/internal_message.html?_=1579573666755&CODE_STATE=getMsg HTTP/1.1" 200 27
101.81.125.204 - - [21/Jan/2020:10:22:41 +0800] "GET /xingrg/system/rest/query_items.html?_=1579573358466&table=menu&page=1&rows=20&categoryId=&key=%25E9%25BB%2584%25E9%2587%2591 HTTP/1.1" 200 4252
101.81.125.204 - - [21/Jan/2020:10:22:41 +0800] "GET /xingrg/system/rest/get_item.html?table=menu&id=2076&_=1579573359186 HTTP/1.1" 200 931
101.81.125.204 - - [21/Jan/2020:10:22:41 +0800] "GET /xingrg/system/rest/get_item.html?table=menu&target=menu_rest&id=2076&_=1579573359202 HTTP/1.1" 200 543
101.81.125.204 - - [21/Jan/2020:10:22:41 +0800] "GET /xingrg/system/rest/get_item.html?table=menu&target=cook_mode&id=2076&_=1579573359201 HTTP/1.1" 200 8848
101.81.125.204 - - [21/Jan/2020:10:22:42 +0800] "GET /xingrg/system/rest/get_infos.html?command=menu_img_show&id=2076 HTTP/1.1" 200 5
101.81.125.204 - - [21/Jan/2020:10:22:42 +0800] "GET /xingrg/kc/buy/cgsh_order_operate.html?command=get_materiel&rest_code=00107&code=00101006112&supplier_code=00100010&order_time=2020-01-21 HTTP/1.1" 200 409
117.184.7.30 - - [21/Jan/2020:10:22:44 +0800] "GET /xingrg/all/function/internal_message.html?_=1579573359646&CODE_STATE=getMsg HTTP/1.1" 200 27
101.81.125.204 - - [21/Jan/2020:10:22:44 +0800] "GET /xingrg/kc/buy/cgsh_order_operate.html?command=get_materiel&rest_code=00107&code=00101002027&supplier_code=00100199&order_time=2020-01-21 HTTP/1.1" 200 433
101.81.125.204 - - [21/Jan/2020:10:22:44 +0800] "GET /xingrg/system/rest/get_item.html?table=menu&target=menu_rest_detail&id=2076&sid=6&_=1579573362278 HTTP/1.1" 200 419
222.69.132.194 - - [21/Jan/2020:10:22:52 +0800] "GET /xingrg/kc/buy/cgsh_order_operate.html?command=get_materiel&rest_code=00149&code=00101002022&supplier_code=00100039&order_time=2020-01-21 HTTP/1.1" 200 409
101.81.125.204 - - [21/Jan/2020:10:22:53 +0800] "GET /xingrg/system/rest/query_items.html?_=1579573370960&table=menu&page=1&rows=20&categoryId=&key=%25E5%25A4%259A%25E5%25AE%259D HTTP/1.1" 200 1722
101.81.125.204 - - [21/Jan/2020:10:22:54 +0800] "GET /xingrg/system/rest/query_items.html?_=1579573371976&table=menu&page=1&rows=20&categoryId=&key=%25E5%25A4%259A%25E5%25AE%259D HTTP/1.1" 200 1722
101.81.125.204 - - [21/Jan/2020:10:22:54 +0800] "GET /xingrg/kc/buy/cgsh_order_operate.html?command=get_materiel&rest_code=00107&code=00101001044&supplier_code=00100199&order_time=2020-01-21 HTTP/1.1" 200 409
101.81.125.204 - - [21/Jan/2020:10:22:55 +0800] "GET /xingrg/system/rest/get_item.html?table=menu&id=1934&_=1579573372472 HTTP/1.1" 200 963
101.81.125.204 - - [21/Jan/2020:10:22:55 +0800] "GET /xingrg/system/rest/get_item.html?table=menu&target=menu_rest&id=1934&_=1579573372490 HTTP/1.1" 200 849
101.81.125.204 - - [21/Jan/2020:10:22:55 +0800] "GET /xingrg/system/rest/get_item.html?table=menu&target=cook_mode&id=1934&_=1579573372488 HTTP/1.1" 200 16558
101.81.125.204 - - [21/Jan/2020:10:22:55 +0800] "GET /xingrg/system/rest/get_infos.html?command=menu_img_show&id=1934 HTTP/1.1" 200 5
101.81.125.204 - - [21/Jan/2020:10:22:57 +0800] "GET /xingrg/system/rest/get_item.html?table=menu&target=menu_rest_detail&id=1934&sid=6&_=1579573374850 HTTP/1.1" 200 419
114.93.75.19 - - [21/Jan/2020:10:22:57 +0800] "GET /favicon.ico HTTP/1.1" 404 -
101.81.125.204 - - [21/Jan/2020:10:23:02 +0800] "POST /xingrg/system/rest/edit_item.html HTTP/1.1" 200 4
