58.40.7.146 - - [21/Jan/2020:09:18:04 +0800] "GET /xingrg/all/report/report_query.html?isQuery=1&onlyBody=1&rh=99999&rw=1800&varString=start:20200120,cost_id:2484,mid:20200101&fileName=kc/base/crk_hz_type_by_base.xml&queryString=%20m.sort_code%20in%20('00101001','00101002','00101003','00101004','00101005','00101006','00101007','00101008','00101009','00101010','00101011','00101012','00101013','00101014','00101015','00101016','00101017','00101018','00101019','00101020','00101021','00101022','00101023','00101024','00101025','00101026','00101027','00101028','00101029','00101030','00101031','00101032','00101033','00101034','00101036','00101037','00101038','00101039')%20&queryText=ÈÕÆÚ£º2020-01-20ÖÁ2020-01-20&tableQueryString=materiel_table$sp1$$sp$before_table$sp1$$sp$crk_table$sp1$order_day%20between%2020200120%20and%2020200120 HTTP/1.1" 200 49770
58.40.7.146 - - [21/Jan/2020:09:18:04 +0800] "GET /xingrg/javascript/Calendar.js HTTP/1.1" 200 31561
58.40.7.146 - - [21/Jan/2020:09:18:04 +0800] "GET /xingrg/dwr/util.js HTTP/1.1" 200 35990
58.40.7.146 - - [21/Jan/2020:09:18:04 +0800] "GET /xingrg/dwr/engine.js HTTP/1.1" 200 43631
58.40.7.146 - - [21/Jan/2020:09:18:04 +0800] "GET /xingrg/images/blue/button/advanceover.gif HTTP/1.1" 200 1347
58.40.7.146 - - [21/Jan/2020:09:18:04 +0800] "GET /xingrg/images/blue/button/advance2over.gif HTTP/1.1" 200 1336
58.40.7.146 - - [21/Jan/2020:09:18:04 +0800] "GET /xingrg/images/blue/button/back2over.gif HTTP/1.1" 200 1335
58.40.7.146 - - [21/Jan/2020:09:18:04 +0800] "GET /xingrg/images/blue/button/backover.gif HTTP/1.1" 200 1348
58.40.7.146 - - [21/Jan/2020:09:18:04 +0800] "GET /xingrg/javascript/jquery_easy_ui/themes/icons/help.png HTTP/1.1" 200 1187
58.40.7.146 - - [21/Jan/2020:09:18:04 +0800] "GET /xingrg/images/control/loading.gif HTTP/1.1" 200 13463
117.131.5.26 - - [21/Jan/2020:09:18:05 +0800] "GET /xingrg/all/function/internal_message.html?_=1579569490518&CODE_STATE=getMsg HTTP/1.1" 200 27
58.40.7.146 - - [21/Jan/2020:09:18:09 +0800] "POST /xingrg/all/report/load_report_page.html HTTP/1.1" 200 380616
58.40.7.146 - - [21/Jan/2020:09:18:10 +0800] "GET /xingrg/servlets/image?cache=0.9351943449113179&image=px HTTP/1.1" 200 807
116.238.35.243 - - [21/Jan/2020:09:18:11 +0800] "GET /xingrg/kc/buy/cgsh_order_operate.html?command=get_materiel&rest_code=00105&code=00101008223&supplier_code=00100005&order_time=2020-01-21 HTTP/1.1" 200 412
120.253.135.82 - - [21/Jan/2020:09:18:11 +0800] "GET /xingrg/check_reg.html?_=1579569623389 HTTP/1.1" 200 22
120.253.135.82 - - [21/Jan/2020:09:18:12 +0800] "GET /xingrg/all/function/internal_message.html?_=1579569624056&CODE_STATE=getMsg HTTP/1.1" 200 27
58.40.7.146 - - [21/Jan/2020:09:18:13 +0800] "GET /xingrg/all/report/report_query.html?isQuery=1&fileName=kc/base/crk_detail_by_small.xml&rh=99999&queryString=&queryText=%25E3%2580%2590%25E4%25BB%2593%25E5%25BA%2593%25E5%2590%258D%25E7%25A7%25B0%253A%25E9%25A4%2590%25E9%25A5%25AE%25E5%258E%25A8%25E6%2588%25BF%25E9%2583%25A8%25E3%2580%2591%25E3%2580%2590%25E4%25B8%259A%25E5%258A%25A1%25E7%25B1%25BB%25E5%259E%258B%25EF%25BC%259A%25E9%2587%2587%25E8%25B4%25AD%25E5%2585%25A5%25E5%25BA%2593%25E3%2580%2591%2520%253F%253F%253F%253F%253F2020-01-20%253F%253F2020-01-20&tableQueryString=crk_table%2524sp1%2524order_day%2520between%252020200120%2520and%252020200120%2520and%2520(base_code%253D'0010610')%2520and%2520(src_order_type%2520in%2520(21))%2520and%2520(is_rk%2520in%2520(1)) HTTP/1.1" 200 53744
58.40.7.146 - - [21/Jan/2020:09:18:13 +0800] "GET /xingrg/dwr/interface/AjaxReportQueryService.js HTTP/1.1" 200 13203
58.40.7.146 - - [21/Jan/2020:09:18:14 +0800] "GET /xingrg/dwr/engine.js HTTP/1.1" 200 43631
58.40.7.146 - - [21/Jan/2020:09:18:14 +0800] "GET /xingrg/javascript/jquery_easy_ui/themes/icons/pencil.png HTTP/1.1" 200 713
58.40.7.146 - - [21/Jan/2020:09:18:14 +0800] "GET /xingrg/javascript/jquery_easy_ui/themes/default/images/menu_rightarrow.png HTTP/1.1" 200 3617
58.40.7.146 - - [21/Jan/2020:09:18:15 +0800] "POST /xingrg/all/report/load_report_page.html HTTP/1.1" 200 37881
58.40.7.146 - - [21/Jan/2020:09:18:15 +0800] "GET /xingrg/servlets/image?cache=0.7655976941832443&image=px HTTP/1.1" 200 807
222.69.132.194 - - [21/Jan/2020:09:18:16 +0800] "GET /xingrg/all/function/internal_message.html?_=1579569492928&CODE_STATE=getMsg HTTP/1.1" 200 27
58.40.7.146 - - [21/Jan/2020:09:18:19 +0800] "GET /xingrg/javascript/jquery_easy_ui/themes/default/images/tabs_active.png HTTP/1.1" 200 2894
116.224.233.159 - - [21/Jan/2020:09:18:23 +0800] "GET /xingrg/all/function/internal_message.html?_=1579569661417&CODE_STATE=getMsg HTTP/1.1" 200 27
114.88.159.93 - - [21/Jan/2020:09:18:29 +0800] "GET /xingrg/all/function/internal_message.html?_=1579569516358&CODE_STATE=getMsg HTTP/1.1" 200 27
116.238.35.243 - - [21/Jan/2020:09:18:32 +0800] "GET /xingrg/all/function/internal_message.html?_=1579569512412&CODE_STATE=getMsg HTTP/1.1" 200 27
120.253.135.82 - - [21/Jan/2020:09:18:38 +0800] "GET /xingrg/all/function/internal_message.html?_=1579569259014&CODE_STATE=getMsg HTTP/1.1" 200 27
58.221.95.50 - - [21/Jan/2020:09:18:41 +0800] "GET /xingrg/all/function/internal_message.html?_=1579569827636&CODE_STATE=getMsg HTTP/1.1" 200 27
180.162.232.172 - - [21/Jan/2020:09:18:44 +0800] "GET /xingrg/all/function/internal_message.html?_=1579569632367&CODE_STATE=getMsg HTTP/1.1" 200 27
116.238.35.243 - - [21/Jan/2020:09:18:44 +0800] "GET /xingrg/kc/buy/cgsh_order_operate.html?command=get_materiel&rest_code=00105&code=00101008114&supplier_code=00100005&order_time=2020-01-21 HTTP/1.1" 200 412
117.184.7.26 - - [21/Jan/2020:09:18:45 +0800] "GET /favicon.ico HTTP/1.1" 404 -
172.17.2.150 - - [21/Jan/2020:09:18:46 +0800] "GET /xingrg/all/function/internal_message.html?_=1579569520530&CODE_STATE=getMsg HTTP/1.1" 200 27
222.69.132.194 - - [21/Jan/2020:09:18:47 +0800] "GET /xingrg/kc/buy/cgsh_order_operate.html?command=get_materiel&rest_code=00149&code=00101008131&supplier_code=00100008&order_time=2020-01-21 HTTP/1.1" 200 408
116.238.35.243 - - [21/Jan/2020:09:18:48 +0800] "POST /xingrg/kc/buy/cgsh_order_operate.html HTTP/1.1" 200 2065
116.238.35.243 - - [21/Jan/2020:09:18:51 +0800] "POST /xingrg/kc/buy/cgsh_order_operate.html HTTP/1.1" 200 2065
114.93.75.19 - - [21/Jan/2020:09:18:53 +0800] "GET /xingrg/all/function/internal_message.html?_=1579569438393&CODE_STATE=getMsg HTTP/1.1" 200 27
58.40.7.146 - - [21/Jan/2020:09:18:56 +0800] "GET /xingrg/all/function/internal_message.html?_=1579569535511&CODE_STATE=getMsg HTTP/1.1" 200 27
116.238.35.243 - - [21/Jan/2020:09:18:57 +0800] "GET /xingrg/kc/buy/cgsh_order_operate.html?command=get_materiel&rest_code=00105&code=00101008236&supplier_code=00100005&order_time=2020-01-21 HTTP/1.1" 200 416
124.77.241.94 - - [21/Jan/2020:09:18:58 +0800] "GET /xingrg/all/function/internal_message.html?_=1579569553266&CODE_STATE=getMsg HTTP/1.1" 200 27
222.69.132.194 - - [21/Jan/2020:09:19:01 +0800] "GET /xingrg/kc/buy/cgsh_order_operate.html?command=get_materiel&rest_code=00149&code=00101008296&supplier_code=00100008&order_time=2020-01-21 HTTP/1.1" 200 416
117.131.5.26 - - [21/Jan/2020:09:19:03 +0800] "GET /xingrg/all/function/internal_message.html?_=1579569758341&CODE_STATE=getMsg HTTP/1.1" 200 27
117.131.5.26 - - [21/Jan/2020:09:19:05 +0800] "GET /xingrg/all/function/internal_message.html?_=1579569550518&CODE_STATE=getMsg HTTP/1.1" 200 27
222.69.132.194 - - [21/Jan/2020:09:19:08 +0800] "GET /xingrg/kc/buy/cgsh_order_operate.html?command=get_materiel&rest_code=00149&code=00101008169&supplier_code=00100008&order_time=2020-01-21 HTTP/1.1" 200 412
120.253.135.82 - - [21/Jan/2020:09:19:12 +0800] "GET /xingrg/all/function/internal_message.html?_=1579569684069&CODE_STATE=getMsg HTTP/1.1" 200 27
116.238.35.243 - - [21/Jan/2020:09:19:12 +0800] "GET /xingrg/kc/buy/cgsh_order_operate.html?command=get_materiel&rest_code=00105&code=00101008168&supplier_code=00100005&order_time=2020-01-21 HTTP/1.1" 200 412
222.69.132.194 - - [21/Jan/2020:09:19:13 +0800] "POST /xingrg/kc/buy/cgsh_order_operate.html HTTP/1.1" 200 2065
116.238.181.252 - - [21/Jan/2020:09:19:15 +0800] "GET /xingrg/check_reg.html?_=1579569556258 HTTP/1.1" 200 22
222.69.132.194 - - [21/Jan/2020:09:19:16 +0800] "GET /xingrg/all/function/internal_message.html?_=1579569552989&CODE_STATE=getMsg HTTP/1.1" 200 27
222.69.132.194 - - [21/Jan/2020:09:19:16 +0800] "GET /xingrg/check_reg.html?_=1579569552993 HTTP/1.1" 200 22
116.238.35.243 - - [21/Jan/2020:09:19:17 +0800] "GET /xingrg/kc/buy/cgsh_order_operate.html?command=get_materiel&rest_code=00105&code=00101020152&supplier_code=00100005&order_time=2020-01-21 HTTP/1.1" 200 416
222.69.132.194 - - [21/Jan/2020:09:19:19 +0800] "GET /xingrg/kc/buy/cgsh_order_operate.html?command=get_materiel&rest_code=00149&code=00101008352&supplier_code=00100008&order_time=2020-01-21 HTTP/1.1" 200 412
116.224.233.159 - - [21/Jan/2020:09:19:23 +0800] "GET /xingrg/all/function/internal_message.html?_=1579569721441&CODE_STATE=getMsg HTTP/1.1" 200 27
116.238.35.243 - - [21/Jan/2020:09:19:28 +0800] "GET /xingrg/kc/buy/cgsh_order_operate.html?command=get_materiel&rest_code=00105&code=00101008261&supplier_code=00100005&order_time=2020-01-21 HTTP/1.1" 200 408
114.88.159.93 - - [21/Jan/2020:09:19:29 +0800] "GET /xingrg/all/function/internal_message.html?_=1579569576335&CODE_STATE=getMsg HTTP/1.1" 200 27
222.69.132.194 - - [21/Jan/2020:09:19:31 +0800] "GET /xingrg/kc/buy/cgsh_order_operate.html?command=get_materiel&rest_code=00149&code=00101008098&supplier_code=00100008&order_time=2020-01-21 HTTP/1.1" 200 412
116.238.35.243 - - [21/Jan/2020:09:19:32 +0800] "GET /xingrg/all/function/internal_message.html?_=1579569572381&CODE_STATE=getMsg HTTP/1.1" 200 27
120.253.135.82 - - [21/Jan/2020:09:19:38 +0800] "GET /xingrg/all/function/internal_message.html?_=1579569319042&CODE_STATE=getMsg HTTP/1.1" 200 27
58.221.95.50 - - [21/Jan/2020:09:19:41 +0800] "GET /xingrg/all/function/internal_message.html?_=1579569887614&CODE_STATE=getMsg HTTP/1.1" 200 27
180.162.232.172 - - [21/Jan/2020:09:19:43 +0800] "GET /xingrg/check_reg.html?_=1579569691474 HTTP/1.1" 200 22
222.69.132.194 - - [21/Jan/2020:09:19:43 +0800] "GET /xingrg/kc/buy/cgsh_order_operate.html?command=get_materiel&rest_code=00149&code=00101008271&supplier_code=00100008&order_time=2020-01-21 HTTP/1.1" 200 408
180.162.232.172 - - [21/Jan/2020:09:19:44 +0800] "GET /xingrg/all/function/internal_message.html?_=1579569692380&CODE_STATE=getMsg HTTP/1.1" 200 27
172.17.2.150 - - [21/Jan/2020:09:19:46 +0800] "GET /xingrg/check_reg.html?_=1579569580534 HTTP/1.1" 200 22
172.17.2.150 - - [21/Jan/2020:09:19:46 +0800] "GET /xingrg/all/function/internal_message.html?_=1579569580535&CODE_STATE=getMsg HTTP/1.1" 200 27
117.131.5.26 - - [21/Jan/2020:09:19:48 +0800] "GET /xingrg/check_reg.html?_=1579569804007 HTTP/1.1" 200 22
114.93.75.19 - - [21/Jan/2020:09:19:53 +0800] "GET /xingrg/all/function/internal_message.html?_=1579569498392&CODE_STATE=getMsg HTTP/1.1" 200 27
58.221.95.50 - - [21/Jan/2020:09:19:55 +0800] "GET /xingrg/check_reg.html?_=1579569901635 HTTP/1.1" 200 22
116.238.35.243 - - [21/Jan/2020:09:19:56 +0800] "GET /xingrg/kc/buy/cgsh_order_operate.html?command=get_materiel&rest_code=00105&code=00101008332&supplier_code=00100005&order_time=2020-01-21 HTTP/1.1" 200 412
58.40.7.146 - - [21/Jan/2020:09:19:56 +0800] "GET /xingrg/all/function/internal_message.html?_=1579569595485&CODE_STATE=getMsg HTTP/1.1" 200 27
222.69.132.194 - - [21/Jan/2020:09:19:56 +0800] "GET /xingrg/kc/buy/cgsh_order_operate.html?command=get_materiel&rest_code=00149&code=00101008353&supplier_code=00100008&order_time=2020-01-21 HTTP/1.1" 200 408
124.77.241.94 - - [21/Jan/2020:09:19:58 +0800] "GET /xingrg/all/function/internal_message.html?_=1579569613475&CODE_STATE=getMsg HTTP/1.1" 200 27
117.131.5.26 - - [21/Jan/2020:09:20:03 +0800] "GET /xingrg/all/function/internal_message.html?_=1579569818353&CODE_STATE=getMsg HTTP/1.1" 200 27
222.69.132.194 - - [21/Jan/2020:09:20:04 +0800] "GET /xingrg/kc/buy/cgsh_order_operate.html?command=get_materiel&rest_code=00149&code=00101008213&supplier_code=00100008&order_time=2020-01-21 HTTP/1.1" 200 412
116.238.35.243 - - [21/Jan/2020:09:20:04 +0800] "GET /xingrg/kc/buy/cgsh_order_operate.html?command=get_materiel&rest_code=00105&code=00101008246&supplier_code=00100005&order_time=2020-01-21 HTTP/1.1" 200 408
117.131.5.26 - - [21/Jan/2020:09:20:05 +0800] "GET /xingrg/all/function/internal_message.html?_=1579569610518&CODE_STATE=getMsg HTTP/1.1" 200 27
116.238.35.243 - - [21/Jan/2020:09:20:07 +0800] "POST /xingrg/kc/buy/cgsh_order_operate.html HTTP/1.1" 200 2065
116.238.35.243 - - [21/Jan/2020:09:20:08 +0800] "POST /xingrg/kc/buy/cgsh_order_operate.html HTTP/1.1" 200 2065
120.253.135.82 - - [21/Jan/2020:09:20:12 +0800] "GET /xingrg/all/function/internal_message.html?_=1579569744083&CODE_STATE=getMsg HTTP/1.1" 200 27
116.238.35.243 - - [21/Jan/2020:09:20:15 +0800] "GET /xingrg/kc/buy/cgsh_order_operate.html?command=get_materiel&rest_code=00105&code=00101008141&supplier_code=00100005&order_time=2020-01-21 HTTP/1.1" 200 412
222.69.132.194 - - [21/Jan/2020:09:20:15 +0800] "POST /xingrg/kc/buy/cgsh_order_operate.html HTTP/1.1" 200 2065
222.69.132.194 - - [21/Jan/2020:09:20:16 +0800] "GET /xingrg/all/function/internal_message.html?_=1579569612974&CODE_STATE=getMsg HTTP/1.1" 200 27
222.69.132.194 - - [21/Jan/2020:09:20:22 +0800] "GET /xingrg/kc/buy/cgsh_order_operate.html?command=get_materiel&rest_code=00149&code=00101008095&supplier_code=00100008&order_time=2020-01-21 HTTP/1.1" 200 412
116.238.35.243 - - [21/Jan/2020:09:20:22 +0800] "GET /xingrg/kc/buy/cgsh_order_operate.html?command=get_materiel&rest_code=00105&code=00101008087&supplier_code=00100005&order_time=2020-01-21 HTTP/1.1" 200 412
116.224.233.159 - - [21/Jan/2020:09:20:23 +0800] "GET /xingrg/check_reg.html?_=1579569780995 HTTP/1.1" 200 22
116.224.233.159 - - [21/Jan/2020:09:20:23 +0800] "GET /xingrg/all/function/internal_message.html?_=1579569781459&CODE_STATE=getMsg HTTP/1.1" 200 27
114.88.159.93 - - [21/Jan/2020:09:20:29 +0800] "GET /xingrg/all/function/internal_message.html?_=1579569636303&CODE_STATE=getMsg HTTP/1.1" 200 27
120.253.135.82 - - [21/Jan/2020:09:20:30 +0800] "GET /xingrg/check_reg.html?_=1579569692972 HTTP/1.1" 200 22
116.238.35.243 - - [21/Jan/2020:09:20:32 +0800] "GET /xingrg/all/function/internal_message.html?_=1579569632354&CODE_STATE=getMsg HTTP/1.1" 200 27
222.69.132.194 - - [21/Jan/2020:09:20:35 +0800] "GET /xingrg/kc/buy/cgsh_order_operate.html?command=get_materiel&rest_code=00149&code=00101008110&supplier_code=00100008&order_time=2020-01-21 HTTP/1.1" 200 409
116.238.35.243 - - [21/Jan/2020:09:20:36 +0800] "GET /xingrg/kc/buy/cgsh_order_operate.html?command=get_materiel&rest_code=00105&code=00101008118&supplier_code=00100005&order_time=2020-01-21 HTTP/1.1" 200 418
120.253.135.82 - - [21/Jan/2020:09:20:38 +0800] "GET /xingrg/check_reg.html?_=1579569378649 HTTP/1.1" 200 22
120.253.135.82 - - [21/Jan/2020:09:20:38 +0800] "GET /xingrg/all/function/internal_message.html?_=1579569379062&CODE_STATE=getMsg HTTP/1.1" 200 27
58.221.95.50 - - [21/Jan/2020:09:20:41 +0800] "GET /xingrg/all/function/internal_message.html?_=1579569947619&CODE_STATE=getMsg HTTP/1.1" 200 27
180.162.232.172 - - [21/Jan/2020:09:20:44 +0800] "GET /xingrg/all/function/internal_message.html?_=1579569752395&CODE_STATE=getMsg HTTP/1.1" 200 27
172.17.2.150 - - [21/Jan/2020:09:20:46 +0800] "GET /xingrg/all/function/internal_message.html?_=1579569640540&CODE_STATE=getMsg HTTP/1.1" 200 27
222.69.132.194 - - [21/Jan/2020:09:20:48 +0800] "GET /xingrg/kc/buy/cgsh_order_operate.html?command=get_materiel&rest_code=00149&code=00101008041&supplier_code=00100008&order_time=2020-01-21 HTTP/1.1" 200 408
114.93.75.19 - - [21/Jan/2020:09:20:53 +0800] "GET /xingrg/all/function/internal_message.html?_=1579569558391&CODE_STATE=getMsg HTTP/1.1" 200 27
58.40.7.146 - - [21/Jan/2020:09:20:56 +0800] "GET /xingrg/all/function/internal_message.html?_=1579569655457&CODE_STATE=getMsg HTTP/1.1" 200 27
116.238.35.243 - - [21/Jan/2020:09:20:57 +0800] "GET /xingrg/check_reg.html?_=1579569657775 HTTP/1.1" 200 22
116.238.35.243 - - [21/Jan/2020:09:21:01 +0800] "GET /xingrg/kc/buy/cgsh_order_operate.html?command=get_materiel&rest_code=00105&code=00101008213&supplier_code=00100005&order_time=2020-01-21 HTTP/1.1" 200 412
222.69.132.194 - - [21/Jan/2020:09:21:01 +0800] "GET /xingrg/kc/buy/cgsh_order_operate.html?command=get_materiel&rest_code=00149&code=00101008284&supplier_code=00100008&order_time=2020-01-21 HTTP/1.1" 200 431
114.88.159.93 - - [21/Jan/2020:09:21:02 +0800] "GET /xingrg/check_reg.html?_=1579569669587 HTTP/1.1" 200 22
117.131.5.26 - - [21/Jan/2020:09:21:03 +0800] "GET /xingrg/all/function/internal_message.html?_=1579569878368&CODE_STATE=getMsg HTTP/1.1" 200 27
117.131.5.26 - - [21/Jan/2020:09:21:05 +0800] "GET /xingrg/check_reg.html?_=1579569670456 HTTP/1.1" 200 22
117.131.5.26 - - [21/Jan/2020:09:21:05 +0800] "GET /xingrg/all/function/internal_message.html?_=1579569670518&CODE_STATE=getMsg HTTP/1.1" 200 27
222.69.132.194 - - [21/Jan/2020:09:21:09 +0800] "GET /xingrg/kc/buy/cgsh_order_operate.html?command=get_materiel&rest_code=00149&code=00101008114&supplier_code=00100008&order_time=2020-01-21 HTTP/1.1" 200 413
116.238.35.243 - - [21/Jan/2020:09:21:11 +0800] "GET /xingrg/kc/buy/cgsh_order_operate.html?command=get_materiel&rest_code=00105&code=00101008239&supplier_code=00100005&order_time=2020-01-21 HTTP/1.1" 200 416
120.253.135.82 - - [21/Jan/2020:09:21:12 +0800] "GET /xingrg/all/function/internal_message.html?_=1579569804098&CODE_STATE=getMsg HTTP/1.1" 200 27
222.69.132.194 - - [21/Jan/2020:09:21:12 +0800] "POST /xingrg/kc/buy/cgsh_order_operate.html HTTP/1.1" 200 2065
180.157.252.250 - - [21/Jan/2020:09:21:16 +0800] "GET /xingrg/login.html HTTP/1.1" 200 7639
222.69.132.194 - - [21/Jan/2020:09:21:16 +0800] "GET /xingrg/all/function/internal_message.html?_=1579569672955&CODE_STATE=getMsg HTTP/1.1" 200 27
180.157.252.250 - - [21/Jan/2020:09:21:17 +0800] "GET /favicon.ico HTTP/1.1" 404 -
180.157.252.250 - - [21/Jan/2020:09:21:18 +0800] "POST /xingrg/login.do HTTP/1.1" 302 -
180.157.252.250 - - [21/Jan/2020:09:21:18 +0800] "GET /xingrg/index.html?sysBaseUrl=http%3A%2F%2F117.131.15.22%3A18081%2Fxingrg%2F&costTime=34×tamp=1579569678746 HTTP/1.1" 200 17157
180.157.252.250 - - [21/Jan/2020:09:21:19 +0800] "GET /favicon.ico HTTP/1.1" 404 -
222.69.132.194 - - [21/Jan/2020:09:21:19 +0800] "GET /xingrg/kc/buy/cgsh_order_operate.html?command=get_materiel&rest_code=00149&code=00101015046&supplier_code=00100008&order_time=2020-01-21 HTTP/1.1" 200 412
180.157.252.250 - - [21/Jan/2020:09:21:19 +0800] "POST /xingrg/all/common/load_tree.html?tree=area_rest_tree_json&manage=1 HTTP/1.1" 200 351
180.157.252.250 - - [21/Jan/2020:09:21:19 +0800] "GET /xingrg/all/function/internal_message.html?_=1579569679784&CODE_STATE=count HTTP/1.1" 200 11
180.157.252.250 - - [21/Jan/2020:09:21:19 +0800] "GET /xingrg/check_reg.html?_=1579569679786 HTTP/1.1" 200 22
180.157.252.250 - - [21/Jan/2020:09:21:19 +0800] "POST /xingrg/load_menu.html HTTP/1.1" 200 5124
180.157.252.250 - - [21/Jan/2020:09:21:23 +0800] "GET /xingrg/kc/buy/cgsh_order_list.html HTTP/1.1" 200 42033
116.224.233.159 - - [21/Jan/2020:09:21:23 +0800] "GET /xingrg/all/function/internal_message.html?_=1579569841472&CODE_STATE=getMsg HTTP/1.1" 200 27
116.238.35.243 - - [21/Jan/2020:09:21:28 +0800] "POST /xingrg/kc/buy/cgsh_order_operate.html HTTP/1.1" 200 37
180.157.252.250 - - [21/Jan/2020:09:21:29 +0800] "POST /xingrg/kc/buy/cgsh_list_operate.html HTTP/1.1" 200 1690
222.69.132.194 - - [21/Jan/2020:09:21:29 +0800] "GET /xingrg/kc/buy/cgsh_order_operate.html?command=get_materiel&rest_code=00149&code=00101015024&supplier_code=00100008&order_time=2020-01-21 HTTP/1.1" 200 413
114.88.159.93 - - [21/Jan/2020:09:21:29 +0800] "GET /xingrg/all/function/internal_message.html?_=1579569696276&CODE_STATE=getMsg HTTP/1.1" 200 27
116.238.35.243 - - [21/Jan/2020:09:21:30 +0800] "POST /xingrg/kc/buy/cgsh_order_operate.html HTTP/1.1" 200 51176
116.238.35.243 - - [21/Jan/2020:09:21:32 +0800] "GET /xingrg/all/function/internal_message.html?_=1579569692499&CODE_STATE=getMsg HTTP/1.1" 200 27
180.157.252.250 - - [21/Jan/2020:09:21:36 +0800] "POST /xingrg/kc/buy/cgsh_list_operate.html HTTP/1.1" 200 575
180.157.252.250 - - [21/Jan/2020:09:21:37 +0800] "GET /xingrg/words/20200119115455_words.js HTTP/1.1" 304 -
180.157.252.250 - - [21/Jan/2020:09:21:37 +0800] "GET /xingrg/kc/buy/cgsh_order_info.html?code=212020012011025 HTTP/1.1" 200 57650
222.69.132.194 - - [21/Jan/2020:09:21:38 +0800] "GET /xingrg/kc/buy/cgsh_order_operate.html?command=get_materiel&rest_code=00149&code=00101015038&supplier_code=00100008&order_time=2020-01-21 HTTP/1.1" 200 418
180.157.252.250 - - [21/Jan/2020:09:21:38 +0800] "GET /xingrg/all/common/auto_word.html?type=employee&rest_code=00148 HTTP/1.1" 200 147
180.157.252.250 - - [21/Jan/2020:09:21:38 +0800] "GET /xingrg/all/common/auto_word.html?type=employee&rest_code=00148 HTTP/1.1" 200 147
180.157.252.250 - - [21/Jan/2020:09:21:38 +0800] "GET /xingrg/javascript/easyui/themes/default/validatebox.css HTTP/1.1" 404 1104
180.157.252.250 - - [21/Jan/2020:09:21:38 +0800] "POST /xingrg/kc/buy/cgsh_order_operate.html HTTP/1.1" 200 35744
120.253.135.82 - - [21/Jan/2020:09:21:38 +0800] "GET /xingrg/all/function/internal_message.html?_=1579569439078&CODE_STATE=getMsg HTTP/1.1" 200 27
116.237.241.170 - - [21/Jan/2020:09:21:40 +0800] "GET /xingrg/login.html HTTP/1.1" 200 7639
116.237.241.170 - - [21/Jan/2020:09:21:40 +0800] "GET /favicon.ico HTTP/1.1" 404 -
58.221.95.50 - - [21/Jan/2020:09:21:41 +0800] "GET /xingrg/all/function/internal_message.html?_=1579570007581&CODE_STATE=getMsg HTTP/1.1" 200 27
180.157.252.250 - - [21/Jan/2020:09:21:41 +0800] "POST /xingrg/kc/buy/cgsh_order_operate.html HTTP/1.1" 200 37
180.157.252.250 - - [21/Jan/2020:09:21:42 +0800] "POST /xingrg/kc/buy/cgsh_order_operate.html HTTP/1.1" 200 35744
180.162.232.172 - - [21/Jan/2020:09:21:44 +0800] "GET /xingrg/all/function/internal_message.html?_=1579569812408&CODE_STATE=getMsg HTTP/1.1" 200 27
172.17.2.150 - - [21/Jan/2020:09:21:46 +0800] "GET /xingrg/all/function/internal_message.html?_=1579569700543&CODE_STATE=getMsg HTTP/1.1" 200 27
180.157.252.250 - - [21/Jan/2020:09:21:48 +0800] "POST /xingrg/kc/buy/cgsh_list_operate.html HTTP/1.1" 200 2076
222.69.132.194 - - [21/Jan/2020:09:21:49 +0800] "GET /xingrg/kc/buy/cgsh_order_operate.html?command=get_materiel&rest_code=00149&code=00101008183&supplier_code=00100008&order_time=2020-01-21 HTTP/1.1" 200 413
180.157.252.250 - - [21/Jan/2020:09:21:51 +0800] "POST /xingrg/kc/buy/cgsh_list_operate.html HTTP/1.1" 200 575
114.93.75.19 - - [21/Jan/2020:09:21:53 +0800] "GET /xingrg/all/function/internal_message.html?_=1579569618417&CODE_STATE=getMsg HTTP/1.1" 200 27
114.93.75.19 - - [21/Jan/2020:09:21:53 +0800] "GET /xingrg/check_reg.html?_=1579569618419 HTTP/1.1" 200 22
180.157.252.250 - - [21/Jan/2020:09:21:54 +0800] "POST /xingrg/kc/buy/cgsh_list_operate.html HTTP/1.1" 200 4
58.40.7.146 - - [21/Jan/2020:09:21:56 +0800] "GET /xingrg/all/function/internal_message.html?_=1579569715427&CODE_STATE=getMsg HTTP/1.1" 200 27
180.157.252.250 - - [21/Jan/2020:09:21:56 +0800] "POST /xingrg/kc/buy/cgsh_list_operate.html HTTP/1.1" 200 1714
180.157.252.250 - - [21/Jan/2020:09:21:57 +0800] "POST /xingrg/kc/buy/cgsh_list_operate.html HTTP/1.1" 200 575
222.69.132.194 - - [21/Jan/2020:09:21:57 +0800] "GET /xingrg/kc/buy/cgsh_order_operate.html?command=get_materiel&rest_code=00149&code=00101008236&supplier_code=00100008&order_time=2020-01-21 HTTP/1.1" 200 416
180.157.252.250 - - [21/Jan/2020:09:21:59 +0800] "GET /xingrg/kc/buy/cgsh_order_info.html?code=212020012111033 HTTP/1.1" 200 57664
180.157.252.250 - - [21/Jan/2020:09:22:00 +0800] "GET /xingrg/javascript/easyui/themes/default/validatebox.css HTTP/1.1" 404 1104
180.157.252.250 - - [21/Jan/2020:09:22:01 +0800] "POST /xingrg/kc/buy/cgsh_order_operate.html HTTP/1.1" 200 35744
222.69.132.194 - - [21/Jan/2020:09:22:01 +0800] "POST /xingrg/kc/buy/cgsh_order_operate.html HTTP/1.1" 200 2065
117.131.5.26 - - [21/Jan/2020:09:22:03 +0800] "GET /xingrg/all/function/internal_message.html?_=1579569938397&CODE_STATE=getMsg HTTP/1.1" 200 27
180.157.252.250 - - [21/Jan/2020:09:22:03 +0800] "POST /xingrg/all/common/load_combo.html?type=employee HTTP/1.1" 200 271
222.69.132.194 - - [21/Jan/2020:09:22:05 +0800] "GET /xingrg/kc/buy/cgsh_order_operate.html?command=get_materiel&rest_code=00149&code=00101008312&supplier_code=00100008&order_time=2020-01-21 HTTP/1.1" 200 412
117.131.5.26 - - [21/Jan/2020:09:22:05 +0800] "GET /xingrg/all/function/internal_message.html?_=1579569730518&CODE_STATE=getMsg HTTP/1.1" 200 27
180.157.252.250 - - [21/Jan/2020:09:22:07 +0800] "POST /xingrg/kc/buy/cgsh_order_operate.html HTTP/1.1" 200 37
180.157.252.250 - - [21/Jan/2020:09:22:08 +0800] "POST /xingrg/kc/buy/cgsh_order_operate.html HTTP/1.1" 200 35744
120.253.135.82 - - [21/Jan/2020:09:22:12 +0800] "GET /xingrg/all/function/internal_message.html?_=1579569864110&CODE_STATE=getMsg HTTP/1.1" 200 27
180.157.252.250 - - [21/Jan/2020:09:22:12 +0800] "GET /xingrg/kc/buy/cgsh_order_list.html HTTP/1.1" 200 42033
180.157.252.250 - - [21/Jan/2020:09:22:15 +0800] "POST /xingrg/kc/buy/cgsh_list_operate.html HTTP/1.1" 200 1690
222.69.132.194 - - [21/Jan/2020:09:22:16 +0800] "GET /xingrg/all/function/internal_message.html?_=1579569732945&CODE_STATE=getMsg HTTP/1.1" 200 27
180.157.252.250 - - [21/Jan/2020:09:22:18 +0800] "GET /xingrg/kc/buy/cgsh_order_add.html HTTP/1.1" 200 57641
180.157.252.250 - - [21/Jan/2020:09:22:19 +0800] "GET /xingrg/javascript/easyui/themes/default/validatebox.css HTTP/1.1" 404 1104
180.157.252.250 - - [21/Jan/2020:09:22:19 +0800] "POST /xingrg/kc/buy/cgsh_order_operate.html HTTP/1.1" 200 8245
180.157.252.250 - - [21/Jan/2020:09:22:19 +0800] "GET /xingrg/all/function/internal_message.html?_=1579569739799&CODE_STATE=getMsg HTTP/1.1" 200 27
116.224.233.159 - - [21/Jan/2020:09:22:23 +0800] "GET /xingrg/all/function/internal_message.html?_=1579569901485&CODE_STATE=getMsg HTTP/1.1" 200 27
114.93.75.19 - - [21/Jan/2020:09:22:26 +0800] "GET /xingrg/check_reg.html?_=1579569744727 HTTP/1.1" 302 -
114.88.159.93 - - [21/Jan/2020:09:22:29 +0800] "GET /xingrg/all/function/internal_message.html?_=1579569756246&CODE_STATE=getMsg HTTP/1.1" 200 27
116.238.35.243 - - [21/Jan/2020:09:22:32 +0800] "GET /xingrg/all/function/internal_message.html?_=1579569752303&CODE_STATE=getMsg HTTP/1.1" 200 27
180.157.252.250 - - [21/Jan/2020:09:22:38 +0800] "GET /xingrg/javascript/auto/indicator.gif HTTP/1.1" 404 1066
180.157.252.250 - - [21/Jan/2020:09:22:39 +0800] "GET /xingrg/javascript/jquery_tools/images/prev.gif HTTP/1.1" 404 1086
180.157.252.250 - - [21/Jan/2020:09:22:39 +0800] "GET /xingrg/javascript/jquery_tools/images/next.gif HTTP/1.1" 404 1086
58.221.95.50 - - [21/Jan/2020:09:22:41 +0800] "GET /xingrg/all/function/internal_message.html?_=1579570067569&CODE_STATE=getMsg HTTP/1.1" 200 27
180.162.232.172 - - [21/Jan/2020:09:22:44 +0800] "GET /xingrg/all/function/internal_message.html?_=1579569872526&CODE_STATE=getMsg HTTP/1.1" 200 27
172.17.2.150 - - [21/Jan/2020:09:22:46 +0800] "GET /xingrg/all/function/internal_message.html?_=1579569760544&CODE_STATE=getMsg HTTP/1.1" 200 27
114.93.75.19 - - [21/Jan/2020:09:22:53 +0800] "GET /xingrg/all/function/internal_message.html?_=1579569678417&CODE_STATE=getMsg HTTP/1.1" 200 27
180.157.252.250 - - [21/Jan/2020:09:22:55 +0800] "GET /xingrg/kc/buy/cgsh_order_operate.html?command=get_materiel&rest_code=00148&code=00101006007&supplier_code=00100010&order_time=2020-01-21 HTTP/1.1" 200 417
58.40.7.146 - - [21/Jan/2020:09:22:56 +0800] "GET /xingrg/check_reg.html?_=1579569775417 HTTP/1.1" 200 22
58.40.7.146 - - [21/Jan/2020:09:22:56 +0800] "GET /xingrg/all/function/internal_message.html?_=1579569775419&CODE_STATE=getMsg HTTP/1.1" 200 27
117.131.5.26 - - [21/Jan/2020:09:23:03 +0800] "GET /xingrg/all/function/internal_message.html?_=1579569998427&CODE_STATE=getMsg HTTP/1.1" 200 27
180.157.252.250 - - [21/Jan/2020:09:23:05 +0800] "GET /xingrg/kc/buy/cgsh_order_operate.html?command=get_materiel&rest_code=00148&code=00101006123&supplier_code=00100010&order_time=2020-01-21 HTTP/1.1" 200 409
117.131.5.26 - - [21/Jan/2020:09:23:05 +0800] "GET /xingrg/all/function/internal_message.html?_=1579569790518&CODE_STATE=getMsg HTTP/1.1" 200 27
120.253.135.82 - - [21/Jan/2020:09:23:11 +0800] "GET /xingrg/check_reg.html?_=1579569923394 HTTP/1.1" 200 22
120.253.135.82 - - [21/Jan/2020:09:23:12 +0800] "GET /xingrg/all/function/internal_message.html?_=1579569924124&CODE_STATE=getMsg HTTP/1.1" 200 27
222.69.132.194 - - [21/Jan/2020:09:23:12 +0800] "POST /xingrg/kc/buy/cgsh_order_operate.html HTTP/1.1" 200 37
222.69.132.194 - - [21/Jan/2020:09:23:14 +0800] "POST /xingrg/kc/buy/cgsh_order_operate.html HTTP/1.1" 200 37545
222.69.132.194 - - [21/Jan/2020:09:23:16 +0800] "GET /xingrg/all/function/internal_message.html?_=1579569792937&CODE_STATE=getMsg HTTP/1.1" 200 27
180.157.252.250 - - [21/Jan/2020:09:23:19 +0800] "GET /xingrg/all/function/internal_message.html?_=1579569799796&CODE_STATE=getMsg HTTP/1.1" 200 27
180.157.252.250 - - [21/Jan/2020:09:23:21 +0800] "GET /xingrg/kc/buy/cgsh_order_operate.html?command=get_materiel&rest_code=00148&code=00101006184&supplier_code=00100010&order_time=2020-01-21 HTTP/1.1" 200 408
116.224.233.159 - - [21/Jan/2020:09:23:23 +0800] "GET /xingrg/all/function/internal_message.html?_=1579569961510&CODE_STATE=getMsg HTTP/1.1" 200 27
114.88.159.93 - - [21/Jan/2020:09:23:29 +0800] "GET /xingrg/all/function/internal_message.html?_=1579569816221&CODE_STATE=getMsg HTTP/1.1" 200 27
180.157.252.250 - - [21/Jan/2020:09:23:30 +0800] "GET /xingrg/kc/buy/cgsh_order_operate.html?command=get_materiel&rest_code=00148&code=00101006065&supplier_code=00100010&order_time=2020-01-21 HTTP/1.1" 200 409
116.238.35.243 - - [21/Jan/2020:09:23:32 +0800] "GET /xingrg/all/function/internal_message.html?_=1579569812300&CODE_STATE=getMsg HTTP/1.1" 200 27
180.157.252.250 - - [21/Jan/2020:09:23:35 +0800] "GET /xingrg/kc/buy/cgsh_order_operate.html?command=get_materiel&rest_code=00148&code=00101006115&supplier_code=00100010&order_time=2020-01-21 HTTP/1.1" 200 409
58.221.95.50 - - [21/Jan/2020:09:23:40 +0800] "GET /xingrg/all/function/internal_message.html?_=1579570127557&CODE_STATE=getMsg HTTP/1.1" 200 27
180.162.232.172 - - [21/Jan/2020:09:23:44 +0800] "GET /xingrg/all/function/internal_message.html?_=1579569932529&CODE_STATE=getMsg HTTP/1.1" 200 27
172.17.2.150 - - [21/Jan/2020:09:23:46 +0800] "GET /xingrg/all/function/internal_message.html?_=1579569820547&CODE_STATE=getMsg HTTP/1.1" 200 27
114.93.75.19 - - [21/Jan/2020:09:23:53 +0800] "GET /xingrg/all/function/internal_message.html?_=1579569738418&CODE_STATE=getMsg HTTP/1.1" 200 27
58.40.7.146 - - [21/Jan/2020:09:23:56 +0800] "GET /xingrg/all/function/internal_message.html?_=1579569835416&CODE_STATE=getMsg HTTP/1.1" 200 27
117.131.5.26 - - [21/Jan/2020:09:24:03 +0800] "GET /xingrg/all/function/internal_message.html?_=1579570058453&CODE_STATE=getMsg HTTP/1.1" 200 27
117.131.5.26 - - [21/Jan/2020:09:24:05 +0800] "GET /xingrg/all/function/internal_message.html?_=1579569850518&CODE_STATE=getMsg HTTP/1.1" 200 27
120.253.135.82 - - [21/Jan/2020:09:24:12 +0800] "GET /xingrg/all/function/internal_message.html?_=1579569984137&CODE_STATE=getMsg HTTP/1.1" 200 27
222.69.132.194 - - [21/Jan/2020:09:24:12 +0800] "POST /xingrg/kc/buy/cgsh_order_operate.html HTTP/1.1" 200 37
222.69.132.194 - - [21/Jan/2020:09:24:15 +0800] "POST /xingrg/kc/buy/cgsh_order_operate.html HTTP/1.1" 200 12
116.238.181.252 - - [21/Jan/2020:09:24:15 +0800] "GET /xingrg/check_reg.html?_=1579569856264 HTTP/1.1" 200 22
222.69.132.194 - - [21/Jan/2020:09:24:17 +0800] "GET /xingrg/check_reg.html?_=1579569854572 HTTP/1.1" 200 22
222.69.132.194 - - [21/Jan/2020:09:24:17 +0800] "GET /xingrg/all/function/internal_message.html?_=1579569854570&CODE_STATE=getMsg HTTP/1.1" 200 27
222.69.132.194 - - [21/Jan/2020:09:24:17 +0800] "GET /xingrg/kc/buy/cgsh_order_info.html?code=212020012111034 HTTP/1.1" 200 52508
116.224.233.159 - - [21/Jan/2020:09:24:18 +0800] "GET /xingrg/javascript/easyui/plugins/jquery.draggable.js HTTP/1.1" 304 -
116.224.233.159 - - [21/Jan/2020:09:24:18 +0800] "GET /xingrg/css/images/panel_loading.gif HTTP/1.1" 304 -
116.224.233.159 - - [21/Jan/2020:09:24:18 +0800] "GET /xingrg/javascript/easyui/plugins/jquery.droppable.js HTTP/1.1" 304 -
116.224.233.159 - - [21/Jan/2020:09:24:18 +0800] "GET /xingrg/javascript/easyui/themes/default/tree.css HTTP/1.1" 404 1090
116.224.233.159 - - [21/Jan/2020:09:24:18 +0800] "GET /xingrg/javascript/easyui/plugins/jquery.tree.js HTTP/1.1" 304 -
116.224.233.159 - - [21/Jan/2020:09:24:18 +0800] "POST /xingrg/all/common/load_tree.html?tree=supplier_tree_json&isDelete=1 HTTP/1.1" 200 46428
222.69.132.194 - - [21/Jan/2020:09:24:18 +0800] "GET /xingrg/javascript/easyui/themes/default/validatebox.css HTTP/1.1" 404 1104
222.69.132.194 - - [21/Jan/2020:09:24:18 +0800] "POST /xingrg/kc/buy/cgsh_order_operate.html HTTP/1.1" 200 35489
180.157.252.250 - - [21/Jan/2020:09:24:19 +0800] "GET /xingrg/all/function/internal_message.html?_=1579569859780&CODE_STATE=getMsg HTTP/1.1" 200 27
116.224.233.159 - - [21/Jan/2020:09:24:20 +0800] "GET /xingrg/javascript/easyui/themes/default/images/tree_arrows.gif HTTP/1.1" 304 -
116.224.233.159 - - [21/Jan/2020:09:24:20 +0800] "GET /xingrg/javascript/easyui/themes/default/images/tree_folder_open.gif HTTP/1.1" 304 -
116.224.233.159 - - [21/Jan/2020:09:24:20 +0800] "GET /xingrg/javascript/easyui/themes/default/images/tree_folder.gif HTTP/1.1" 304 -
116.224.233.159 - - [21/Jan/2020:09:24:20 +0800] "GET /xingrg/javascript/easyui/themes/default/images/tree_file.gif HTTP/1.1" 304 -
222.69.132.194 - - [21/Jan/2020:09:24:20 +0800] "GET /xingrg/kc/print/load_config.html?kc_code=cgsh HTTP/1.1" 200 1841
222.69.132.194 - - [21/Jan/2020:09:24:20 +0800] "GET /xingrg/kc/print/load_data.html?order_code=212020012111034&kc_code=cgsh&condition= HTTP/1.1" 200 13894
116.224.233.159 - - [21/Jan/2020:09:24:23 +0800] "GET /xingrg/all/function/internal_message.html?_=1579570021528&CODE_STATE=getMsg HTTP/1.1" 200 27
114.88.159.93 - - [21/Jan/2020:09:24:29 +0800] "GET /xingrg/all/function/internal_message.html?_=1579569876203&CODE_STATE=getMsg HTTP/1.1" 200 27
116.238.35.243 - - [21/Jan/2020:09:24:32 +0800] "GET /xingrg/all/function/internal_message.html?_=1579569872272&CODE_STATE=getMsg HTTP/1.1" 200 27
58.221.95.50 - - [21/Jan/2020:09:24:40 +0800] "GET /xingrg/all/function/internal_message.html?_=1579570187551&CODE_STATE=getMsg HTTP/1.1" 200 27
180.162.232.172 - - [21/Jan/2020:09:24:44 +0800] "GET /xingrg/check_reg.html?_=1579569991573 HTTP/1.1" 200 22
180.162.232.172 - - [21/Jan/2020:09:24:44 +0800] "GET /xingrg/all/function/internal_message.html?_=1579569992542&CODE_STATE=getMsg HTTP/1.1" 200 27
172.17.2.150 - - [21/Jan/2020:09:24:46 +0800] "GET /xingrg/check_reg.html?_=1579569880554 HTTP/1.1" 200 22
172.17.2.150 - - [21/Jan/2020:09:24:46 +0800] "GET /xingrg/all/function/internal_message.html?_=1579569880556&CODE_STATE=getMsg HTTP/1.1" 200 27
117.131.5.26 - - [21/Jan/2020:09:24:48 +0800] "GET /xingrg/check_reg.html?_=1579570104008 HTTP/1.1" 200 22
114.93.75.19 - - [21/Jan/2020:09:24:53 +0800] "GET /xingrg/all/function/internal_message.html?_=1579569798418&CODE_STATE=getMsg HTTP/1.1" 200 27
58.221.95.50 - - [21/Jan/2020:09:24:55 +0800] "GET /xingrg/check_reg.html?_=1579570201639 HTTP/1.1" 200 22
58.40.7.146 - - [21/Jan/2020:09:24:56 +0800] "GET /xingrg/all/function/internal_message.html?_=1579569895419&CODE_STATE=getMsg HTTP/1.1" 200 27
117.131.5.26 - - [21/Jan/2020:09:25:03 +0800] "GET /xingrg/all/function/internal_message.html?_=1579570118468&CODE_STATE=getMsg HTTP/1.1" 200 27
117.131.5.26 - - [21/Jan/2020:09:25:05 +0800] "GET /xingrg/all/function/internal_message.html?_=1579569910518&CODE_STATE=getMsg HTTP/1.1" 200 27
180.157.252.250 - - [21/Jan/2020:09:25:09 +0800] "GET /xingrg/kc/buy/cgsh_order_operate.html?command=get_materiel&rest_code=00148&code=00101006130&supplier_code=00100010&order_time=2020-01-21 HTTP/1.1" 200 427
120.253.135.82 - - [21/Jan/2020:09:25:12 +0800] "GET /xingrg/all/function/internal_message.html?_=1579570044152&CODE_STATE=getMsg HTTP/1.1" 200 27
58.40.7.146 - - [21/Jan/2020:09:25:16 +0800] "GET /xingrg/kc/report/report_main.html HTTP/1.1" 200 7337
222.69.132.194 - - [21/Jan/2020:09:25:17 +0800] "GET /xingrg/all/function/internal_message.html?_=1579569914550&CODE_STATE=getMsg HTTP/1.1" 200 27
180.157.252.250 - - [21/Jan/2020:09:25:19 +0800] "GET /xingrg/all/function/internal_message.html?_=1579569919795&CODE_STATE=getMsg HTTP/1.1" 200 27
58.40.7.146 - - [21/Jan/2020:09:25:21 +0800] "POST /xingrg/all/user/operate.html HTTP/1.1" 200 36
58.40.7.146 - - [21/Jan/2020:09:25:21 +0800] "GET /xingrg/index.html?sysBaseUrl=http%3A%2F%2F117.131.15.22%3A18081%2Fxingrg%2F&costTime=36×tamp=1579569467464 HTTP/1.1" 200 17481
58.40.7.146 - - [21/Jan/2020:09:25:21 +0800] "GET /xingrg/javascript/jquery_easy_ui/themes/default/easyui.css HTTP/1.1" 304 -
58.40.7.146 - - [21/Jan/2020:09:25:21 +0800] "GET /xingrg/javascript/jquery_easy_ui/themes/icon.css HTTP/1.1" 304 -
58.40.7.146 - - [21/Jan/2020:09:25:21 +0800] "GET /xingrg/css/form.css HTTP/1.1" 304 -
58.40.7.146 - - [21/Jan/2020:09:25:21 +0800] "GET /xingrg/javascript/jquery-1.4.2.min.js HTTP/1.1" 304 -
58.40.7.146 - - [21/Jan/2020:09:25:21 +0800] "GET /xingrg/javascript/jquery_easy_ui/jquery.easyui.min.js HTTP/1.1" 304 -
58.40.7.146 - - [21/Jan/2020:09:25:22 +0800] "GET /xingrg/javascript/jquery_easy_ui/easyui-lang-zh_CN.js HTTP/1.1" 304 -
58.40.7.146 - - [21/Jan/2020:09:25:22 +0800] "GET /xingrg/javascript/jquery.form.js HTTP/1.1" 304 -
58.40.7.146 - - [21/Jan/2020:09:25:22 +0800] "GET /xingrg/javascript/jquery.utils.js HTTP/1.1" 304 -
58.40.7.146 - - [21/Jan/2020:09:25:22 +0800] "GET /xingrg/javascript/jquery.timers.js HTTP/1.1" 304 -
58.40.7.146 - - [21/Jan/2020:09:25:22 +0800] "GET /xingrg/images/blue/jxLogo.png HTTP/1.1" 304 -
58.40.7.146 - - [21/Jan/2020:09:25:22 +0800] "GET /xingrg/images/blue/navBackgound.jpg HTTP/1.1" 304 -
58.40.7.146 - - [21/Jan/2020:09:25:22 +0800] "GET /xingrg/javascript/jquery_easy_ui/themes/icons/settle_new.png HTTP/1.1" 304 -
58.40.7.146 - - [21/Jan/2020:09:25:22 +0800] "POST /xingrg/all/common/load_tree.html?tree=area_rest_tree_json&manage=1 HTTP/1.1" 200 3079
58.40.7.146 - - [21/Jan/2020:09:25:22 +0800] "GET /xingrg/all/function/internal_message.html?_=1579569921217&CODE_STATE=count HTTP/1.1" 200 11
58.40.7.146 - - [21/Jan/2020:09:25:22 +0800] "GET /xingrg/check_reg.html?_=1579569921218 HTTP/1.1" 200 22
58.40.7.146 - - [21/Jan/2020:09:25:22 +0800] "GET /xingrg/javascript/jquery_easy_ui/themes/default/images/tabs_leftarrow.png HTTP/1.1" 304 -
58.40.7.146 - - [21/Jan/2020:09:25:22 +0800] "GET /xingrg/javascript/jquery_easy_ui/themes/default/images/tabs_rightarrow.png HTTP/1.1" 304 -
58.40.7.146 - - [21/Jan/2020:09:25:22 +0800] "GET /xingrg/javascript/jquery_easy_ui/themes/default/images/panel_tool_expand.gif HTTP/1.1" 304 -
58.40.7.146 - - [21/Jan/2020:09:25:22 +0800] "GET /xingrg/javascript/jquery_easy_ui/themes/default/images/panel_tool_collapse.gif HTTP/1.1" 304 -
58.40.7.146 - - [21/Jan/2020:09:25:22 +0800] "GET /xingrg/images/blue/pingpu.png HTTP/1.1" 304 -
58.40.7.146 - - [21/Jan/2020:09:25:22 +0800] "POST /xingrg/load_menu.html HTTP/1.1" 200 11429
58.40.7.146 - - [21/Jan/2020:09:25:23 +0800] "GET /xingrg/kc/report/report_main.html HTTP/1.1" 200 9362
116.224.233.159 - - [21/Jan/2020:09:25:23 +0800] "GET /xingrg/check_reg.html?_=1579570080999 HTTP/1.1" 200 22
116.224.233.159 - - [21/Jan/2020:09:25:23 +0800] "GET /xingrg/all/function/internal_message.html?_=1579570081542&CODE_STATE=getMsg HTTP/1.1" 200 27
124.77.241.94 - - [21/Jan/2020:09:25:23 +0800] "GET /xingrg/index.html?timestamp=1551834502219&sysBaseUrl=http%3A%2F%2F117.131.15.22%3A18081%2Fxingrg%2F&costTime=12 HTTP/1.1" 200 17157
180.157.252.250 - - [21/Jan/2020:09:25:23 +0800] "GET /xingrg/kc/buy/cgsh_order_operate.html?command=get_materiel&rest_code=00148&code=00101006128&supplier_code=00100010&order_time=2020-01-21 HTTP/1.1" 200 426
124.77.241.94 - - [21/Jan/2020:09:25:23 +0800] "GET /xingrg/index.html?timestamp=1551834502219&sysBaseUrl=http%3A%2F%2F117.131.15.22%3A18081%2Fxingrg%2F&costTime=12 HTTP/1.1" 200 17157
124.77.241.94 - - [21/Jan/2020:09:25:24 +0800] "GET /xingrg/javascript/jquery_easy_ui/themes/default/easyui.css HTTP/1.1" 304 -
124.77.241.94 - - [21/Jan/2020:09:25:24 +0800] "GET /xingrg/javascript/jquery_easy_ui/themes/default/easyui.css HTTP/1.1" 304 -
124.77.241.94 - - [21/Jan/2020:09:25:24 +0800] "GET /xingrg/javascript/jquery_easy_ui/themes/icon.css HTTP/1.1" 304 -
124.77.241.94 - - [21/Jan/2020:09:25:24 +0800] "GET /xingrg/javascript/jquery_easy_ui/themes/icon.css HTTP/1.1" 304 -
124.77.241.94 - - [21/Jan/2020:09:25:24 +0800] "GET /xingrg/css/form.css HTTP/1.1" 304 -
124.77.241.94 - - [21/Jan/2020:09:25:24 +0800] "GET /xingrg/css/form.css HTTP/1.1" 304 -
124.77.241.94 - - [21/Jan/2020:09:25:24 +0800] "GET /xingrg/javascript/jquery-1.4.2.min.js HTTP/1.1" 304 -
124.77.241.94 - - [21/Jan/2020:09:25:24 +0800] "GET /xingrg/javascript/jquery-1.4.2.min.js HTTP/1.1" 304 -
124.77.241.94 - - [21/Jan/2020:09:25:24 +0800] "GET /xingrg/javascript/jquery_easy_ui/jquery.easyui.min.js HTTP/1.1" 304 -
124.77.241.94 - - [21/Jan/2020:09:25:24 +0800] "GET /xingrg/javascript/jquery_easy_ui/easyui-lang-zh_CN.js HTTP/1.1" 304 -
124.77.241.94 - - [21/Jan/2020:09:25:24 +0800] "GET /xingrg/javascript/jquery_easy_ui/jquery.easyui.min.js HTTP/1.1" 304 -
124.77.241.94 - - [21/Jan/2020:09:25:24 +0800] "GET /xingrg/javascript/jquery_easy_ui/easyui-lang-zh_CN.js HTTP/1.1" 304 -
124.77.241.94 - - [21/Jan/2020:09:25:24 +0800] "GET /xingrg/javascript/jquery.form.js HTTP/1.1" 304 -
124.77.241.94 - - [21/Jan/2020:09:25:24 +0800] "GET /xingrg/javascript/jquery.utils.js HTTP/1.1" 304 -
124.77.241.94 - - [21/Jan/2020:09:25:24 +0800] "GET /xingrg/javascript/jquery.timers.js HTTP/1.1" 304 -
124.77.241.94 - - [21/Jan/2020:09:25:24 +0800] "GET /xingrg/javascript/jquery.form.js HTTP/1.1" 304 -
124.77.241.94 - - [21/Jan/2020:09:25:24 +0800] "GET /xingrg/javascript/jquery.timers.js HTTP/1.1" 304 -
124.77.241.94 - - [21/Jan/2020:09:25:24 +0800] "GET /xingrg/javascript/jquery.utils.js HTTP/1.1" 304 -
124.77.241.94 - - [21/Jan/2020:09:25:24 +0800] "GET /xingrg/images/blue/navBackgound.jpg HTTP/1.1" 200 12378
124.77.241.94 - - [21/Jan/2020:09:25:24 +0800] "GET /xingrg/images/blue/jxLogo.png HTTP/1.1" 200 6156
124.77.241.94 - - [21/Jan/2020:09:25:24 +0800] "GET /xingrg/images/blue/jxLogo.png HTTP/1.1" 200 6156
124.77.241.94 - - [21/Jan/2020:09:25:24 +0800] "GET /xingrg/javascript/jquery_easy_ui/themes/icons/settle_new.png HTTP/1.1" 200 826
124.77.241.94 - - [21/Jan/2020:09:25:24 +0800] "GET /xingrg/javascript/jquery_easy_ui/themes/icons/settle_new.png HTTP/1.1" 200 826
58.40.7.146 - - [21/Jan/2020:09:25:24 +0800] "GET /xingrg/dwr/interface/AjaxReportQueryService.js HTTP/1.1" 200 13203
124.77.241.94 - - [21/Jan/2020:09:25:24 +0800] "POST /xingrg/all/common/load_tree.html?tree=area_rest_tree_json&manage=1 HTTP/1.1" 200 351
124.77.241.94 - - [21/Jan/2020:09:25:24 +0800] "POST /xingrg/all/common/load_tree.html?tree=area_rest_tree_json&manage=1 HTTP/1.1" 200 351
58.40.7.146 - - [21/Jan/2020:09:25:24 +0800] "GET /xingrg/dwr/engine.js HTTP/1.1" 200 43631
124.77.241.94 - - [21/Jan/2020:09:25:24 +0800] "GET /xingrg/images/blue/pingpu.png HTTP/1.1" 200 231
124.77.241.94 - - [21/Jan/2020:09:25:24 +0800] "GET /xingrg/images/blue/pingpu.png HTTP/1.1" 200 231
124.77.241.94 - - [21/Jan/2020:09:25:24 +0800] "GET /xingrg/javascript/jquery_easy_ui/themes/default/images/tabs_leftarrow.png HTTP/1.1" 200 389
124.77.241.94 - - [21/Jan/2020:09:25:24 +0800] "GET /xingrg/javascript/jquery_easy_ui/themes/default/images/tabs_leftarrow.png HTTP/1.1" 200 389
124.77.241.94 - - [21/Jan/2020:09:25:24 +0800] "GET /xingrg/javascript/jquery_easy_ui/themes/default/images/tabs_rightarrow.png HTTP/1.1" 200 395
124.77.241.94 - - [21/Jan/2020:09:25:24 +0800] "GET /xingrg/javascript/jquery_easy_ui/themes/default/images/tabs_rightarrow.png HTTP/1.1" 200 395
124.77.241.94 - - [21/Jan/2020:09:25:24 +0800] "GET /xingrg/javascript/jquery_easy_ui/themes/default/images/panel_tool_collapse.gif HTTP/1.1" 200 246
124.77.241.94 - - [21/Jan/2020:09:25:24 +0800] "GET /xingrg/javascript/jquery_easy_ui/themes/default/images/panel_tool_collapse.gif HTTP/1.1" 200 246
58.40.7.146 - - [21/Jan/2020:09:25:24 +0800] "GET /xingrg/all/report/report_query.html?fileName=kc/buy/wlcg_mx.xml HTTP/1.1" 200 51618
124.77.241.94 - - [21/Jan/2020:09:25:24 +0800] "GET /xingrg/all/function/internal_message.html?_=1579569917487&CODE_STATE=count HTTP/1.1" 200 11
124.77.241.94 - - [21/Jan/2020:09:25:24 +0800] "GET /xingrg/all/function/internal_message.html?_=1579569917487&CODE_STATE=count HTTP/1.1" 200 11
124.77.241.94 - - [21/Jan/2020:09:25:24 +0800] "GET /xingrg/check_reg.html?_=1579569917489 HTTP/1.1" 200 22
124.77.241.94 - - [21/Jan/2020:09:25:24 +0800] "GET /xingrg/check_reg.html?_=1579569917489 HTTP/1.1" 200 22
124.77.241.94 - - [21/Jan/2020:09:25:24 +0800] "POST /xingrg/load_menu.html HTTP/1.1" 200 5124
58.40.7.146 - - [21/Jan/2020:09:25:24 +0800] "POST /xingrg/dwr/call/plaincall/AjaxReportQueryService.getFixDate.dwr HTTP/1.1" 200 111
124.77.241.94 - - [21/Jan/2020:09:25:24 +0800] "POST /xingrg/load_menu.html HTTP/1.1" 200 5124
124.77.241.94 - - [21/Jan/2020:09:25:24 +0800] "GET /favicon.ico HTTP/1.1" 404 -
124.77.241.94 - - [21/Jan/2020:09:25:24 +0800] "GET /xingrg/javascript/jquery_easy_ui/themes/default/images/tree_arrows.gif HTTP/1.1" 200 1043
124.77.241.94 - - [21/Jan/2020:09:25:24 +0800] "GET /favicon.ico HTTP/1.1" 404 -
58.40.7.146 - - [21/Jan/2020:09:25:25 +0800] "POST /xingrg/dwr/call/plaincall/AjaxReportQueryService.getInitString.dwr HTTP/1.1" 200 363
124.77.241.94 - - [21/Jan/2020:09:25:25 +0800] "GET /xingrg/javascript/jquery_easy_ui/themes/default/images/tree_folder_open.gif HTTP/1.1" 200 956
58.40.7.146 - - [21/Jan/2020:09:25:25 +0800] "POST /xingrg/dwr/call/plaincall/AjaxReportQueryService.getInitString.dwr HTTP/1.1" 200 125
124.77.241.94 - - [21/Jan/2020:09:25:25 +0800] "GET /xingrg/javascript/jquery_easy_ui/themes/default/images/tree_folder_open.gif HTTP/1.1" 200 956
124.77.241.94 - - [21/Jan/2020:09:25:25 +0800] "GET /xingrg/javascript/jquery_easy_ui/themes/icons/search_new.png HTTP/1.1" 200 586
124.77.241.94 - - [21/Jan/2020:09:25:25 +0800] "GET /xingrg/javascript/jquery_easy_ui/themes/icons/search_new.png HTTP/1.1" 200 586
124.77.241.94 - - [21/Jan/2020:09:25:25 +0800] "GET /xingrg/javascript/jquery_easy_ui/themes/default/images/tree_folder.gif HTTP/1.1" 200 952
124.77.241.94 - - [21/Jan/2020:09:25:25 +0800] "GET /xingrg/javascript/jquery_easy_ui/themes/default/images/tree_folder.gif HTTP/1.1" 200 952
58.40.7.146 - - [21/Jan/2020:09:25:25 +0800] "GET /xingrg/javascript/multi_select/dropdown.gif HTTP/1.1" 200 61
124.77.241.94 - - [21/Jan/2020:09:25:25 +0800] "GET /xingrg/javascript/jquery_easy_ui/themes/icons/storage_new.png HTTP/1.1" 200 853
124.77.241.94 - - [21/Jan/2020:09:25:25 +0800] "GET /xingrg/javascript/jquery_easy_ui/themes/icons/storage_new.png HTTP/1.1" 200 853
124.77.241.94 - - [21/Jan/2020:09:25:25 +0800] "GET /xingrg/javascript/jquery_easy_ui/themes/icons/forms_new.png HTTP/1.1" 200 350
124.77.241.94 - - [21/Jan/2020:09:25:25 +0800] "GET /xingrg/javascript/jquery_easy_ui/themes/default/images/tree_file.gif HTTP/1.1" 200 118
124.77.241.94 - - [21/Jan/2020:09:25:25 +0800] "GET /xingrg/javascript/jquery_easy_ui/themes/icons/forms_new.png HTTP/1.1" 200 350
124.77.241.94 - - [21/Jan/2020:09:25:25 +0800] "GET /xingrg/javascript/jquery_easy_ui/themes/default/images/tree_file.gif HTTP/1.1" 200 118
58.40.7.146 - - [21/Jan/2020:09:25:25 +0800] "POST /xingrg/dwr/call/plaincall/AjaxReportQueryService.getInitString.dwr HTTP/1.1" 200 20336
58.40.7.146 - - [21/Jan/2020:09:25:26 +0800] "POST /xingrg/dwr/call/plaincall/AjaxReportQueryService.getFixDate.dwr HTTP/1.1" 200 111
114.88.159.93 - - [21/Jan/2020:09:25:29 +0800] "GET /xingrg/all/function/internal_message.html?_=1579569936175&CODE_STATE=getMsg HTTP/1.1" 200 27
120.253.135.82 - - [21/Jan/2020:09:25:30 +0800] "GET /xingrg/check_reg.html?_=1579569992982 HTTP/1.1" 200 22
58.40.7.146 - - [21/Jan/2020:09:25:30 +0800] "POST /xingrg/dwr/call/plaincall/AjaxReportQueryService.refreshCache.dwr HTTP/1.1" 200 78
124.77.241.94 - - [21/Jan/2020:09:25:32 +0800] "GET /xingrg/javascript/jquery_easy_ui/themes/default/images/tabs_close.gif HTTP/1.1" 200 829
124.77.241.94 - - [21/Jan/2020:09:25:32 +0800] "GET /xingrg/kc/buy/buy_main.html HTTP/1.1" 200 12398
124.77.241.94 - - [21/Jan/2020:09:25:32 +0800] "GET /xingrg/css/new_ie.css HTTP/1.1" 404 1036
124.77.241.94 - - [21/Jan/2020:09:25:32 +0800] "GET /xingrg/css/blue.css HTTP/1.1" 304 -
124.77.241.94 - - [21/Jan/2020:09:25:32 +0800] "GET /xingrg/javascript/jquery_ui/themes/humanity/humanity.css HTTP/1.1" 304 -
124.77.241.94 - - [21/Jan/2020:09:25:32 +0800] "GET /xingrg/javascript/pic_change.js HTTP/1.1" 304 -
124.77.241.94 - - [21/Jan/2020:09:25:32 +0800] "GET /xingrg/javascript/ToolTips.js HTTP/1.1" 304 -
124.77.241.94 - - [21/Jan/2020:09:25:32 +0800] "GET /xingrg/javascript/myfunction.js HTTP/1.1" 304 -
124.77.241.94 - - [21/Jan/2020:09:25:32 +0800] "GET /xingrg/javascript/jquery_ui/jquery-ui.min.js HTTP/1.1" 304 -
116.238.35.243 - - [21/Jan/2020:09:25:32 +0800] "GET /xingrg/all/function/internal_message.html?_=1579569932249&CODE_STATE=getMsg HTTP/1.1" 200 27
124.77.241.94 - - [21/Jan/2020:09:25:32 +0800] "GET /xingrg/images/blue/button/cgxqd.gif HTTP/1.1" 200 2619
124.77.241.94 - - [21/Jan/2020:09:25:32 +0800] "GET /xingrg/images/blue/button/cgydd.gif HTTP/1.1" 200 2712
58.40.7.146 - - [21/Jan/2020:09:25:32 +0800] "POST /xingrg/all/report/load_report_page.html HTTP/1.1" 200 18868
