124.77.241.94 - - [18/Jan/2020:09:04:57 +0800] "GET /xingrg/kc/mdqp/pssh_order_list.html HTTP/1.1" 302 -
124.77.241.94 - - [18/Jan/2020:09:04:57 +0800] "GET /xingrg/login.html HTTP/1.1" 200 7639
124.77.241.94 - - [18/Jan/2020:09:04:57 +0800] "GET /xingrg/login.html HTTP/1.1" 200 7639
124.77.241.94 - - [18/Jan/2020:09:04:57 +0800] "GET /xingrg/images/blue/jxLogo.png HTTP/1.1" 304 -
124.77.241.94 - - [18/Jan/2020:09:04:57 +0800] "GET /favicon.ico HTTP/1.1" 404 -
101.81.125.204 - - [18/Jan/2020:09:05:00 +0800] "GET /xingrg/kc/buy/cgsh_order_operate.html?command=get_materiel&rest_code=00107&code=00101008306&supplier_code=00100006&order_time=2020-01-18 HTTP/1.1" 200 412
101.81.125.204 - - [18/Jan/2020:09:05:01 +0800] "GET /xingrg/kc/buy/cgsh_order_operate.html?command=get_materiel&rest_code=00107&code=00101012070&supplier_code=00100033&order_time=2020-01-18 HTTP/1.1" 200 398
101.81.125.204 - - [18/Jan/2020:09:05:07 +0800] "GET /xingrg/kc/buy/cgsh_order_operate.html?command=get_materiel&rest_code=00107&code=00101008351&supplier_code=00100006&order_time=2020-01-18 HTTP/1.1" 200 408
222.69.129.95 - - [18/Jan/2020:09:05:08 +0800] "GET /xingrg/kc/buy/cgsh_order_operate.html?command=get_materiel&rest_code=00149&code=00101008355&supplier_code=00100008&order_time=2020-01-18 HTTP/1.1" 200 408
101.81.125.204 - - [18/Jan/2020:09:05:12 +0800] "GET /xingrg/all/function/internal_message.html?_=1579309507500&CODE_STATE=getMsg HTTP/1.1" 200 27
124.77.241.94 - - [18/Jan/2020:09:05:12 +0800] "POST /xingrg/login.do HTTP/1.1" 302 -
124.77.241.94 - - [18/Jan/2020:09:05:12 +0800] "GET /xingrg/javascript/jquery_easy_ui/themes/default/easyui.css HTTP/1.1" 304 -
124.77.241.94 - - [18/Jan/2020:09:05:12 +0800] "GET /xingrg/css/form.css HTTP/1.1" 304 -
124.77.241.94 - - [18/Jan/2020:09:05:12 +0800] "GET /xingrg/javascript/jquery_easy_ui/themes/icon.css HTTP/1.1" 304 -
124.77.241.94 - - [18/Jan/2020:09:05:12 +0800] "GET /xingrg/javascript/jquery-1.4.2.min.js HTTP/1.1" 304 -
124.77.241.94 - - [18/Jan/2020:09:05:12 +0800] "GET /xingrg/javascript/jquery_easy_ui/jquery.easyui.min.js HTTP/1.1" 304 -
124.77.241.94 - - [18/Jan/2020:09:05:12 +0800] "GET /xingrg/javascript/jquery_easy_ui/easyui-lang-zh_CN.js HTTP/1.1" 304 -
124.77.241.94 - - [18/Jan/2020:09:05:12 +0800] "GET /xingrg/javascript/jquery.form.js HTTP/1.1" 304 -
124.77.241.94 - - [18/Jan/2020:09:05:12 +0800] "GET /xingrg/javascript/jquery.utils.js HTTP/1.1" 304 -
124.77.241.94 - - [18/Jan/2020:09:05:12 +0800] "GET /xingrg/javascript/jquery.timers.js HTTP/1.1" 304 -
124.77.241.94 - - [18/Jan/2020:09:05:12 +0800] "GET /favicon.ico HTTP/1.1" 404 -
124.77.241.94 - - [18/Jan/2020:09:05:12 +0800] "GET /xingrg/images/blue/navBackgound.jpg HTTP/1.1" 304 -
124.77.241.94 - - [18/Jan/2020:09:05:13 +0800] "GET /xingrg/index.html?sysBaseUrl=http%3A%2F%2F117.131.15.22%3A18081%2Fxingrg%2F&costTime=113×tamp=1579309512766 HTTP/1.1" 200 17157
124.77.241.94 - - [18/Jan/2020:09:05:13 +0800] "GET /xingrg/javascript/jquery_easy_ui/themes/icons/settle_new.png HTTP/1.1" 304 -
124.77.241.94 - - [18/Jan/2020:09:05:13 +0800] "GET /xingrg/images/blue/pingpu.png HTTP/1.1" 304 -
124.77.241.94 - - [18/Jan/2020:09:05:13 +0800] "POST /xingrg/all/common/load_tree.html?tree=area_rest_tree_json&manage=1 HTTP/1.1" 200 351
124.77.241.94 - - [18/Jan/2020:09:05:13 +0800] "GET /xingrg/javascript/jquery_easy_ui/themes/default/images/tabs_leftarrow.png HTTP/1.1" 304 -
124.77.241.94 - - [18/Jan/2020:09:05:13 +0800] "GET /xingrg/javascript/jquery_easy_ui/themes/default/images/tabs_rightarrow.png HTTP/1.1" 304 -
124.77.241.94 - - [18/Jan/2020:09:05:13 +0800] "GET /xingrg/javascript/jquery_easy_ui/themes/default/images/panel_tool_collapse.gif HTTP/1.1" 304 -
124.77.241.94 - - [18/Jan/2020:09:05:13 +0800] "GET /xingrg/all/function/internal_message.html?_=1579309513214&CODE_STATE=count HTTP/1.1" 200 11
124.77.241.94 - - [18/Jan/2020:09:05:13 +0800] "GET /xingrg/check_reg.html?_=1579309513216 HTTP/1.1" 200 22
124.77.241.94 - - [18/Jan/2020:09:05:13 +0800] "GET /xingrg/javascript/jquery_easy_ui/themes/default/images/tree_arrows.gif HTTP/1.1" 304 -
124.77.241.94 - - [18/Jan/2020:09:05:13 +0800] "POST /xingrg/load_menu.html HTTP/1.1" 200 5124
124.77.241.94 - - [18/Jan/2020:09:05:13 +0800] "GET /xingrg/javascript/jquery_easy_ui/themes/default/images/tree_folder_open.gif HTTP/1.1" 304 -
124.77.241.94 - - [18/Jan/2020:09:05:13 +0800] "GET /xingrg/javascript/jquery_easy_ui/themes/icons/search_new.png HTTP/1.1" 304 -
124.77.241.94 - - [18/Jan/2020:09:05:13 +0800] "GET /xingrg/javascript/jquery_easy_ui/themes/default/images/tree_folder.gif HTTP/1.1" 304 -
124.77.241.94 - - [18/Jan/2020:09:05:13 +0800] "GET /xingrg/javascript/jquery_easy_ui/themes/icons/storage_new.png HTTP/1.1" 304 -
124.77.241.94 - - [18/Jan/2020:09:05:13 +0800] "GET /xingrg/javascript/jquery_easy_ui/themes/icons/forms_new.png HTTP/1.1" 304 -
124.77.241.94 - - [18/Jan/2020:09:05:13 +0800] "GET /xingrg/javascript/jquery_easy_ui/themes/default/images/tree_file.gif HTTP/1.1" 304 -
124.77.241.94 - - [18/Jan/2020:09:05:14 +0800] "GET /xingrg/javascript/jquery_easy_ui/themes/default/images/tabs_close.gif HTTP/1.1" 304 -
124.77.241.94 - - [18/Jan/2020:09:05:14 +0800] "GET /xingrg/css/blue.css HTTP/1.1" 304 -
124.77.241.94 - - [18/Jan/2020:09:05:14 +0800] "GET /xingrg/css/new_ie.css HTTP/1.1" 404 1036
124.77.241.94 - - [18/Jan/2020:09:05:14 +0800] "GET /xingrg/javascript/pic_change.js HTTP/1.1" 304 -
124.77.241.94 - - [18/Jan/2020:09:05:14 +0800] "GET /xingrg/javascript/jquery_ui/themes/humanity/humanity.css HTTP/1.1" 304 -
124.77.241.94 - - [18/Jan/2020:09:05:14 +0800] "GET /xingrg/javascript/ToolTips.js HTTP/1.1" 304 -
124.77.241.94 - - [18/Jan/2020:09:05:14 +0800] "GET /xingrg/javascript/myfunction.js HTTP/1.1" 304 -
124.77.241.94 - - [18/Jan/2020:09:05:14 +0800] "GET /xingrg/javascript/jquery_ui/jquery-ui.min.js HTTP/1.1" 304 -
124.77.241.94 - - [18/Jan/2020:09:05:14 +0800] "GET /xingrg/kc/buy/buy_main.html HTTP/1.1" 200 12398
124.77.241.94 - - [18/Jan/2020:09:05:14 +0800] "GET /xingrg/images/blue/pic_form2.gif HTTP/1.1" 304 -
124.77.241.94 - - [18/Jan/2020:09:05:14 +0800] "GET /xingrg/images/blue/button/cgfkd.gif HTTP/1.1" 304 -
124.77.241.94 - - [18/Jan/2020:09:05:14 +0800] "GET /xingrg/images/blue/button/cgydd.gif HTTP/1.1" 304 -
124.77.241.94 - - [18/Jan/2020:09:05:14 +0800] "GET /xingrg/images/blue/button/cgxqd.gif HTTP/1.1" 304 -
124.77.241.94 - - [18/Jan/2020:09:05:14 +0800] "GET /xingrg/images/blue/button/kc.gif HTTP/1.1" 304 -
124.77.241.94 - - [18/Jan/2020:09:05:14 +0800] "GET /xingrg/images/blue/button/ckthd.gif HTTP/1.1" 304 -
124.77.241.94 - - [18/Jan/2020:09:05:14 +0800] "GET /xingrg/images/blue/button/cgshd.gif HTTP/1.1" 304 -
124.77.241.94 - - [18/Jan/2020:09:05:14 +0800] "GET /xingrg/javascript/jquery_ui/themes/humanity/images/ui-bg_inset-soft_100_f4f0ec_1x100.png HTTP/1.1" 304 -
124.77.241.94 - - [18/Jan/2020:09:05:14 +0800] "GET /xingrg/images/blue/bg_dotted.jpg HTTP/1.1" 304 -
124.77.241.94 - - [18/Jan/2020:09:05:14 +0800] "GET /xingrg/images/blue/button/right_ah.jpg HTTP/1.1" 304 -
124.77.241.94 - - [18/Jan/2020:09:05:14 +0800] "GET /xingrg/images/blue/button/down_ah.jpg HTTP/1.1" 304 -
124.77.241.94 - - [18/Jan/2020:09:05:14 +0800] "GET /xingrg/javascript/jquery_ui/themes/humanity/images/ui-iconsnew.jpg HTTP/1.1" 304 -
124.77.241.94 - - [18/Jan/2020:09:05:14 +0800] "GET /xingrg/javascript/jquery_ui/themes/humanity/images/ui-icons_ffffff_256x240.png HTTP/1.1" 304 -
124.77.241.94 - - [18/Jan/2020:09:05:14 +0800] "GET /xingrg/javascript/jquery_ui/themes/humanity/images/ui-icons_c47a23_256x240.png HTTP/1.1" 304 -
124.77.241.94 - - [18/Jan/2020:09:05:14 +0800] "GET /xingrg/javascript/jquery_ui/themes/humanity/images/ui-bg_glass_70_ede4d4_1x400.png HTTP/1.1" 304 -
124.77.241.94 - - [18/Jan/2020:09:05:14 +0800] "GET /xingrg/images/yd/bt.gif HTTP/1.1" 404 1040
124.77.241.94 - - [18/Jan/2020:09:05:15 +0800] "GET /xingrg/css/site.css HTTP/1.1" 304 -
124.77.241.94 - - [18/Jan/2020:09:05:15 +0800] "GET /xingrg/javascript/jquery_tools/datebox.css HTTP/1.1" 304 -
124.77.241.94 - - [18/Jan/2020:09:05:15 +0800] "GET /xingrg/css/base.css HTTP/1.1" 304 -
124.77.241.94 - - [18/Jan/2020:09:05:15 +0800] "GET /xingrg/javascript/easyui/themes/icon.css HTTP/1.1" 304 -
124.77.241.94 - - [18/Jan/2020:09:05:15 +0800] "GET /xingrg/javascript/easyui/themes/default/easyui.css HTTP/1.1" 304 -
124.77.241.94 - - [18/Jan/2020:09:05:15 +0800] "GET /xingrg/javascript/jquery_tools/fix.css HTTP/1.1" 304 -
124.77.241.94 - - [18/Jan/2020:09:05:15 +0800] "GET /xingrg/javascript/auto/jquery.autocomplete.css HTTP/1.1" 304 -
124.77.241.94 - - [18/Jan/2020:09:05:15 +0800] "GET /xingrg/javascript/jquery_tools/table.css HTTP/1.1" 304 -
124.77.241.94 - - [18/Jan/2020:09:05:15 +0800] "GET /xingrg/javascript/jquery_tools/jquery.tools.min.js HTTP/1.1" 304 -
124.77.241.94 - - [18/Jan/2020:09:05:15 +0800] "GET /xingrg/javascript/jquery_tools/jquery.tools.extend.js HTTP/1.1" 304 -
124.77.241.94 - - [18/Jan/2020:09:05:15 +0800] "GET /xingrg/javascript/jquery_tools/jquery.tools.hotkey.js HTTP/1.1" 304 -
124.77.241.94 - - [18/Jan/2020:09:05:15 +0800] "GET /xingrg/javascript/easyui/easyloader.js HTTP/1.1" 304 -
124.77.241.94 - - [18/Jan/2020:09:05:15 +0800] "GET /xingrg/javascript/jquery_tools/jquery.tools.table.js HTTP/1.1" 304 -
124.77.241.94 - - [18/Jan/2020:09:05:15 +0800] "GET /xingrg/javascript/auto/jquery.autocomplete.js HTTP/1.1" 304 -
124.77.241.94 - - [18/Jan/2020:09:05:15 +0800] "GET /xingrg/javascript/print/LodopFuncs.js HTTP/1.1" 304 -
124.77.241.94 - - [18/Jan/2020:09:05:15 +0800] "GET /xingrg/javascript/jquery_tools/list_manager.js HTTP/1.1" 304 -
124.77.241.94 - - [18/Jan/2020:09:05:15 +0800] "GET /xingrg/javascript/jquery.cookie.js HTTP/1.1" 304 -
124.77.241.94 - - [18/Jan/2020:09:05:15 +0800] "GET /xingrg/kc/buy/cgsh_order_list.html HTTP/1.1" 200 42033
124.77.241.94 - - [18/Jan/2020:09:05:15 +0800] "GET /xingrg/javascript/easyui/themes/icons/edit_add_new.png HTTP/1.1" 304 -
124.77.241.94 - - [18/Jan/2020:09:05:15 +0800] "GET /xingrg/javascript/easyui/themes/icons/cance_new.png HTTP/1.1" 304 -
124.77.241.94 - - [18/Jan/2020:09:05:15 +0800] "GET /xingrg/javascript/easyui/themes/icons/check_new.png HTTP/1.1" 304 -
124.77.241.94 - - [18/Jan/2020:09:05:15 +0800] "GET /xingrg/javascript/easyui/themes/icons/field_new.png HTTP/1.1" 304 -
124.77.241.94 - - [18/Jan/2020:09:05:15 +0800] "GET /xingrg/javascript/easyui/themes/icons/import_new.png HTTP/1.1" 304 -
124.77.241.94 - - [18/Jan/2020:09:05:15 +0800] "GET /xingrg/javascript/easyui/plugins/jquery.parser.js HTTP/1.1" 304 -
124.77.241.94 - - [18/Jan/2020:09:05:15 +0800] "GET /xingrg/images/control/ajaxLoader.gif HTTP/1.1" 304 -
172.17.0.166 - - [18/Jan/2020:09:05:15 +0800] "GET /xingrg/all/function/internal_message.html?_=1579309374936&CODE_STATE=getMsg HTTP/1.1" 302 -
101.81.125.204 - - [18/Jan/2020:09:05:15 +0800] "GET /xingrg/kc/buy/cgsh_order_operate.html?command=get_materiel&rest_code=00107&code=00101008298&supplier_code=00100006&order_time=2020-01-18 HTTP/1.1" 200 412
124.77.241.94 - - [18/Jan/2020:09:05:16 +0800] "POST /xingrg/kc/buy/cgsh_list_operate.html HTTP/1.1" 200 876
116.238.181.252 - - [18/Jan/2020:09:05:17 +0800] "GET /xingrg/check_reg.html?_=1579309513266 HTTP/1.1" 200 22
116.238.181.252 - - [18/Jan/2020:09:05:17 +0800] "GET /xingrg/all/function/internal_message.html?_=1579309513268&CODE_STATE=getMsg HTTP/1.1" 200 27
222.69.129.95 - - [18/Jan/2020:09:05:20 +0800] "GET /xingrg/all/function/internal_message.html?_=1579309510097&CODE_STATE=getMsg HTTP/1.1" 200 27
101.81.125.204 - - [18/Jan/2020:09:05:21 +0800] "GET /xingrg/kc/buy/cgsh_order_operate.html?command=get_materiel&rest_code=00107&code=00101010136&supplier_code=00100033&order_time=2020-01-18 HTTP/1.1" 200 408
222.69.129.95 - - [18/Jan/2020:09:05:22 +0800] "GET /xingrg/kc/buy/cgsh_order_operate.html?command=get_materiel&rest_code=00149&code=00101008264&supplier_code=00100008&order_time=2020-01-18 HTTP/1.1" 200 412
101.81.125.204 - - [18/Jan/2020:09:05:23 +0800] "GET /xingrg/kc/buy/cgsh_order_operate.html?command=get_materiel&rest_code=00107&code=00101008119&supplier_code=00100006&order_time=2020-01-18 HTTP/1.1" 200 413
124.77.241.94 - - [18/Jan/2020:09:05:23 +0800] "GET /xingrg/javascript/jquery_easy_ui/themes/icons/rest.png HTTP/1.1" 304 -
124.77.241.94 - - [18/Jan/2020:09:05:23 +0800] "GET /xingrg/javascript/jquery_easy_ui/themes/icons/area.png HTTP/1.1" 304 -
124.77.241.94 - - [18/Jan/2020:09:05:23 +0800] "GET /xingrg/kc/mdqp/pssh_order_list.html HTTP/1.1" 200 17641
124.77.241.94 - - [18/Jan/2020:09:05:23 +0800] "POST /xingrg/kc/mdqp/pssh_list_operate.html HTTP/1.1" 200 5379
222.69.129.95 - - [18/Jan/2020:09:05:26 +0800] "POST /xingrg/kc/buy/cgsh_order_operate.html HTTP/1.1" 200 2065
58.221.95.50 - - [18/Jan/2020:09:05:27 +0800] "GET /xingrg/all/function/internal_message.html?_=1579309836484&CODE_STATE=getMsg HTTP/1.1" 200 27
180.162.232.172 - - [18/Jan/2020:09:05:27 +0800] "GET /xingrg/check_reg.html?_=1579309633396 HTTP/1.1" 200 22
180.162.232.172 - - [18/Jan/2020:09:05:27 +0800] "GET /xingrg/all/function/internal_message.html?_=1579309633520&CODE_STATE=getMsg HTTP/1.1" 200 27
124.77.241.94 - - [18/Jan/2020:09:05:28 +0800] "POST /xingrg/kc/mdqp/pssh_list_operate.html HTTP/1.1" 200 759
114.93.75.19 - - [18/Jan/2020:09:05:28 +0800] "GET /xingrg/all/function/internal_message.html?_=1579309433327&CODE_STATE=getMsg HTTP/1.1" 200 27
114.93.75.19 - - [18/Jan/2020:09:05:28 +0800] "GET /xingrg/check_reg.html?_=1579309433330 HTTP/1.1" 200 22
124.77.241.94 - - [18/Jan/2020:09:05:29 +0800] "GET /xingrg/javascript/jquery_tools/jquery-1.4.2.min.js HTTP/1.1" 404 1094
124.77.241.94 - - [18/Jan/2020:09:05:29 +0800] "GET /xingrg/javascript/jquery_tools/order_manager.js HTTP/1.1" 304 -
124.77.241.94 - - [18/Jan/2020:09:05:29 +0800] "GET /xingrg/kc/mdqp/pssh_order_info.html?code=312020011600483 HTTP/1.1" 200 17295
124.77.241.94 - - [18/Jan/2020:09:05:29 +0800] "GET /xingrg/javascript/print/kc_print.js HTTP/1.1" 304 -
124.77.241.94 - - [18/Jan/2020:09:05:29 +0800] "GET /xingrg/javascript/convert.js HTTP/1.1" 304 -
124.77.241.94 - - [18/Jan/2020:09:05:29 +0800] "GET /xingrg/javascript/json2.js HTTP/1.1" 304 -
124.77.241.94 - - [18/Jan/2020:09:05:29 +0800] "GET /xingrg/words/20200118053144_words.js HTTP/1.1" 200 714283
124.77.241.94 - - [18/Jan/2020:09:05:29 +0800] "GET /xingrg/javascript/easyui/themes/icons/back_new.png HTTP/1.1" 200 3414
124.77.241.94 - - [18/Jan/2020:09:05:29 +0800] "POST /xingrg/kc/mdqp/pssh_order_operate.html HTTP/1.1" 200 3142
124.77.241.94 - - [18/Jan/2020:09:05:29 +0800] "GET /xingrg/all/common/auto_word.html?type=base&rest_code=00146&rest_code=00146 HTTP/1.1" 200 1603
124.77.241.94 - - [18/Jan/2020:09:05:29 +0800] "GET /xingrg/all/common/auto_word.html?type=employee&rest_code=00146 HTTP/1.1" 200 147
124.77.241.94 - - [18/Jan/2020:09:05:29 +0800] "GET /xingrg/javascript/easyui/themes/default/validatebox.css HTTP/1.1" 404 1104
124.77.241.94 - - [18/Jan/2020:09:05:29 +0800] "GET /xingrg/javascript/easyui/plugins/jquery.validatebox.js HTTP/1.1" 304 -
124.77.241.94 - - [18/Jan/2020:09:05:29 +0800] "GET /xingrg/javascript/easyui/plugins/jquery.numberbox.js HTTP/1.1" 304 -
172.17.2.150 - - [18/Jan/2020:09:05:31 +0800] "GET /xingrg/all/function/internal_message.html?_=1579309498867&CODE_STATE=getMsg HTTP/1.1" 200 27
114.88.159.93 - - [18/Jan/2020:09:05:32 +0800] "GET /xingrg/all/function/internal_message.html?_=1579309542468&CODE_STATE=getMsg HTTP/1.1" 200 27
114.88.170.138 - - [18/Jan/2020:09:05:34 +0800] "GET /xingrg/all/function/internal_message.html?_=1579309756448&CODE_STATE=getMsg HTTP/1.1" 200 27
116.238.35.243 - - [18/Jan/2020:09:05:34 +0800] "GET /xingrg/all/function/internal_message.html?_=1579309534252&CODE_STATE=getMsg HTTP/1.1" 200 27
222.69.129.95 - - [18/Jan/2020:09:05:35 +0800] "GET /xingrg/kc/buy/cgsh_order_operate.html?command=get_materiel&rest_code=00149&code=00101008024&supplier_code=00100008&order_time=2020-01-18 HTTP/1.1" 200 408
116.238.35.243 - - [18/Jan/2020:09:05:40 +0800] "GET /xingrg/all/function/internal_message.html?_=1579309540044&CODE_STATE=getMsg HTTP/1.1" 200 27
101.81.125.204 - - [18/Jan/2020:09:05:40 +0800] "GET /xingrg/kc/buy/cgsh_order_operate.html?command=get_materiel&rest_code=00107&code=00101008097&supplier_code=00100006&order_time=2020-01-18 HTTP/1.1" 200 408
101.81.125.204 - - [18/Jan/2020:09:05:45 +0800] "POST /xingrg/kc/buy/cgsh_order_operate.html HTTP/1.1" 200 37
101.81.125.204 - - [18/Jan/2020:09:05:46 +0800] "GET /xingrg/kc/buy/cgsh_order_operate.html?command=get_materiel&rest_code=00107&code=00101008358&supplier_code=00100006&order_time=2020-01-18 HTTP/1.1" 200 412
124.77.241.94 - - [18/Jan/2020:09:05:46 +0800] "GET /xingrg/css/images/panel_loading.gif HTTP/1.1" 200 1737
124.77.241.94 - - [18/Jan/2020:09:05:46 +0800] "POST /xingrg/all/common/load_combo.html?type=employee HTTP/1.1" 200 271
101.81.125.204 - - [18/Jan/2020:09:05:47 +0800] "POST /xingrg/kc/buy/cgsh_order_operate.html HTTP/1.1" 200 7385
101.81.125.204 - - [18/Jan/2020:09:05:49 +0800] "GET /xingrg/all/function/internal_message.html?_=1579308927016&CODE_STATE=getMsg HTTP/1.1" 200 27
120.253.135.82 - - [18/Jan/2020:09:05:50 +0800] "GET /xingrg/all/function/internal_message.html?_=1579309285800&CODE_STATE=getMsg HTTP/1.1" 200 27
101.81.125.204 - - [18/Jan/2020:09:05:51 +0800] "POST /xingrg/kc/buy/cgsh_order_operate.html HTTP/1.1" 200 37
101.81.125.204 - - [18/Jan/2020:09:05:54 +0800] "POST /xingrg/kc/buy/cgsh_order_operate.html HTTP/1.1" 200 12
101.81.125.204 - - [18/Jan/2020:09:05:54 +0800] "GET /xingrg/kc/buy/cgsh_order_operate.html?command=get_materiel&rest_code=00107&code=00101008163&supplier_code=00100006&order_time=2020-01-18 HTTP/1.1" 200 409
58.221.95.50 - - [18/Jan/2020:09:05:54 +0800] "GET /xingrg/all/function/internal_message.html?_=1579309726381&CODE_STATE=getMsg HTTP/1.1" 302 -
101.81.125.204 - - [18/Jan/2020:09:05:55 +0800] "GET /xingrg/kc/buy/cgsh_order_info.html?code=212020011809470 HTTP/1.1" 200 52991
116.224.233.159 - - [18/Jan/2020:09:05:55 +0800] "GET /xingrg/all/function/internal_message.html?_=1579309706907&CODE_STATE=getMsg HTTP/1.1" 200 27
124.77.241.94 - - [18/Jan/2020:09:05:55 +0800] "POST /xingrg/kc/mdqp/pssh_order_operate.html HTTP/1.1" 200 37
101.81.125.204 - - [18/Jan/2020:09:05:56 +0800] "GET /xingrg/javascript/easyui/themes/default/validatebox.css HTTP/1.1" 404 1104
101.81.125.204 - - [18/Jan/2020:09:05:56 +0800] "POST /xingrg/kc/buy/cgsh_order_operate.html HTTP/1.1" 200 5330
124.77.241.94 - - [18/Jan/2020:09:05:56 +0800] "POST /xingrg/kc/mdqp/pssh_order_operate.html HTTP/1.1" 200 3142
222.69.129.95 - - [18/Jan/2020:09:05:58 +0800] "GET /xingrg/kc/buy/cgsh_order_operate.html?command=get_materiel&rest_code=00149&code=00101008356&supplier_code=00100008&order_time=2020-01-18 HTTP/1.1" 200 408
101.81.125.204 - - [18/Jan/2020:09:05:58 +0800] "GET /xingrg/kc/print/load_data.html?order_code=212020011809470&kc_code=cgsh&condition= HTTP/1.1" 200 2522
124.77.241.94 - - [18/Jan/2020:09:05:59 +0800] "POST /xingrg/kc/mdqp/pssh_order_operate.html HTTP/1.1" 200 37
101.81.125.204 - - [18/Jan/2020:09:06:00 +0800] "GET /xingrg/kc/buy/cgsh_order_operate.html?command=get_materiel&rest_code=00107&code=00101008190&supplier_code=00100006&order_time=2020-01-18 HTTP/1.1" 200 412
124.77.241.94 - - [18/Jan/2020:09:06:00 +0800] "POST /xingrg/kc/mdqp/pssh_order_operate.html HTTP/1.1" 200 12
124.77.241.94 - - [18/Jan/2020:09:06:00 +0800] "GET /xingrg/javascript/jquery_tools/jquery-1.4.2.min.js HTTP/1.1" 404 1094
124.77.241.94 - - [18/Jan/2020:09:06:00 +0800] "GET /xingrg/kc/mdqp/pssh_order_info.html?code=312020011600483 HTTP/1.1" 200 14384
124.77.241.94 - - [18/Jan/2020:09:06:01 +0800] "GET /xingrg/javascript/easyui/themes/icons/uncheck_new.png HTTP/1.1" 200 3197
124.77.241.94 - - [18/Jan/2020:09:06:01 +0800] "GET /xingrg/javascript/easyui/themes/default/validatebox.css HTTP/1.1" 404 1104
124.77.241.94 - - [18/Jan/2020:09:06:01 +0800] "POST /xingrg/kc/mdqp/pssh_order_operate.html HTTP/1.1" 200 3142
101.81.125.204 - - [18/Jan/2020:09:06:04 +0800] "GET /xingrg/kc/base/base_main.html HTTP/1.1" 200 12138
124.77.241.94 - - [18/Jan/2020:09:06:04 +0800] "GET /xingrg/kc/print/load_config.html?kc_code=pssh HTTP/1.1" 200 2290
124.77.241.94 - - [18/Jan/2020:09:06:04 +0800] "GET /xingrg/kc/print/load_data.html?order_code=312020011600483&kc_code=pssh&condition= HTTP/1.1" 200 1541
101.81.125.204 - - [18/Jan/2020:09:06:06 +0800] "GET /xingrg/kc/buy/cgsh_order_operate.html?command=get_materiel&rest_code=00107&code=00101008355&supplier_code=00100006&order_time=2020-01-18 HTTP/1.1" 200 408
101.81.125.204 - - [18/Jan/2020:09:06:12 +0800] "GET /xingrg/all/function/internal_message.html?_=1579309567503&CODE_STATE=getMsg HTTP/1.1" 200 27
101.81.125.204 - - [18/Jan/2020:09:06:12 +0800] "GET /xingrg/check_reg.html?_=1579309567506 HTTP/1.1" 200 22
124.77.241.94 - - [18/Jan/2020:09:06:13 +0800] "GET /xingrg/all/function/internal_message.html?_=1579309573230&CODE_STATE=getMsg HTTP/1.1" 200 27
101.81.125.204 - - [18/Jan/2020:09:06:13 +0800] "GET /xingrg/kc/buy/cgsh_order_operate.html?command=get_materiel&rest_code=00107&code=00101008362&supplier_code=00100006&order_time=2020-01-18 HTTP/1.1" 200 408
172.17.0.166 - - [18/Jan/2020:09:06:15 +0800] "GET /xingrg/all/function/internal_message.html?_=1579309434938&CODE_STATE=getMsg HTTP/1.1" 302 -
172.17.0.166 - - [18/Jan/2020:09:06:15 +0800] "GET /xingrg/check_reg.html?_=1579309434940 HTTP/1.1" 302 -
116.238.181.252 - - [18/Jan/2020:09:06:17 +0800] "GET /xingrg/all/function/internal_message.html?_=1579309573262&CODE_STATE=getMsg HTTP/1.1" 200 27
101.81.125.204 - - [18/Jan/2020:09:06:20 +0800] "POST /xingrg/kc/buy/cgsh_order_operate.html HTTP/1.1" 200 37
222.69.129.95 - - [18/Jan/2020:09:06:20 +0800] "GET /xingrg/all/function/internal_message.html?_=1579309570081&CODE_STATE=getMsg HTTP/1.1" 200 27
222.69.129.95 - - [18/Jan/2020:09:06:21 +0800] "GET /xingrg/kc/buy/cgsh_order_operate.html?command=get_materiel&rest_code=00149&code=00101008300&supplier_code=00100008&order_time=2020-01-18 HTTP/1.1" 200 412
101.81.125.204 - - [18/Jan/2020:09:06:21 +0800] "POST /xingrg/kc/buy/cgsh_order_operate.html HTTP/1.1" 200 12099
58.221.95.50 - - [18/Jan/2020:09:06:27 +0800] "GET /xingrg/all/function/internal_message.html?_=1579309896460&CODE_STATE=getMsg HTTP/1.1" 200 27
180.162.232.172 - - [18/Jan/2020:09:06:27 +0800] "GET /xingrg/all/function/internal_message.html?_=1579309693533&CODE_STATE=getMsg HTTP/1.1" 200 27
114.93.75.19 - - [18/Jan/2020:09:06:28 +0800] "GET /xingrg/all/function/internal_message.html?_=1579309493329&CODE_STATE=getMsg HTTP/1.1" 200 27
172.17.2.150 - - [18/Jan/2020:09:06:31 +0800] "GET /xingrg/all/function/internal_message.html?_=1579309558865&CODE_STATE=getMsg HTTP/1.1" 200 27
114.88.159.93 - - [18/Jan/2020:09:06:32 +0800] "GET /xingrg/all/function/internal_message.html?_=1579309602443&CODE_STATE=getMsg HTTP/1.1" 200 27
222.69.129.95 - - [18/Jan/2020:09:06:32 +0800] "GET /xingrg/kc/buy/cgsh_order_operate.html?command=get_materiel&rest_code=00149&code=00101015004&supplier_code=00100008&order_time=2020-01-18 HTTP/1.1" 200 408
114.88.170.138 - - [18/Jan/2020:09:06:34 +0800] "GET /xingrg/all/function/internal_message.html?_=1579309816448&CODE_STATE=getMsg HTTP/1.1" 200 27
116.238.35.243 - - [18/Jan/2020:09:06:34 +0800] "GET /xingrg/all/function/internal_message.html?_=1579309594240&CODE_STATE=getMsg HTTP/1.1" 200 27
222.69.129.95 - - [18/Jan/2020:09:06:36 +0800] "POST /xingrg/kc/buy/cgsh_order_operate.html HTTP/1.1" 200 2065
116.238.35.243 - - [18/Jan/2020:09:06:40 +0800] "GET /xingrg/all/function/internal_message.html?_=1579309600041&CODE_STATE=getMsg HTTP/1.1" 200 27
222.69.129.95 - - [18/Jan/2020:09:06:40 +0800] "GET /xingrg/kc/buy/cgsh_order_operate.html?command=get_materiel&rest_code=00149&code=00101008223&supplier_code=00100008&order_time=2020-01-18 HTTP/1.1" 200 412
120.253.135.82 - - [18/Jan/2020:09:06:45 +0800] "GET /xingrg/check_reg.html?_=1579309341354 HTTP/1.1" 200 22
58.221.95.50 - - [18/Jan/2020:09:06:48 +0800] "GET /xingrg/check_reg.html?_=1579309917568 HTTP/1.1" 200 22
101.81.125.204 - - [18/Jan/2020:09:06:49 +0800] "GET /xingrg/all/function/internal_message.html?_=1579308987023&CODE_STATE=getMsg HTTP/1.1" 200 27
120.253.135.82 - - [18/Jan/2020:09:06:50 +0800] "GET /xingrg/all/function/internal_message.html?_=1579309345814&CODE_STATE=getMsg HTTP/1.1" 200 27
58.221.95.50 - - [18/Jan/2020:09:06:54 +0800] "GET /xingrg/check_reg.html?_=1579309786366 HTTP/1.1" 302 -
58.221.95.50 - - [18/Jan/2020:09:06:54 +0800] "GET /xingrg/all/function/internal_message.html?_=1579309786368&CODE_STATE=getMsg HTTP/1.1" 302 -
116.224.233.159 - - [18/Jan/2020:09:06:55 +0800] "GET /xingrg/all/function/internal_message.html?_=1579309766918&CODE_STATE=getMsg HTTP/1.1" 200 27
222.69.129.95 - - [18/Jan/2020:09:07:01 +0800] "GET /xingrg/kc/buy/cgsh_order_operate.html?command=get_materiel&rest_code=00149&code=00101008125&supplier_code=00100008&order_time=2020-01-18 HTTP/1.1" 200 413
101.81.125.204 - - [18/Jan/2020:09:07:12 +0800] "GET /xingrg/all/function/internal_message.html?_=1579309627505&CODE_STATE=getMsg HTTP/1.1" 200 27
124.77.241.94 - - [18/Jan/2020:09:07:13 +0800] "GET /xingrg/all/function/internal_message.html?_=1579309633245&CODE_STATE=getMsg HTTP/1.1" 200 27
172.17.0.166 - - [18/Jan/2020:09:07:15 +0800] "GET /xingrg/all/function/internal_message.html?_=1579309494952&CODE_STATE=getMsg HTTP/1.1" 302 -
116.238.181.252 - - [18/Jan/2020:09:07:17 +0800] "GET /xingrg/all/function/internal_message.html?_=1579309633283&CODE_STATE=getMsg HTTP/1.1" 200 27
222.69.129.95 - - [18/Jan/2020:09:07:20 +0800] "GET /xingrg/kc/buy/cgsh_order_operate.html?command=get_materiel&rest_code=00149&code=00101008010&supplier_code=00100008&order_time=2020-01-18 HTTP/1.1" 200 412
222.69.129.95 - - [18/Jan/2020:09:07:20 +0800] "GET /xingrg/all/function/internal_message.html?_=1579309630145&CODE_STATE=getMsg HTTP/1.1" 200 27
180.162.232.172 - - [18/Jan/2020:09:07:24 +0800] "GET /xingrg/javascript/pic_change.js HTTP/1.1" 304 -
180.162.232.172 - - [18/Jan/2020:09:07:24 +0800] "GET /xingrg/javascript/jquery_tools/order_manager.js HTTP/1.1" 304 -
180.162.232.172 - - [18/Jan/2020:09:07:24 +0800] "GET /xingrg/javascript/convert.js HTTP/1.1" 304 -
180.162.232.172 - - [18/Jan/2020:09:07:24 +0800] "GET /xingrg/javascript/print/kc_print.js HTTP/1.1" 304 -
180.162.232.172 - - [18/Jan/2020:09:07:24 +0800] "GET /xingrg/javascript/json2.js HTTP/1.1" 304 -
180.162.232.172 - - [18/Jan/2020:09:07:24 +0800] "GET /xingrg/kc/buy/cgsh_order_add.html HTTP/1.1" 200 58234
180.162.232.172 - - [18/Jan/2020:09:07:24 +0800] "GET /xingrg/words/20200118053144_words.js HTTP/1.1" 200 714283
180.162.232.172 - - [18/Jan/2020:09:07:24 +0800] "POST /xingrg/kc/buy/cgsh_order_operate.html HTTP/1.1" 200 8245
180.162.232.172 - - [18/Jan/2020:09:07:24 +0800] "GET /xingrg/all/common/auto_word.html?type=employee&rest_code=00150 HTTP/1.1" 200 205
180.162.232.172 - - [18/Jan/2020:09:07:24 +0800] "GET /xingrg/all/common/auto_word.html?type=employee&rest_code=00150 HTTP/1.1" 200 205
180.162.232.172 - - [18/Jan/2020:09:07:25 +0800] "GET /xingrg/javascript/easyui/themes/default/validatebox.css HTTP/1.1" 404 1104
180.162.232.172 - - [18/Jan/2020:09:07:25 +0800] "GET /xingrg/javascript/easyui/plugins/jquery.validatebox.js HTTP/1.1" 304 -
180.162.232.172 - - [18/Jan/2020:09:07:25 +0800] "GET /xingrg/javascript/easyui/plugins/jquery.numberbox.js HTTP/1.1" 304 -
180.162.232.172 - - [18/Jan/2020:09:07:26 +0800] "GET /xingrg/javascript/auto/indicator.gif HTTP/1.1" 404 1066
58.221.95.50 - - [18/Jan/2020:09:07:27 +0800] "GET /xingrg/all/function/internal_message.html?_=1579309956442&CODE_STATE=getMsg HTTP/1.1" 200 27
180.162.232.172 - - [18/Jan/2020:09:07:27 +0800] "GET /xingrg/all/function/internal_message.html?_=1579309753547&CODE_STATE=getMsg HTTP/1.1" 200 27
114.93.75.19 - - [18/Jan/2020:09:07:28 +0800] "GET /xingrg/all/function/internal_message.html?_=1579309553328&CODE_STATE=getMsg HTTP/1.1" 200 27
172.17.2.150 - - [18/Jan/2020:09:07:31 +0800] "GET /xingrg/check_reg.html?_=1579309618874 HTTP/1.1" 200 22
172.17.2.150 - - [18/Jan/2020:09:07:31 +0800] "GET /xingrg/all/function/internal_message.html?_=1579309618876&CODE_STATE=getMsg HTTP/1.1" 200 27
114.88.159.93 - - [18/Jan/2020:09:07:32 +0800] "GET /xingrg/all/function/internal_message.html?_=1579309662444&CODE_STATE=getMsg HTTP/1.1" 200 27
114.88.170.138 - - [18/Jan/2020:09:07:34 +0800] "GET /xingrg/check_reg.html?_=1579309876449 HTTP/1.1" 200 22
114.88.170.138 - - [18/Jan/2020:09:07:34 +0800] "GET /xingrg/all/function/internal_message.html?_=1579309876452&CODE_STATE=getMsg HTTP/1.1" 200 27
116.238.35.243 - - [18/Jan/2020:09:07:34 +0800] "GET /xingrg/all/function/internal_message.html?_=1579309654244&CODE_STATE=getMsg HTTP/1.1" 200 27
180.162.232.172 - - [18/Jan/2020:09:07:35 +0800] "GET /xingrg/kc/buy/cgsh_order_operate.html?command=get_materiel&rest_code=00150&code=00101006063&supplier_code=00100012&order_time=2020-01-18 HTTP/1.1" 200 413
116.238.35.243 - - [18/Jan/2020:09:07:40 +0800] "GET /xingrg/check_reg.html?_=1579309660042 HTTP/1.1" 200 22
222.69.129.95 - - [18/Jan/2020:09:07:40 +0800] "GET /xingrg/kc/buy/cgsh_order_operate.html?command=get_materiel&rest_code=00149&code=00101008312&supplier_code=00100008&order_time=2020-01-18 HTTP/1.1" 200 412
116.238.35.243 - - [18/Jan/2020:09:07:40 +0800] "GET /xingrg/all/function/internal_message.html?_=1579309660045&CODE_STATE=getMsg HTTP/1.1" 200 27
180.162.232.172 - - [18/Jan/2020:09:07:47 +0800] "GET /xingrg/kc/buy/cgsh_order_operate.html?command=get_materiel&rest_code=00150&code=00101006055&supplier_code=00100012&order_time=2020-01-18 HTTP/1.1" 200 409
222.69.129.95 - - [18/Jan/2020:09:07:48 +0800] "GET /xingrg/kc/buy/cgsh_order_operate.html?command=get_materiel&rest_code=00149&code=00101008306&supplier_code=00100008&order_time=2020-01-18 HTTP/1.1" 200 412
101.81.125.204 - - [18/Jan/2020:09:07:48 +0800] "GET /xingrg/check_reg.html?_=1579309046405 HTTP/1.1" 200 22
101.81.125.204 - - [18/Jan/2020:09:07:49 +0800] "GET /xingrg/all/function/internal_message.html?_=1579309047033&CODE_STATE=getMsg HTTP/1.1" 200 27
120.253.135.82 - - [18/Jan/2020:09:07:50 +0800] "GET /xingrg/all/function/internal_message.html?_=1579309405827&CODE_STATE=getMsg HTTP/1.1" 200 27
222.69.129.95 - - [18/Jan/2020:09:07:53 +0800] "POST /xingrg/kc/buy/cgsh_order_operate.html HTTP/1.1" 200 2065
58.221.95.50 - - [18/Jan/2020:09:07:54 +0800] "GET /xingrg/all/function/internal_message.html?_=1579309846366&CODE_STATE=getMsg HTTP/1.1" 302 -
116.224.233.159 - - [18/Jan/2020:09:07:55 +0800] "GET /xingrg/check_reg.html?_=1579309826626 HTTP/1.1" 200 22
116.224.233.159 - - [18/Jan/2020:09:07:55 +0800] "GET /xingrg/all/function/internal_message.html?_=1579309826933&CODE_STATE=getMsg HTTP/1.1" 200 27
120.253.135.82 - - [18/Jan/2020:09:07:58 +0800] "POST /xingrg/kc/pszx/mdps_list_operate.html HTTP/1.1" 200 3579
222.69.129.95 - - [18/Jan/2020:09:07:59 +0800] "GET /xingrg/kc/buy/cgsh_order_operate.html?command=get_materiel&rest_code=00149&code=00101008069&supplier_code=00100008&order_time=2020-01-18 HTTP/1.1" 200 412
120.253.135.82 - - [18/Jan/2020:09:08:00 +0800] "POST /xingrg/kc/pszx/mdps_list_operate.html HTTP/1.1" 200 449
120.253.135.82 - - [18/Jan/2020:09:08:05 +0800] "POST /xingrg/kc/pszx/mdps_list_operate.html HTTP/1.1" 200 202
120.253.135.82 - - [18/Jan/2020:09:08:10 +0800] "GET /xingrg/kc/pszx/mdps_order_info.html?code=312020011800566 HTTP/1.1" 200 23835
120.253.135.82 - - [18/Jan/2020:09:08:11 +0800] "GET /xingrg/javascript/easyui/themes/default/validatebox.css HTTP/1.1" 404 1104
120.253.135.82 - - [18/Jan/2020:09:08:11 +0800] "POST /xingrg/kc/pszx/mdps_order_operate.html HTTP/1.1" 200 2276
101.81.125.204 - - [18/Jan/2020:09:08:12 +0800] "GET /xingrg/all/function/internal_message.html?_=1579309687509&CODE_STATE=getMsg HTTP/1.1" 200 27
222.69.129.95 - - [18/Jan/2020:09:08:12 +0800] "GET /xingrg/kc/buy/cgsh_order_operate.html?command=get_materiel&rest_code=00149&code=00101008286&supplier_code=00100008&order_time=2020-01-18 HTTP/1.1" 200 408
124.77.241.94 - - [18/Jan/2020:09:08:13 +0800] "GET /xingrg/all/function/internal_message.html?_=1579309693260&CODE_STATE=getMsg HTTP/1.1" 200 27
120.253.135.82 - - [18/Jan/2020:09:08:13 +0800] "GET /xingrg/kc/print/load_data.html?order_code=312020011800566&kc_code=mdps&condition= HTTP/1.1" 200 681
172.17.0.166 - - [18/Jan/2020:09:08:15 +0800] "GET /xingrg/all/function/internal_message.html?_=1579309554950&CODE_STATE=getMsg HTTP/1.1" 302 -
116.238.181.252 - - [18/Jan/2020:09:08:17 +0800] "GET /xingrg/all/function/internal_message.html?_=1579309693279&CODE_STATE=getMsg HTTP/1.1" 200 27
120.253.135.82 - - [18/Jan/2020:09:08:18 +0800] "POST /xingrg/kc/pszx/mdps_list_operate.html HTTP/1.1" 200 3579
120.253.135.82 - - [18/Jan/2020:09:08:19 +0800] "POST /xingrg/kc/pszx/mdps_list_operate.html HTTP/1.1" 200 210
222.69.129.95 - - [18/Jan/2020:09:08:20 +0800] "GET /xingrg/check_reg.html?_=1579309690109 HTTP/1.1" 200 22
222.69.129.95 - - [18/Jan/2020:09:08:20 +0800] "GET /xingrg/all/function/internal_message.html?_=1579309690122&CODE_STATE=getMsg HTTP/1.1" 200 27
120.253.135.82 - - [18/Jan/2020:09:08:21 +0800] "GET /xingrg/kc/pszx/mdps_order_info.html?code=312020011800567 HTTP/1.1" 200 23835
120.253.135.82 - - [18/Jan/2020:09:08:21 +0800] "GET /xingrg/javascript/easyui/themes/default/validatebox.css HTTP/1.1" 404 1104
120.253.135.82 - - [18/Jan/2020:09:08:21 +0800] "POST /xingrg/kc/pszx/mdps_order_operate.html HTTP/1.1" 200 2287
120.253.135.82 - - [18/Jan/2020:09:08:24 +0800] "GET /xingrg/kc/print/load_data.html?order_code=312020011800567&kc_code=mdps&condition= HTTP/1.1" 200 685
180.162.232.172 - - [18/Jan/2020:09:08:26 +0800] "GET /xingrg/kc/buy/cgsh_order_operate.html?command=get_materiel&rest_code=00150&code=00101006065&supplier_code=00100012&order_time=2020-01-18 HTTP/1.1" 200 409
58.221.95.50 - - [18/Jan/2020:09:08:27 +0800] "GET /xingrg/all/function/internal_message.html?_=1579310016424&CODE_STATE=getMsg HTTP/1.1" 200 27
180.162.232.172 - - [18/Jan/2020:09:08:27 +0800] "GET /xingrg/all/function/internal_message.html?_=1579309813559&CODE_STATE=getMsg HTTP/1.1" 200 27
114.93.75.19 - - [18/Jan/2020:09:08:28 +0800] "GET /xingrg/all/function/internal_message.html?_=1579309613328&CODE_STATE=getMsg HTTP/1.1" 200 27
222.69.129.95 - - [18/Jan/2020:09:08:28 +0800] "GET /xingrg/kc/buy/cgsh_order_operate.html?command=get_materiel&rest_code=00149&code=00101008036&supplier_code=00100008&order_time=2020-01-18 HTTP/1.1" 200 408
120.253.135.82 - - [18/Jan/2020:09:08:29 +0800] "POST /xingrg/kc/pszx/mdps_list_operate.html HTTP/1.1" 200 3579
172.17.2.150 - - [18/Jan/2020:09:08:31 +0800] "GET /xingrg/all/function/internal_message.html?_=1579309678865&CODE_STATE=getMsg HTTP/1.1" 200 27
120.253.135.82 - - [18/Jan/2020:09:08:31 +0800] "POST /xingrg/kc/pszx/mdps_list_operate.html HTTP/1.1" 200 211
114.88.159.93 - - [18/Jan/2020:09:08:32 +0800] "GET /xingrg/all/function/internal_message.html?_=1579309722417&CODE_STATE=getMsg HTTP/1.1" 200 27
114.88.170.138 - - [18/Jan/2020:09:08:34 +0800] "GET /xingrg/all/function/internal_message.html?_=1579309936445&CODE_STATE=getMsg HTTP/1.1" 200 27
116.238.35.243 - - [18/Jan/2020:09:08:34 +0800] "GET /xingrg/all/function/internal_message.html?_=1579309714244&CODE_STATE=getMsg HTTP/1.1" 200 27
120.253.135.82 - - [18/Jan/2020:09:08:34 +0800] "GET /xingrg/kc/pszx/mdps_order_info.html?code=312020011300414 HTTP/1.1" 200 23835
120.253.135.82 - - [18/Jan/2020:09:08:35 +0800] "GET /xingrg/javascript/easyui/themes/default/validatebox.css HTTP/1.1" 404 1104
120.253.135.82 - - [18/Jan/2020:09:08:35 +0800] "POST /xingrg/kc/pszx/mdps_order_operate.html HTTP/1.1" 200 2295
180.162.232.172 - - [18/Jan/2020:09:08:35 +0800] "GET /xingrg/kc/buy/cgsh_order_operate.html?command=get_materiel&rest_code=00150&code=00101006229&supplier_code=00100012&order_time=2020-01-18 HTTP/1.1" 200 412
116.238.35.243 - - [18/Jan/2020:09:08:40 +0800] "GET /xingrg/all/function/internal_message.html?_=1579309720044&CODE_STATE=getMsg HTTP/1.1" 200 27
120.253.135.82 - - [18/Jan/2020:09:08:43 +0800] "POST /xingrg/kc/pszx/mdps_order_operate.html HTTP/1.1" 200 37
120.253.135.82 - - [18/Jan/2020:09:08:44 +0800] "GET /xingrg/kc/pszx/mdps_order_info.html?code=312020011300414 HTTP/1.1" 200 23835
120.253.135.82 - - [18/Jan/2020:09:08:44 +0800] "GET /xingrg/javascript/easyui/themes/default/validatebox.css HTTP/1.1" 404 1104
120.253.135.82 - - [18/Jan/2020:09:08:44 +0800] "POST /xingrg/kc/pszx/mdps_order_operate.html HTTP/1.1" 200 2295
101.81.125.204 - - [18/Jan/2020:09:08:49 +0800] "GET /xingrg/all/function/internal_message.html?_=1579309107046&CODE_STATE=getMsg HTTP/1.1" 200 27
180.162.232.172 - - [18/Jan/2020:09:08:49 +0800] "GET /xingrg/kc/buy/cgsh_order_operate.html?command=get_materiel&rest_code=00150&code=00101006178&supplier_code=00100012&order_time=2020-01-18 HTTP/1.1" 200 409
120.253.135.82 - - [18/Jan/2020:09:08:50 +0800] "GET /xingrg/all/function/internal_message.html?_=1579309465843&CODE_STATE=getMsg HTTP/1.1" 200 27
116.238.181.252 - - [18/Jan/2020:09:08:53 +0800] "GET /xingrg/kc/buy/cgsh_order_operate.html?command=get_materiel&rest_code=00150&code=00101008318&supplier_code=00100007&order_time=2020-01-18 HTTP/1.1" 200 408
58.221.95.50 - - [18/Jan/2020:09:08:54 +0800] "GET /xingrg/all/function/internal_message.html?_=1579309906406&CODE_STATE=getMsg HTTP/1.1" 302 -
116.224.233.159 - - [18/Jan/2020:09:08:55 +0800] "GET /xingrg/all/function/internal_message.html?_=1579309886946&CODE_STATE=getMsg HTTP/1.1" 200 27
180.162.232.172 - - [18/Jan/2020:09:09:06 +0800] "GET /xingrg/kc/buy/cgsh_order_operate.html?command=get_materiel&rest_code=00150&code=00101006068&supplier_code=00100012&order_time=2020-01-18 HTTP/1.1" 200 409
101.81.125.204 - - [18/Jan/2020:09:09:12 +0800] "GET /xingrg/all/function/internal_message.html?_=1579309747505&CODE_STATE=getMsg HTTP/1.1" 200 27
124.77.241.94 - - [18/Jan/2020:09:09:13 +0800] "GET /xingrg/all/function/internal_message.html?_=1579309753271&CODE_STATE=getMsg HTTP/1.1" 200 27
172.17.0.166 - - [18/Jan/2020:09:09:15 +0800] "GET /xingrg/all/function/internal_message.html?_=1579309614949&CODE_STATE=getMsg HTTP/1.1" 302 -
222.69.129.95 - - [18/Jan/2020:09:09:16 +0800] "POST /xingrg/kc/buy/cgsh_order_operate.html HTTP/1.1" 200 2065
116.238.181.252 - - [18/Jan/2020:09:09:17 +0800] "GET /xingrg/all/function/internal_message.html?_=1579309753293&CODE_STATE=getMsg HTTP/1.1" 200 27
222.69.129.95 - - [18/Jan/2020:09:09:20 +0800] "GET /xingrg/all/function/internal_message.html?_=1579309750104&CODE_STATE=getMsg HTTP/1.1" 200 27
117.131.5.26 - - [18/Jan/2020:09:09:21 +0800] "GET /xingrg/check_reg.html?_=1579309771878 HTTP/1.1" 200 22
58.221.95.50 - - [18/Jan/2020:09:09:27 +0800] "GET /xingrg/all/function/internal_message.html?_=1579310076403&CODE_STATE=getMsg HTTP/1.1" 200 27
180.162.232.172 - - [18/Jan/2020:09:09:27 +0800] "GET /xingrg/all/function/internal_message.html?_=1579309873592&CODE_STATE=getMsg HTTP/1.1" 200 27
114.93.75.19 - - [18/Jan/2020:09:09:28 +0800] "GET /xingrg/all/function/internal_message.html?_=1579309673355&CODE_STATE=getMsg HTTP/1.1" 200 27
172.17.2.150 - - [18/Jan/2020:09:09:31 +0800] "GET /xingrg/all/function/internal_message.html?_=1579309738864&CODE_STATE=getMsg HTTP/1.1" 200 27
124.77.241.94 - - [18/Jan/2020:09:09:31 +0800] "GET /xingrg/check_reg.html?_=1579309775774 HTTP/1.1" 200 22
114.88.159.93 - - [18/Jan/2020:09:09:32 +0800] "GET /xingrg/all/function/internal_message.html?_=1579309782388&CODE_STATE=getMsg HTTP/1.1" 200 27
222.69.129.95 - - [18/Jan/2020:09:09:33 +0800] "GET /xingrg/kc/buy/cgsh_order_operate.html?command=get_materiel&rest_code=00149&code=00101008233&supplier_code=00100008&order_time=2020-01-18 HTTP/1.1" 200 408
114.88.170.138 - - [18/Jan/2020:09:09:34 +0800] "GET /xingrg/all/function/internal_message.html?_=1579309996446&CODE_STATE=getMsg HTTP/1.1" 200 27
116.238.35.243 - - [18/Jan/2020:09:09:34 +0800] "GET /xingrg/all/function/internal_message.html?_=1579309774238&CODE_STATE=getMsg HTTP/1.1" 200 27
116.238.35.243 - - [18/Jan/2020:09:09:34 +0800] "GET /xingrg/check_reg.html?_=1579309774242 HTTP/1.1" 200 22
116.238.35.243 - - [18/Jan/2020:09:09:40 +0800] "GET /xingrg/all/function/internal_message.html?_=1579309780043&CODE_STATE=getMsg HTTP/1.1" 200 27
180.162.232.172 - - [18/Jan/2020:09:09:44 +0800] "POST /xingrg/kc/buy/cgsh_order_operate.html HTTP/1.1" 200 37
222.69.129.95 - - [18/Jan/2020:09:09:44 +0800] "GET /xingrg/kc/buy/cgsh_order_operate.html?command=get_materiel&rest_code=00149&code=00101008296&supplier_code=00100008&order_time=2020-01-18 HTTP/1.1" 200 416
180.162.232.172 - - [18/Jan/2020:09:09:47 +0800] "POST /xingrg/kc/buy/cgsh_order_operate.html HTTP/1.1" 200 12
180.162.232.172 - - [18/Jan/2020:09:09:48 +0800] "GET /xingrg/kc/buy/cgsh_order_info.html?code=212020011809472 HTTP/1.1" 200 53142
180.162.232.172 - - [18/Jan/2020:09:09:48 +0800] "GET /xingrg/javascript/easyui/themes/default/validatebox.css HTTP/1.1" 404 1104
180.162.232.172 - - [18/Jan/2020:09:09:48 +0800] "POST /xingrg/kc/buy/cgsh_order_operate.html HTTP/1.1" 200 3568
101.81.125.204 - - [18/Jan/2020:09:09:49 +0800] "GET /xingrg/all/function/internal_message.html?_=1579309167070&CODE_STATE=getMsg HTTP/1.1" 200 27
120.253.135.82 - - [18/Jan/2020:09:09:50 +0800] "GET /xingrg/all/function/internal_message.html?_=1579309525869&CODE_STATE=getMsg HTTP/1.1" 200 27
180.162.232.172 - - [18/Jan/2020:09:09:51 +0800] "GET /xingrg/kc/print/load_config.html?kc_code=cgsh HTTP/1.1" 200 1841
180.162.232.172 - - [18/Jan/2020:09:09:51 +0800] "GET /xingrg/kc/print/load_data.html?order_code=212020011809472&kc_code=cgsh&condition= HTTP/1.1" 200 1959
58.221.95.50 - - [18/Jan/2020:09:09:54 +0800] "GET /xingrg/all/function/internal_message.html?_=1579309966391&CODE_STATE=getMsg HTTP/1.1" 302 -
222.69.129.95 - - [18/Jan/2020:09:09:54 +0800] "GET /xingrg/kc/buy/cgsh_order_operate.html?command=get_materiel&rest_code=00149&code=00101008169&supplier_code=00100008&order_time=2020-01-18 HTTP/1.1" 200 412
114.88.159.93 - - [18/Jan/2020:09:09:55 +0800] "GET /xingrg/check_reg.html?_=1579309805600 HTTP/1.1" 200 22
116.224.233.159 - - [18/Jan/2020:09:09:55 +0800] "GET /xingrg/all/function/internal_message.html?_=1579309946959&CODE_STATE=getMsg HTTP/1.1" 200 27
222.69.129.95 - - [18/Jan/2020:09:10:08 +0800] "GET /xingrg/kc/buy/cgsh_order_operate.html?command=get_materiel&rest_code=00149&code=00101008352&supplier_code=00100008&order_time=2020-01-18 HTTP/1.1" 200 412
180.162.232.172 - - [18/Jan/2020:09:10:08 +0800] "GET /xingrg/kc/buy/cgsh_order_add.html HTTP/1.1" 200 58234
180.162.232.172 - - [18/Jan/2020:09:10:09 +0800] "POST /xingrg/kc/buy/cgsh_order_operate.html HTTP/1.1" 200 8245
180.162.232.172 - - [18/Jan/2020:09:10:09 +0800] "GET /xingrg/javascript/easyui/themes/default/validatebox.css HTTP/1.1" 404 1104
101.81.125.204 - - [18/Jan/2020:09:10:12 +0800] "GET /xingrg/all/function/internal_message.html?_=1579309807492&CODE_STATE=getMsg HTTP/1.1" 200 27
124.77.241.94 - - [18/Jan/2020:09:10:13 +0800] "GET /xingrg/check_reg.html?_=1579309813231 HTTP/1.1" 200 22
124.77.241.94 - - [18/Jan/2020:09:10:13 +0800] "GET /xingrg/all/function/internal_message.html?_=1579309813285&CODE_STATE=getMsg HTTP/1.1" 200 27
172.17.0.166 - - [18/Jan/2020:09:10:15 +0800] "GET /xingrg/all/function/internal_message.html?_=1579309674948&CODE_STATE=getMsg HTTP/1.1" 302 -
116.238.181.252 - - [18/Jan/2020:09:10:17 +0800] "GET /xingrg/check_reg.html?_=1579309813305 HTTP/1.1" 200 22
116.238.181.252 - - [18/Jan/2020:09:10:17 +0800] "GET /xingrg/all/function/internal_message.html?_=1579309813309&CODE_STATE=getMsg HTTP/1.1" 200 27
180.162.232.172 - - [18/Jan/2020:09:10:19 +0800] "GET /xingrg/kc/buy/cgsh_order_operate.html?command=get_materiel&rest_code=00150&code=00101012039&supplier_code=00100036&order_time=2020-01-18 HTTP/1.1" 200 408
222.69.129.95 - - [18/Jan/2020:09:10:20 +0800] "GET /xingrg/kc/buy/cgsh_order_operate.html?command=get_materiel&rest_code=00149&code=00101008005&supplier_code=00100008&order_time=2020-01-18 HTTP/1.1" 200 412
222.69.129.95 - - [18/Jan/2020:09:10:20 +0800] "GET /xingrg/all/function/internal_message.html?_=1579309810197&CODE_STATE=getMsg HTTP/1.1" 200 27
58.221.95.50 - - [18/Jan/2020:09:10:27 +0800] "GET /xingrg/all/function/internal_message.html?_=1579310136391&CODE_STATE=getMsg HTTP/1.1" 200 27
180.162.232.172 - - [18/Jan/2020:09:10:27 +0800] "GET /xingrg/check_reg.html?_=1579309933410 HTTP/1.1" 200 22
180.162.232.172 - - [18/Jan/2020:09:10:27 +0800] "GET /xingrg/all/function/internal_message.html?_=1579309933603&CODE_STATE=getMsg HTTP/1.1" 200 27
114.93.75.19 - - [18/Jan/2020:09:10:28 +0800] "GET /xingrg/check_reg.html?_=1579309733355 HTTP/1.1" 200 22
114.93.75.19 - - [18/Jan/2020:09:10:28 +0800] "GET /xingrg/all/function/internal_message.html?_=1579309733354&CODE_STATE=getMsg HTTP/1.1" 200 27
172.17.2.150 - - [18/Jan/2020:09:10:31 +0800] "GET /xingrg/all/function/internal_message.html?_=1579309798849&CODE_STATE=getMsg HTTP/1.1" 200 27
222.69.129.95 - - [18/Jan/2020:09:10:31 +0800] "POST /xingrg/kc/buy/cgsh_order_operate.html HTTP/1.1" 200 2065
114.88.159.93 - - [18/Jan/2020:09:10:32 +0800] "GET /xingrg/all/function/internal_message.html?_=1579309842362&CODE_STATE=getMsg HTTP/1.1" 200 27
114.88.170.138 - - [18/Jan/2020:09:10:34 +0800] "GET /xingrg/all/function/internal_message.html?_=1579310056445&CODE_STATE=getMsg HTTP/1.1" 200 27
116.238.35.243 - - [18/Jan/2020:09:10:34 +0800] "GET /xingrg/all/function/internal_message.html?_=1579309834239&CODE_STATE=getMsg HTTP/1.1" 200 27
180.162.232.172 - - [18/Jan/2020:09:10:38 +0800] "POST /xingrg/kc/buy/cgsh_order_operate.html HTTP/1.1" 200 37
222.69.129.95 - - [18/Jan/2020:09:10:39 +0800] "GET /xingrg/kc/buy/cgsh_order_operate.html?command=get_materiel&rest_code=00149&code=00101008271&supplier_code=00100008&order_time=2020-01-18 HTTP/1.1" 200 408
116.238.35.243 - - [18/Jan/2020:09:10:40 +0800] "GET /xingrg/all/function/internal_message.html?_=1579309840044&CODE_STATE=getMsg HTTP/1.1" 200 27
180.162.232.172 - - [18/Jan/2020:09:10:40 +0800] "POST /xingrg/kc/buy/cgsh_order_operate.html HTTP/1.1" 200 12
180.162.232.172 - - [18/Jan/2020:09:10:41 +0800] "GET /xingrg/kc/buy/cgsh_order_info.html?code=212020011809473 HTTP/1.1" 200 53144
180.162.232.172 - - [18/Jan/2020:09:10:42 +0800] "GET /xingrg/javascript/easyui/themes/default/validatebox.css HTTP/1.1" 404 1104
180.162.232.172 - - [18/Jan/2020:09:10:42 +0800] "POST /xingrg/kc/buy/cgsh_order_operate.html HTTP/1.1" 200 602
180.162.232.172 - - [18/Jan/2020:09:10:44 +0800] "GET /xingrg/kc/print/load_data.html?order_code=212020011809473&kc_code=cgsh&condition= HTTP/1.1" 200 794
222.69.129.95 - - [18/Jan/2020:09:10:49 +0800] "POST /xingrg/services/DataTransmitService HTTP/1.1" 200 524
222.69.129.95 - - [18/Jan/2020:09:10:49 +0800] "POST /xingrg/services/DataTransmitService HTTP/1.1" 200 2167
222.69.129.95 - - [18/Jan/2020:09:10:49 +0800] "POST /xingrg/services/DataTransmitService HTTP/1.1" 200 2239
101.81.125.204 - - [18/Jan/2020:09:10:49 +0800] "GET /xingrg/all/function/internal_message.html?_=1579309227087&CODE_STATE=getMsg HTTP/1.1" 200 27
222.69.129.95 - - [18/Jan/2020:09:10:49 +0800] "POST /xingrg/services/DataTransmitService HTTP/1.1" 200 1459
120.253.135.82 - - [18/Jan/2020:09:10:50 +0800] "GET /xingrg/all/function/internal_message.html?_=1579309586032&CODE_STATE=getMsg HTTP/1.1" 200 27
222.69.129.95 - - [18/Jan/2020:09:10:50 +0800] "POST /xingrg/services/DataTransmitService HTTP/1.1" 200 126539
222.69.129.95 - - [18/Jan/2020:09:10:52 +0800] "GET /xingrg/kc/buy/cgsh_order_operate.html?command=get_materiel&rest_code=00149&code=00101008353&supplier_code=00100008&order_time=2020-01-18 HTTP/1.1" 200 408
58.221.95.50 - - [18/Jan/2020:09:10:54 +0800] "GET /xingrg/all/function/internal_message.html?_=1579310026404&CODE_STATE=getMsg HTTP/1.1" 302 -
116.224.233.159 - - [18/Jan/2020:09:10:55 +0800] "GET /xingrg/all/function/internal_message.html?_=1579310006976&CODE_STATE=getMsg HTTP/1.1" 200 27
222.69.129.95 - - [18/Jan/2020:09:11:01 +0800] "GET /xingrg/kc/buy/cgsh_order_operate.html?command=get_materiel&rest_code=00149&code=00101008213&supplier_code=00100008&order_time=2020-01-18 HTTP/1.1" 200 412
180.162.232.172 - - [18/Jan/2020:09:11:06 +0800] "GET /xingrg/kc/buy/cgsh_order_add.html HTTP/1.1" 200 58234
180.162.232.172 - - [18/Jan/2020:09:11:06 +0800] "POST /xingrg/kc/buy/cgsh_order_operate.html HTTP/1.1" 200 8245
180.162.232.172 - - [18/Jan/2020:09:11:06 +0800] "GET /xingrg/javascript/easyui/themes/default/validatebox.css HTTP/1.1" 404 1104
101.81.125.204 - - [18/Jan/2020:09:11:12 +0800] "GET /xingrg/all/function/internal_message.html?_=1579309867490&CODE_STATE=getMsg HTTP/1.1" 200 27
101.81.125.204 - - [18/Jan/2020:09:11:12 +0800] "GET /xingrg/check_reg.html?_=1579309867492 HTTP/1.1" 200 22
124.77.241.94 - - [18/Jan/2020:09:11:13 +0800] "GET /xingrg/all/function/internal_message.html?_=1579309873298&CODE_STATE=getMsg HTTP/1.1" 200 27
120.253.135.82 - - [18/Jan/2020:09:11:13 +0800] "GET /xingrg/kc/print/load_data.html?order_code=312020011300414&kc_code=mdps&condition= HTTP/1.1" 200 709
222.69.129.95 - - [18/Jan/2020:09:11:14 +0800] "GET /xingrg/kc/buy/cgsh_order_operate.html?command=get_materiel&rest_code=00149&code=00101008304&supplier_code=00100008&order_time=2020-01-18 HTTP/1.1" 200 412
172.17.0.166 - - [18/Jan/2020:09:11:15 +0800] "GET /xingrg/all/function/internal_message.html?_=1579309734963&CODE_STATE=getMsg HTTP/1.1" 302 -
172.17.0.166 - - [18/Jan/2020:09:11:15 +0800] "GET /xingrg/check_reg.html?_=1579309734965 HTTP/1.1" 302 -
116.238.181.252 - - [18/Jan/2020:09:11:17 +0800] "GET /xingrg/all/function/internal_message.html?_=1579309873299&CODE_STATE=getMsg HTTP/1.1" 200 27
180.162.232.172 - - [18/Jan/2020:09:11:17 +0800] "GET /xingrg/kc/buy/cgsh_order_operate.html?command=get_materiel&rest_code=00150&code=00101001010&supplier_code=00100040&order_time=2020-01-18 HTTP/1.1" 200 408
