114.88.159.93 - - [18/Jan/2020:06:40:35 +0800] "GET /xingrg/all/function/internal_message.html?_=1579300846004&CODE_STATE=getMsg HTTP/1.1" 200 27
58.221.95.50 - - [18/Jan/2020:06:40:54 +0800] "GET /xingrg/all/function/internal_message.html?_=1579301026091&CODE_STATE=getMsg HTTP/1.1" 302 -
120.253.135.82 - - [18/Jan/2020:06:41:05 +0800] "GET /xingrg/check_reg.html?_=1579300601586 HTTP/1.1" 200 22
120.253.135.82 - - [18/Jan/2020:06:41:10 +0800] "GET /xingrg/all/function/internal_message.html?_=1579300605963&CODE_STATE=getMsg HTTP/1.1" 200 27
172.17.0.166 - - [18/Jan/2020:06:41:15 +0800] "GET /xingrg/all/function/internal_message.html?_=1579300734913&CODE_STATE=getMsg HTTP/1.1" 302 -
172.17.0.166 - - [18/Jan/2020:06:41:15 +0800] "GET /xingrg/check_reg.html?_=1579300734915 HTTP/1.1" 302 -
114.93.75.19 - - [18/Jan/2020:06:41:19 +0800] "GET /xingrg/all/function/internal_message.html?_=1579300874912&CODE_STATE=getMsg HTTP/1.1" 200 27
124.77.241.94 - - [18/Jan/2020:06:41:25 +0800] "POST /xingrg/services/DataTransmitService HTTP/1.1" 200 524
124.77.241.94 - - [18/Jan/2020:06:41:26 +0800] "POST /xingrg/services/DataTransmitService HTTP/1.1" 200 501
114.93.75.19 - - [18/Jan/2020:06:41:27 +0800] "GET /xingrg/all/function/internal_message.html?_=1579300792514&CODE_STATE=getMsg HTTP/1.1" 200 27
58.221.95.50 - - [18/Jan/2020:06:41:30 +0800] "GET /xingrg/all/function/internal_message.html?_=1579301199066&CODE_STATE=getMsg HTTP/1.1" 200 27
172.17.2.150 - - [18/Jan/2020:06:41:30 +0800] "GET /xingrg/all/function/internal_message.html?_=1579300858652&CODE_STATE=getMsg HTTP/1.1" 200 27
120.253.135.82 - - [18/Jan/2020:06:41:33 +0800] "POST /xingrg/kc/pszx/mdps_list_operate.html HTTP/1.1" 200 2837
114.88.159.93 - - [18/Jan/2020:06:41:35 +0800] "GET /xingrg/all/function/internal_message.html?_=1579300905983&CODE_STATE=getMsg HTTP/1.1" 200 27
120.253.135.82 - - [18/Jan/2020:06:41:43 +0800] "POST /xingrg/kc/pszx/mdps_list_operate.html HTTP/1.1" 200 211
120.253.135.82 - - [18/Jan/2020:06:41:45 +0800] "POST /xingrg/kc/pszx/mdps_list_operate.html HTTP/1.1" 200 449
120.253.135.82 - - [18/Jan/2020:06:41:46 +0800] "GET /xingrg/kc/pszx/mdps_order_info.html?code=312020011800522 HTTP/1.1" 200 23835
120.253.135.82 - - [18/Jan/2020:06:41:46 +0800] "POST /xingrg/kc/pszx/mdps_order_operate.html HTTP/1.1" 200 3762
120.253.135.82 - - [18/Jan/2020:06:41:47 +0800] "GET /xingrg/javascript/easyui/themes/default/validatebox.css HTTP/1.1" 404 1104
58.221.95.50 - - [18/Jan/2020:06:41:48 +0800] "GET /xingrg/check_reg.html?_=1579301217932 HTTP/1.1" 200 22
120.253.135.82 - - [18/Jan/2020:06:41:50 +0800] "POST /xingrg/kc/pszx/mdps_order_operate.html HTTP/1.1" 200 37
120.253.135.82 - - [18/Jan/2020:06:41:51 +0800] "GET /xingrg/kc/pszx/mdps_order_info.html?code=312020011800522 HTTP/1.1" 200 23835
120.253.135.82 - - [18/Jan/2020:06:41:51 +0800] "POST /xingrg/kc/pszx/mdps_order_operate.html HTTP/1.1" 200 3795
120.253.135.82 - - [18/Jan/2020:06:41:51 +0800] "GET /xingrg/javascript/easyui/themes/default/validatebox.css HTTP/1.1" 404 1104
58.221.95.50 - - [18/Jan/2020:06:41:54 +0800] "GET /xingrg/all/function/internal_message.html?_=1579301086090&CODE_STATE=getMsg HTTP/1.1" 302 -
58.221.95.50 - - [18/Jan/2020:06:41:54 +0800] "GET /xingrg/check_reg.html?_=1579301086091 HTTP/1.1" 302 -
120.253.135.82 - - [18/Jan/2020:06:42:02 +0800] "GET /xingrg/kc/print/load_data.html?order_code=312020011800522&kc_code=mdps&condition= HTTP/1.1" 200 1393
120.253.135.82 - - [18/Jan/2020:06:42:10 +0800] "GET /xingrg/all/function/internal_message.html?_=1579300665975&CODE_STATE=getMsg HTTP/1.1" 200 27
120.253.135.82 - - [18/Jan/2020:06:42:10 +0800] "POST /xingrg/kc/pszx/mdps_list_operate.html HTTP/1.1" 200 529
120.253.135.82 - - [18/Jan/2020:06:42:12 +0800] "POST /xingrg/kc/pszx/mdps_list_operate.html HTTP/1.1" 200 612
172.17.0.166 - - [18/Jan/2020:06:42:15 +0800] "GET /xingrg/all/function/internal_message.html?_=1579300794918&CODE_STATE=getMsg HTTP/1.1" 302 -
120.253.135.82 - - [18/Jan/2020:06:42:16 +0800] "GET /xingrg/kc/pszx/mdps_order_info.html?code=312020011300403 HTTP/1.1" 200 23843
120.253.135.82 - - [18/Jan/2020:06:42:16 +0800] "POST /xingrg/kc/pszx/mdps_order_operate.html HTTP/1.1" 200 4296
120.253.135.82 - - [18/Jan/2020:06:42:16 +0800] "GET /xingrg/javascript/easyui/themes/default/validatebox.css HTTP/1.1" 404 1104
114.93.75.19 - - [18/Jan/2020:06:42:19 +0800] "GET /xingrg/all/function/internal_message.html?_=1579300934917&CODE_STATE=getMsg HTTP/1.1" 200 27
114.93.75.19 - - [18/Jan/2020:06:42:19 +0800] "GET /xingrg/check_reg.html?_=1579300934920 HTTP/1.1" 200 22
58.40.7.146 - - [18/Jan/2020:06:42:19 +0800] "GET /favicon.ico HTTP/1.1" 404 -
120.253.135.82 - - [18/Jan/2020:06:42:23 +0800] "POST /xingrg/kc/pszx/mdps_list_operate.html HTTP/1.1" 200 2837
120.253.135.82 - - [18/Jan/2020:06:42:24 +0800] "POST /xingrg/kc/pszx/mdps_list_operate.html HTTP/1.1" 200 211
114.93.75.19 - - [18/Jan/2020:06:42:27 +0800] "GET /xingrg/all/function/internal_message.html?_=1579300852514&CODE_STATE=getMsg HTTP/1.1" 200 27
58.221.95.50 - - [18/Jan/2020:06:42:30 +0800] "GET /xingrg/all/function/internal_message.html?_=1579301259073&CODE_STATE=getMsg HTTP/1.1" 200 27
172.17.2.150 - - [18/Jan/2020:06:42:30 +0800] "GET /xingrg/all/function/internal_message.html?_=1579300918654&CODE_STATE=getMsg HTTP/1.1" 200 27
172.17.2.150 - - [18/Jan/2020:06:42:30 +0800] "GET /xingrg/check_reg.html?_=1579300918662 HTTP/1.1" 200 22
114.88.159.93 - - [18/Jan/2020:06:42:35 +0800] "GET /xingrg/all/function/internal_message.html?_=1579300965960&CODE_STATE=getMsg HTTP/1.1" 200 27
120.253.135.82 - - [18/Jan/2020:06:42:37 +0800] "POST /xingrg/kc/pszx/mdps_list_operate.html HTTP/1.1" 200 2065
120.253.135.82 - - [18/Jan/2020:06:42:39 +0800] "POST /xingrg/kc/pszx/mdps_list_operate.html HTTP/1.1" 200 373
120.253.135.82 - - [18/Jan/2020:06:42:41 +0800] "GET /xingrg/kc/pszx/mdps_order_info.html?code=312020011800523 HTTP/1.1" 200 23835
120.253.135.82 - - [18/Jan/2020:06:42:41 +0800] "POST /xingrg/kc/pszx/mdps_order_operate.html HTTP/1.1" 200 3281
120.253.135.82 - - [18/Jan/2020:06:42:41 +0800] "GET /xingrg/javascript/easyui/themes/default/validatebox.css HTTP/1.1" 404 1104
120.253.135.82 - - [18/Jan/2020:06:42:45 +0800] "POST /xingrg/kc/pszx/mdps_order_operate.html HTTP/1.1" 200 37
120.253.135.82 - - [18/Jan/2020:06:42:46 +0800] "GET /xingrg/kc/pszx/mdps_order_info.html?code=312020011800523 HTTP/1.1" 200 23835
120.253.135.82 - - [18/Jan/2020:06:42:47 +0800] "POST /xingrg/kc/pszx/mdps_order_operate.html HTTP/1.1" 200 3305
120.253.135.82 - - [18/Jan/2020:06:42:47 +0800] "GET /xingrg/javascript/easyui/themes/default/validatebox.css HTTP/1.1" 404 1104
58.221.95.50 - - [18/Jan/2020:06:42:54 +0800] "GET /xingrg/all/function/internal_message.html?_=1579301146090&CODE_STATE=getMsg HTTP/1.1" 302 -
120.253.135.82 - - [18/Jan/2020:06:42:57 +0800] "GET /xingrg/kc/print/load_data.html?order_code=312020011800523&kc_code=mdps&condition= HTTP/1.1" 200 1161
120.253.135.82 - - [18/Jan/2020:06:43:03 +0800] "POST /xingrg/kc/pszx/mdps_list_operate.html HTTP/1.1" 200 2065
120.253.135.82 - - [18/Jan/2020:06:43:06 +0800] "POST /xingrg/kc/pszx/mdps_list_operate.html HTTP/1.1" 200 373
120.253.135.82 - - [18/Jan/2020:06:43:08 +0800] "POST /xingrg/kc/pszx/mdps_list_operate.html HTTP/1.1" 200 651
120.253.135.82 - - [18/Jan/2020:06:43:10 +0800] "GET /xingrg/all/function/internal_message.html?_=1579300725987&CODE_STATE=getMsg HTTP/1.1" 200 27
120.253.135.82 - - [18/Jan/2020:06:43:10 +0800] "GET /xingrg/kc/pszx/mdps_order_info.html?code=312020011300413 HTTP/1.1" 200 23835
120.253.135.82 - - [18/Jan/2020:06:43:11 +0800] "POST /xingrg/kc/pszx/mdps_order_operate.html HTTP/1.1" 200 16663
120.253.135.82 - - [18/Jan/2020:06:43:11 +0800] "GET /xingrg/javascript/easyui/themes/default/validatebox.css HTTP/1.1" 404 1104
172.17.0.166 - - [18/Jan/2020:06:43:15 +0800] "GET /xingrg/all/function/internal_message.html?_=1579300854918&CODE_STATE=getMsg HTTP/1.1" 302 -
120.253.135.82 - - [18/Jan/2020:06:43:17 +0800] "POST /xingrg/kc/pszx/mdps_list_operate.html HTTP/1.1" 200 2065
114.93.75.19 - - [18/Jan/2020:06:43:19 +0800] "GET /xingrg/all/function/internal_message.html?_=1579300994922&CODE_STATE=getMsg HTTP/1.1" 200 27
120.253.135.82 - - [18/Jan/2020:06:43:27 +0800] "POST /xingrg/kc/pszx/mdps_list_operate.html HTTP/1.1" 200 2058
114.93.75.19 - - [18/Jan/2020:06:43:27 +0800] "GET /xingrg/all/function/internal_message.html?_=1579300912529&CODE_STATE=getMsg HTTP/1.1" 200 27
120.253.135.82 - - [18/Jan/2020:06:43:29 +0800] "POST /xingrg/kc/pszx/mdps_list_operate.html HTTP/1.1" 200 297
58.221.95.50 - - [18/Jan/2020:06:43:30 +0800] "GET /xingrg/all/function/internal_message.html?_=1579301319053&CODE_STATE=getMsg HTTP/1.1" 200 27
172.17.2.150 - - [18/Jan/2020:06:43:30 +0800] "GET /xingrg/all/function/internal_message.html?_=1579300978660&CODE_STATE=getMsg HTTP/1.1" 200 27
120.253.135.82 - - [18/Jan/2020:06:43:33 +0800] "GET /xingrg/kc/pszx/mdps_order_info.html?code=312020011800524 HTTP/1.1" 200 23835
120.253.135.82 - - [18/Jan/2020:06:43:33 +0800] "POST /xingrg/kc/pszx/mdps_order_operate.html HTTP/1.1" 200 2800
120.253.135.82 - - [18/Jan/2020:06:43:34 +0800] "GET /xingrg/javascript/easyui/themes/default/validatebox.css HTTP/1.1" 404 1104
114.88.159.93 - - [18/Jan/2020:06:43:35 +0800] "GET /xingrg/all/function/internal_message.html?_=1579301025939&CODE_STATE=getMsg HTTP/1.1" 200 27
120.253.135.82 - - [18/Jan/2020:06:43:36 +0800] "POST /xingrg/kc/pszx/mdps_order_operate.html HTTP/1.1" 200 37
120.253.135.82 - - [18/Jan/2020:06:43:37 +0800] "GET /xingrg/kc/pszx/mdps_order_info.html?code=312020011800524 HTTP/1.1" 200 23835
120.253.135.82 - - [18/Jan/2020:06:43:37 +0800] "POST /xingrg/kc/pszx/mdps_order_operate.html HTTP/1.1" 200 2816
120.253.135.82 - - [18/Jan/2020:06:43:37 +0800] "GET /xingrg/javascript/easyui/themes/default/validatebox.css HTTP/1.1" 404 1104
120.253.135.82 - - [18/Jan/2020:06:43:41 +0800] "POST /xingrg/kc/pszx/mdps_list_operate.html HTTP/1.1" 200 2058
58.221.95.50 - - [18/Jan/2020:06:43:54 +0800] "GET /xingrg/all/function/internal_message.html?_=1579301206103&CODE_STATE=getMsg HTTP/1.1" 302 -
120.253.135.82 - - [18/Jan/2020:06:44:10 +0800] "GET /xingrg/all/function/internal_message.html?_=1579300786215&CODE_STATE=getMsg HTTP/1.1" 200 27
172.17.0.166 - - [18/Jan/2020:06:44:15 +0800] "GET /xingrg/all/function/internal_message.html?_=1579300914917&CODE_STATE=getMsg HTTP/1.1" 302 -
114.93.75.19 - - [18/Jan/2020:06:44:19 +0800] "GET /xingrg/all/function/internal_message.html?_=1579301054908&CODE_STATE=getMsg HTTP/1.1" 200 27
117.131.5.26 - - [18/Jan/2020:06:44:22 +0800] "GET /xingrg/check_reg.html?_=1579301071878 HTTP/1.1" 200 22
114.93.75.19 - - [18/Jan/2020:06:44:28 +0800] "GET /xingrg/all/function/internal_message.html?_=1579300972556&CODE_STATE=getMsg HTTP/1.1" 200 27
58.221.95.50 - - [18/Jan/2020:06:44:30 +0800] "GET /xingrg/all/function/internal_message.html?_=1579301379028&CODE_STATE=getMsg HTTP/1.1" 200 27
172.17.2.150 - - [18/Jan/2020:06:44:30 +0800] "GET /xingrg/all/function/internal_message.html?_=1579301038669&CODE_STATE=getMsg HTTP/1.1" 200 27
124.77.241.94 - - [18/Jan/2020:06:44:31 +0800] "GET /xingrg/check_reg.html?_=1579301075617 HTTP/1.1" 200 22
114.88.159.93 - - [18/Jan/2020:06:44:35 +0800] "GET /xingrg/all/function/internal_message.html?_=1579301085911&CODE_STATE=getMsg HTTP/1.1" 200 27
120.253.135.82 - - [18/Jan/2020:06:44:45 +0800] "GET /xingrg/kc/pszx/mdqp_order_list.html?state=10 HTTP/1.1" 200 15353
120.253.135.82 - - [18/Jan/2020:06:44:45 +0800] "GET /xingrg/dwr/interface/AjaxReportQueryService.js HTTP/1.1" 200 13203
120.253.135.82 - - [18/Jan/2020:06:44:45 +0800] "GET /xingrg/dwr/interface/AjaxQqpsService.js HTTP/1.1" 200 16326
120.253.135.82 - - [18/Jan/2020:06:44:45 +0800] "GET /xingrg/dwr/engine.js HTTP/1.1" 200 43631
120.253.135.82 - - [18/Jan/2020:06:44:54 +0800] "GET /xingrg/kc/pszx/mdqp_order_info.html?code=302020011700423 HTTP/1.1" 200 13362
120.253.135.82 - - [18/Jan/2020:06:44:54 +0800] "GET /xingrg/dwr/interface/AjaxQqpsService.js HTTP/1.1" 200 16326
120.253.135.82 - - [18/Jan/2020:06:44:54 +0800] "GET /xingrg/dwr/interface/AjaxComOrderService.js HTTP/1.1" 200 18264
120.253.135.82 - - [18/Jan/2020:06:44:54 +0800] "GET /xingrg/dwr/engine.js HTTP/1.1" 200 43631
58.221.95.50 - - [18/Jan/2020:06:44:54 +0800] "GET /xingrg/all/function/internal_message.html?_=1579301266087&CODE_STATE=getMsg HTTP/1.1" 302 -
120.253.135.82 - - [18/Jan/2020:06:44:55 +0800] "POST /xingrg/dwr/call/plaincall/AjaxQqpsService.loadMaterielItems.dwr HTTP/1.1" 200 3679
114.88.159.93 - - [18/Jan/2020:06:44:55 +0800] "GET /xingrg/check_reg.html?_=1579301105506 HTTP/1.1" 200 22
120.253.135.82 - - [18/Jan/2020:06:44:56 +0800] "GET /xingrg/images/yd/bt.gif HTTP/1.1" 404 1040
120.253.135.82 - - [18/Jan/2020:06:44:56 +0800] "GET /xingrg/images/yd/bt2.gif HTTP/1.1" 404 1042
120.253.135.82 - - [18/Jan/2020:06:44:58 +0800] "GET /xingrg/kc/pszx/mdqp_order_list.html?isBack=1 HTTP/1.1" 302 -
120.253.135.82 - - [18/Jan/2020:06:44:58 +0800] "GET /xingrg/kc/pszx/mdqp_order_list.html?state=10 HTTP/1.1" 200 15353
120.253.135.82 - - [18/Jan/2020:06:44:58 +0800] "GET /xingrg/dwr/interface/AjaxReportQueryService.js HTTP/1.1" 200 13203
120.253.135.82 - - [18/Jan/2020:06:44:58 +0800] "GET /xingrg/dwr/interface/AjaxQqpsService.js HTTP/1.1" 200 16326
120.253.135.82 - - [18/Jan/2020:06:44:58 +0800] "GET /xingrg/dwr/engine.js HTTP/1.1" 200 43631
120.253.135.82 - - [18/Jan/2020:06:45:04 +0800] "GET /xingrg/kc/pszx/jzcl_ps.html HTTP/1.1" 200 7673
120.253.135.82 - - [18/Jan/2020:06:45:04 +0800] "POST /xingrg/all/common/load_tree.html?tree=area_rest_tree_json HTTP/1.1" 200 3079
120.253.135.82 - - [18/Jan/2020:06:45:05 +0800] "POST /xingrg/kc/pszx/jzcl_ps_operate.html HTTP/1.1" 200 5581
120.253.135.82 - - [18/Jan/2020:06:45:05 +0800] "POST /xingrg/kc/pszx/jzcl_ps_operate.html HTTP/1.1" 200 5581
120.253.135.82 - - [18/Jan/2020:06:45:10 +0800] "GET /xingrg/all/function/internal_message.html?_=1579300846227&CODE_STATE=getMsg HTTP/1.1" 200 27
120.253.135.82 - - [18/Jan/2020:06:45:10 +0800] "POST /xingrg/kc/pszx/jzcl_ps_operate.html HTTP/1.1" 200 4
120.253.135.82 - - [18/Jan/2020:06:45:10 +0800] "GET /xingrg/javascript/step/images/navBtn.gif HTTP/1.1" 200 361
120.253.135.82 - - [18/Jan/2020:06:45:11 +0800] "GET /xingrg/kc/pszx/mdps_order_list.html HTTP/1.1" 200 20985
120.253.135.82 - - [18/Jan/2020:06:45:12 +0800] "POST /xingrg/kc/pszx/mdps_list_operate.html HTTP/1.1" 200 5520
172.17.0.166 - - [18/Jan/2020:06:45:15 +0800] "GET /xingrg/all/function/internal_message.html?_=1579300974914&CODE_STATE=getMsg HTTP/1.1" 302 -
120.253.135.82 - - [18/Jan/2020:06:45:15 +0800] "GET /xingrg/kc/pszx/jzcl_ps.html HTTP/1.1" 200 7673
120.253.135.82 - - [18/Jan/2020:06:45:16 +0800] "POST /xingrg/all/common/load_tree.html?tree=area_rest_tree_json HTTP/1.1" 200 3079
120.253.135.82 - - [18/Jan/2020:06:45:16 +0800] "POST /xingrg/kc/pszx/jzcl_ps_operate.html HTTP/1.1" 200 5116
120.253.135.82 - - [18/Jan/2020:06:45:16 +0800] "POST /xingrg/kc/pszx/jzcl_ps_operate.html HTTP/1.1" 200 5116
114.93.75.19 - - [18/Jan/2020:06:45:19 +0800] "GET /xingrg/all/function/internal_message.html?_=1579301114911&CODE_STATE=getMsg HTTP/1.1" 200 27
114.93.75.19 - - [18/Jan/2020:06:45:27 +0800] "GET /xingrg/check_reg.html?_=1579301032556 HTTP/1.1" 200 22
114.93.75.19 - - [18/Jan/2020:06:45:28 +0800] "GET /xingrg/all/function/internal_message.html?_=1579301032559&CODE_STATE=getMsg HTTP/1.1" 200 27
120.253.135.82 - - [18/Jan/2020:06:45:28 +0800] "POST /xingrg/kc/pszx/jzcl_ps_operate.html HTTP/1.1" 200 4
120.253.135.82 - - [18/Jan/2020:06:45:28 +0800] "GET /xingrg/javascript/step/images/navBtn.gif HTTP/1.1" 200 361
120.253.135.82 - - [18/Jan/2020:06:45:29 +0800] "GET /xingrg/kc/pszx/mdps_order_list.html HTTP/1.1" 200 20985
120.253.135.82 - - [18/Jan/2020:06:45:30 +0800] "POST /xingrg/kc/pszx/mdps_list_operate.html HTTP/1.1" 200 5556
58.221.95.50 - - [18/Jan/2020:06:45:30 +0800] "GET /xingrg/all/function/internal_message.html?_=1579301439008&CODE_STATE=getMsg HTTP/1.1" 200 27
172.17.2.150 - - [18/Jan/2020:06:45:30 +0800] "GET /xingrg/all/function/internal_message.html?_=1579301098667&CODE_STATE=getMsg HTTP/1.1" 200 27
120.253.135.82 - - [18/Jan/2020:06:45:33 +0800] "GET /xingrg/kc/pszx/jzcl_ps.html HTTP/1.1" 200 7673
120.253.135.82 - - [18/Jan/2020:06:45:33 +0800] "POST /xingrg/all/common/load_tree.html?tree=area_rest_tree_json HTTP/1.1" 200 3079
120.253.135.82 - - [18/Jan/2020:06:45:33 +0800] "POST /xingrg/kc/pszx/jzcl_ps_operate.html HTTP/1.1" 200 4241
120.253.135.82 - - [18/Jan/2020:06:45:33 +0800] "POST /xingrg/kc/pszx/jzcl_ps_operate.html HTTP/1.1" 200 4241
114.88.159.93 - - [18/Jan/2020:06:45:35 +0800] "GET /xingrg/all/function/internal_message.html?_=1579301145889&CODE_STATE=getMsg HTTP/1.1" 200 27
120.253.135.82 - - [18/Jan/2020:06:45:42 +0800] "POST /xingrg/kc/pszx/jzcl_ps_operate.html HTTP/1.1" 200 4
120.253.135.82 - - [18/Jan/2020:06:45:42 +0800] "GET /xingrg/javascript/step/images/navBtn.gif HTTP/1.1" 200 361
120.253.135.82 - - [18/Jan/2020:06:45:43 +0800] "GET /xingrg/kc/pszx/mdps_order_list.html HTTP/1.1" 200 20985
120.253.135.82 - - [18/Jan/2020:06:45:44 +0800] "POST /xingrg/kc/pszx/mdps_list_operate.html HTTP/1.1" 200 5550
120.253.135.82 - - [18/Jan/2020:06:45:48 +0800] "GET /xingrg/kc/pszx/jzcl_ps.html HTTP/1.1" 200 7673
120.253.135.82 - - [18/Jan/2020:06:45:48 +0800] "POST /xingrg/all/common/load_tree.html?tree=area_rest_tree_json HTTP/1.1" 200 3079
120.253.135.82 - - [18/Jan/2020:06:45:48 +0800] "POST /xingrg/kc/pszx/jzcl_ps_operate.html HTTP/1.1" 200 3305
120.253.135.82 - - [18/Jan/2020:06:45:48 +0800] "POST /xingrg/kc/pszx/jzcl_ps_operate.html HTTP/1.1" 200 3305
58.221.95.50 - - [18/Jan/2020:06:45:54 +0800] "GET /xingrg/all/function/internal_message.html?_=1579301326111&CODE_STATE=getMsg HTTP/1.1" 302 -
120.253.135.82 - - [18/Jan/2020:06:46:01 +0800] "POST /xingrg/kc/pszx/jzcl_ps_operate.html HTTP/1.1" 200 4
120.253.135.82 - - [18/Jan/2020:06:46:02 +0800] "GET /xingrg/kc/pszx/mdps_order_list.html HTTP/1.1" 200 20985
120.253.135.82 - - [18/Jan/2020:06:46:03 +0800] "POST /xingrg/kc/pszx/mdps_list_operate.html HTTP/1.1" 200 5530
120.253.135.82 - - [18/Jan/2020:06:46:05 +0800] "GET /xingrg/check_reg.html?_=1579300901591 HTTP/1.1" 200 22
120.253.135.82 - - [18/Jan/2020:06:46:10 +0800] "GET /xingrg/all/function/internal_message.html?_=1579300906242&CODE_STATE=getMsg HTTP/1.1" 200 27
172.17.0.166 - - [18/Jan/2020:06:46:15 +0800] "GET /xingrg/all/function/internal_message.html?_=1579301034913&CODE_STATE=getMsg HTTP/1.1" 302 -
172.17.0.166 - - [18/Jan/2020:06:46:15 +0800] "GET /xingrg/check_reg.html?_=1579301034915 HTTP/1.1" 302 -
120.253.135.82 - - [18/Jan/2020:06:46:17 +0800] "POST /xingrg/kc/pszx/mdps_list_operate.html HTTP/1.1" 200 2779
120.253.135.82 - - [18/Jan/2020:06:46:18 +0800] "POST /xingrg/kc/pszx/mdps_list_operate.html HTTP/1.1" 200 641
114.93.75.19 - - [18/Jan/2020:06:46:19 +0800] "GET /xingrg/all/function/internal_message.html?_=1579301174922&CODE_STATE=getMsg HTTP/1.1" 200 27
120.253.135.82 - - [18/Jan/2020:06:46:21 +0800] "POST /xingrg/kc/pszx/mdps_list_operate.html HTTP/1.1" 200 205
120.253.135.82 - - [18/Jan/2020:06:46:22 +0800] "GET /xingrg/kc/pszx/mdps_order_info.html?code=312020011600457 HTTP/1.1" 200 23833
120.253.135.82 - - [18/Jan/2020:06:46:22 +0800] "POST /xingrg/kc/pszx/mdps_order_operate.html HTTP/1.1" 200 2287
120.253.135.82 - - [18/Jan/2020:06:46:22 +0800] "GET /xingrg/javascript/easyui/themes/default/validatebox.css HTTP/1.1" 404 1104
120.253.135.82 - - [18/Jan/2020:06:46:24 +0800] "GET /xingrg/javascript/jquery_tools/images/prev.gif HTTP/1.1" 404 1086
120.253.135.82 - - [18/Jan/2020:06:46:24 +0800] "GET /xingrg/javascript/jquery_tools/images/next.gif HTTP/1.1" 404 1086
114.93.75.19 - - [18/Jan/2020:06:46:27 +0800] "GET /xingrg/all/function/internal_message.html?_=1579301092543&CODE_STATE=getMsg HTTP/1.1" 200 27
58.221.95.50 - - [18/Jan/2020:06:46:29 +0800] "GET /xingrg/all/function/internal_message.html?_=1579301498986&CODE_STATE=getMsg HTTP/1.1" 200 27
172.17.2.150 - - [18/Jan/2020:06:46:30 +0800] "GET /xingrg/all/function/internal_message.html?_=1579301158654&CODE_STATE=getMsg HTTP/1.1" 200 27
120.253.135.82 - - [18/Jan/2020:06:46:32 +0800] "POST /xingrg/kc/pszx/mdps_order_operate.html HTTP/1.1" 200 37
120.253.135.82 - - [18/Jan/2020:06:46:33 +0800] "GET /xingrg/kc/pszx/mdps_order_info.html?code=312020011600457 HTTP/1.1" 200 23833
120.253.135.82 - - [18/Jan/2020:06:46:33 +0800] "POST /xingrg/kc/pszx/mdps_order_operate.html HTTP/1.1" 200 2287
120.253.135.82 - - [18/Jan/2020:06:46:33 +0800] "GET /xingrg/javascript/easyui/themes/default/validatebox.css HTTP/1.1" 404 1104
114.88.159.93 - - [18/Jan/2020:06:46:35 +0800] "GET /xingrg/all/function/internal_message.html?_=1579301205858&CODE_STATE=getMsg HTTP/1.1" 200 27
120.253.135.82 - - [18/Jan/2020:06:46:40 +0800] "GET /xingrg/kc/pszx/mdps_order_info.html?code=312020011600457 HTTP/1.1" 200 23833
120.253.135.82 - - [18/Jan/2020:06:46:40 +0800] "POST /xingrg/kc/pszx/mdps_order_operate.html HTTP/1.1" 200 2287
120.253.135.82 - - [18/Jan/2020:06:46:40 +0800] "GET /xingrg/javascript/easyui/themes/default/validatebox.css HTTP/1.1" 404 1104
120.253.135.82 - - [18/Jan/2020:06:46:41 +0800] "POST /xingrg/kc/pszx/mdps_list_operate.html HTTP/1.1" 200 2779
120.253.135.82 - - [18/Jan/2020:06:46:44 +0800] "POST /xingrg/kc/pszx/mdps_list_operate.html HTTP/1.1" 200 214
120.253.135.82 - - [18/Jan/2020:06:46:47 +0800] "POST /xingrg/kc/pszx/mdps_list_operate.html HTTP/1.1" 200 641
120.253.135.82 - - [18/Jan/2020:06:46:48 +0800] "GET /xingrg/kc/pszx/mdps_order_info.html?code=312020011800533 HTTP/1.1" 200 23829
120.253.135.82 - - [18/Jan/2020:06:46:48 +0800] "POST /xingrg/kc/pszx/mdps_order_operate.html HTTP/1.1" 200 9430
58.221.95.50 - - [18/Jan/2020:06:46:48 +0800] "GET /xingrg/check_reg.html?_=1579301517914 HTTP/1.1" 200 22
120.253.135.82 - - [18/Jan/2020:06:46:48 +0800] "GET /xingrg/javascript/easyui/themes/default/validatebox.css HTTP/1.1" 404 1104
120.253.135.82 - - [18/Jan/2020:06:46:52 +0800] "POST /xingrg/kc/pszx/mdps_order_operate.html HTTP/1.1" 200 37
120.253.135.82 - - [18/Jan/2020:06:46:53 +0800] "GET /xingrg/kc/pszx/mdps_order_info.html?code=312020011800533 HTTP/1.1" 200 23829
120.253.135.82 - - [18/Jan/2020:06:46:53 +0800] "POST /xingrg/kc/pszx/mdps_order_operate.html HTTP/1.1" 200 9551
120.253.135.82 - - [18/Jan/2020:06:46:53 +0800] "GET /xingrg/javascript/easyui/themes/default/validatebox.css HTTP/1.1" 404 1104
58.221.95.50 - - [18/Jan/2020:06:46:54 +0800] "GET /xingrg/all/function/internal_message.html?_=1579301386111&CODE_STATE=getMsg HTTP/1.1" 302 -
58.221.95.50 - - [18/Jan/2020:06:46:54 +0800] "GET /xingrg/check_reg.html?_=1579301386113 HTTP/1.1" 302 -
120.253.135.82 - - [18/Jan/2020:06:47:10 +0800] "GET /xingrg/all/function/internal_message.html?_=1579300966268&CODE_STATE=getMsg HTTP/1.1" 200 27
172.17.0.166 - - [18/Jan/2020:06:47:15 +0800] "GET /xingrg/all/function/internal_message.html?_=1579301094920&CODE_STATE=getMsg HTTP/1.1" 302 -
114.93.75.19 - - [18/Jan/2020:06:47:19 +0800] "GET /xingrg/check_reg.html?_=1579301234910 HTTP/1.1" 200 22
114.93.75.19 - - [18/Jan/2020:06:47:19 +0800] "GET /xingrg/all/function/internal_message.html?_=1579301234913&CODE_STATE=getMsg HTTP/1.1" 200 27
120.253.135.82 - - [18/Jan/2020:06:47:27 +0800] "POST /xingrg/kc/pszx/mdps_order_operate.html HTTP/1.1" 200 37
114.93.75.19 - - [18/Jan/2020:06:47:27 +0800] "GET /xingrg/all/function/internal_message.html?_=1579301152544&CODE_STATE=getMsg HTTP/1.1" 200 27
120.253.135.82 - - [18/Jan/2020:06:47:28 +0800] "GET /xingrg/kc/pszx/mdps_order_info.html?code=312020011800533 HTTP/1.1" 200 23829
120.253.135.82 - - [18/Jan/2020:06:47:29 +0800] "POST /xingrg/kc/pszx/mdps_order_operate.html HTTP/1.1" 200 9551
120.253.135.82 - - [18/Jan/2020:06:47:29 +0800] "GET /xingrg/javascript/easyui/themes/default/validatebox.css HTTP/1.1" 404 1104
58.221.95.50 - - [18/Jan/2020:06:47:29 +0800] "GET /xingrg/all/function/internal_message.html?_=1579301558963&CODE_STATE=getMsg HTTP/1.1" 200 27
172.17.2.150 - - [18/Jan/2020:06:47:30 +0800] "GET /xingrg/all/function/internal_message.html?_=1579301218652&CODE_STATE=getMsg HTTP/1.1" 200 27
172.17.2.150 - - [18/Jan/2020:06:47:30 +0800] "GET /xingrg/check_reg.html?_=1579301218654 HTTP/1.1" 200 22
120.253.135.82 - - [18/Jan/2020:06:47:31 +0800] "POST /xingrg/kc/pszx/mdps_list_operate.html HTTP/1.1" 200 2779
114.88.159.93 - - [18/Jan/2020:06:47:35 +0800] "GET /xingrg/all/function/internal_message.html?_=1579301265830&CODE_STATE=getMsg HTTP/1.1" 200 27
58.221.95.50 - - [18/Jan/2020:06:47:54 +0800] "GET /xingrg/all/function/internal_message.html?_=1579301446111&CODE_STATE=getMsg HTTP/1.1" 302 -
120.253.135.82 - - [18/Jan/2020:06:48:10 +0800] "GET /xingrg/all/function/internal_message.html?_=1579301026504&CODE_STATE=getMsg HTTP/1.1" 200 27
172.17.0.166 - - [18/Jan/2020:06:48:15 +0800] "GET /xingrg/all/function/internal_message.html?_=1579301154919&CODE_STATE=getMsg HTTP/1.1" 302 -
114.93.75.19 - - [18/Jan/2020:06:48:19 +0800] "GET /xingrg/all/function/internal_message.html?_=1579301294917&CODE_STATE=getMsg HTTP/1.1" 200 27
114.93.75.19 - - [18/Jan/2020:06:48:28 +0800] "GET /xingrg/all/function/internal_message.html?_=1579301212543&CODE_STATE=getMsg HTTP/1.1" 200 27
58.221.95.50 - - [18/Jan/2020:06:48:30 +0800] "GET /xingrg/all/function/internal_message.html?_=1579301618938&CODE_STATE=getMsg HTTP/1.1" 200 27
172.17.2.150 - - [18/Jan/2020:06:48:30 +0800] "GET /xingrg/all/function/internal_message.html?_=1579301278655&CODE_STATE=getMsg HTTP/1.1" 200 27
114.88.159.93 - - [18/Jan/2020:06:48:35 +0800] "GET /xingrg/all/function/internal_message.html?_=1579301325804&CODE_STATE=getMsg HTTP/1.1" 200 27
117.131.5.26 - - [18/Jan/2020:06:48:48 +0800] "POST /xingrg/services/DataTransmitService HTTP/1.1" 200 524
117.131.5.26 - - [18/Jan/2020:06:48:50 +0800] "POST /xingrg/services/DataTransmitService HTTP/1.1" 200 501
58.221.95.50 - - [18/Jan/2020:06:48:54 +0800] "GET /xingrg/all/function/internal_message.html?_=1579301506112&CODE_STATE=getMsg HTTP/1.1" 302 -
120.253.135.82 - - [18/Jan/2020:06:49:10 +0800] "GET /xingrg/all/function/internal_message.html?_=1579301086525&CODE_STATE=getMsg HTTP/1.1" 200 27
172.17.0.166 - - [18/Jan/2020:06:49:15 +0800] "GET /xingrg/all/function/internal_message.html?_=1579301214918&CODE_STATE=getMsg HTTP/1.1" 302 -
114.93.75.19 - - [18/Jan/2020:06:49:19 +0800] "GET /xingrg/all/function/internal_message.html?_=1579301354922&CODE_STATE=getMsg HTTP/1.1" 200 27
117.131.5.26 - - [18/Jan/2020:06:49:22 +0800] "GET /xingrg/check_reg.html?_=1579301371878 HTTP/1.1" 200 22
114.93.75.19 - - [18/Jan/2020:06:49:28 +0800] "GET /xingrg/all/function/internal_message.html?_=1579301272572&CODE_STATE=getMsg HTTP/1.1" 200 27
58.221.95.50 - - [18/Jan/2020:06:49:29 +0800] "GET /xingrg/all/function/internal_message.html?_=1579301678916&CODE_STATE=getMsg HTTP/1.1" 200 27
116.232.49.240 - - [18/Jan/2020:06:49:29 +0800] "POST /xingrg/services/DataTransmitService HTTP/1.1" 200 524
116.232.49.240 - - [18/Jan/2020:06:49:29 +0800] "POST /xingrg/services/DataTransmitService HTTP/1.1" 200 501
172.17.2.150 - - [18/Jan/2020:06:49:30 +0800] "GET /xingrg/all/function/internal_message.html?_=1579301338668&CODE_STATE=getMsg HTTP/1.1" 200 27
124.77.241.94 - - [18/Jan/2020:06:49:31 +0800] "GET /xingrg/check_reg.html?_=1579301375619 HTTP/1.1" 200 22
114.88.159.93 - - [18/Jan/2020:06:49:35 +0800] "GET /xingrg/all/function/internal_message.html?_=1579301385775&CODE_STATE=getMsg HTTP/1.1" 200 27
58.221.95.50 - - [18/Jan/2020:06:49:54 +0800] "GET /xingrg/all/function/internal_message.html?_=1579301566111&CODE_STATE=getMsg HTTP/1.1" 302 -
114.88.159.93 - - [18/Jan/2020:06:49:55 +0800] "GET /xingrg/check_reg.html?_=1579301405511 HTTP/1.1" 200 22
116.232.32.230 - - [18/Jan/2020:06:49:56 +0800] "POST /xingrg/services/DataTransmitService HTTP/1.1" 200 524
116.232.32.230 - - [18/Jan/2020:06:49:57 +0800] "POST /xingrg/services/DataTransmitService HTTP/1.1" 200 501
116.232.32.230 - - [18/Jan/2020:06:49:57 +0800] "POST /xingrg/services/DataTransmitService HTTP/1.1" 200 501
116.232.32.230 - - [18/Jan/2020:06:49:58 +0800] "POST /xingrg/services/DataTransmitService HTTP/1.1" 200 501
116.232.32.230 - - [18/Jan/2020:06:49:59 +0800] "POST /xingrg/services/DataTransmitService HTTP/1.1" 200 501
116.232.32.230 - - [18/Jan/2020:06:49:59 +0800] "POST /xingrg/services/DataTransmitService HTTP/1.1" 200 501
116.232.32.230 - - [18/Jan/2020:06:49:59 +0800] "POST /xingrg/services/DataTransmitService HTTP/1.1" 200 501
116.232.32.230 - - [18/Jan/2020:06:50:00 +0800] "POST /xingrg/services/DataTransmitService HTTP/1.1" 200 501
116.232.32.230 - - [18/Jan/2020:06:50:00 +0800] "POST /xingrg/services/DataTransmitService HTTP/1.1" 200 501
116.232.32.230 - - [18/Jan/2020:06:50:00 +0800] "POST /xingrg/services/DataTransmitService HTTP/1.1" 200 501
116.232.32.230 - - [18/Jan/2020:06:50:01 +0800] "POST /xingrg/services/DataTransmitService HTTP/1.1" 200 412
120.253.135.82 - - [18/Jan/2020:06:50:10 +0800] "GET /xingrg/all/function/internal_message.html?_=1579301146782&CODE_STATE=getMsg HTTP/1.1" 200 27
172.17.0.166 - - [18/Jan/2020:06:50:15 +0800] "GET /xingrg/all/function/internal_message.html?_=1579301274919&CODE_STATE=getMsg HTTP/1.1" 302 -
114.93.75.19 - - [18/Jan/2020:06:50:19 +0800] "GET /xingrg/all/function/internal_message.html?_=1579301414923&CODE_STATE=getMsg HTTP/1.1" 200 27
114.93.75.19 - - [18/Jan/2020:06:50:28 +0800] "GET /xingrg/check_reg.html?_=1579301332573 HTTP/1.1" 200 22
114.93.75.19 - - [18/Jan/2020:06:50:28 +0800] "GET /xingrg/all/function/internal_message.html?_=1579301332571&CODE_STATE=getMsg HTTP/1.1" 200 27
58.221.95.50 - - [18/Jan/2020:06:50:29 +0800] "GET /xingrg/all/function/internal_message.html?_=1579301738902&CODE_STATE=getMsg HTTP/1.1" 200 27
172.17.2.150 - - [18/Jan/2020:06:50:30 +0800] "GET /xingrg/all/function/internal_message.html?_=1579301398683&CODE_STATE=getMsg HTTP/1.1" 200 27
114.88.159.93 - - [18/Jan/2020:06:50:35 +0800] "GET /xingrg/all/function/internal_message.html?_=1579301445743&CODE_STATE=getMsg HTTP/1.1" 200 27
120.253.135.82 - - [18/Jan/2020:06:50:39 +0800] "POST /xingrg/kc/pszx/mdps_list_operate.html HTTP/1.1" 200 641
120.253.135.82 - - [18/Jan/2020:06:50:39 +0800] "GET /xingrg/kc/pszx/mdps_order_info.html?code=312020011800533 HTTP/1.1" 200 23829
120.253.135.82 - - [18/Jan/2020:06:50:40 +0800] "POST /xingrg/kc/pszx/mdps_order_operate.html HTTP/1.1" 200 9551
120.253.135.82 - - [18/Jan/2020:06:50:40 +0800] "GET /xingrg/javascript/easyui/themes/default/validatebox.css HTTP/1.1" 404 1104
120.253.135.82 - - [18/Jan/2020:06:50:42 +0800] "POST /xingrg/kc/pszx/mdps_list_operate.html HTTP/1.1" 200 2779
120.253.135.82 - - [18/Jan/2020:06:50:44 +0800] "POST /xingrg/kc/pszx/mdps_list_operate.html HTTP/1.1" 200 449
120.253.135.82 - - [18/Jan/2020:06:50:45 +0800] "GET /xingrg/kc/pszx/mdps_order_info.html?code=312020011800534 HTTP/1.1" 200 23829
120.253.135.82 - - [18/Jan/2020:06:50:45 +0800] "POST /xingrg/kc/pszx/mdps_order_operate.html HTTP/1.1" 200 3760
120.253.135.82 - - [18/Jan/2020:06:50:45 +0800] "GET /xingrg/javascript/easyui/themes/default/validatebox.css HTTP/1.1" 404 1104
120.253.135.82 - - [18/Jan/2020:06:50:52 +0800] "POST /xingrg/all/common/load_combo.html?type=base HTTP/1.1" 200 899
58.221.95.50 - - [18/Jan/2020:06:50:54 +0800] "GET /xingrg/all/function/internal_message.html?_=1579301626110&CODE_STATE=getMsg HTTP/1.1" 302 -
120.253.135.82 - - [18/Jan/2020:06:50:56 +0800] "POST /xingrg/kc/pszx/mdps_order_operate.html HTTP/1.1" 200 37
120.253.135.82 - - [18/Jan/2020:06:50:57 +0800] "GET /xingrg/kc/pszx/mdps_order_info.html?code=312020011800534 HTTP/1.1" 200 23829
120.253.135.82 - - [18/Jan/2020:06:50:58 +0800] "POST /xingrg/kc/pszx/mdps_order_operate.html HTTP/1.1" 200 3796
120.253.135.82 - - [18/Jan/2020:06:50:58 +0800] "GET /xingrg/javascript/easyui/themes/default/validatebox.css HTTP/1.1" 404 1104
120.253.135.82 - - [18/Jan/2020:06:51:05 +0800] "GET /xingrg/check_reg.html?_=1579301201607 HTTP/1.1" 200 22
120.253.135.82 - - [18/Jan/2020:06:51:06 +0800] "POST /xingrg/kc/pszx/mdps_list_operate.html HTTP/1.1" 200 2779
120.253.135.82 - - [18/Jan/2020:06:51:10 +0800] "GET /xingrg/all/function/internal_message.html?_=1579301206791&CODE_STATE=getMsg HTTP/1.1" 200 27
172.17.0.166 - - [18/Jan/2020:06:51:15 +0800] "GET /xingrg/check_reg.html?_=1579301334918 HTTP/1.1" 302 -
172.17.0.166 - - [18/Jan/2020:06:51:15 +0800] "GET /xingrg/all/function/internal_message.html?_=1579301334920&CODE_STATE=getMsg HTTP/1.1" 302 -
120.253.135.82 - - [18/Jan/2020:06:51:19 +0800] "POST /xingrg/kc/pszx/mdps_list_operate.html HTTP/1.1" 200 2437
114.93.75.19 - - [18/Jan/2020:06:51:19 +0800] "GET /xingrg/all/function/internal_message.html?_=1579301474910&CODE_STATE=getMsg HTTP/1.1" 200 27
120.253.135.82 - - [18/Jan/2020:06:51:21 +0800] "POST /xingrg/kc/pszx/mdps_list_operate.html HTTP/1.1" 200 617
120.253.135.82 - - [18/Jan/2020:06:51:22 +0800] "GET /xingrg/kc/pszx/mdps_order_info.html?code=312020011800535 HTTP/1.1" 200 23835
120.253.135.82 - - [18/Jan/2020:06:51:22 +0800] "GET /xingrg/javascript/easyui/themes/default/validatebox.css HTTP/1.1" 404 1104
120.253.135.82 - - [18/Jan/2020:06:51:22 +0800] "POST /xingrg/kc/pszx/mdps_order_operate.html HTTP/1.1" 200 4799
120.253.135.82 - - [18/Jan/2020:06:51:25 +0800] "POST /xingrg/kc/pszx/mdps_order_operate.html HTTP/1.1" 200 37
120.253.135.82 - - [18/Jan/2020:06:51:26 +0800] "GET /xingrg/kc/pszx/mdps_order_info.html?code=312020011800535 HTTP/1.1" 200 23835
120.253.135.82 - - [18/Jan/2020:06:51:27 +0800] "GET /xingrg/javascript/easyui/themes/default/validatebox.css HTTP/1.1" 404 1104
120.253.135.82 - - [18/Jan/2020:06:51:27 +0800] "POST /xingrg/kc/pszx/mdps_order_operate.html HTTP/1.1" 200 4847
114.93.75.19 - - [18/Jan/2020:06:51:28 +0800] "GET /xingrg/all/function/internal_message.html?_=1579301392573&CODE_STATE=getMsg HTTP/1.1" 200 27
58.221.95.50 - - [18/Jan/2020:06:51:29 +0800] "GET /xingrg/all/function/internal_message.html?_=1579301798873&CODE_STATE=getMsg HTTP/1.1" 200 27
172.17.2.150 - - [18/Jan/2020:06:51:30 +0800] "GET /xingrg/all/function/internal_message.html?_=1579301458681&CODE_STATE=getMsg HTTP/1.1" 200 27
114.88.159.93 - - [18/Jan/2020:06:51:35 +0800] "GET /xingrg/all/function/internal_message.html?_=1579301505725&CODE_STATE=getMsg HTTP/1.1" 200 27
58.221.95.50 - - [18/Jan/2020:06:51:48 +0800] "GET /xingrg/check_reg.html?_=1579301817895 HTTP/1.1" 200 22
120.253.135.82 - - [18/Jan/2020:06:51:54 +0800] "POST /xingrg/kc/pszx/mdps_order_operate.html HTTP/1.1" 200 37
58.221.95.50 - - [18/Jan/2020:06:51:54 +0800] "GET /xingrg/all/function/internal_message.html?_=1579301686109&CODE_STATE=getMsg HTTP/1.1" 302 -
58.221.95.50 - - [18/Jan/2020:06:51:54 +0800] "GET /xingrg/check_reg.html?_=1579301686111 HTTP/1.1" 302 -
120.253.135.82 - - [18/Jan/2020:06:51:54 +0800] "GET /xingrg/kc/pszx/mdps_order_info.html?code=312020011800535 HTTP/1.1" 200 23835
120.253.135.82 - - [18/Jan/2020:06:51:55 +0800] "GET /xingrg/javascript/easyui/themes/default/validatebox.css HTTP/1.1" 404 1104
120.253.135.82 - - [18/Jan/2020:06:51:55 +0800] "POST /xingrg/kc/pszx/mdps_order_operate.html HTTP/1.1" 200 4847
120.253.135.82 - - [18/Jan/2020:06:51:56 +0800] "POST /xingrg/kc/pszx/mdps_list_operate.html HTTP/1.1" 200 2437
120.253.135.82 - - [18/Jan/2020:06:51:58 +0800] "POST /xingrg/kc/pszx/mdps_list_operate.html HTTP/1.1" 200 659
120.253.135.82 - - [18/Jan/2020:06:51:59 +0800] "GET /xingrg/kc/pszx/mdps_order_info.html?code=312020011800536 HTTP/1.1" 200 23835
120.253.135.82 - - [18/Jan/2020:06:52:00 +0800] "GET /xingrg/javascript/easyui/themes/default/validatebox.css HTTP/1.1" 404 1104
120.253.135.82 - - [18/Jan/2020:06:52:00 +0800] "POST /xingrg/kc/pszx/mdps_order_operate.html HTTP/1.1" 200 14945
120.253.135.82 - - [18/Jan/2020:06:52:03 +0800] "POST /xingrg/kc/pszx/mdps_order_operate.html HTTP/1.1" 200 37
120.253.135.82 - - [18/Jan/2020:06:52:04 +0800] "GET /xingrg/kc/pszx/mdps_order_info.html?code=312020011800536 HTTP/1.1" 200 23835
120.253.135.82 - - [18/Jan/2020:06:52:05 +0800] "GET /xingrg/javascript/easyui/themes/default/validatebox.css HTTP/1.1" 404 1104
120.253.135.82 - - [18/Jan/2020:06:52:05 +0800] "POST /xingrg/kc/pszx/mdps_order_operate.html HTTP/1.1" 200 15152
172.17.0.5 - - [18/Jan/2020:06:52:08 +0800] "POST /xingrg/services/DataTransmitService HTTP/1.1" 200 524
172.17.0.5 - - [18/Jan/2020:06:52:08 +0800] "POST /xingrg/services/DataTransmitService HTTP/1.1" 200 501
120.253.135.82 - - [18/Jan/2020:06:52:10 +0800] "GET /xingrg/all/function/internal_message.html?_=1579301266811&CODE_STATE=getMsg HTTP/1.1" 200 27
172.17.0.166 - - [18/Jan/2020:06:52:15 +0800] "GET /xingrg/all/function/internal_message.html?_=1579301394919&CODE_STATE=getMsg HTTP/1.1" 302 -
114.93.75.19 - - [18/Jan/2020:06:52:19 +0800] "GET /xingrg/check_reg.html?_=1579301534912 HTTP/1.1" 200 22
114.93.75.19 - - [18/Jan/2020:06:52:19 +0800] "GET /xingrg/all/function/internal_message.html?_=1579301534914&CODE_STATE=getMsg HTTP/1.1" 200 27
114.93.75.19 - - [18/Jan/2020:06:52:28 +0800] "GET /xingrg/all/function/internal_message.html?_=1579301452572&CODE_STATE=getMsg HTTP/1.1" 200 27
58.221.95.50 - - [18/Jan/2020:06:52:29 +0800] "GET /xingrg/all/function/internal_message.html?_=1579301858857&CODE_STATE=getMsg HTTP/1.1" 200 27
172.17.2.150 - - [18/Jan/2020:06:52:30 +0800] "GET /xingrg/check_reg.html?_=1579301518662 HTTP/1.1" 200 22
172.17.2.150 - - [18/Jan/2020:06:52:30 +0800] "GET /xingrg/all/function/internal_message.html?_=1579301518663&CODE_STATE=getMsg HTTP/1.1" 200 27
114.88.159.93 - - [18/Jan/2020:06:52:35 +0800] "GET /xingrg/all/function/internal_message.html?_=1579301565694&CODE_STATE=getMsg HTTP/1.1" 200 27
58.221.95.50 - - [18/Jan/2020:06:52:54 +0800] "GET /xingrg/all/function/internal_message.html?_=1579301746110&CODE_STATE=getMsg HTTP/1.1" 302 -
120.253.135.82 - - [18/Jan/2020:06:53:07 +0800] "GET /xingrg/kc/pszx/mdps_order_operate.html?command=get_materiel&pszx_code=00101&rest_code=00147&base_code=0010246&code=00101016050 HTTP/1.1" 200 463
120.253.135.82 - - [18/Jan/2020:06:53:09 +0800] "POST /xingrg/all/common/load_select.html HTTP/1.1" 200 25
120.253.135.82 - - [18/Jan/2020:06:53:10 +0800] "GET /xingrg/all/function/internal_message.html?_=1579301326822&CODE_STATE=getMsg HTTP/1.1" 200 27
120.253.135.82 - - [18/Jan/2020:06:53:11 +0800] "GET /xingrg/kc/pszx/mdps_order_operate.html?command=get_materiel_price&pszx_code=00101&rest_code=00147&base_code=0010246&code=00101016050&unit_code=00100088&order_time=2020-01-19 HTTP/1.1" 200 35
172.17.0.166 - - [18/Jan/2020:06:53:15 +0800] "GET /xingrg/all/function/internal_message.html?_=1579301454920&CODE_STATE=getMsg HTTP/1.1" 302 -
114.93.75.19 - - [18/Jan/2020:06:53:19 +0800] "GET /xingrg/all/function/internal_message.html?_=1579301594916&CODE_STATE=getMsg HTTP/1.1" 200 27
120.253.135.82 - - [18/Jan/2020:06:53:24 +0800] "GET /xingrg/kc/pszx/mdps_order_operate.html?command=get_materiel&pszx_code=00101&rest_code=00147&base_code=0010246&code=00101019222 HTTP/1.1" 200 455
120.253.135.82 - - [18/Jan/2020:06:53:27 +0800] "POST /xingrg/all/common/load_select.html HTTP/1.1" 200 25
114.93.75.19 - - [18/Jan/2020:06:53:28 +0800] "GET /xingrg/all/function/internal_message.html?_=1579301512571&CODE_STATE=getMsg HTTP/1.1" 200 27
120.253.135.82 - - [18/Jan/2020:06:53:29 +0800] "GET /xingrg/kc/pszx/mdps_order_operate.html?command=get_materiel_price&pszx_code=00101&rest_code=00147&base_code=0010246&code=00101019222&unit_code=00100130&order_time=2020-01-19 HTTP/1.1" 200 34
58.221.95.50 - - [18/Jan/2020:06:53:30 +0800] "GET /xingrg/all/function/internal_message.html?_=1579301918874&CODE_STATE=getMsg HTTP/1.1" 200 27
172.17.2.150 - - [18/Jan/2020:06:53:30 +0800] "GET /xingrg/all/function/internal_message.html?_=1579301578673&CODE_STATE=getMsg HTTP/1.1" 200 27
114.88.159.93 - - [18/Jan/2020:06:53:35 +0800] "GET /xingrg/all/function/internal_message.html?_=1579301625671&CODE_STATE=getMsg HTTP/1.1" 200 27
120.253.135.82 - - [18/Jan/2020:06:53:40 +0800] "POST /xingrg/kc/pszx/mdps_order_operate.html HTTP/1.1" 200 37
120.253.135.82 - - [18/Jan/2020:06:53:42 +0800] "GET /xingrg/kc/pszx/mdps_order_info.html?code=312020011800536 HTTP/1.1" 200 23835
120.253.135.82 - - [18/Jan/2020:06:53:43 +0800] "POST /xingrg/kc/pszx/mdps_order_operate.html HTTP/1.1" 200 15155
120.253.135.82 - - [18/Jan/2020:06:53:43 +0800] "GET /xingrg/javascript/easyui/themes/default/validatebox.css HTTP/1.1" 404 1104
58.221.95.50 - - [18/Jan/2020:06:53:54 +0800] "GET /xingrg/all/function/internal_message.html?_=1579301806111&CODE_STATE=getMsg HTTP/1.1" 302 -
120.253.135.82 - - [18/Jan/2020:06:54:11 +0800] "GET /xingrg/all/function/internal_message.html?_=1579301386903&CODE_STATE=getMsg HTTP/1.1" 200 27
120.253.135.82 - - [18/Jan/2020:06:54:12 +0800] "POST /xingrg/kc/pszx/mdps_order_operate.html HTTP/1.1" 200 37
120.253.135.82 - - [18/Jan/2020:06:54:13 +0800] "GET /xingrg/kc/pszx/mdps_order_info.html?code=312020011800536 HTTP/1.1" 200 23835
120.253.135.82 - - [18/Jan/2020:06:54:14 +0800] "POST /xingrg/kc/pszx/mdps_order_operate.html HTTP/1.1" 200 15155
120.253.135.82 - - [18/Jan/2020:06:54:14 +0800] "GET /xingrg/javascript/easyui/themes/default/validatebox.css HTTP/1.1" 404 1104
172.17.0.166 - - [18/Jan/2020:06:54:15 +0800] "GET /xingrg/all/function/internal_message.html?_=1579301514918&CODE_STATE=getMsg HTTP/1.1" 302 -
114.93.75.19 - - [18/Jan/2020:06:54:19 +0800] "GET /xingrg/all/function/internal_message.html?_=1579301654919&CODE_STATE=getMsg HTTP/1.1" 200 27
117.131.5.26 - - [18/Jan/2020:06:54:22 +0800] "GET /xingrg/check_reg.html?_=1579301671878 HTTP/1.1" 200 22
114.93.75.19 - - [18/Jan/2020:06:54:28 +0800] "GET /xingrg/all/function/internal_message.html?_=1579301572599&CODE_STATE=getMsg HTTP/1.1" 200 27
58.221.95.50 - - [18/Jan/2020:06:54:29 +0800] "GET /xingrg/all/function/internal_message.html?_=1579301978855&CODE_STATE=getMsg HTTP/1.1" 200 27
172.17.2.150 - - [18/Jan/2020:06:54:30 +0800] "GET /xingrg/all/function/internal_message.html?_=1579301638671&CODE_STATE=getMsg HTTP/1.1" 200 27
124.77.241.94 - - [18/Jan/2020:06:54:31 +0800] "GET /xingrg/check_reg.html?_=1579301675627 HTTP/1.1" 200 22
120.253.135.82 - - [18/Jan/2020:06:54:35 +0800] "POST /xingrg/kc/pszx/mdps_order_operate.html HTTP/1.1" 200 37
114.88.159.93 - - [18/Jan/2020:06:54:35 +0800] "GET /xingrg/all/function/internal_message.html?_=1579301685649&CODE_STATE=getMsg HTTP/1.1" 200 27
120.253.135.82 - - [18/Jan/2020:06:54:36 +0800] "GET /xingrg/kc/pszx/mdps_order_info.html?code=312020011800536 HTTP/1.1" 200 23835
120.253.135.82 - - [18/Jan/2020:06:54:37 +0800] "POST /xingrg/kc/pszx/mdps_order_operate.html HTTP/1.1" 200 15155
120.253.135.82 - - [18/Jan/2020:06:54:37 +0800] "GET /xingrg/javascript/easyui/themes/default/validatebox.css HTTP/1.1" 404 1104
120.253.135.82 - - [18/Jan/2020:06:54:44 +0800] "GET /xingrg/index.html?timestamp=1551574574294&sysBaseUrl=http%3A%2F%2F117.131.15.22%3A18081%2Fxingrg%2F&costTime=8 HTTP/1.1" 302 -
120.253.135.82 - - [18/Jan/2020:06:54:44 +0800] "GET /xingrg/login.html HTTP/1.1" 200 7639
120.253.135.82 - - [18/Jan/2020:06:54:44 +0800] "GET /xingrg/images/blue/jxLogo.png HTTP/1.1" 304 -
120.253.135.82 - - [18/Jan/2020:06:54:44 +0800] "GET /xingrg/images/blue/login_bg.png HTTP/1.1" 304 -
120.253.135.82 - - [18/Jan/2020:06:54:44 +0800] "GET /xingrg/images/blue/hj.png HTTP/1.1" 304 -
120.253.135.82 - - [18/Jan/2020:06:54:45 +0800] "GET /xingrg/images/blue/srbg.png HTTP/1.1" 304 -
120.253.135.82 - - [18/Jan/2020:06:54:45 +0800] "GET /favicon.ico HTTP/1.1" 404 -
120.253.135.82 - - [18/Jan/2020:06:54:47 +0800] "POST /xingrg/login.do HTTP/1.1" 302 -
120.253.135.82 - - [18/Jan/2020:06:54:47 +0800] "GET /xingrg/index.html?sysBaseUrl=http%3A%2F%2F117.131.15.22%3A18081%2Fxingrg%2F&costTime=35×tamp=1579301687036 HTTP/1.1" 200 17481
120.253.135.82 - - [18/Jan/2020:06:54:47 +0800] "GET /xingrg/javascript/jquery_easy_ui/themes/default/easyui.css HTTP/1.1" 304 -
120.253.135.82 - - [18/Jan/2020:06:54:47 +0800] "GET /xingrg/javascript/jquery_easy_ui/themes/icon.css HTTP/1.1" 304 -
120.253.135.82 - - [18/Jan/2020:06:54:47 +0800] "GET /xingrg/css/form.css HTTP/1.1" 304 -
120.253.135.82 - - [18/Jan/2020:06:54:47 +0800] "GET /xingrg/javascript/jquery-1.4.2.min.js HTTP/1.1" 304 -
120.253.135.82 - - [18/Jan/2020:06:54:47 +0800] "GET /xingrg/javascript/jquery_easy_ui/jquery.easyui.min.js HTTP/1.1" 304 -
120.253.135.82 - - [18/Jan/2020:06:54:47 +0800] "GET /xingrg/javascript/jquery.timers.js HTTP/1.1" 304 -
120.253.135.82 - - [18/Jan/2020:06:54:47 +0800] "GET /xingrg/javascript/jquery_easy_ui/easyui-lang-zh_CN.js HTTP/1.1" 304 -
120.253.135.82 - - [18/Jan/2020:06:54:47 +0800] "GET /xingrg/javascript/jquery.form.js HTTP/1.1" 304 -
120.253.135.82 - - [18/Jan/2020:06:54:47 +0800] "GET /xingrg/javascript/jquery.utils.js HTTP/1.1" 304 -
120.253.135.82 - - [18/Jan/2020:06:54:47 +0800] "GET /xingrg/javascript/jquery_easy_ui/themes/icons/settle_new.png HTTP/1.1" 304 -
120.253.135.82 - - [18/Jan/2020:06:54:47 +0800] "GET /xingrg/images/blue/navBackgound.jpg HTTP/1.1" 304 -
120.253.135.82 - - [18/Jan/2020:06:54:47 +0800] "GET /xingrg/images/blue/pingpu.png HTTP/1.1" 304 -
120.253.135.82 - - [18/Jan/2020:06:54:47 +0800] "GET /xingrg/javascript/jquery_easy_ui/themes/default/images/panel_tool_collapse.gif HTTP/1.1" 304 -
120.253.135.82 - - [18/Jan/2020:06:54:47 +0800] "GET /xingrg/javascript/jquery_easy_ui/themes/default/images/tabs_leftarrow.png HTTP/1.1" 304 -
120.253.135.82 - - [18/Jan/2020:06:54:47 +0800] "GET /xingrg/javascript/jquery_easy_ui/themes/default/images/tabs_rightarrow.png HTTP/1.1" 304 -
120.253.135.82 - - [18/Jan/2020:06:54:47 +0800] "GET /xingrg/javascript/jquery_easy_ui/themes/default/images/panel_tool_expand.gif HTTP/1.1" 304 -
120.253.135.82 - - [18/Jan/2020:06:54:47 +0800] "POST /xingrg/all/common/load_tree.html?tree=area_rest_tree_json&manage=1 HTTP/1.1" 200 344
120.253.135.82 - - [18/Jan/2020:06:54:47 +0800] "GET /favicon.ico HTTP/1.1" 404 -
120.253.135.82 - - [18/Jan/2020:06:54:47 +0800] "GET /xingrg/all/function/internal_message.html?_=1579301423195&CODE_STATE=count HTTP/1.1" 200 11
120.253.135.82 - - [18/Jan/2020:06:54:47 +0800] "GET /xingrg/check_reg.html?_=1579301423196 HTTP/1.1" 200 22
120.253.135.82 - - [18/Jan/2020:06:54:47 +0800] "GET /xingrg/javascript/jquery_easy_ui/themes/default/images/tree_arrows.gif HTTP/1.1" 304 -
120.253.135.82 - - [18/Jan/2020:06:54:47 +0800] "POST /xingrg/load_menu.html HTTP/1.1" 200 11550
120.253.135.82 - - [18/Jan/2020:06:54:47 +0800] "GET /xingrg/javascript/jquery_easy_ui/themes/default/images/tree_folder_open.gif HTTP/1.1" 304 -
120.253.135.82 - - [18/Jan/2020:06:54:47 +0800] "GET /xingrg/javascript/jquery_easy_ui/themes/icons/search_new.png HTTP/1.1" 304 -
120.253.135.82 - - [18/Jan/2020:06:54:47 +0800] "GET /xingrg/javascript/jquery_easy_ui/themes/icons/delivery_new.png HTTP/1.1" 304 -
120.253.135.82 - - [18/Jan/2020:06:54:47 +0800] "GET /xingrg/javascript/jquery_easy_ui/themes/icons/storage_new.png HTTP/1.1" 304 -
120.253.135.82 - - [18/Jan/2020:06:54:47 +0800] "GET /xingrg/javascript/jquery_easy_ui/themes/icons/checkout_new.png HTTP/1.1" 304 -
120.253.135.82 - - [18/Jan/2020:06:54:47 +0800] "GET /xingrg/javascript/jquery_easy_ui/themes/icons/forms_new.png HTTP/1.1" 304 -
120.253.135.82 - - [18/Jan/2020:06:54:47 +0800] "GET /xingrg/javascript/jquery_easy_ui/themes/icons/systemset_new.png HTTP/1.1" 304 -
120.253.135.82 - - [18/Jan/2020:06:54:47 +0800] "GET /xingrg/javascript/jquery_easy_ui/themes/icons/setting_new.png HTTP/1.1" 304 -
120.253.135.82 - - [18/Jan/2020:06:54:47 +0800] "GET /xingrg/javascript/jquery_easy_ui/themes/default/images/tree_file.gif HTTP/1.1" 304 -
120.253.135.82 - - [18/Jan/2020:06:54:47 +0800] "GET /xingrg/javascript/jquery_easy_ui/themes/default/images/tree_folder.gif HTTP/1.1" 304 -
120.253.135.82 - - [18/Jan/2020:06:54:50 +0800] "GET /xingrg/javascript/jquery_easy_ui/themes/default/images/tabs_close.gif HTTP/1.1" 304 -
120.253.135.82 - - [18/Jan/2020:06:54:50 +0800] "GET /xingrg/kc/report/report_main.html HTTP/1.1" 200 9362
120.253.135.82 - - [18/Jan/2020:06:54:50 +0800] "GET /xingrg/css/blue.css HTTP/1.1" 304 -
120.253.135.82 - - [18/Jan/2020:06:54:50 +0800] "GET /xingrg/javascript/pic_change.js HTTP/1.1" 304 -
120.253.135.82 - - [18/Jan/2020:06:54:50 +0800] "GET /xingrg/javascript/json2.js HTTP/1.1" 304 -
120.253.135.82 - - [18/Jan/2020:06:54:50 +0800] "GET /xingrg/javascript/myfunction.js HTTP/1.1" 304 -
120.253.135.82 - - [18/Jan/2020:06:54:50 +0800] "GET /xingrg/javascript/jquery_ui/themes/humanity/humanity.css HTTP/1.1" 304 -
120.253.135.82 - - [18/Jan/2020:06:54:50 +0800] "GET /xingrg/javascript/jquery_easy_ui/themes/icons/back_new.png HTTP/1.1" 304 -
120.253.135.82 - - [18/Jan/2020:06:54:51 +0800] "GET /xingrg/kc/base/kc_stocks.html HTTP/1.1" 200 16259
120.253.135.82 - - [18/Jan/2020:06:54:51 +0800] "GET /xingrg/css/base.css HTTP/1.1" 304 -
120.253.135.82 - - [18/Jan/2020:06:54:51 +0800] "GET /xingrg/javascript/jquery_tools/jquery.tools.min.js HTTP/1.1" 304 -
120.253.135.82 - - [18/Jan/2020:06:54:51 +0800] "GET /xingrg/javascript/jquery_tools/datebox.css HTTP/1.1" 304 -
120.253.135.82 - - [18/Jan/2020:06:54:51 +0800] "GET /xingrg/javascript/auto/jquery.autocomplete.css HTTP/1.1" 304 -
120.253.135.82 - - [18/Jan/2020:06:54:51 +0800] "GET /xingrg/javascript/easyui/themes/sunny/easyui.css HTTP/1.1" 304 -
120.253.135.82 - - [18/Jan/2020:06:54:51 +0800] "GET /xingrg/javascript/jquery_tools/fix.css HTTP/1.1" 304 -
120.253.135.82 - - [18/Jan/2020:06:54:51 +0800] "GET /xingrg/css/site.css HTTP/1.1" 304 -
120.253.135.82 - - [18/Jan/2020:06:54:51 +0800] "GET /xingrg/javascript/jquery_tools/jquery.tools.extend.js HTTP/1.1" 304 -
120.253.135.82 - - [18/Jan/2020:06:54:51 +0800] "GET /xingrg/javascript/jquery_tools/jquery.tools.hotkey.js HTTP/1.1" 304 -
120.253.135.82 - - [18/Jan/2020:06:54:51 +0800] "GET /xingrg/javascript/easyui/themes/icon.css HTTP/1.1" 304 -
