58.221.95.50 - - [18/Jan/2020:09:30:54 +0800] "GET /xingrg/all/function/internal_message.html?_=1579311226424&CODE_STATE=getMsg HTTP/1.1" 302 -
116.224.233.159 - - [18/Jan/2020:09:30:56 +0800] "GET /xingrg/all/function/internal_message.html?_=1579311207767&CODE_STATE=getMsg HTTP/1.1" 200 27
101.81.125.204 - - [18/Jan/2020:09:31:12 +0800] "GET /xingrg/all/function/internal_message.html?_=1579311067540&CODE_STATE=getMsg HTTP/1.1" 200 27
101.81.125.204 - - [18/Jan/2020:09:31:12 +0800] "GET /xingrg/check_reg.html?_=1579311067543 HTTP/1.1" 200 22
124.77.241.94 - - [18/Jan/2020:09:31:13 +0800] "GET /xingrg/all/function/internal_message.html?_=1579311073571&CODE_STATE=getMsg HTTP/1.1" 200 27
172.17.0.166 - - [18/Jan/2020:09:31:15 +0800] "GET /xingrg/all/function/internal_message.html?_=1579310934954&CODE_STATE=getMsg HTTP/1.1" 302 -
172.17.0.166 - - [18/Jan/2020:09:31:15 +0800] "GET /xingrg/check_reg.html?_=1579310934956 HTTP/1.1" 302 -
116.238.181.252 - - [18/Jan/2020:09:31:17 +0800] "GET /xingrg/all/function/internal_message.html?_=1579311073946&CODE_STATE=getMsg HTTP/1.1" 200 27
114.88.170.138 - - [18/Jan/2020:09:31:18 +0800] "GET /xingrg/kc/buy/cgsh_order_add.html HTTP/1.1" 200 57629
120.253.135.82 - - [18/Jan/2020:09:31:18 +0800] "GET /xingrg/all/function/internal_message.html?_=1579310814270&CODE_STATE=getMsg HTTP/1.1" 200 27
114.88.170.138 - - [18/Jan/2020:09:31:18 +0800] "GET /xingrg/javascript/easyui/themes/default/validatebox.css HTTP/1.1" 404 1104
114.88.170.138 - - [18/Jan/2020:09:31:18 +0800] "POST /xingrg/kc/buy/cgsh_order_operate.html HTTP/1.1" 200 8245
222.69.129.95 - - [18/Jan/2020:09:31:20 +0800] "GET /xingrg/all/function/internal_message.html?_=1579311070064&CODE_STATE=getMsg HTTP/1.1" 200 27
222.69.129.95 - - [18/Jan/2020:09:31:22 +0800] "GET /xingrg/kc/buy/cgsh_order_operate.html?command=get_materiel&rest_code=00149&code=00101031003&supplier_code=00100151&order_time=2020-01-18 HTTP/1.1" 200 418
58.221.95.50 - - [18/Jan/2020:09:31:26 +0800] "GET /xingrg/all/function/internal_message.html?_=1579311395971&CODE_STATE=getMsg HTTP/1.1" 200 27
114.93.75.19 - - [18/Jan/2020:09:31:29 +0800] "GET /xingrg/all/function/internal_message.html?_=1579310993465&CODE_STATE=getMsg HTTP/1.1" 200 27
172.17.2.150 - - [18/Jan/2020:09:31:31 +0800] "GET /xingrg/all/function/internal_message.html?_=1579311058894&CODE_STATE=getMsg HTTP/1.1" 200 27
114.88.159.93 - - [18/Jan/2020:09:31:31 +0800] "GET /xingrg/all/function/internal_message.html?_=1579311101859&CODE_STATE=getMsg HTTP/1.1" 200 27
114.88.170.138 - - [18/Jan/2020:09:31:34 +0800] "GET /xingrg/all/function/internal_message.html?_=1579311316514&CODE_STATE=getMsg HTTP/1.1" 200 27
116.238.35.243 - - [18/Jan/2020:09:31:34 +0800] "GET /xingrg/all/function/internal_message.html?_=1579311094262&CODE_STATE=getMsg HTTP/1.1" 200 27
116.238.35.243 - - [18/Jan/2020:09:31:40 +0800] "GET /xingrg/all/function/internal_message.html?_=1579311100101&CODE_STATE=getMsg HTTP/1.1" 200 27
114.93.75.19 - - [18/Jan/2020:09:31:45 +0800] "GET /favicon.ico HTTP/1.1" 404 -
180.162.232.172 - - [18/Jan/2020:09:31:46 +0800] "GET /xingrg/all/function/internal_message.html?_=1579311212721&CODE_STATE=getMsg HTTP/1.1" 200 27
58.221.95.50 - - [18/Jan/2020:09:31:48 +0800] "GET /xingrg/check_reg.html?_=1579311417513 HTTP/1.1" 200 22
101.81.125.204 - - [18/Jan/2020:09:31:52 +0800] "GET /xingrg/all/function/internal_message.html?_=1579310490461&CODE_STATE=getMsg HTTP/1.1" 200 27
58.221.95.50 - - [18/Jan/2020:09:31:54 +0800] "GET /xingrg/all/function/internal_message.html?_=1579311286436&CODE_STATE=getMsg HTTP/1.1" 302 -
58.221.95.50 - - [18/Jan/2020:09:31:54 +0800] "GET /xingrg/check_reg.html?_=1579311286438 HTTP/1.1" 302 -
116.224.233.159 - - [18/Jan/2020:09:31:56 +0800] "GET /xingrg/all/function/internal_message.html?_=1579311267772&CODE_STATE=getMsg HTTP/1.1" 200 27
222.69.129.95 - - [18/Jan/2020:09:32:07 +0800] "POST /xingrg/kc/buy/cgsh_order_operate.html HTTP/1.1" 200 37
222.69.129.95 - - [18/Jan/2020:09:32:10 +0800] "POST /xingrg/kc/buy/cgsh_order_operate.html HTTP/1.1" 200 12
101.81.125.204 - - [18/Jan/2020:09:32:12 +0800] "GET /xingrg/all/function/internal_message.html?_=1579311127516&CODE_STATE=getMsg HTTP/1.1" 200 27
222.69.129.95 - - [18/Jan/2020:09:32:12 +0800] "GET /xingrg/kc/buy/cgsh_order_info.html?code=212020011809491 HTTP/1.1" 200 52498
222.69.129.95 - - [18/Jan/2020:09:32:12 +0800] "GET /xingrg/javascript/easyui/themes/default/validatebox.css HTTP/1.1" 404 1104
222.69.129.95 - - [18/Jan/2020:09:32:12 +0800] "POST /xingrg/kc/buy/cgsh_order_operate.html HTTP/1.1" 200 1211
124.77.241.94 - - [18/Jan/2020:09:32:13 +0800] "GET /xingrg/all/function/internal_message.html?_=1579311133584&CODE_STATE=getMsg HTTP/1.1" 200 27
172.17.0.166 - - [18/Jan/2020:09:32:15 +0800] "GET /xingrg/all/function/internal_message.html?_=1579310994956&CODE_STATE=getMsg HTTP/1.1" 302 -
222.69.129.95 - - [18/Jan/2020:09:32:17 +0800] "GET /xingrg/kc/print/load_data.html?order_code=212020011809491&kc_code=cgsh&condition= HTTP/1.1" 200 924
116.238.181.252 - - [18/Jan/2020:09:32:17 +0800] "GET /xingrg/all/function/internal_message.html?_=1579311134067&CODE_STATE=getMsg HTTP/1.1" 200 27
120.253.135.82 - - [18/Jan/2020:09:32:18 +0800] "GET /xingrg/all/function/internal_message.html?_=1579310874318&CODE_STATE=getMsg HTTP/1.1" 200 27
222.69.129.95 - - [18/Jan/2020:09:32:20 +0800] "GET /xingrg/all/function/internal_message.html?_=1579311130417&CODE_STATE=getMsg HTTP/1.1" 200 27
58.221.95.50 - - [18/Jan/2020:09:32:26 +0800] "GET /xingrg/all/function/internal_message.html?_=1579311455944&CODE_STATE=getMsg HTTP/1.1" 200 27
114.93.75.19 - - [18/Jan/2020:09:32:29 +0800] "GET /xingrg/all/function/internal_message.html?_=1579311053463&CODE_STATE=getMsg HTTP/1.1" 200 27
172.17.2.150 - - [18/Jan/2020:09:32:31 +0800] "GET /xingrg/check_reg.html?_=1579311118878 HTTP/1.1" 200 22
172.17.2.150 - - [18/Jan/2020:09:32:31 +0800] "GET /xingrg/all/function/internal_message.html?_=1579311118879&CODE_STATE=getMsg HTTP/1.1" 200 27
114.88.159.93 - - [18/Jan/2020:09:32:31 +0800] "GET /xingrg/all/function/internal_message.html?_=1579311161830&CODE_STATE=getMsg HTTP/1.1" 200 27
114.88.170.138 - - [18/Jan/2020:09:32:34 +0800] "GET /xingrg/check_reg.html?_=1579311376481 HTTP/1.1" 200 22
114.88.170.138 - - [18/Jan/2020:09:32:34 +0800] "GET /xingrg/all/function/internal_message.html?_=1579311376484&CODE_STATE=getMsg HTTP/1.1" 200 27
116.238.35.243 - - [18/Jan/2020:09:32:34 +0800] "GET /xingrg/all/function/internal_message.html?_=1579311154264&CODE_STATE=getMsg HTTP/1.1" 200 27
116.238.35.243 - - [18/Jan/2020:09:32:40 +0800] "GET /xingrg/check_reg.html?_=1579311160102 HTTP/1.1" 200 22
116.238.35.243 - - [18/Jan/2020:09:32:40 +0800] "GET /xingrg/all/function/internal_message.html?_=1579311160105&CODE_STATE=getMsg HTTP/1.1" 200 27
180.162.232.172 - - [18/Jan/2020:09:32:46 +0800] "GET /xingrg/all/function/internal_message.html?_=1579311272731&CODE_STATE=getMsg HTTP/1.1" 200 27
101.81.125.204 - - [18/Jan/2020:09:32:49 +0800] "GET /xingrg/check_reg.html?_=1579310547049 HTTP/1.1" 200 22
101.81.125.204 - - [18/Jan/2020:09:32:53 +0800] "GET /xingrg/all/function/internal_message.html?_=1579310550705&CODE_STATE=getMsg HTTP/1.1" 200 27
58.221.95.50 - - [18/Jan/2020:09:32:54 +0800] "GET /xingrg/all/function/internal_message.html?_=1579311346421&CODE_STATE=getMsg HTTP/1.1" 302 -
116.224.233.159 - - [18/Jan/2020:09:32:55 +0800] "GET /xingrg/check_reg.html?_=1579311327012 HTTP/1.1" 200 22
116.224.233.159 - - [18/Jan/2020:09:32:56 +0800] "GET /xingrg/all/function/internal_message.html?_=1579311327788&CODE_STATE=getMsg HTTP/1.1" 200 27
222.69.129.95 - - [18/Jan/2020:09:33:02 +0800] "GET /xingrg/kc/buy/cgsh_order_add.html HTTP/1.1" 200 57603
222.69.129.95 - - [18/Jan/2020:09:33:02 +0800] "POST /xingrg/kc/buy/cgsh_order_operate.html HTTP/1.1" 200 8245
222.69.129.95 - - [18/Jan/2020:09:33:02 +0800] "GET /xingrg/javascript/easyui/themes/default/validatebox.css HTTP/1.1" 404 1104
101.81.125.204 - - [18/Jan/2020:09:33:12 +0800] "GET /xingrg/all/function/internal_message.html?_=1579311187517&CODE_STATE=getMsg HTTP/1.1" 200 27
124.77.241.94 - - [18/Jan/2020:09:33:13 +0800] "GET /xingrg/all/function/internal_message.html?_=1579311193600&CODE_STATE=getMsg HTTP/1.1" 200 27
172.17.0.166 - - [18/Jan/2020:09:33:15 +0800] "GET /xingrg/all/function/internal_message.html?_=1579311054955&CODE_STATE=getMsg HTTP/1.1" 302 -
222.69.129.95 - - [18/Jan/2020:09:33:17 +0800] "GET /xingrg/kc/buy/cgsh_order_operate.html?command=get_materiel&rest_code=00149&code=00102002791&supplier_code=00100151&order_time=2020-01-18 HTTP/1.1" 200 394
116.238.181.252 - - [18/Jan/2020:09:33:17 +0800] "GET /xingrg/all/function/internal_message.html?_=1579311194053&CODE_STATE=getMsg HTTP/1.1" 200 27
120.253.135.82 - - [18/Jan/2020:09:33:18 +0800] "GET /xingrg/check_reg.html?_=1579310934007 HTTP/1.1" 200 22
120.253.135.82 - - [18/Jan/2020:09:33:18 +0800] "GET /xingrg/all/function/internal_message.html?_=1579310934360&CODE_STATE=getMsg HTTP/1.1" 200 27
222.69.129.95 - - [18/Jan/2020:09:33:20 +0800] "GET /xingrg/check_reg.html?_=1579311190144 HTTP/1.1" 200 22
222.69.129.95 - - [18/Jan/2020:09:33:20 +0800] "GET /xingrg/all/function/internal_message.html?_=1579311190395&CODE_STATE=getMsg HTTP/1.1" 200 27
114.88.170.138 - - [18/Jan/2020:09:33:21 +0800] "GET /xingrg/kc/buy/cgsh_order_operate.html?command=get_materiel&rest_code=00111&code=00101008003&supplier_code=00100005&order_time=2020-01-18 HTTP/1.1" 200 410
58.221.95.50 - - [18/Jan/2020:09:33:26 +0800] "GET /xingrg/all/function/internal_message.html?_=1579311515920&CODE_STATE=getMsg HTTP/1.1" 200 27
114.93.75.19 - - [18/Jan/2020:09:33:29 +0800] "GET /xingrg/all/function/internal_message.html?_=1579311113464&CODE_STATE=getMsg HTTP/1.1" 200 27
222.69.129.95 - - [18/Jan/2020:09:33:30 +0800] "POST /xingrg/kc/buy/cgsh_order_operate.html HTTP/1.1" 200 37
172.17.2.150 - - [18/Jan/2020:09:33:31 +0800] "GET /xingrg/all/function/internal_message.html?_=1579311178900&CODE_STATE=getMsg HTTP/1.1" 200 27
114.88.159.93 - - [18/Jan/2020:09:33:31 +0800] "GET /xingrg/all/function/internal_message.html?_=1579311221807&CODE_STATE=getMsg HTTP/1.1" 200 27
222.69.129.95 - - [18/Jan/2020:09:33:31 +0800] "POST /xingrg/kc/buy/cgsh_order_operate.html HTTP/1.1" 200 12
222.69.129.95 - - [18/Jan/2020:09:33:33 +0800] "GET /xingrg/kc/buy/cgsh_order_info.html?code=212020011809492 HTTP/1.1" 200 52498
222.69.129.95 - - [18/Jan/2020:09:33:33 +0800] "GET /xingrg/javascript/easyui/themes/default/validatebox.css HTTP/1.1" 404 1104
222.69.129.95 - - [18/Jan/2020:09:33:33 +0800] "POST /xingrg/kc/buy/cgsh_order_operate.html HTTP/1.1" 200 601
114.88.170.138 - - [18/Jan/2020:09:33:34 +0800] "GET /xingrg/all/function/internal_message.html?_=1579311436495&CODE_STATE=getMsg HTTP/1.1" 200 27
116.238.35.243 - - [18/Jan/2020:09:33:34 +0800] "GET /xingrg/all/function/internal_message.html?_=1579311214265&CODE_STATE=getMsg HTTP/1.1" 200 27
222.69.129.95 - - [18/Jan/2020:09:33:36 +0800] "GET /xingrg/kc/print/load_data.html?order_code=212020011809492&kc_code=cgsh&condition= HTTP/1.1" 200 671
116.238.35.243 - - [18/Jan/2020:09:33:40 +0800] "GET /xingrg/all/function/internal_message.html?_=1579311220090&CODE_STATE=getMsg HTTP/1.1" 200 27
180.162.232.172 - - [18/Jan/2020:09:33:46 +0800] "GET /xingrg/check_reg.html?_=1579311332622 HTTP/1.1" 200 22
180.162.232.172 - - [18/Jan/2020:09:33:46 +0800] "GET /xingrg/all/function/internal_message.html?_=1579311332744&CODE_STATE=getMsg HTTP/1.1" 200 27
101.81.125.204 - - [18/Jan/2020:09:33:53 +0800] "GET /xingrg/all/function/internal_message.html?_=1579310610712&CODE_STATE=getMsg HTTP/1.1" 200 27
58.221.95.50 - - [18/Jan/2020:09:33:54 +0800] "GET /xingrg/all/function/internal_message.html?_=1579311406420&CODE_STATE=getMsg HTTP/1.1" 302 -
116.224.233.159 - - [18/Jan/2020:09:33:56 +0800] "GET /xingrg/all/function/internal_message.html?_=1579311387801&CODE_STATE=getMsg HTTP/1.1" 200 27
114.88.170.138 - - [18/Jan/2020:09:34:09 +0800] "GET /xingrg/kc/buy/cgsh_order_operate.html?command=get_materiel&rest_code=00111&code=00101008049&supplier_code=00100005&order_time=2020-01-18 HTTP/1.1" 200 408
101.81.125.204 - - [18/Jan/2020:09:34:12 +0800] "GET /xingrg/all/function/internal_message.html?_=1579311247527&CODE_STATE=getMsg HTTP/1.1" 200 27
124.77.241.94 - - [18/Jan/2020:09:34:13 +0800] "GET /xingrg/all/function/internal_message.html?_=1579311253612&CODE_STATE=getMsg HTTP/1.1" 200 27
114.88.170.138 - - [18/Jan/2020:09:34:14 +0800] "GET /xingrg/kc/buy/cgsh_order_operate.html?command=get_materiel&rest_code=00111&code=00101008067&supplier_code=00100005&order_time=2020-01-18 HTTP/1.1" 200 416
172.17.0.166 - - [18/Jan/2020:09:34:15 +0800] "GET /xingrg/all/function/internal_message.html?_=1579311114955&CODE_STATE=getMsg HTTP/1.1" 302 -
116.238.181.252 - - [18/Jan/2020:09:34:17 +0800] "GET /xingrg/all/function/internal_message.html?_=1579311254028&CODE_STATE=getMsg HTTP/1.1" 200 27
120.253.135.82 - - [18/Jan/2020:09:34:18 +0800] "GET /xingrg/all/function/internal_message.html?_=1579310994373&CODE_STATE=getMsg HTTP/1.1" 200 27
222.69.129.95 - - [18/Jan/2020:09:34:20 +0800] "GET /xingrg/all/function/internal_message.html?_=1579311250391&CODE_STATE=getMsg HTTP/1.1" 200 27
114.88.170.138 - - [18/Jan/2020:09:34:21 +0800] "GET /xingrg/kc/buy/cgsh_order_operate.html?command=get_materiel&rest_code=00111&code=00101008118&supplier_code=00100005&order_time=2020-01-18 HTTP/1.1" 200 418
117.131.5.26 - - [18/Jan/2020:09:34:21 +0800] "GET /xingrg/check_reg.html?_=1579311271878 HTTP/1.1" 200 22
58.221.95.50 - - [18/Jan/2020:09:34:26 +0800] "GET /xingrg/all/function/internal_message.html?_=1579311575902&CODE_STATE=getMsg HTTP/1.1" 200 27
114.88.170.138 - - [18/Jan/2020:09:34:28 +0800] "GET /xingrg/kc/buy/cgsh_order_operate.html?command=get_materiel&rest_code=00111&code=00101008072&supplier_code=00100005&order_time=2020-01-18 HTTP/1.1" 200 408
114.93.75.19 - - [18/Jan/2020:09:34:29 +0800] "GET /xingrg/all/function/internal_message.html?_=1579311173492&CODE_STATE=getMsg HTTP/1.1" 200 27
172.17.2.150 - - [18/Jan/2020:09:34:31 +0800] "GET /xingrg/all/function/internal_message.html?_=1579311238905&CODE_STATE=getMsg HTTP/1.1" 200 27
114.88.159.93 - - [18/Jan/2020:09:34:31 +0800] "GET /xingrg/all/function/internal_message.html?_=1579311281792&CODE_STATE=getMsg HTTP/1.1" 200 27
124.77.241.94 - - [18/Jan/2020:09:34:31 +0800] "GET /xingrg/check_reg.html?_=1579311275804 HTTP/1.1" 200 22
114.88.170.138 - - [18/Jan/2020:09:34:34 +0800] "GET /xingrg/all/function/internal_message.html?_=1579311496491&CODE_STATE=getMsg HTTP/1.1" 200 27
116.238.35.243 - - [18/Jan/2020:09:34:34 +0800] "GET /xingrg/all/function/internal_message.html?_=1579311274265&CODE_STATE=getMsg HTTP/1.1" 200 27
116.238.35.243 - - [18/Jan/2020:09:34:34 +0800] "GET /xingrg/check_reg.html?_=1579311274314 HTTP/1.1" 200 22
114.88.170.138 - - [18/Jan/2020:09:34:35 +0800] "GET /xingrg/kc/buy/cgsh_order_operate.html?command=get_materiel&rest_code=00111&code=00101008096&supplier_code=00100005&order_time=2020-01-18 HTTP/1.1" 200 412
116.238.35.243 - - [18/Jan/2020:09:34:40 +0800] "GET /xingrg/all/function/internal_message.html?_=1579311280091&CODE_STATE=getMsg HTTP/1.1" 200 27
114.88.170.138 - - [18/Jan/2020:09:34:45 +0800] "GET /xingrg/kc/buy/cgsh_order_operate.html?command=get_materiel&rest_code=00111&code=00101008088&supplier_code=00100005&order_time=2020-01-18 HTTP/1.1" 200 408
180.162.232.172 - - [18/Jan/2020:09:34:46 +0800] "GET /xingrg/all/function/internal_message.html?_=1579311392757&CODE_STATE=getMsg HTTP/1.1" 200 27
101.81.125.204 - - [18/Jan/2020:09:34:53 +0800] "GET /xingrg/all/function/internal_message.html?_=1579310671309&CODE_STATE=getMsg HTTP/1.1" 200 27
58.221.95.50 - - [18/Jan/2020:09:34:54 +0800] "GET /xingrg/all/function/internal_message.html?_=1579311466446&CODE_STATE=getMsg HTTP/1.1" 302 -
114.88.159.93 - - [18/Jan/2020:09:34:55 +0800] "GET /xingrg/check_reg.html?_=1579311305598 HTTP/1.1" 200 22
116.224.233.159 - - [18/Jan/2020:09:34:56 +0800] "GET /xingrg/all/function/internal_message.html?_=1579311447813&CODE_STATE=getMsg HTTP/1.1" 200 27
114.88.170.138 - - [18/Jan/2020:09:34:59 +0800] "GET /xingrg/kc/buy/cgsh_order_operate.html?command=get_materiel&rest_code=00111&code=00101008256&supplier_code=00100005&order_time=2020-01-18 HTTP/1.1" 200 413
101.81.125.204 - - [18/Jan/2020:09:35:12 +0800] "GET /xingrg/all/function/internal_message.html?_=1579311307526&CODE_STATE=getMsg HTTP/1.1" 200 27
124.77.241.94 - - [18/Jan/2020:09:35:13 +0800] "GET /xingrg/check_reg.html?_=1579311313256 HTTP/1.1" 200 22
124.77.241.94 - - [18/Jan/2020:09:35:13 +0800] "GET /xingrg/all/function/internal_message.html?_=1579311313625&CODE_STATE=getMsg HTTP/1.1" 200 27
172.17.0.166 - - [18/Jan/2020:09:35:15 +0800] "GET /xingrg/all/function/internal_message.html?_=1579311174954&CODE_STATE=getMsg HTTP/1.1" 302 -
116.238.181.252 - - [18/Jan/2020:09:35:17 +0800] "GET /xingrg/check_reg.html?_=1579311313942 HTTP/1.1" 200 22
116.238.181.252 - - [18/Jan/2020:09:35:17 +0800] "GET /xingrg/all/function/internal_message.html?_=1579311314008&CODE_STATE=getMsg HTTP/1.1" 200 27
120.253.135.82 - - [18/Jan/2020:09:35:18 +0800] "GET /xingrg/all/function/internal_message.html?_=1579311054387&CODE_STATE=getMsg HTTP/1.1" 200 27
222.69.129.95 - - [18/Jan/2020:09:35:20 +0800] "GET /xingrg/all/function/internal_message.html?_=1579311310374&CODE_STATE=getMsg HTTP/1.1" 200 27
58.221.95.50 - - [18/Jan/2020:09:35:26 +0800] "GET /xingrg/all/function/internal_message.html?_=1579311635884&CODE_STATE=getMsg HTTP/1.1" 200 27
114.93.75.19 - - [18/Jan/2020:09:35:29 +0800] "GET /xingrg/all/function/internal_message.html?_=1579311233507&CODE_STATE=getMsg HTTP/1.1" 200 27
114.93.75.19 - - [18/Jan/2020:09:35:29 +0800] "GET /xingrg/check_reg.html?_=1579311233508 HTTP/1.1" 200 22
172.17.2.150 - - [18/Jan/2020:09:35:31 +0800] "GET /xingrg/all/function/internal_message.html?_=1579311298904&CODE_STATE=getMsg HTTP/1.1" 200 27
114.88.159.93 - - [18/Jan/2020:09:35:31 +0800] "GET /xingrg/all/function/internal_message.html?_=1579311341761&CODE_STATE=getMsg HTTP/1.1" 200 27
114.88.170.138 - - [18/Jan/2020:09:35:34 +0800] "GET /xingrg/all/function/internal_message.html?_=1579311556481&CODE_STATE=getMsg HTTP/1.1" 200 27
116.238.35.243 - - [18/Jan/2020:09:35:34 +0800] "GET /xingrg/all/function/internal_message.html?_=1579311334265&CODE_STATE=getMsg HTTP/1.1" 200 27
114.88.170.138 - - [18/Jan/2020:09:35:35 +0800] "GET /xingrg/kc/buy/cgsh_order_operate.html?command=get_materiel&rest_code=00111&code=00101008045&supplier_code=00100005&order_time=2020-01-18 HTTP/1.1" 200 412
116.238.35.243 - - [18/Jan/2020:09:35:40 +0800] "GET /xingrg/all/function/internal_message.html?_=1579311340091&CODE_STATE=getMsg HTTP/1.1" 200 27
114.88.170.138 - - [18/Jan/2020:09:35:41 +0800] "GET /xingrg/kc/buy/cgsh_order_operate.html?command=get_materiel&rest_code=00111&code=00101008089&supplier_code=00100005&order_time=2020-01-18 HTTP/1.1" 200 408
180.162.232.172 - - [18/Jan/2020:09:35:46 +0800] "GET /xingrg/all/function/internal_message.html?_=1579311452771&CODE_STATE=getMsg HTTP/1.1" 200 27
114.88.170.138 - - [18/Jan/2020:09:35:46 +0800] "GET /xingrg/kc/buy/cgsh_order_operate.html?command=get_materiel&rest_code=00111&code=00101008234&supplier_code=00100005&order_time=2020-01-18 HTTP/1.1" 200 408
114.88.170.138 - - [18/Jan/2020:09:35:52 +0800] "GET /xingrg/kc/buy/cgsh_order_operate.html?command=get_materiel&rest_code=00111&code=00101008156&supplier_code=00100005&order_time=2020-01-18 HTTP/1.1" 200 414
101.81.125.204 - - [18/Jan/2020:09:35:53 +0800] "GET /xingrg/all/function/internal_message.html?_=1579310731326&CODE_STATE=getMsg HTTP/1.1" 200 27
58.221.95.50 - - [18/Jan/2020:09:35:54 +0800] "GET /xingrg/all/function/internal_message.html?_=1579311526445&CODE_STATE=getMsg HTTP/1.1" 302 -
116.224.233.159 - - [18/Jan/2020:09:35:56 +0800] "GET /xingrg/all/function/internal_message.html?_=1579311507828&CODE_STATE=getMsg HTTP/1.1" 200 27
114.88.170.138 - - [18/Jan/2020:09:35:57 +0800] "GET /xingrg/kc/buy/cgsh_order_operate.html?command=get_materiel&rest_code=00111&code=00101008350&supplier_code=00100005&order_time=2020-01-18 HTTP/1.1" 200 408
114.88.170.138 - - [18/Jan/2020:09:36:03 +0800] "GET /xingrg/kc/buy/cgsh_order_operate.html?command=get_materiel&rest_code=00111&code=00101008354&supplier_code=00100005&order_time=2020-01-18 HTTP/1.1" 200 412
114.88.170.138 - - [18/Jan/2020:09:36:08 +0800] "GET /xingrg/kc/buy/cgsh_order_operate.html?command=get_materiel&rest_code=00111&code=00101008026&supplier_code=00100005&order_time=2020-01-18 HTTP/1.1" 200 409
101.81.125.204 - - [18/Jan/2020:09:36:12 +0800] "GET /xingrg/all/function/internal_message.html?_=1579311367518&CODE_STATE=getMsg HTTP/1.1" 200 27
101.81.125.204 - - [18/Jan/2020:09:36:12 +0800] "GET /xingrg/check_reg.html?_=1579311367525 HTTP/1.1" 200 22
124.77.241.94 - - [18/Jan/2020:09:36:13 +0800] "GET /xingrg/all/function/internal_message.html?_=1579311373639&CODE_STATE=getMsg HTTP/1.1" 200 27
172.17.0.166 - - [18/Jan/2020:09:36:15 +0800] "GET /xingrg/all/function/internal_message.html?_=1579311234953&CODE_STATE=getMsg HTTP/1.1" 302 -
172.17.0.166 - - [18/Jan/2020:09:36:15 +0800] "GET /xingrg/check_reg.html?_=1579311234954 HTTP/1.1" 302 -
114.88.170.138 - - [18/Jan/2020:09:36:16 +0800] "GET /xingrg/kc/buy/cgsh_order_operate.html?command=get_materiel&rest_code=00111&code=00101008110&supplier_code=00100005&order_time=2020-01-18 HTTP/1.1" 200 409
116.238.181.252 - - [18/Jan/2020:09:36:17 +0800] "GET /xingrg/all/function/internal_message.html?_=1579311373978&CODE_STATE=getMsg HTTP/1.1" 200 27
120.253.135.82 - - [18/Jan/2020:09:36:18 +0800] "GET /xingrg/all/function/internal_message.html?_=1579311114435&CODE_STATE=getMsg HTTP/1.1" 200 27
114.88.170.138 - - [18/Jan/2020:09:36:20 +0800] "GET /xingrg/kc/buy/cgsh_order_operate.html?command=get_materiel&rest_code=00111&code=00101008038&supplier_code=00100005&order_time=2020-01-18 HTTP/1.1" 200 412
222.69.129.95 - - [18/Jan/2020:09:36:20 +0800] "GET /xingrg/all/function/internal_message.html?_=1579311370362&CODE_STATE=getMsg HTTP/1.1" 200 27
114.88.170.138 - - [18/Jan/2020:09:36:24 +0800] "GET /xingrg/kc/buy/cgsh_order_operate.html?command=get_materiel&rest_code=00111&code=00101008358&supplier_code=00100005&order_time=2020-01-18 HTTP/1.1" 200 412
58.221.95.50 - - [18/Jan/2020:09:36:26 +0800] "GET /xingrg/all/function/internal_message.html?_=1579311695864&CODE_STATE=getMsg HTTP/1.1" 200 27
114.93.75.19 - - [18/Jan/2020:09:36:29 +0800] "GET /xingrg/all/function/internal_message.html?_=1579311293491&CODE_STATE=getMsg HTTP/1.1" 200 27
172.17.2.150 - - [18/Jan/2020:09:36:31 +0800] "GET /xingrg/all/function/internal_message.html?_=1579311358909&CODE_STATE=getMsg HTTP/1.1" 200 27
114.88.159.93 - - [18/Jan/2020:09:36:31 +0800] "GET /xingrg/all/function/internal_message.html?_=1579311401729&CODE_STATE=getMsg HTTP/1.1" 200 27
114.88.170.138 - - [18/Jan/2020:09:36:34 +0800] "GET /xingrg/all/function/internal_message.html?_=1579311616480&CODE_STATE=getMsg HTTP/1.1" 200 27
116.238.35.243 - - [18/Jan/2020:09:36:34 +0800] "GET /xingrg/all/function/internal_message.html?_=1579311394267&CODE_STATE=getMsg HTTP/1.1" 200 27
114.88.170.138 - - [18/Jan/2020:09:36:38 +0800] "POST /xingrg/kc/buy/cgsh_order_operate.html HTTP/1.1" 200 2065
116.238.35.243 - - [18/Jan/2020:09:36:40 +0800] "GET /xingrg/all/function/internal_message.html?_=1579311400092&CODE_STATE=getMsg HTTP/1.1" 200 27
114.88.170.138 - - [18/Jan/2020:09:36:41 +0800] "GET /xingrg/kc/buy/cgsh_order_operate.html?command=get_materiel&rest_code=00111&code=00101008163&supplier_code=00100005&order_time=2020-01-18 HTTP/1.1" 200 409
114.88.170.138 - - [18/Jan/2020:09:36:45 +0800] "GET /xingrg/kc/buy/cgsh_order_operate.html?command=get_materiel&rest_code=00111&code=00101008355&supplier_code=00100005&order_time=2020-01-18 HTTP/1.1" 200 408
180.162.232.172 - - [18/Jan/2020:09:36:46 +0800] "GET /xingrg/all/function/internal_message.html?_=1579311512804&CODE_STATE=getMsg HTTP/1.1" 200 27
58.221.95.50 - - [18/Jan/2020:09:36:48 +0800] "GET /xingrg/check_reg.html?_=1579311717500 HTTP/1.1" 200 22
114.88.170.138 - - [18/Jan/2020:09:36:54 +0800] "GET /xingrg/kc/buy/cgsh_order_operate.html?command=get_materiel&rest_code=00111&code=00101008264&supplier_code=00100005&order_time=2020-01-18 HTTP/1.1" 200 412
101.81.125.204 - - [18/Jan/2020:09:36:54 +0800] "GET /xingrg/all/function/internal_message.html?_=1579310791960&CODE_STATE=getMsg HTTP/1.1" 200 27
58.221.95.50 - - [18/Jan/2020:09:36:54 +0800] "GET /xingrg/all/function/internal_message.html?_=1579311586445&CODE_STATE=getMsg HTTP/1.1" 302 -
58.221.95.50 - - [18/Jan/2020:09:36:54 +0800] "GET /xingrg/check_reg.html?_=1579311586447 HTTP/1.1" 302 -
116.224.233.159 - - [18/Jan/2020:09:36:56 +0800] "GET /xingrg/all/function/internal_message.html?_=1579311567840&CODE_STATE=getMsg HTTP/1.1" 200 27
114.88.170.138 - - [18/Jan/2020:09:37:00 +0800] "GET /xingrg/kc/buy/cgsh_order_operate.html?command=get_materiel&rest_code=00111&code=00101009030&supplier_code=00100005&order_time=2020-01-18 HTTP/1.1" 200 412
114.88.170.138 - - [18/Jan/2020:09:37:01 +0800] "POST /xingrg/kc/buy/cgsh_order_operate.html HTTP/1.1" 200 2065
114.88.170.138 - - [18/Jan/2020:09:37:05 +0800] "GET /xingrg/kc/buy/cgsh_order_operate.html?command=get_materiel&rest_code=00111&code=00101015004&supplier_code=00100005&order_time=2020-01-18 HTTP/1.1" 200 408
101.81.125.204 - - [18/Jan/2020:09:37:12 +0800] "GET /xingrg/all/function/internal_message.html?_=1579311427532&CODE_STATE=getMsg HTTP/1.1" 200 27
114.88.170.138 - - [18/Jan/2020:09:37:12 +0800] "GET /xingrg/kc/buy/cgsh_order_operate.html?command=get_materiel&rest_code=00111&code=00101008137&supplier_code=00100005&order_time=2020-01-18 HTTP/1.1" 200 408
124.77.241.94 - - [18/Jan/2020:09:37:13 +0800] "GET /xingrg/all/function/internal_message.html?_=1579311433652&CODE_STATE=getMsg HTTP/1.1" 200 27
172.17.0.166 - - [18/Jan/2020:09:37:15 +0800] "GET /xingrg/all/function/internal_message.html?_=1579311294957&CODE_STATE=getMsg HTTP/1.1" 302 -
116.238.181.252 - - [18/Jan/2020:09:37:17 +0800] "GET /xingrg/all/function/internal_message.html?_=1579311433987&CODE_STATE=getMsg HTTP/1.1" 200 27
114.88.170.138 - - [18/Jan/2020:09:37:18 +0800] "GET /xingrg/kc/buy/cgsh_order_operate.html?command=get_materiel&rest_code=00111&code=00101008270&supplier_code=00100005&order_time=2020-01-18 HTTP/1.1" 200 412
120.253.135.82 - - [18/Jan/2020:09:37:18 +0800] "GET /xingrg/all/function/internal_message.html?_=1579311174445&CODE_STATE=getMsg HTTP/1.1" 200 27
222.69.129.95 - - [18/Jan/2020:09:37:20 +0800] "GET /xingrg/all/function/internal_message.html?_=1579311430343&CODE_STATE=getMsg HTTP/1.1" 200 27
116.238.181.252 - - [18/Jan/2020:09:37:23 +0800] "POST /xingrg/kc/buy/cgsh_order_operate.html HTTP/1.1" 200 37
116.238.181.252 - - [18/Jan/2020:09:37:24 +0800] "POST /xingrg/kc/buy/cgsh_order_operate.html HTTP/1.1" 200 34594
114.88.170.138 - - [18/Jan/2020:09:37:24 +0800] "GET /xingrg/kc/buy/cgsh_order_operate.html?command=get_materiel&rest_code=00111&code=00101008357&supplier_code=00100005&order_time=2020-01-18 HTTP/1.1" 200 408
58.221.95.50 - - [18/Jan/2020:09:37:26 +0800] "GET /xingrg/all/function/internal_message.html?_=1579311755872&CODE_STATE=getMsg HTTP/1.1" 200 27
114.93.75.19 - - [18/Jan/2020:09:37:29 +0800] "GET /xingrg/all/function/internal_message.html?_=1579311353508&CODE_STATE=getMsg HTTP/1.1" 200 27
172.17.2.150 - - [18/Jan/2020:09:37:31 +0800] "GET /xingrg/check_reg.html?_=1579311418920 HTTP/1.1" 200 22
172.17.2.150 - - [18/Jan/2020:09:37:31 +0800] "GET /xingrg/all/function/internal_message.html?_=1579311418920&CODE_STATE=getMsg HTTP/1.1" 200 27
114.88.170.138 - - [18/Jan/2020:09:37:31 +0800] "GET /xingrg/kc/buy/cgsh_order_operate.html?command=get_materiel&rest_code=00111&code=00101008069&supplier_code=00100005&order_time=2020-01-18 HTTP/1.1" 200 412
114.88.159.93 - - [18/Jan/2020:09:37:31 +0800] "GET /xingrg/all/function/internal_message.html?_=1579311461704&CODE_STATE=getMsg HTTP/1.1" 200 27
114.88.170.138 - - [18/Jan/2020:09:37:32 +0800] "POST /xingrg/kc/buy/cgsh_order_operate.html HTTP/1.1" 200 2065
114.88.170.138 - - [18/Jan/2020:09:37:34 +0800] "GET /xingrg/all/function/internal_message.html?_=1579311676478&CODE_STATE=getMsg HTTP/1.1" 200 27
114.88.170.138 - - [18/Jan/2020:09:37:34 +0800] "GET /xingrg/check_reg.html?_=1579311676485 HTTP/1.1" 200 22
116.238.35.243 - - [18/Jan/2020:09:37:34 +0800] "GET /xingrg/all/function/internal_message.html?_=1579311454271&CODE_STATE=getMsg HTTP/1.1" 200 27
114.88.170.138 - - [18/Jan/2020:09:37:34 +0800] "GET /xingrg/kc/buy/cgsh_order_operate.html?command=get_materiel&rest_code=00111&code=00101008006&supplier_code=00100005&order_time=2020-01-18 HTTP/1.1" 200 416
116.238.35.243 - - [18/Jan/2020:09:37:40 +0800] "GET /xingrg/all/function/internal_message.html?_=1579311460091&CODE_STATE=getMsg HTTP/1.1" 200 27
116.238.35.243 - - [18/Jan/2020:09:37:40 +0800] "GET /xingrg/check_reg.html?_=1579311460094 HTTP/1.1" 200 22
180.162.232.172 - - [18/Jan/2020:09:37:46 +0800] "GET /xingrg/all/function/internal_message.html?_=1579311572814&CODE_STATE=getMsg HTTP/1.1" 200 27
101.81.125.204 - - [18/Jan/2020:09:37:49 +0800] "GET /xingrg/check_reg.html?_=1579310847065 HTTP/1.1" 200 22
101.81.125.204 - - [18/Jan/2020:09:37:54 +0800] "GET /xingrg/all/function/internal_message.html?_=1579310851994&CODE_STATE=getMsg HTTP/1.1" 200 27
58.221.95.50 - - [18/Jan/2020:09:37:54 +0800] "GET /xingrg/all/function/internal_message.html?_=1579311646446&CODE_STATE=getMsg HTTP/1.1" 302 -
116.224.233.159 - - [18/Jan/2020:09:37:55 +0800] "GET /xingrg/check_reg.html?_=1579311627016 HTTP/1.1" 200 22
116.224.233.159 - - [18/Jan/2020:09:37:56 +0800] "GET /xingrg/all/function/internal_message.html?_=1579311627854&CODE_STATE=getMsg HTTP/1.1" 200 27
114.88.170.138 - - [18/Jan/2020:09:38:01 +0800] "GET /xingrg/kc/buy/cgsh_order_operate.html?command=get_materiel&rest_code=00111&code=00101008131&supplier_code=00100005&order_time=2020-01-18 HTTP/1.1" 200 408
114.88.170.138 - - [18/Jan/2020:09:38:06 +0800] "GET /xingrg/kc/buy/cgsh_order_operate.html?command=get_materiel&rest_code=00111&code=00101008318&supplier_code=00100005&order_time=2020-01-18 HTTP/1.1" 200 408
114.88.170.138 - - [18/Jan/2020:09:38:10 +0800] "GET /xingrg/kc/buy/cgsh_order_operate.html?command=get_materiel&rest_code=00111&code=00101008352&supplier_code=00100005&order_time=2020-01-18 HTTP/1.1" 200 412
101.81.125.204 - - [18/Jan/2020:09:38:12 +0800] "GET /xingrg/all/function/internal_message.html?_=1579311487546&CODE_STATE=getMsg HTTP/1.1" 200 27
124.77.241.94 - - [18/Jan/2020:09:38:13 +0800] "GET /xingrg/all/function/internal_message.html?_=1579311493668&CODE_STATE=getMsg HTTP/1.1" 200 27
114.88.170.138 - - [18/Jan/2020:09:38:14 +0800] "GET /xingrg/kc/buy/cgsh_order_operate.html?command=get_materiel&rest_code=00111&code=00101008098&supplier_code=00100005&order_time=2020-01-18 HTTP/1.1" 200 412
172.17.0.166 - - [18/Jan/2020:09:38:15 +0800] "GET /xingrg/all/function/internal_message.html?_=1579311354970&CODE_STATE=getMsg HTTP/1.1" 302 -
114.88.170.138 - - [18/Jan/2020:09:38:15 +0800] "POST /xingrg/kc/buy/cgsh_order_operate.html HTTP/1.1" 200 2065
116.238.181.252 - - [18/Jan/2020:09:38:17 +0800] "GET /xingrg/all/function/internal_message.html?_=1579311493962&CODE_STATE=getMsg HTTP/1.1" 200 27
120.253.135.82 - - [18/Jan/2020:09:38:18 +0800] "GET /xingrg/check_reg.html?_=1579311234038 HTTP/1.1" 200 22
120.253.135.82 - - [18/Jan/2020:09:38:18 +0800] "GET /xingrg/all/function/internal_message.html?_=1579311234458&CODE_STATE=getMsg HTTP/1.1" 200 27
114.88.170.138 - - [18/Jan/2020:09:38:18 +0800] "GET /xingrg/kc/buy/cgsh_order_operate.html?command=get_materiel&rest_code=00111&code=00101008005&supplier_code=00100005&order_time=2020-01-18 HTTP/1.1" 200 412
222.69.129.95 - - [18/Jan/2020:09:38:20 +0800] "GET /xingrg/check_reg.html?_=1579311490125 HTTP/1.1" 200 22
222.69.129.95 - - [18/Jan/2020:09:38:20 +0800] "GET /xingrg/all/function/internal_message.html?_=1579311490319&CODE_STATE=getMsg HTTP/1.1" 200 27
58.221.95.50 - - [18/Jan/2020:09:38:26 +0800] "GET /xingrg/all/function/internal_message.html?_=1579311815847&CODE_STATE=getMsg HTTP/1.1" 200 27
114.88.170.138 - - [18/Jan/2020:09:38:27 +0800] "GET /xingrg/kc/buy/cgsh_order_operate.html?command=get_materiel&rest_code=00111&code=00101008271&supplier_code=00100005&order_time=2020-01-18 HTTP/1.1" 200 409
114.93.75.19 - - [18/Jan/2020:09:38:29 +0800] "GET /xingrg/all/function/internal_message.html?_=1579311413492&CODE_STATE=getMsg HTTP/1.1" 200 27
172.17.2.150 - - [18/Jan/2020:09:38:31 +0800] "GET /xingrg/all/function/internal_message.html?_=1579311478913&CODE_STATE=getMsg HTTP/1.1" 200 27
114.88.159.93 - - [18/Jan/2020:09:38:31 +0800] "GET /xingrg/all/function/internal_message.html?_=1579311521673&CODE_STATE=getMsg HTTP/1.1" 200 27
114.88.170.138 - - [18/Jan/2020:09:38:34 +0800] "GET /xingrg/all/function/internal_message.html?_=1579311736564&CODE_STATE=getMsg HTTP/1.1" 200 27
116.238.35.243 - - [18/Jan/2020:09:38:34 +0800] "GET /xingrg/all/function/internal_message.html?_=1579311514272&CODE_STATE=getMsg HTTP/1.1" 200 27
116.238.35.243 - - [18/Jan/2020:09:38:40 +0800] "GET /xingrg/all/function/internal_message.html?_=1579311520095&CODE_STATE=getMsg HTTP/1.1" 200 27
114.88.170.138 - - [18/Jan/2020:09:38:43 +0800] "GET /xingrg/kc/buy/cgsh_order_operate.html?command=get_materiel&rest_code=00111&code=00101008312&supplier_code=00100005&order_time=2020-01-18 HTTP/1.1" 200 412
180.162.232.172 - - [18/Jan/2020:09:38:46 +0800] "GET /xingrg/check_reg.html?_=1579311632645 HTTP/1.1" 200 22
180.162.232.172 - - [18/Jan/2020:09:38:46 +0800] "GET /xingrg/all/function/internal_message.html?_=1579311632828&CODE_STATE=getMsg HTTP/1.1" 200 27
114.88.170.138 - - [18/Jan/2020:09:38:47 +0800] "GET /xingrg/kc/buy/cgsh_order_operate.html?command=get_materiel&rest_code=00111&code=00101008085&supplier_code=00100005&order_time=2020-01-18 HTTP/1.1" 200 413
114.88.170.138 - - [18/Jan/2020:09:38:52 +0800] "GET /xingrg/kc/buy/cgsh_order_operate.html?command=get_materiel&rest_code=00111&code=00101008351&supplier_code=00100005&order_time=2020-01-18 HTTP/1.1" 200 408
114.88.170.138 - - [18/Jan/2020:09:38:54 +0800] "POST /xingrg/kc/buy/cgsh_order_operate.html HTTP/1.1" 200 2065
101.81.125.204 - - [18/Jan/2020:09:38:54 +0800] "GET /xingrg/all/function/internal_message.html?_=1579310911993&CODE_STATE=getMsg HTTP/1.1" 200 27
58.221.95.50 - - [18/Jan/2020:09:38:54 +0800] "GET /xingrg/all/function/internal_message.html?_=1579311706445&CODE_STATE=getMsg HTTP/1.1" 302 -
116.224.233.159 - - [18/Jan/2020:09:38:56 +0800] "GET /xingrg/all/function/internal_message.html?_=1579311688038&CODE_STATE=getMsg HTTP/1.1" 200 27
114.88.170.138 - - [18/Jan/2020:09:39:09 +0800] "GET /xingrg/kc/buy/cgsh_order_operate.html?command=get_materiel&rest_code=00111&code=00101008242&supplier_code=00100005&order_time=2020-01-18 HTTP/1.1" 200 408
101.81.125.204 - - [18/Jan/2020:09:39:12 +0800] "GET /xingrg/all/function/internal_message.html?_=1579311547528&CODE_STATE=getMsg HTTP/1.1" 200 27
124.77.241.94 - - [18/Jan/2020:09:39:13 +0800] "GET /xingrg/all/function/internal_message.html?_=1579311553679&CODE_STATE=getMsg HTTP/1.1" 200 27
114.88.170.138 - - [18/Jan/2020:09:39:14 +0800] "GET /xingrg/kc/buy/cgsh_order_operate.html?command=get_materiel&rest_code=00111&code=00101008298&supplier_code=00100005&order_time=2020-01-18 HTTP/1.1" 200 412
172.17.0.166 - - [18/Jan/2020:09:39:15 +0800] "GET /xingrg/all/function/internal_message.html?_=1579311414969&CODE_STATE=getMsg HTTP/1.1" 302 -
116.238.181.252 - - [18/Jan/2020:09:39:17 +0800] "GET /xingrg/all/function/internal_message.html?_=1579311553939&CODE_STATE=getMsg HTTP/1.1" 200 27
120.253.135.82 - - [18/Jan/2020:09:39:18 +0800] "GET /xingrg/all/function/internal_message.html?_=1579311294472&CODE_STATE=getMsg HTTP/1.1" 200 27
222.69.129.95 - - [18/Jan/2020:09:39:20 +0800] "GET /xingrg/all/function/internal_message.html?_=1579311550293&CODE_STATE=getMsg HTTP/1.1" 200 27
114.88.170.138 - - [18/Jan/2020:09:39:21 +0800] "GET /xingrg/kc/buy/cgsh_order_operate.html?command=get_materiel&rest_code=00111&code=00101008132&supplier_code=00100005&order_time=2020-01-18 HTTP/1.1" 200 408
117.131.5.26 - - [18/Jan/2020:09:39:21 +0800] "GET /xingrg/check_reg.html?_=1579311571878 HTTP/1.1" 200 22
58.221.95.50 - - [18/Jan/2020:09:39:26 +0800] "GET /xingrg/all/function/internal_message.html?_=1579311875848&CODE_STATE=getMsg HTTP/1.1" 200 27
114.93.75.19 - - [18/Jan/2020:09:39:29 +0800] "GET /xingrg/all/function/internal_message.html?_=1579311473521&CODE_STATE=getMsg HTTP/1.1" 200 27
172.17.2.150 - - [18/Jan/2020:09:39:31 +0800] "GET /xingrg/all/function/internal_message.html?_=1579311538911&CODE_STATE=getMsg HTTP/1.1" 200 27
114.88.159.93 - - [18/Jan/2020:09:39:31 +0800] "GET /xingrg/all/function/internal_message.html?_=1579311581646&CODE_STATE=getMsg HTTP/1.1" 200 27
61.151.178.175 - - [18/Jan/2020:09:39:31 +0800] "GET /xingrg/all/function/internal_message.html?_=1579311521673&CODE_STATE=getMsg HTTP/1.1" 302 -
124.77.241.94 - - [18/Jan/2020:09:39:31 +0800] "GET /xingrg/check_reg.html?_=1579311575807 HTTP/1.1" 200 22
61.151.178.175 - - [18/Jan/2020:09:39:32 +0800] "GET /xingrg/login.html HTTP/1.1" 200 7639
114.88.170.138 - - [18/Jan/2020:09:39:32 +0800] "GET /xingrg/kc/buy/cgsh_order_operate.html?command=get_materiel&rest_code=00111&code=00101008349&supplier_code=00100005&order_time=2020-01-18 HTTP/1.1" 200 414
114.88.170.138 - - [18/Jan/2020:09:39:34 +0800] "GET /xingrg/all/function/internal_message.html?_=1579311796568&CODE_STATE=getMsg HTTP/1.1" 200 27
116.238.35.243 - - [18/Jan/2020:09:39:34 +0800] "GET /xingrg/all/function/internal_message.html?_=1579311574262&CODE_STATE=getMsg HTTP/1.1" 200 27
116.238.35.243 - - [18/Jan/2020:09:39:34 +0800] "GET /xingrg/check_reg.html?_=1579311574293 HTTP/1.1" 200 22
114.88.170.138 - - [18/Jan/2020:09:39:37 +0800] "POST /xingrg/kc/buy/cgsh_order_operate.html HTTP/1.1" 200 2065
116.238.35.243 - - [18/Jan/2020:09:39:40 +0800] "GET /xingrg/all/function/internal_message.html?_=1579311580094&CODE_STATE=getMsg HTTP/1.1" 200 27
180.162.232.172 - - [18/Jan/2020:09:39:46 +0800] "GET /xingrg/all/function/internal_message.html?_=1579311692841&CODE_STATE=getMsg HTTP/1.1" 200 27
114.88.170.138 - - [18/Jan/2020:09:39:51 +0800] "GET /xingrg/kc/buy/cgsh_order_operate.html?command=get_materiel&rest_code=00111&code=00101008290&supplier_code=00100005&order_time=2020-01-18 HTTP/1.1" 200 416
58.221.95.50 - - [18/Jan/2020:09:39:54 +0800] "GET /xingrg/all/function/internal_message.html?_=1579311766445&CODE_STATE=getMsg HTTP/1.1" 302 -
101.81.125.204 - - [18/Jan/2020:09:39:55 +0800] "GET /xingrg/all/function/internal_message.html?_=1579310972623&CODE_STATE=getMsg HTTP/1.1" 200 27
114.88.159.93 - - [18/Jan/2020:09:39:55 +0800] "GET /xingrg/check_reg.html?_=1579311605608 HTTP/1.1" 200 22
116.224.233.159 - - [18/Jan/2020:09:39:56 +0800] "GET /xingrg/all/function/internal_message.html?_=1579311748054&CODE_STATE=getMsg HTTP/1.1" 200 27
114.88.170.138 - - [18/Jan/2020:09:40:04 +0800] "GET /xingrg/kc/buy/cgsh_order_operate.html?command=get_materiel&rest_code=00111&code=00101008141&supplier_code=00100005&order_time=2020-01-18 HTTP/1.1" 200 412
101.81.125.204 - - [18/Jan/2020:09:40:12 +0800] "GET /xingrg/all/function/internal_message.html?_=1579311607540&CODE_STATE=getMsg HTTP/1.1" 200 27
124.77.241.94 - - [18/Jan/2020:09:40:13 +0800] "GET /xingrg/check_reg.html?_=1579311613258 HTTP/1.1" 200 22
124.77.241.94 - - [18/Jan/2020:09:40:13 +0800] "GET /xingrg/all/function/internal_message.html?_=1579311613692&CODE_STATE=getMsg HTTP/1.1" 200 27
172.17.0.166 - - [18/Jan/2020:09:40:15 +0800] "GET /xingrg/all/function/internal_message.html?_=1579311474968&CODE_STATE=getMsg HTTP/1.1" 302 -
116.238.181.252 - - [18/Jan/2020:09:40:17 +0800] "GET /xingrg/all/function/internal_message.html?_=1579311613940&CODE_STATE=getMsg HTTP/1.1" 200 27
116.238.181.252 - - [18/Jan/2020:09:40:17 +0800] "GET /xingrg/check_reg.html?_=1579311613965 HTTP/1.1" 200 22
120.253.135.82 - - [18/Jan/2020:09:40:18 +0800] "GET /xingrg/all/function/internal_message.html?_=1579311354485&CODE_STATE=getMsg HTTP/1.1" 200 27
222.69.129.95 - - [18/Jan/2020:09:40:20 +0800] "GET /xingrg/all/function/internal_message.html?_=1579311610267&CODE_STATE=getMsg HTTP/1.1" 200 27
114.88.170.138 - - [18/Jan/2020:09:40:20 +0800] "POST /xingrg/kc/buy/cgsh_order_operate.html HTTP/1.1" 200 2065
58.221.95.50 - - [18/Jan/2020:09:40:26 +0800] "GET /xingrg/all/function/internal_message.html?_=1579311935828&CODE_STATE=getMsg HTTP/1.1" 200 27
114.93.75.19 - - [18/Jan/2020:09:40:29 +0800] "GET /xingrg/check_reg.html?_=1579311533522 HTTP/1.1" 200 22
114.93.75.19 - - [18/Jan/2020:09:40:29 +0800] "GET /xingrg/all/function/internal_message.html?_=1579311533520&CODE_STATE=getMsg HTTP/1.1" 200 27
172.17.2.150 - - [18/Jan/2020:09:40:31 +0800] "GET /xingrg/all/function/internal_message.html?_=1579311598908&CODE_STATE=getMsg HTTP/1.1" 200 27
114.88.159.93 - - [18/Jan/2020:09:40:31 +0800] "GET /xingrg/all/function/internal_message.html?_=1579311641624&CODE_STATE=getMsg HTTP/1.1" 200 27
114.88.170.138 - - [18/Jan/2020:09:40:34 +0800] "GET /xingrg/all/function/internal_message.html?_=1579311856488&CODE_STATE=getMsg HTTP/1.1" 200 27
116.238.35.243 - - [18/Jan/2020:09:40:34 +0800] "GET /xingrg/all/function/internal_message.html?_=1579311634260&CODE_STATE=getMsg HTTP/1.1" 200 27
124.77.241.94 - - [18/Jan/2020:09:40:37 +0800] "GET /xingrg/css/new_ie.css HTTP/1.1" 404 1036
124.77.241.94 - - [18/Jan/2020:09:40:37 +0800] "GET /xingrg/kc/buy/buy_main.html HTTP/1.1" 200 12398
124.77.241.94 - - [18/Jan/2020:09:40:37 +0800] "GET /xingrg/images/yd/bt.gif HTTP/1.1" 404 1040
116.238.35.243 - - [18/Jan/2020:09:40:40 +0800] "GET /xingrg/all/function/internal_message.html?_=1579311640095&CODE_STATE=getMsg HTTP/1.1" 200 27
124.77.241.94 - - [18/Jan/2020:09:40:41 +0800] "GET /xingrg/kc/buy/cgsh_order_list.html HTTP/1.1" 200 42033
124.77.241.94 - - [18/Jan/2020:09:40:41 +0800] "POST /xingrg/kc/buy/cgsh_list_operate.html HTTP/1.1" 200 876
124.77.241.94 - - [18/Jan/2020:09:40:43 +0800] "GET /xingrg/javascript/easyui/themes/icons/copy_new.png HTTP/1.1" 304 -
114.88.170.138 - - [18/Jan/2020:09:40:43 +0800] "GET /xingrg/kc/buy/cgsh_order_operate.html?command=get_materiel&rest_code=00111&code=00101008356&supplier_code=00100005&order_time=2020-01-18 HTTP/1.1" 200 408
124.77.241.94 - - [18/Jan/2020:09:40:43 +0800] "GET /xingrg/kc/buy/cgsh_order_add.html HTTP/1.1" 200 57641
124.77.241.94 - - [18/Jan/2020:09:40:44 +0800] "POST /xingrg/kc/buy/cgsh_order_operate.html HTTP/1.1" 200 8245
124.77.241.94 - - [18/Jan/2020:09:40:44 +0800] "GET /xingrg/javascript/easyui/themes/default/validatebox.css HTTP/1.1" 404 1104
180.162.232.172 - - [18/Jan/2020:09:40:46 +0800] "GET /xingrg/all/function/internal_message.html?_=1579311752856&CODE_STATE=getMsg HTTP/1.1" 200 27
114.88.170.138 - - [18/Jan/2020:09:40:51 +0800] "GET /xingrg/kc/buy/cgsh_order_operate.html?command=get_materiel&rest_code=00111&code=00101008251&supplier_code=00100005&order_time=2020-01-18 HTTP/1.1" 200 408
58.221.95.50 - - [18/Jan/2020:09:40:54 +0800] "GET /xingrg/all/function/internal_message.html?_=1579311826444&CODE_STATE=getMsg HTTP/1.1" 302 -
101.81.125.204 - - [18/Jan/2020:09:40:55 +0800] "GET /xingrg/all/function/internal_message.html?_=1579311032631&CODE_STATE=getMsg HTTP/1.1" 200 27
116.224.233.159 - - [18/Jan/2020:09:40:56 +0800] "GET /xingrg/all/function/internal_message.html?_=1579311808246&CODE_STATE=getMsg HTTP/1.1" 200 27
114.88.170.138 - - [18/Jan/2020:09:41:05 +0800] "GET /xingrg/kc/buy/cgsh_order_operate.html?command=get_materiel&rest_code=00111&code=00101008295&supplier_code=00100005&order_time=2020-01-18 HTTP/1.1" 200 412
124.77.241.94 - - [18/Jan/2020:09:41:06 +0800] "GET /xingrg/javascript/auto/indicator.gif HTTP/1.1" 404 1066
114.88.170.138 - - [18/Jan/2020:09:41:07 +0800] "POST /xingrg/kc/buy/cgsh_order_operate.html HTTP/1.1" 200 2065
124.77.241.94 - - [18/Jan/2020:09:41:08 +0800] "GET /xingrg/javascript/jquery_tools/images/prev.gif HTTP/1.1" 404 1086
124.77.241.94 - - [18/Jan/2020:09:41:08 +0800] "GET /xingrg/javascript/jquery_tools/images/next.gif HTTP/1.1" 404 1086
114.88.170.138 - - [18/Jan/2020:09:41:10 +0800] "GET /xingrg/kc/buy/cgsh_order_operate.html?command=get_materiel&rest_code=00111&code=00101008213&supplier_code=00100005&order_time=2020-01-18 HTTP/1.1" 200 412
124.77.241.94 - - [18/Jan/2020:09:41:11 +0800] "GET /xingrg/kc/buy/cgsh_order_operate.html?command=get_materiel&rest_code=00146&code=00101016080&supplier_code=00100033&order_time=2020-01-18 HTTP/1.1" 200 408
101.81.125.204 - - [18/Jan/2020:09:41:12 +0800] "GET /xingrg/check_reg.html?_=1579311667520 HTTP/1.1" 200 22
101.81.125.204 - - [18/Jan/2020:09:41:12 +0800] "GET /xingrg/all/function/internal_message.html?_=1579311667534&CODE_STATE=getMsg HTTP/1.1" 200 27
124.77.241.94 - - [18/Jan/2020:09:41:13 +0800] "GET /xingrg/all/function/internal_message.html?_=1579311673706&CODE_STATE=getMsg HTTP/1.1" 200 27
172.17.0.166 - - [18/Jan/2020:09:41:15 +0800] "GET /xingrg/check_reg.html?_=1579311534966 HTTP/1.1" 302 -
172.17.0.166 - - [18/Jan/2020:09:41:15 +0800] "GET /xingrg/all/function/internal_message.html?_=1579311534967&CODE_STATE=getMsg HTTP/1.1" 302 -
114.88.170.138 - - [18/Jan/2020:09:41:16 +0800] "GET /xingrg/kc/buy/cgsh_order_operate.html?command=get_materiel&rest_code=00111&code=00101008275&supplier_code=00100005&order_time=2020-01-18 HTTP/1.1" 200 417
116.238.181.252 - - [18/Jan/2020:09:41:17 +0800] "GET /xingrg/all/function/internal_message.html?_=1579311673928&CODE_STATE=getMsg HTTP/1.1" 200 27
120.253.135.82 - - [18/Jan/2020:09:41:18 +0800] "GET /xingrg/all/function/internal_message.html?_=1579311414523&CODE_STATE=getMsg HTTP/1.1" 200 27
222.69.129.95 - - [18/Jan/2020:09:41:20 +0800] "GET /xingrg/all/function/internal_message.html?_=1579311670263&CODE_STATE=getMsg HTTP/1.1" 200 27
124.77.241.94 - - [18/Jan/2020:09:41:21 +0800] "GET /xingrg/kc/buy/cgsh_order_operate.html?command=get_materiel&rest_code=00146&code=00101007109&supplier_code=00100033&order_time=2020-01-18 HTTP/1.1" 200 408
114.88.170.138 - - [18/Jan/2020:09:41:23 +0800] "GET /xingrg/kc/buy/cgsh_order_operate.html?command=get_materiel&rest_code=00111&code=00101008304&supplier_code=00100005&order_time=2020-01-18 HTTP/1.1" 200 412
58.221.95.50 - - [18/Jan/2020:09:41:26 +0800] "GET /xingrg/all/function/internal_message.html?_=1579311995810&CODE_STATE=getMsg HTTP/1.1" 200 27
116.238.181.252 - - [18/Jan/2020:09:41:27 +0800] "POST /xingrg/kc/buy/cgsh_order_operate.html HTTP/1.1" 200 37
114.88.170.138 - - [18/Jan/2020:09:41:28 +0800] "GET /xingrg/kc/buy/cgsh_order_operate.html?command=get_materiel&rest_code=00111&code=00101008010&supplier_code=00100005&order_time=2020-01-18 HTTP/1.1" 200 412
114.93.75.19 - - [18/Jan/2020:09:41:29 +0800] "GET /xingrg/all/function/internal_message.html?_=1579311593522&CODE_STATE=getMsg HTTP/1.1" 200 27
116.238.181.252 - - [18/Jan/2020:09:41:29 +0800] "POST /xingrg/kc/buy/cgsh_order_operate.html HTTP/1.1" 200 12
172.17.2.150 - - [18/Jan/2020:09:41:31 +0800] "GET /xingrg/all/function/internal_message.html?_=1579311658908&CODE_STATE=getMsg HTTP/1.1" 200 27
114.88.159.93 - - [18/Jan/2020:09:41:31 +0800] "GET /xingrg/all/function/internal_message.html?_=1579311701603&CODE_STATE=getMsg HTTP/1.1" 200 27
116.238.181.252 - - [18/Jan/2020:09:41:31 +0800] "GET /xingrg/kc/buy/cgsh_order_info.html?code=212020011809477 HTTP/1.1" 200 53126
116.238.181.252 - - [18/Jan/2020:09:41:31 +0800] "GET /xingrg/words/20200118053144_words.js HTTP/1.1" 304 -
124.77.241.94 - - [18/Jan/2020:09:41:31 +0800] "GET /xingrg/kc/buy/cgsh_order_operate.html?command=get_materiel&rest_code=00146&code=00101016025&supplier_code=00100033&order_time=2020-01-18 HTTP/1.1" 200 408
116.238.181.252 - - [18/Jan/2020:09:41:31 +0800] "GET /xingrg/javascript/easyui/themes/default/validatebox.css HTTP/1.1" 404 1104
116.238.181.252 - - [18/Jan/2020:09:41:32 +0800] "POST /xingrg/kc/buy/cgsh_order_operate.html HTTP/1.1" 200 32532
114.88.170.138 - - [18/Jan/2020:09:41:33 +0800] "GET /xingrg/kc/buy/cgsh_order_operate.html?command=get_materiel&rest_code=00111&code=00101008306&supplier_code=00100005&order_time=2020-01-18 HTTP/1.1" 200 412
114.88.170.138 - - [18/Jan/2020:09:41:34 +0800] "GET /xingrg/all/function/internal_message.html?_=1579311916476&CODE_STATE=getMsg HTTP/1.1" 200 27
116.238.181.252 - - [18/Jan/2020:09:41:34 +0800] "GET /xingrg/kc/print/load_data.html?order_code=212020011809477&kc_code=cgsh&condition= HTTP/1.1" 200 12826
116.238.35.243 - - [18/Jan/2020:09:41:34 +0800] "GET /xingrg/all/function/internal_message.html?_=1579311694261&CODE_STATE=getMsg HTTP/1.1" 200 27
114.88.170.138 - - [18/Jan/2020:09:41:34 +0800] "POST /xingrg/kc/buy/cgsh_order_operate.html HTTP/1.1" 200 2065
116.238.35.243 - - [18/Jan/2020:09:41:40 +0800] "GET /xingrg/all/function/internal_message.html?_=1579311700094&CODE_STATE=getMsg HTTP/1.1" 200 27
124.77.241.94 - - [18/Jan/2020:09:41:40 +0800] "GET /xingrg/kc/buy/cgsh_order_operate.html?command=get_materiel&rest_code=00146&code=00101016105&supplier_code=00100033&order_time=2020-01-18 HTTP/1.1" 200 409
116.238.181.252 - - [18/Jan/2020:09:41:40 +0800] "GET /xingrg/kc/buy/cgsh_order_add.html HTTP/1.1" 200 58222
116.238.181.252 - - [18/Jan/2020:09:41:41 +0800] "POST /xingrg/kc/buy/cgsh_order_operate.html HTTP/1.1" 200 8245
116.238.181.252 - - [18/Jan/2020:09:41:41 +0800] "GET /xingrg/javascript/easyui/themes/default/validatebox.css HTTP/1.1" 404 1104
180.162.232.172 - - [18/Jan/2020:09:41:46 +0800] "GET /xingrg/all/function/internal_message.html?_=1579311812887&CODE_STATE=getMsg HTTP/1.1" 200 27
114.88.170.138 - - [18/Jan/2020:09:41:47 +0800] "GET /xingrg/kc/buy/cgsh_order_operate.html?command=get_materiel&rest_code=00111&code=00101008323&supplier_code=00100005&order_time=2020-01-18 HTTP/1.1" 200 408
