222.69.129.95 - - [18/Jan/2020:09:22:47 +0800] "POST /xingrg/kc/buy/cgsh_order_operate.html HTTP/1.1" 200 8245
222.69.129.95 - - [18/Jan/2020:09:22:47 +0800] "GET /xingrg/javascript/easyui/themes/default/validatebox.css HTTP/1.1" 404 1104
101.81.125.204 - - [18/Jan/2020:09:22:48 +0800] "GET /xingrg/check_reg.html?_=1579309946411 HTTP/1.1" 200 22
101.81.125.204 - - [18/Jan/2020:09:22:50 +0800] "GET /xingrg/all/function/internal_message.html?_=1579309948011&CODE_STATE=getMsg HTTP/1.1" 200 27
101.81.125.204 - - [18/Jan/2020:09:22:51 +0800] "GET /xingrg/kc/buy/cgsh_order_operate.html?command=get_materiel&rest_code=00107&code=00101008225&supplier_code=00100006&order_time=2020-01-18 HTTP/1.1" 200 416
58.221.95.50 - - [18/Jan/2020:09:22:54 +0800] "GET /xingrg/all/function/internal_message.html?_=1579310746427&CODE_STATE=getMsg HTTP/1.1" 302 -
116.224.233.159 - - [18/Jan/2020:09:22:55 +0800] "GET /xingrg/check_reg.html?_=1579310726643 HTTP/1.1" 200 22
116.224.233.159 - - [18/Jan/2020:09:22:55 +0800] "GET /xingrg/all/function/internal_message.html?_=1579310727463&CODE_STATE=getMsg HTTP/1.1" 200 27
222.69.129.95 - - [18/Jan/2020:09:22:56 +0800] "GET /xingrg/kc/buy/cgsh_order_operate.html?command=get_materiel&rest_code=00149&code=00102012036&supplier_code=00100198&order_time=2020-01-18 HTTP/1.1" 200 409
180.162.232.172 - - [18/Jan/2020:09:23:02 +0800] "POST /xingrg/kc/buy/cgsh_order_operate.html HTTP/1.1" 200 37
180.162.232.172 - - [18/Jan/2020:09:23:04 +0800] "POST /xingrg/kc/buy/cgsh_order_operate.html HTTP/1.1" 200 12
222.69.129.95 - - [18/Jan/2020:09:23:05 +0800] "POST /xingrg/kc/buy/cgsh_order_operate.html HTTP/1.1" 200 37
180.162.232.172 - - [18/Jan/2020:09:23:05 +0800] "GET /xingrg/kc/buy/cgsh_order_info.html?code=212020011809484 HTTP/1.1" 200 52245
180.162.232.172 - - [18/Jan/2020:09:23:05 +0800] "GET /xingrg/javascript/easyui/themes/default/validatebox.css HTTP/1.1" 404 1104
180.162.232.172 - - [18/Jan/2020:09:23:05 +0800] "POST /xingrg/kc/buy/cgsh_order_operate.html HTTP/1.1" 200 607
222.69.129.95 - - [18/Jan/2020:09:23:07 +0800] "POST /xingrg/kc/buy/cgsh_order_operate.html HTTP/1.1" 200 12
180.162.232.172 - - [18/Jan/2020:09:23:08 +0800] "GET /xingrg/kc/print/load_data.html?order_code=212020011809484&kc_code=cgsh&condition= HTTP/1.1" 200 817
222.69.129.95 - - [18/Jan/2020:09:23:09 +0800] "GET /xingrg/kc/buy/cgsh_order_info.html?code=212020011809485 HTTP/1.1" 200 52508
222.69.129.95 - - [18/Jan/2020:09:23:09 +0800] "GET /xingrg/javascript/easyui/themes/default/validatebox.css HTTP/1.1" 404 1104
222.69.129.95 - - [18/Jan/2020:09:23:09 +0800] "POST /xingrg/kc/buy/cgsh_order_operate.html HTTP/1.1" 200 607
101.81.125.204 - - [18/Jan/2020:09:23:12 +0800] "GET /xingrg/all/function/internal_message.html?_=1579310587523&CODE_STATE=getMsg HTTP/1.1" 200 27
222.69.129.95 - - [18/Jan/2020:09:23:12 +0800] "GET /xingrg/kc/print/load_data.html?order_code=212020011809485&kc_code=cgsh&condition= HTTP/1.1" 200 708
124.77.241.94 - - [18/Jan/2020:09:23:13 +0800] "GET /xingrg/all/function/internal_message.html?_=1579310593464&CODE_STATE=getMsg HTTP/1.1" 200 27
172.17.0.166 - - [18/Jan/2020:09:23:15 +0800] "GET /xingrg/all/function/internal_message.html?_=1579310454957&CODE_STATE=getMsg HTTP/1.1" 302 -
116.238.181.252 - - [18/Jan/2020:09:23:17 +0800] "GET /xingrg/all/function/internal_message.html?_=1579310593375&CODE_STATE=getMsg HTTP/1.1" 200 27
101.81.125.204 - - [18/Jan/2020:09:23:17 +0800] "GET /xingrg/kc/buy/cgsh_order_operate.html?command=get_materiel&rest_code=00107&code=00101008296&supplier_code=00100006&order_time=2020-01-18 HTTP/1.1" 200 416
120.253.135.82 - - [18/Jan/2020:09:23:18 +0800] "GET /xingrg/check_reg.html?_=1579310333958 HTTP/1.1" 200 22
120.253.135.82 - - [18/Jan/2020:09:23:18 +0800] "GET /xingrg/all/function/internal_message.html?_=1579310334109&CODE_STATE=getMsg HTTP/1.1" 200 27
180.162.232.172 - - [18/Jan/2020:09:23:18 +0800] "GET /xingrg/kc/buy/cgsh_order_add.html HTTP/1.1" 200 57330
180.162.232.172 - - [18/Jan/2020:09:23:18 +0800] "POST /xingrg/kc/buy/cgsh_order_operate.html HTTP/1.1" 200 8245
180.162.232.172 - - [18/Jan/2020:09:23:18 +0800] "GET /xingrg/javascript/easyui/themes/default/validatebox.css HTTP/1.1" 404 1104
222.69.129.95 - - [18/Jan/2020:09:23:20 +0800] "GET /xingrg/all/function/internal_message.html?_=1579310590098&CODE_STATE=getMsg HTTP/1.1" 200 27
222.69.129.95 - - [18/Jan/2020:09:23:20 +0800] "GET /xingrg/check_reg.html?_=1579310590166 HTTP/1.1" 200 22
101.81.125.204 - - [18/Jan/2020:09:23:24 +0800] "GET /xingrg/kc/buy/cgsh_order_operate.html?command=get_materiel&rest_code=00107&code=00101008305&supplier_code=00100006&order_time=2020-01-18 HTTP/1.1" 200 412
180.162.232.172 - - [18/Jan/2020:09:23:26 +0800] "GET /xingrg/kc/buy/cgsh_order_operate.html?command=get_materiel&rest_code=00151&code=00101012029&supplier_code=00100036&order_time=2020-01-18 HTTP/1.1" 200 412
58.221.95.50 - - [18/Jan/2020:09:23:27 +0800] "GET /xingrg/all/function/internal_message.html?_=1579310916132&CODE_STATE=getMsg HTTP/1.1" 200 27
116.224.233.159 - - [18/Jan/2020:09:23:27 +0800] "GET /xingrg/kc/buy/cgsh_order_add.html HTTP/1.1" 200 57547
101.81.125.204 - - [18/Jan/2020:09:23:28 +0800] "POST /xingrg/kc/buy/cgsh_order_operate.html HTTP/1.1" 200 2065
222.69.129.95 - - [18/Jan/2020:09:23:28 +0800] "GET /xingrg/kc/buy/cgsh_order_add.html HTTP/1.1" 200 57603
222.69.129.95 - - [18/Jan/2020:09:23:28 +0800] "POST /xingrg/kc/buy/cgsh_order_operate.html HTTP/1.1" 200 8245
116.224.233.159 - - [18/Jan/2020:09:23:28 +0800] "POST /xingrg/kc/buy/cgsh_order_operate.html HTTP/1.1" 200 8245
222.69.129.95 - - [18/Jan/2020:09:23:28 +0800] "GET /xingrg/javascript/easyui/themes/default/validatebox.css HTTP/1.1" 404 1104
114.93.75.19 - - [18/Jan/2020:09:23:28 +0800] "GET /xingrg/all/function/internal_message.html?_=1579310513407&CODE_STATE=getMsg HTTP/1.1" 200 27
116.224.233.159 - - [18/Jan/2020:09:23:29 +0800] "GET /xingrg/javascript/easyui/themes/default/validatebox.css HTTP/1.1" 404 1104
116.224.233.159 - - [18/Jan/2020:09:23:30 +0800] "GET /xingrg/javascript/easyui/themes/default/tree.css HTTP/1.1" 404 1090
116.224.233.159 - - [18/Jan/2020:09:23:30 +0800] "POST /xingrg/all/common/load_tree.html?tree=supplier_tree_json&isDelete=1 HTTP/1.1" 200 46428
172.17.2.150 - - [18/Jan/2020:09:23:31 +0800] "GET /xingrg/all/function/internal_message.html?_=1579310578888&CODE_STATE=getMsg HTTP/1.1" 200 27
114.88.159.93 - - [18/Jan/2020:09:23:31 +0800] "GET /xingrg/all/function/internal_message.html?_=1579310622043&CODE_STATE=getMsg HTTP/1.1" 200 27
101.81.125.204 - - [18/Jan/2020:09:23:33 +0800] "GET /xingrg/kc/buy/cgsh_order_operate.html?command=get_materiel&rest_code=00107&code=00101008072&supplier_code=00100006&order_time=2020-01-18 HTTP/1.1" 200 408
114.88.170.138 - - [18/Jan/2020:09:23:34 +0800] "GET /xingrg/all/function/internal_message.html?_=1579310836469&CODE_STATE=getMsg HTTP/1.1" 200 27
116.238.35.243 - - [18/Jan/2020:09:23:34 +0800] "GET /xingrg/all/function/internal_message.html?_=1579310614252&CODE_STATE=getMsg HTTP/1.1" 200 27
180.162.232.172 - - [18/Jan/2020:09:23:35 +0800] "GET /xingrg/kc/buy/cgsh_order_operate.html?command=get_materiel&rest_code=00151&code=00101012051&supplier_code=00100036&order_time=2020-01-18 HTTP/1.1" 200 408
116.238.35.243 - - [18/Jan/2020:09:23:40 +0800] "GET /xingrg/all/function/internal_message.html?_=1579310620072&CODE_STATE=getMsg HTTP/1.1" 200 27
180.162.232.172 - - [18/Jan/2020:09:23:43 +0800] "POST /xingrg/kc/buy/cgsh_order_operate.html HTTP/1.1" 200 37
101.81.125.204 - - [18/Jan/2020:09:23:43 +0800] "GET /xingrg/kc/buy/cgsh_order_operate.html?command=get_materiel&rest_code=00107&code=00101008270&supplier_code=00100006&order_time=2020-01-18 HTTP/1.1" 200 412
180.162.232.172 - - [18/Jan/2020:09:23:44 +0800] "POST /xingrg/kc/buy/cgsh_order_operate.html HTTP/1.1" 200 12
180.162.232.172 - - [18/Jan/2020:09:23:45 +0800] "GET /xingrg/kc/buy/cgsh_order_info.html?code=212020011809486 HTTP/1.1" 200 52247
180.162.232.172 - - [18/Jan/2020:09:23:46 +0800] "GET /xingrg/javascript/easyui/themes/default/validatebox.css HTTP/1.1" 404 1104
180.162.232.172 - - [18/Jan/2020:09:23:46 +0800] "POST /xingrg/kc/buy/cgsh_order_operate.html HTTP/1.1" 200 1198
180.162.232.172 - - [18/Jan/2020:09:23:46 +0800] "GET /xingrg/check_reg.html?_=1579310732577 HTTP/1.1" 200 22
180.162.232.172 - - [18/Jan/2020:09:23:46 +0800] "GET /xingrg/all/function/internal_message.html?_=1579310732579&CODE_STATE=getMsg HTTP/1.1" 200 27
222.69.129.95 - - [18/Jan/2020:09:23:48 +0800] "GET /xingrg/kc/buy/cgsh_order_operate.html?command=get_materiel&rest_code=00149&code=00101015012&supplier_code=00100198&order_time=2020-01-18 HTTP/1.1" 200 413
180.162.232.172 - - [18/Jan/2020:09:23:49 +0800] "GET /xingrg/kc/print/load_data.html?order_code=212020011809486&kc_code=cgsh&condition= HTTP/1.1" 200 1029
101.81.125.204 - - [18/Jan/2020:09:23:50 +0800] "GET /xingrg/all/function/internal_message.html?_=1579310008207&CODE_STATE=getMsg HTTP/1.1" 200 27
116.238.35.243 - - [18/Jan/2020:09:23:54 +0800] "POST /xingrg/kc/buy/cgsh_order_operate.html HTTP/1.1" 200 37
58.221.95.50 - - [18/Jan/2020:09:23:54 +0800] "GET /xingrg/all/function/internal_message.html?_=1579310806426&CODE_STATE=getMsg HTTP/1.1" 302 -
116.238.35.243 - - [18/Jan/2020:09:23:55 +0800] "POST /xingrg/kc/buy/cgsh_order_operate.html HTTP/1.1" 200 50526
116.224.233.159 - - [18/Jan/2020:09:23:55 +0800] "GET /xingrg/all/function/internal_message.html?_=1579310787478&CODE_STATE=getMsg HTTP/1.1" 200 27
116.238.35.243 - - [18/Jan/2020:09:23:57 +0800] "GET /xingrg/kc/print/load_config.html?kc_code=cgsh HTTP/1.1" 200 1841
116.238.35.243 - - [18/Jan/2020:09:23:57 +0800] "GET /xingrg/kc/print/load_data.html?order_code=212020011809462&kc_code=cgsh&condition= HTTP/1.1" 200 18774
101.81.125.204 - - [18/Jan/2020:09:24:00 +0800] "GET /xingrg/kc/buy/cgsh_order_operate.html?command=get_materiel&rest_code=00107&code=00101008371&supplier_code=00100006&order_time=2020-01-18 HTTP/1.1" 200 412
116.238.35.243 - - [18/Jan/2020:09:24:10 +0800] "POST /xingrg/services/DataTransmitService HTTP/1.1" 401 565
116.238.35.243 - - [18/Jan/2020:09:24:10 +0800] "POST /xingrg/services/DataTransmitService HTTP/1.1" 200 478
116.238.35.243 - - [18/Jan/2020:09:24:10 +0800] "POST /xingrg/services/DataTransmitService HTTP/1.1" 200 1320
116.238.35.243 - - [18/Jan/2020:09:24:10 +0800] "POST /xingrg/services/DataTransmitService HTTP/1.1" 200 478
116.238.35.243 - - [18/Jan/2020:09:24:10 +0800] "POST /xingrg/services/DataTransmitService HTTP/1.1" 200 1320
116.238.35.243 - - [18/Jan/2020:09:24:10 +0800] "POST /xingrg/services/DataTransmitService HTTP/1.1" 200 524
116.238.35.243 - - [18/Jan/2020:09:24:11 +0800] "POST /xingrg/services/DataTransmitService HTTP/1.1" 200 2407
116.238.35.243 - - [18/Jan/2020:09:24:11 +0800] "POST /xingrg/services/DataTransmitService HTTP/1.1" 200 2215
116.238.35.243 - - [18/Jan/2020:09:24:11 +0800] "POST /xingrg/services/DataTransmitService HTTP/1.1" 200 1459
101.81.125.204 - - [18/Jan/2020:09:24:12 +0800] "GET /xingrg/all/function/internal_message.html?_=1579310647524&CODE_STATE=getMsg HTTP/1.1" 200 27
116.224.233.159 - - [18/Jan/2020:09:24:12 +0800] "GET /xingrg/kc/buy/cgsh_order_operate.html?command=get_materiel&rest_code=00102&code=00101015021&supplier_code=00100054&order_time=2020-01-18 HTTP/1.1" 200 408
116.238.35.243 - - [18/Jan/2020:09:24:12 +0800] "POST /xingrg/services/DataTransmitService HTTP/1.1" 200 134383
222.69.129.95 - - [18/Jan/2020:09:24:12 +0800] "GET /xingrg/kc/buy/cgsh_order_operate.html?command=get_materiel&rest_code=00149&code=00101015021&supplier_code=00100198&order_time=2020-01-18 HTTP/1.1" 200 408
124.77.241.94 - - [18/Jan/2020:09:24:13 +0800] "GET /xingrg/all/function/internal_message.html?_=1579310653475&CODE_STATE=getMsg HTTP/1.1" 200 27
101.81.125.204 - - [18/Jan/2020:09:24:13 +0800] "POST /xingrg/kc/buy/cgsh_order_operate.html HTTP/1.1" 200 2065
172.17.0.166 - - [18/Jan/2020:09:24:15 +0800] "GET /xingrg/all/function/internal_message.html?_=1579310514956&CODE_STATE=getMsg HTTP/1.1" 302 -
116.238.181.252 - - [18/Jan/2020:09:24:17 +0800] "GET /xingrg/all/function/internal_message.html?_=1579310653377&CODE_STATE=getMsg HTTP/1.1" 200 27
120.253.135.82 - - [18/Jan/2020:09:24:18 +0800] "GET /xingrg/all/function/internal_message.html?_=1579310394112&CODE_STATE=getMsg HTTP/1.1" 200 27
116.224.233.159 - - [18/Jan/2020:09:24:21 +0800] "GET /xingrg/kc/buy/cgsh_order_operate.html?command=get_materiel&rest_code=00102&code=00101015040&supplier_code=00100054&order_time=2020-01-18 HTTP/1.1" 200 408
117.131.5.26 - - [18/Jan/2020:09:24:21 +0800] "GET /xingrg/check_reg.html?_=1579310671878 HTTP/1.1" 200 22
222.69.129.95 - - [18/Jan/2020:09:24:23 +0800] "POST /xingrg/kc/buy/cgsh_order_operate.html HTTP/1.1" 200 37
222.69.129.95 - - [18/Jan/2020:09:24:25 +0800] "POST /xingrg/kc/buy/cgsh_order_operate.html HTTP/1.1" 200 12
222.69.129.95 - - [18/Jan/2020:09:24:26 +0800] "GET /xingrg/kc/buy/cgsh_order_info.html?code=212020011809487 HTTP/1.1" 200 52508
222.69.129.95 - - [18/Jan/2020:09:24:26 +0800] "GET /xingrg/javascript/easyui/themes/default/validatebox.css HTTP/1.1" 404 1104
222.69.129.95 - - [18/Jan/2020:09:24:26 +0800] "POST /xingrg/kc/buy/cgsh_order_operate.html HTTP/1.1" 200 1193
58.221.95.50 - - [18/Jan/2020:09:24:27 +0800] "GET /xingrg/all/function/internal_message.html?_=1579310976109&CODE_STATE=getMsg HTTP/1.1" 200 27
116.224.233.159 - - [18/Jan/2020:09:24:27 +0800] "GET /xingrg/kc/buy/cgsh_order_operate.html?command=get_materiel&rest_code=00102&code=00101015042&supplier_code=00100054&order_time=2020-01-18 HTTP/1.1" 200 408
222.69.129.95 - - [18/Jan/2020:09:24:28 +0800] "GET /xingrg/kc/print/load_data.html?order_code=212020011809487&kc_code=cgsh&condition= HTTP/1.1" 200 927
114.93.75.19 - - [18/Jan/2020:09:24:29 +0800] "GET /xingrg/all/function/internal_message.html?_=1579310573435&CODE_STATE=getMsg HTTP/1.1" 200 27
172.17.2.150 - - [18/Jan/2020:09:24:31 +0800] "GET /xingrg/all/function/internal_message.html?_=1579310638898&CODE_STATE=getMsg HTTP/1.1" 200 27
114.88.159.93 - - [18/Jan/2020:09:24:31 +0800] "GET /xingrg/all/function/internal_message.html?_=1579310682024&CODE_STATE=getMsg HTTP/1.1" 200 27
124.77.241.94 - - [18/Jan/2020:09:24:31 +0800] "GET /xingrg/check_reg.html?_=1579310675791 HTTP/1.1" 200 22
101.81.125.204 - - [18/Jan/2020:09:24:31 +0800] "GET /xingrg/kc/buy/cgsh_order_operate.html?command=get_materiel&rest_code=00107&code=00101008209&supplier_code=00100006&order_time=2020-01-18 HTTP/1.1" 200 408
116.224.233.159 - - [18/Jan/2020:09:24:33 +0800] "GET /xingrg/kc/buy/cgsh_order_operate.html?command=get_materiel&rest_code=00102&code=00101015061&supplier_code=00100054&order_time=2020-01-18 HTTP/1.1" 200 412
114.88.170.138 - - [18/Jan/2020:09:24:34 +0800] "GET /xingrg/all/function/internal_message.html?_=1579310896469&CODE_STATE=getMsg HTTP/1.1" 200 27
116.238.35.243 - - [18/Jan/2020:09:24:34 +0800] "GET /xingrg/all/function/internal_message.html?_=1579310674267&CODE_STATE=getMsg HTTP/1.1" 200 27
116.238.35.243 - - [18/Jan/2020:09:24:34 +0800] "GET /xingrg/check_reg.html?_=1579310674361 HTTP/1.1" 200 22
116.238.35.243 - - [18/Jan/2020:09:24:40 +0800] "GET /xingrg/all/function/internal_message.html?_=1579310680073&CODE_STATE=getMsg HTTP/1.1" 200 27
116.224.233.159 - - [18/Jan/2020:09:24:40 +0800] "GET /xingrg/kc/buy/cgsh_order_operate.html?command=get_materiel&rest_code=00102&code=00101015037&supplier_code=00100054&order_time=2020-01-18 HTTP/1.1" 200 412
180.162.232.172 - - [18/Jan/2020:09:24:46 +0800] "GET /xingrg/all/function/internal_message.html?_=1579310792590&CODE_STATE=getMsg HTTP/1.1" 200 27
116.224.233.159 - - [18/Jan/2020:09:24:49 +0800] "GET /xingrg/kc/buy/cgsh_order_operate.html?command=get_materiel&rest_code=00102&code=00101015029&supplier_code=00100054&order_time=2020-01-18 HTTP/1.1" 200 412
101.81.125.204 - - [18/Jan/2020:09:24:50 +0800] "GET /xingrg/all/function/internal_message.html?_=1579310068238&CODE_STATE=getMsg HTTP/1.1" 200 27
58.221.95.50 - - [18/Jan/2020:09:24:54 +0800] "GET /xingrg/all/function/internal_message.html?_=1579310866425&CODE_STATE=getMsg HTTP/1.1" 302 -
116.224.233.159 - - [18/Jan/2020:09:24:55 +0800] "GET /xingrg/kc/buy/cgsh_order_operate.html?command=get_materiel&rest_code=00102&code=00101015017&supplier_code=00100054&order_time=2020-01-18 HTTP/1.1" 200 412
114.88.159.93 - - [18/Jan/2020:09:24:55 +0800] "GET /xingrg/check_reg.html?_=1579310705611 HTTP/1.1" 200 22
101.81.125.204 - - [18/Jan/2020:09:24:55 +0800] "GET /xingrg/kc/buy/cgsh_order_operate.html?command=get_materiel&rest_code=00107&code=00101008239&supplier_code=00100006&order_time=2020-01-18 HTTP/1.1" 200 416
116.224.233.159 - - [18/Jan/2020:09:24:56 +0800] "GET /xingrg/all/function/internal_message.html?_=1579310847516&CODE_STATE=getMsg HTTP/1.1" 200 27
222.69.129.95 - - [18/Jan/2020:09:24:58 +0800] "GET /xingrg/kc/buy/cgsh_order_add.html HTTP/1.1" 200 57603
222.69.129.95 - - [18/Jan/2020:09:24:59 +0800] "POST /xingrg/kc/buy/cgsh_order_operate.html HTTP/1.1" 200 8245
222.69.129.95 - - [18/Jan/2020:09:24:59 +0800] "GET /xingrg/javascript/easyui/themes/default/validatebox.css HTTP/1.1" 404 1104
116.224.233.159 - - [18/Jan/2020:09:25:01 +0800] "POST /xingrg/kc/buy/cgsh_order_operate.html HTTP/1.1" 200 37
116.224.233.159 - - [18/Jan/2020:09:25:05 +0800] "POST /xingrg/kc/buy/cgsh_order_operate.html HTTP/1.1" 200 12
116.224.233.159 - - [18/Jan/2020:09:25:06 +0800] "GET /xingrg/kc/buy/cgsh_order_info.html?code=212020011809488 HTTP/1.1" 200 52448
116.224.233.159 - - [18/Jan/2020:09:25:07 +0800] "GET /xingrg/javascript/easyui/themes/default/validatebox.css HTTP/1.1" 404 1104
116.224.233.159 - - [18/Jan/2020:09:25:07 +0800] "POST /xingrg/kc/buy/cgsh_order_operate.html HTTP/1.1" 200 4139
101.81.125.204 - - [18/Jan/2020:09:25:09 +0800] "POST /xingrg/kc/buy/cgsh_order_operate.html HTTP/1.1" 200 2065
116.224.233.159 - - [18/Jan/2020:09:25:10 +0800] "GET /xingrg/kc/print/load_data.html?order_code=212020011809488&kc_code=cgsh&condition= HTTP/1.1" 200 2017
101.81.125.204 - - [18/Jan/2020:09:25:12 +0800] "GET /xingrg/all/function/internal_message.html?_=1579310707525&CODE_STATE=getMsg HTTP/1.1" 200 27
124.77.241.94 - - [18/Jan/2020:09:25:13 +0800] "GET /xingrg/check_reg.html?_=1579310713242 HTTP/1.1" 200 22
101.81.125.204 - - [18/Jan/2020:09:25:13 +0800] "GET /xingrg/kc/buy/cgsh_order_operate.html?command=get_materiel&rest_code=00107&code=00101008087&supplier_code=00100006&order_time=2020-01-18 HTTP/1.1" 200 412
124.77.241.94 - - [18/Jan/2020:09:25:13 +0800] "GET /xingrg/all/function/internal_message.html?_=1579310713489&CODE_STATE=getMsg HTTP/1.1" 200 27
172.17.0.166 - - [18/Jan/2020:09:25:15 +0800] "GET /xingrg/all/function/internal_message.html?_=1579310574959&CODE_STATE=getMsg HTTP/1.1" 302 -
116.238.181.252 - - [18/Jan/2020:09:25:17 +0800] "GET /xingrg/check_reg.html?_=1579310713379 HTTP/1.1" 200 22
116.238.181.252 - - [18/Jan/2020:09:25:17 +0800] "GET /xingrg/all/function/internal_message.html?_=1579310713394&CODE_STATE=getMsg HTTP/1.1" 200 27
120.253.135.82 - - [18/Jan/2020:09:25:18 +0800] "GET /xingrg/all/function/internal_message.html?_=1579310454126&CODE_STATE=getMsg HTTP/1.1" 200 27
222.69.129.95 - - [18/Jan/2020:09:25:20 +0800] "GET /xingrg/all/function/internal_message.html?_=1579310710123&CODE_STATE=getMsg HTTP/1.1" 200 27
116.224.233.159 - - [18/Jan/2020:09:25:25 +0800] "GET /xingrg/kc/buy/cgsh_order_add.html HTTP/1.1" 200 57547
58.221.95.50 - - [18/Jan/2020:09:25:26 +0800] "GET /xingrg/all/function/internal_message.html?_=1579311036088&CODE_STATE=getMsg HTTP/1.1" 200 27
116.224.233.159 - - [18/Jan/2020:09:25:27 +0800] "POST /xingrg/kc/buy/cgsh_order_operate.html HTTP/1.1" 200 8245
116.224.233.159 - - [18/Jan/2020:09:25:27 +0800] "GET /xingrg/javascript/easyui/themes/default/validatebox.css HTTP/1.1" 404 1104
114.93.75.19 - - [18/Jan/2020:09:25:29 +0800] "GET /xingrg/all/function/internal_message.html?_=1579310633450&CODE_STATE=getMsg HTTP/1.1" 200 27
114.93.75.19 - - [18/Jan/2020:09:25:29 +0800] "GET /xingrg/check_reg.html?_=1579310633453 HTTP/1.1" 200 22
172.17.2.150 - - [18/Jan/2020:09:25:31 +0800] "GET /xingrg/all/function/internal_message.html?_=1579310698895&CODE_STATE=getMsg HTTP/1.1" 200 27
114.88.159.93 - - [18/Jan/2020:09:25:31 +0800] "GET /xingrg/all/function/internal_message.html?_=1579310742002&CODE_STATE=getMsg HTTP/1.1" 200 27
114.88.170.138 - - [18/Jan/2020:09:25:34 +0800] "GET /xingrg/all/function/internal_message.html?_=1579310956469&CODE_STATE=getMsg HTTP/1.1" 200 27
116.238.35.243 - - [18/Jan/2020:09:25:34 +0800] "GET /xingrg/all/function/internal_message.html?_=1579310734267&CODE_STATE=getMsg HTTP/1.1" 200 27
116.238.35.243 - - [18/Jan/2020:09:25:38 +0800] "POST /xingrg/services/DataTransmitService HTTP/1.1" 200 39563
116.238.35.243 - - [18/Jan/2020:09:25:38 +0800] "POST /xingrg/services/DataTransmitService HTTP/1.1" 200 18477
116.238.35.243 - - [18/Jan/2020:09:25:40 +0800] "GET /xingrg/all/function/internal_message.html?_=1579310740074&CODE_STATE=getMsg HTTP/1.1" 200 27
222.69.129.95 - - [18/Jan/2020:09:25:44 +0800] "GET /xingrg/kc/buy/cgsh_order_operate.html?command=get_materiel&rest_code=00149&code=00101007061&supplier_code=00100205&order_time=2020-01-18 HTTP/1.1" 200 411
180.162.232.172 - - [18/Jan/2020:09:25:46 +0800] "GET /xingrg/all/function/internal_message.html?_=1579310852625&CODE_STATE=getMsg HTTP/1.1" 200 27
101.81.125.204 - - [18/Jan/2020:09:25:47 +0800] "POST /xingrg/kc/buy/cgsh_order_operate.html HTTP/1.1" 200 2065
101.81.125.204 - - [18/Jan/2020:09:25:50 +0800] "GET /xingrg/all/function/internal_message.html?_=1579310128243&CODE_STATE=getMsg HTTP/1.1" 200 27
101.81.125.204 - - [18/Jan/2020:09:25:53 +0800] "POST /xingrg/kc/buy/cgsh_order_operate.html HTTP/1.1" 200 37
58.221.95.50 - - [18/Jan/2020:09:25:54 +0800] "GET /xingrg/all/function/internal_message.html?_=1579310926425&CODE_STATE=getMsg HTTP/1.1" 302 -
101.81.125.204 - - [18/Jan/2020:09:25:54 +0800] "POST /xingrg/kc/buy/cgsh_order_operate.html HTTP/1.1" 200 52921
116.224.233.159 - - [18/Jan/2020:09:25:56 +0800] "GET /xingrg/all/function/internal_message.html?_=1579310907530&CODE_STATE=getMsg HTTP/1.1" 200 27
101.81.125.204 - - [18/Jan/2020:09:25:56 +0800] "GET /xingrg/kc/print/load_config.html?kc_code=cgsh HTTP/1.1" 200 1841
101.81.125.204 - - [18/Jan/2020:09:25:56 +0800] "GET /xingrg/kc/print/load_data.html?order_code=212020011809471&kc_code=cgsh&condition= HTTP/1.1" 200 19659
222.69.129.95 - - [18/Jan/2020:09:25:57 +0800] "GET /xingrg/kc/buy/cgsh_order_operate.html?command=get_materiel&rest_code=00149&code=00101007043&supplier_code=00100205&order_time=2020-01-18 HTTP/1.1" 200 408
101.81.125.204 - - [18/Jan/2020:09:26:06 +0800] "GET /xingrg/kc/print/load_data.html?order_code=212020011809471&kc_code=cgsh HTTP/1.1" 200 19659
222.69.129.95 - - [18/Jan/2020:09:26:09 +0800] "GET /xingrg/kc/buy/cgsh_order_operate.html?command=get_materiel&rest_code=00149&code=00101007081&supplier_code=00100205&order_time=2020-01-18 HTTP/1.1" 200 413
101.81.125.204 - - [18/Jan/2020:09:26:12 +0800] "GET /xingrg/check_reg.html?_=1579310767521 HTTP/1.1" 200 22
101.81.125.204 - - [18/Jan/2020:09:26:12 +0800] "GET /xingrg/all/function/internal_message.html?_=1579310767524&CODE_STATE=getMsg HTTP/1.1" 200 27
124.77.241.94 - - [18/Jan/2020:09:26:13 +0800] "GET /xingrg/all/function/internal_message.html?_=1579310773502&CODE_STATE=getMsg HTTP/1.1" 200 27
172.17.0.166 - - [18/Jan/2020:09:26:15 +0800] "GET /xingrg/all/function/internal_message.html?_=1579310634958&CODE_STATE=getMsg HTTP/1.1" 302 -
172.17.0.166 - - [18/Jan/2020:09:26:15 +0800] "GET /xingrg/check_reg.html?_=1579310634961 HTTP/1.1" 302 -
116.238.181.252 - - [18/Jan/2020:09:26:17 +0800] "GET /xingrg/all/function/internal_message.html?_=1579310773383&CODE_STATE=getMsg HTTP/1.1" 200 27
120.253.135.82 - - [18/Jan/2020:09:26:18 +0800] "GET /xingrg/all/function/internal_message.html?_=1579310514169&CODE_STATE=getMsg HTTP/1.1" 200 27
222.69.129.95 - - [18/Jan/2020:09:26:18 +0800] "GET /xingrg/kc/buy/cgsh_order_operate.html?command=get_materiel&rest_code=00149&code=00101007038&supplier_code=00100205&order_time=2020-01-18 HTTP/1.1" 200 441
222.69.129.95 - - [18/Jan/2020:09:26:20 +0800] "GET /xingrg/all/function/internal_message.html?_=1579310770116&CODE_STATE=getMsg HTTP/1.1" 200 27
58.221.95.50 - - [18/Jan/2020:09:26:27 +0800] "GET /xingrg/all/function/internal_message.html?_=1579311096065&CODE_STATE=getMsg HTTP/1.1" 200 27
114.93.75.19 - - [18/Jan/2020:09:26:29 +0800] "GET /xingrg/all/function/internal_message.html?_=1579310693437&CODE_STATE=getMsg HTTP/1.1" 200 27
172.17.2.150 - - [18/Jan/2020:09:26:31 +0800] "GET /xingrg/all/function/internal_message.html?_=1579310758897&CODE_STATE=getMsg HTTP/1.1" 200 27
114.88.159.93 - - [18/Jan/2020:09:26:31 +0800] "GET /xingrg/all/function/internal_message.html?_=1579310801974&CODE_STATE=getMsg HTTP/1.1" 200 27
222.69.129.95 - - [18/Jan/2020:09:26:33 +0800] "GET /xingrg/kc/buy/cgsh_order_operate.html?command=get_materiel&rest_code=00149&code=00101007001&supplier_code=00100205&order_time=2020-01-18 HTTP/1.1" 200 409
114.88.170.138 - - [18/Jan/2020:09:26:34 +0800] "GET /xingrg/all/function/internal_message.html?_=1579311016469&CODE_STATE=getMsg HTTP/1.1" 200 27
116.238.35.243 - - [18/Jan/2020:09:26:34 +0800] "GET /xingrg/all/function/internal_message.html?_=1579310794271&CODE_STATE=getMsg HTTP/1.1" 200 27
116.238.35.243 - - [18/Jan/2020:09:26:40 +0800] "GET /xingrg/all/function/internal_message.html?_=1579310800074&CODE_STATE=getMsg HTTP/1.1" 200 27
180.162.232.172 - - [18/Jan/2020:09:26:46 +0800] "GET /xingrg/all/function/internal_message.html?_=1579310912633&CODE_STATE=getMsg HTTP/1.1" 200 27
58.221.95.50 - - [18/Jan/2020:09:26:48 +0800] "GET /xingrg/check_reg.html?_=1579311117535 HTTP/1.1" 200 22
101.81.125.204 - - [18/Jan/2020:09:26:50 +0800] "GET /xingrg/all/function/internal_message.html?_=1579310188270&CODE_STATE=getMsg HTTP/1.1" 200 27
222.69.129.95 - - [18/Jan/2020:09:26:51 +0800] "POST /xingrg/kc/buy/cgsh_order_operate.html HTTP/1.1" 200 37
222.69.129.95 - - [18/Jan/2020:09:26:53 +0800] "POST /xingrg/kc/buy/cgsh_order_operate.html HTTP/1.1" 200 12
222.69.129.95 - - [18/Jan/2020:09:26:54 +0800] "GET /xingrg/kc/buy/cgsh_order_info.html?code=212020011809489 HTTP/1.1" 200 52506
222.69.129.95 - - [18/Jan/2020:09:26:54 +0800] "GET /xingrg/javascript/easyui/themes/default/validatebox.css HTTP/1.1" 404 1104
58.221.95.50 - - [18/Jan/2020:09:26:54 +0800] "GET /xingrg/all/function/internal_message.html?_=1579310986425&CODE_STATE=getMsg HTTP/1.1" 302 -
58.221.95.50 - - [18/Jan/2020:09:26:54 +0800] "GET /xingrg/check_reg.html?_=1579310986428 HTTP/1.1" 302 -
222.69.129.95 - - [18/Jan/2020:09:26:54 +0800] "POST /xingrg/kc/buy/cgsh_order_operate.html HTTP/1.1" 200 2970
116.224.233.159 - - [18/Jan/2020:09:26:56 +0800] "GET /xingrg/all/function/internal_message.html?_=1579310967533&CODE_STATE=getMsg HTTP/1.1" 200 27
222.69.129.95 - - [18/Jan/2020:09:26:58 +0800] "GET /xingrg/kc/print/load_data.html?order_code=212020011809489&kc_code=cgsh&condition= HTTP/1.1" 200 1600
101.81.125.204 - - [18/Jan/2020:09:26:58 +0800] "POST /xingrg/kc/buy/cgsh_list_operate.html HTTP/1.1" 200 2411
101.81.125.204 - - [18/Jan/2020:09:27:04 +0800] "GET /xingrg/javascript/easyui/themes/default/images/button_plain_hover.png HTTP/1.1" 304 -
101.81.125.204 - - [18/Jan/2020:09:27:04 +0800] "GET /xingrg/kc/buy/cgsh_order_add.html HTTP/1.1" 200 58093
101.81.125.204 - - [18/Jan/2020:09:27:04 +0800] "GET /xingrg/css/site.css HTTP/1.1" 304 -
101.81.125.204 - - [18/Jan/2020:09:27:04 +0800] "GET /xingrg/javascript/jquery_tools/datebox.css HTTP/1.1" 304 -
101.81.125.204 - - [18/Jan/2020:09:27:04 +0800] "GET /xingrg/javascript/easyui/themes/default/easyui.css HTTP/1.1" 304 -
101.81.125.204 - - [18/Jan/2020:09:27:04 +0800] "GET /xingrg/javascript/easyui/themes/icon.css HTTP/1.1" 304 -
101.81.125.204 - - [18/Jan/2020:09:27:04 +0800] "GET /xingrg/css/base.css HTTP/1.1" 304 -
101.81.125.204 - - [18/Jan/2020:09:27:04 +0800] "GET /xingrg/javascript/auto/jquery.autocomplete.css HTTP/1.1" 304 -
101.81.125.204 - - [18/Jan/2020:09:27:04 +0800] "GET /xingrg/javascript/jquery_tools/jquery.tools.min.js HTTP/1.1" 304 -
101.81.125.204 - - [18/Jan/2020:09:27:04 +0800] "GET /xingrg/javascript/jquery_tools/table.css HTTP/1.1" 304 -
101.81.125.204 - - [18/Jan/2020:09:27:04 +0800] "GET /xingrg/javascript/pic_change.js HTTP/1.1" 304 -
101.81.125.204 - - [18/Jan/2020:09:27:04 +0800] "GET /xingrg/javascript/jquery_tools/jquery.tools.extend.js HTTP/1.1" 304 -
101.81.125.204 - - [18/Jan/2020:09:27:04 +0800] "GET /xingrg/javascript/jquery_tools/fix.css HTTP/1.1" 304 -
101.81.125.204 - - [18/Jan/2020:09:27:04 +0800] "GET /xingrg/javascript/jquery_tools/jquery.tools.hotkey.js HTTP/1.1" 304 -
101.81.125.204 - - [18/Jan/2020:09:27:04 +0800] "GET /xingrg/javascript/jquery_tools/jquery.tools.table.js HTTP/1.1" 304 -
101.81.125.204 - - [18/Jan/2020:09:27:04 +0800] "GET /xingrg/javascript/auto/jquery.autocomplete.js HTTP/1.1" 304 -
101.81.125.204 - - [18/Jan/2020:09:27:04 +0800] "GET /xingrg/javascript/jquery.utils.js HTTP/1.1" 304 -
101.81.125.204 - - [18/Jan/2020:09:27:04 +0800] "GET /xingrg/javascript/easyui/easyloader.js HTTP/1.1" 304 -
101.81.125.204 - - [18/Jan/2020:09:27:04 +0800] "GET /xingrg/javascript/convert.js HTTP/1.1" 304 -
101.81.125.204 - - [18/Jan/2020:09:27:04 +0800] "GET /xingrg/javascript/jquery_tools/order_manager.js HTTP/1.1" 304 -
101.81.125.204 - - [18/Jan/2020:09:27:04 +0800] "GET /xingrg/javascript/print/LodopFuncs.js HTTP/1.1" 304 -
101.81.125.204 - - [18/Jan/2020:09:27:04 +0800] "GET /xingrg/javascript/json2.js HTTP/1.1" 304 -
101.81.125.204 - - [18/Jan/2020:09:27:04 +0800] "GET /xingrg/javascript/jquery.cookie.js HTTP/1.1" 304 -
101.81.125.204 - - [18/Jan/2020:09:27:04 +0800] "GET /xingrg/javascript/print/kc_print.js HTTP/1.1" 304 -
101.81.125.204 - - [18/Jan/2020:09:27:05 +0800] "GET /xingrg/words/20200118053144_words.js HTTP/1.1" 304 -
101.81.125.204 - - [18/Jan/2020:09:27:05 +0800] "GET /xingrg/javascript/easyui/themes/icons/copy_new.png HTTP/1.1" 304 -
101.81.125.204 - - [18/Jan/2020:09:27:05 +0800] "GET /xingrg/javascript/easyui/themes/icons/print.png HTTP/1.1" 304 -
101.81.125.204 - - [18/Jan/2020:09:27:05 +0800] "GET /xingrg/javascript/easyui/themes/default/images/menu_downarrow.png HTTP/1.1" 304 -
101.81.125.204 - - [18/Jan/2020:09:27:05 +0800] "GET /xingrg/javascript/easyui/themes/icons/cancel.png HTTP/1.1" 304 -
101.81.125.204 - - [18/Jan/2020:09:27:05 +0800] "GET /xingrg/javascript/easyui/plugins/jquery.parser.js HTTP/1.1" 304 -
101.81.125.204 - - [18/Jan/2020:09:27:05 +0800] "POST /xingrg/kc/buy/cgsh_order_operate.html HTTP/1.1" 200 8245
101.81.125.204 - - [18/Jan/2020:09:27:05 +0800] "GET /xingrg/all/common/auto_word.html?type=employee&rest_code=00107 HTTP/1.1" 200 197
101.81.125.204 - - [18/Jan/2020:09:27:05 +0800] "GET /xingrg/all/common/auto_word.html?type=employee&rest_code=00107 HTTP/1.1" 200 197
101.81.125.204 - - [18/Jan/2020:09:27:05 +0800] "GET /xingrg/javascript/easyui/themes/default/validatebox.css HTTP/1.1" 404 1104
101.81.125.204 - - [18/Jan/2020:09:27:05 +0800] "GET /xingrg/javascript/easyui/plugins/jquery.validatebox.js HTTP/1.1" 304 -
101.81.125.204 - - [18/Jan/2020:09:27:05 +0800] "GET /xingrg/javascript/easyui/plugins/jquery.numberbox.js HTTP/1.1" 304 -
101.81.125.204 - - [18/Jan/2020:09:27:12 +0800] "GET /xingrg/all/function/internal_message.html?_=1579310827531&CODE_STATE=getMsg HTTP/1.1" 200 27
124.77.241.94 - - [18/Jan/2020:09:27:13 +0800] "GET /xingrg/all/function/internal_message.html?_=1579310833515&CODE_STATE=getMsg HTTP/1.1" 200 27
172.17.0.166 - - [18/Jan/2020:09:27:15 +0800] "GET /xingrg/all/function/internal_message.html?_=1579310694959&CODE_STATE=getMsg HTTP/1.1" 302 -
116.238.181.252 - - [18/Jan/2020:09:27:17 +0800] "GET /xingrg/all/function/internal_message.html?_=1579310833391&CODE_STATE=getMsg HTTP/1.1" 200 27
120.253.135.82 - - [18/Jan/2020:09:27:18 +0800] "GET /xingrg/all/function/internal_message.html?_=1579310574184&CODE_STATE=getMsg HTTP/1.1" 200 27
222.69.129.95 - - [18/Jan/2020:09:27:20 +0800] "GET /xingrg/all/function/internal_message.html?_=1579310830107&CODE_STATE=getMsg HTTP/1.1" 200 27
58.221.95.50 - - [18/Jan/2020:09:27:26 +0800] "GET /xingrg/all/function/internal_message.html?_=1579311156043&CODE_STATE=getMsg HTTP/1.1" 200 27
114.93.75.19 - - [18/Jan/2020:09:27:29 +0800] "GET /xingrg/all/function/internal_message.html?_=1579310753437&CODE_STATE=getMsg HTTP/1.1" 200 27
172.17.2.150 - - [18/Jan/2020:09:27:31 +0800] "GET /xingrg/check_reg.html?_=1579310818881 HTTP/1.1" 200 22
172.17.2.150 - - [18/Jan/2020:09:27:31 +0800] "GET /xingrg/all/function/internal_message.html?_=1579310818883&CODE_STATE=getMsg HTTP/1.1" 200 27
114.88.159.93 - - [18/Jan/2020:09:27:31 +0800] "GET /xingrg/all/function/internal_message.html?_=1579310861954&CODE_STATE=getMsg HTTP/1.1" 200 27
114.88.170.138 - - [18/Jan/2020:09:27:34 +0800] "GET /xingrg/check_reg.html?_=1579311076478 HTTP/1.1" 200 22
114.88.170.138 - - [18/Jan/2020:09:27:34 +0800] "GET /xingrg/all/function/internal_message.html?_=1579311076476&CODE_STATE=getMsg HTTP/1.1" 200 27
116.238.35.243 - - [18/Jan/2020:09:27:34 +0800] "GET /xingrg/all/function/internal_message.html?_=1579310854272&CODE_STATE=getMsg HTTP/1.1" 200 27
116.238.35.243 - - [18/Jan/2020:09:27:40 +0800] "GET /xingrg/check_reg.html?_=1579310860074 HTTP/1.1" 200 22
116.238.35.243 - - [18/Jan/2020:09:27:40 +0800] "GET /xingrg/all/function/internal_message.html?_=1579310860076&CODE_STATE=getMsg HTTP/1.1" 200 27
116.238.181.252 - - [18/Jan/2020:09:27:46 +0800] "GET /xingrg/kc/buy/cgsh_order_operate.html?command=get_materiel&rest_code=00150&code=00101008323&supplier_code=00100007&order_time=2020-01-18 HTTP/1.1" 200 408
180.162.232.172 - - [18/Jan/2020:09:27:46 +0800] "GET /xingrg/all/function/internal_message.html?_=1579310972647&CODE_STATE=getMsg HTTP/1.1" 200 27
101.81.125.204 - - [18/Jan/2020:09:27:48 +0800] "GET /xingrg/check_reg.html?_=1579310246424 HTTP/1.1" 200 22
101.81.125.204 - - [18/Jan/2020:09:27:50 +0800] "GET /xingrg/all/function/internal_message.html?_=1579310248276&CODE_STATE=getMsg HTTP/1.1" 200 27
58.221.95.50 - - [18/Jan/2020:09:27:54 +0800] "GET /xingrg/all/function/internal_message.html?_=1579311046426&CODE_STATE=getMsg HTTP/1.1" 302 -
116.224.233.159 - - [18/Jan/2020:09:27:55 +0800] "GET /xingrg/check_reg.html?_=1579311026830 HTTP/1.1" 200 22
116.224.233.159 - - [18/Jan/2020:09:27:56 +0800] "GET /xingrg/all/function/internal_message.html?_=1579311027546&CODE_STATE=getMsg HTTP/1.1" 200 27
101.81.125.204 - - [18/Jan/2020:09:28:01 +0800] "GET /xingrg/kc/buy/cgsh_order_operate.html?command=get_materiel&rest_code=00107&code=00102011177&supplier_code=00100199&order_time=2020-01-18 HTTP/1.1" 200 391
116.238.181.252 - - [18/Jan/2020:09:28:01 +0800] "GET /xingrg/kc/buy/cgsh_order_operate.html?command=get_materiel&rest_code=00150&code=00101008331&supplier_code=00100007&order_time=2020-01-18 HTTP/1.1" 200 416
101.81.125.204 - - [18/Jan/2020:09:28:05 +0800] "GET /xingrg/kc/buy/cgsh_order_operate.html?command=get_materiel&rest_code=00107&code=00101001044&supplier_code=00100199&order_time=2020-01-18 HTTP/1.1" 200 409
101.81.125.204 - - [18/Jan/2020:09:28:12 +0800] "GET /xingrg/all/function/internal_message.html?_=1579310887533&CODE_STATE=getMsg HTTP/1.1" 200 27
124.77.241.94 - - [18/Jan/2020:09:28:13 +0800] "GET /xingrg/all/function/internal_message.html?_=1579310893533&CODE_STATE=getMsg HTTP/1.1" 200 27
222.69.129.95 - - [18/Jan/2020:09:28:13 +0800] "GET /xingrg/kc/buy/cgsh_order_add.html HTTP/1.1" 200 57603
222.69.129.95 - - [18/Jan/2020:09:28:14 +0800] "POST /xingrg/kc/buy/cgsh_order_operate.html HTTP/1.1" 200 8245
222.69.129.95 - - [18/Jan/2020:09:28:14 +0800] "GET /xingrg/javascript/easyui/themes/default/validatebox.css HTTP/1.1" 404 1104
172.17.0.166 - - [18/Jan/2020:09:28:15 +0800] "GET /xingrg/all/function/internal_message.html?_=1579310754959&CODE_STATE=getMsg HTTP/1.1" 302 -
116.238.181.252 - - [18/Jan/2020:09:28:16 +0800] "GET /xingrg/kc/buy/cgsh_order_operate.html?command=get_materiel&rest_code=00150&code=00101008350&supplier_code=00100007&order_time=2020-01-18 HTTP/1.1" 200 408
116.238.181.252 - - [18/Jan/2020:09:28:17 +0800] "GET /xingrg/all/function/internal_message.html?_=1579310893403&CODE_STATE=getMsg HTTP/1.1" 200 27
120.253.135.82 - - [18/Jan/2020:09:28:18 +0800] "GET /xingrg/check_reg.html?_=1579310633992 HTTP/1.1" 200 22
120.253.135.82 - - [18/Jan/2020:09:28:18 +0800] "GET /xingrg/all/function/internal_message.html?_=1579310634197&CODE_STATE=getMsg HTTP/1.1" 200 27
222.69.129.95 - - [18/Jan/2020:09:28:20 +0800] "GET /xingrg/all/function/internal_message.html?_=1579310890094&CODE_STATE=getMsg HTTP/1.1" 200 27
222.69.129.95 - - [18/Jan/2020:09:28:20 +0800] "GET /xingrg/check_reg.html?_=1579310890146 HTTP/1.1" 200 22
116.238.181.252 - - [18/Jan/2020:09:28:24 +0800] "GET /xingrg/kc/buy/cgsh_order_operate.html?command=get_materiel&rest_code=00150&code=00101008360&supplier_code=00100007&order_time=2020-01-18 HTTP/1.1" 200 413
101.81.125.204 - - [18/Jan/2020:09:28:24 +0800] "GET /xingrg/kc/buy/cgsh_order_operate.html?command=get_materiel&rest_code=00107&code=00101001125&supplier_code=00100199&order_time=2020-01-18 HTTP/1.1" 200 413
116.238.181.252 - - [18/Jan/2020:09:28:26 +0800] "POST /xingrg/kc/buy/cgsh_order_operate.html HTTP/1.1" 200 2065
58.221.95.50 - - [18/Jan/2020:09:28:27 +0800] "GET /xingrg/all/function/internal_message.html?_=1579311216027&CODE_STATE=getMsg HTTP/1.1" 200 27
114.93.75.19 - - [18/Jan/2020:09:28:29 +0800] "GET /xingrg/all/function/internal_message.html?_=1579310813436&CODE_STATE=getMsg HTTP/1.1" 200 27
172.17.2.150 - - [18/Jan/2020:09:28:31 +0800] "GET /xingrg/all/function/internal_message.html?_=1579310878886&CODE_STATE=getMsg HTTP/1.1" 200 27
114.88.159.93 - - [18/Jan/2020:09:28:31 +0800] "GET /xingrg/all/function/internal_message.html?_=1579310921931&CODE_STATE=getMsg HTTP/1.1" 200 27
116.238.181.252 - - [18/Jan/2020:09:28:32 +0800] "GET /xingrg/kc/buy/cgsh_order_operate.html?command=get_materiel&rest_code=00150&code=00101008223&supplier_code=00100007&order_time=2020-01-18 HTTP/1.1" 200 412
114.88.170.138 - - [18/Jan/2020:09:28:34 +0800] "GET /xingrg/all/function/internal_message.html?_=1579311136478&CODE_STATE=getMsg HTTP/1.1" 200 27
116.238.35.243 - - [18/Jan/2020:09:28:34 +0800] "GET /xingrg/all/function/internal_message.html?_=1579310914273&CODE_STATE=getMsg HTTP/1.1" 200 27
222.69.129.95 - - [18/Jan/2020:09:28:34 +0800] "GET /xingrg/kc/buy/cgsh_order_operate.html?command=get_materiel&rest_code=00149&code=00101023008&supplier_code=00100151&order_time=2020-01-18 HTTP/1.1" 200 416
101.81.125.204 - - [18/Jan/2020:09:28:35 +0800] "GET /xingrg/kc/buy/cgsh_order_operate.html?command=get_materiel&rest_code=00107&code=00101001180&supplier_code=00100199&order_time=2020-01-18 HTTP/1.1" 200 417
116.238.35.243 - - [18/Jan/2020:09:28:40 +0800] "GET /xingrg/all/function/internal_message.html?_=1579310920073&CODE_STATE=getMsg HTTP/1.1" 200 27
222.69.129.95 - - [18/Jan/2020:09:28:43 +0800] "GET /xingrg/kc/buy/cgsh_order_operate.html?command=get_materiel&rest_code=00149&code=00101020029&supplier_code=00100151&order_time=2020-01-18 HTTP/1.1" 200 413
116.238.181.252 - - [18/Jan/2020:09:28:44 +0800] "GET /xingrg/kc/buy/cgsh_order_operate.html?command=get_materiel&rest_code=00150&code=00101008041&supplier_code=00100007&order_time=2020-01-18 HTTP/1.1" 200 408
101.81.125.204 - - [18/Jan/2020:09:28:45 +0800] "GET /xingrg/kc/buy/cgsh_order_operate.html?command=get_materiel&rest_code=00107&code=00102005410&supplier_code=00100199&order_time=2020-01-18 HTTP/1.1" 200 440
180.162.232.172 - - [18/Jan/2020:09:28:46 +0800] "GET /xingrg/check_reg.html?_=1579311032609 HTTP/1.1" 200 22
180.162.232.172 - - [18/Jan/2020:09:28:46 +0800] "GET /xingrg/all/function/internal_message.html?_=1579311032661&CODE_STATE=getMsg HTTP/1.1" 200 27
101.81.125.204 - - [18/Jan/2020:09:28:50 +0800] "GET /xingrg/all/function/internal_message.html?_=1579310308287&CODE_STATE=getMsg HTTP/1.1" 200 27
101.81.125.204 - - [18/Jan/2020:09:28:50 +0800] "GET /xingrg/kc/buy/cgsh_order_operate.html?command=get_materiel&rest_code=00107&code=00101002027&supplier_code=00100199&order_time=2020-01-18 HTTP/1.1" 200 433
58.221.95.50 - - [18/Jan/2020:09:28:54 +0800] "GET /xingrg/all/function/internal_message.html?_=1579311106426&CODE_STATE=getMsg HTTP/1.1" 302 -
116.238.181.252 - - [18/Jan/2020:09:28:55 +0800] "GET /xingrg/kc/buy/cgsh_order_operate.html?command=get_materiel&rest_code=00150&code=00101008114&supplier_code=00100007&order_time=2020-01-18 HTTP/1.1" 200 412
116.224.233.159 - - [18/Jan/2020:09:28:56 +0800] "GET /xingrg/all/function/internal_message.html?_=1579311087561&CODE_STATE=getMsg HTTP/1.1" 200 27
116.238.181.252 - - [18/Jan/2020:09:28:56 +0800] "POST /xingrg/kc/buy/cgsh_order_operate.html HTTP/1.1" 200 2065
101.81.125.204 - - [18/Jan/2020:09:29:01 +0800] "GET /xingrg/kc/buy/cgsh_order_operate.html?command=get_materiel&rest_code=00107&code=00101002007&supplier_code=00100199&order_time=2020-01-18 HTTP/1.1" 200 409
116.238.181.252 - - [18/Jan/2020:09:29:02 +0800] "GET /xingrg/kc/buy/cgsh_order_operate.html?command=get_materiel&rest_code=00150&code=00101008095&supplier_code=00100007&order_time=2020-01-18 HTTP/1.1" 200 412
101.81.125.204 - - [18/Jan/2020:09:29:12 +0800] "GET /xingrg/all/function/internal_message.html?_=1579310947525&CODE_STATE=getMsg HTTP/1.1" 200 27
101.81.125.204 - - [18/Jan/2020:09:29:12 +0800] "POST /xingrg/kc/buy/cgsh_order_operate.html HTTP/1.1" 200 37
101.81.125.204 - - [18/Jan/2020:09:29:13 +0800] "POST /xingrg/kc/buy/cgsh_order_operate.html HTTP/1.1" 200 5045
124.77.241.94 - - [18/Jan/2020:09:29:13 +0800] "GET /xingrg/all/function/internal_message.html?_=1579310953543&CODE_STATE=getMsg HTTP/1.1" 200 27
101.81.125.204 - - [18/Jan/2020:09:29:14 +0800] "GET /xingrg/kc/print/load_config.html?kc_code=cgsh HTTP/1.1" 200 1841
101.81.125.204 - - [18/Jan/2020:09:29:14 +0800] "GET /xingrg/kc/print/load_data.html?order_code=212020011809490&kc_code=cgsh&condition= HTTP/1.1" 200 1593
116.238.181.252 - - [18/Jan/2020:09:29:15 +0800] "GET /xingrg/kc/buy/cgsh_order_operate.html?command=get_materiel&rest_code=00150&code=00101008134&supplier_code=00100007&order_time=2020-01-18 HTTP/1.1" 200 412
172.17.0.166 - - [18/Jan/2020:09:29:15 +0800] "GET /xingrg/all/function/internal_message.html?_=1579310814957&CODE_STATE=getMsg HTTP/1.1" 302 -
116.238.181.252 - - [18/Jan/2020:09:29:17 +0800] "GET /xingrg/all/function/internal_message.html?_=1579310953404&CODE_STATE=getMsg HTTP/1.1" 200 27
120.253.135.82 - - [18/Jan/2020:09:29:18 +0800] "GET /xingrg/all/function/internal_message.html?_=1579310694211&CODE_STATE=getMsg HTTP/1.1" 200 27
222.69.129.95 - - [18/Jan/2020:09:29:20 +0800] "GET /xingrg/all/function/internal_message.html?_=1579310950086&CODE_STATE=getMsg HTTP/1.1" 200 27
117.131.5.26 - - [18/Jan/2020:09:29:21 +0800] "GET /xingrg/check_reg.html?_=1579310971878 HTTP/1.1" 200 22
116.238.181.252 - - [18/Jan/2020:09:29:22 +0800] "GET /xingrg/kc/buy/cgsh_order_operate.html?command=get_materiel&rest_code=00150&code=00101008171&supplier_code=00100007&order_time=2020-01-18 HTTP/1.1" 200 420
58.221.95.50 - - [18/Jan/2020:09:29:26 +0800] "GET /xingrg/all/function/internal_message.html?_=1579311276001&CODE_STATE=getMsg HTTP/1.1" 200 27
114.93.75.19 - - [18/Jan/2020:09:29:29 +0800] "GET /xingrg/all/function/internal_message.html?_=1579310873464&CODE_STATE=getMsg HTTP/1.1" 200 27
116.238.181.252 - - [18/Jan/2020:09:29:29 +0800] "GET /xingrg/kc/buy/cgsh_order_operate.html?command=get_materiel&rest_code=00150&code=00101008168&supplier_code=00100007&order_time=2020-01-18 HTTP/1.1" 200 412
172.17.2.150 - - [18/Jan/2020:09:29:31 +0800] "GET /xingrg/all/function/internal_message.html?_=1579310938899&CODE_STATE=getMsg HTTP/1.1" 200 27
114.88.159.93 - - [18/Jan/2020:09:29:31 +0800] "GET /xingrg/all/function/internal_message.html?_=1579310981899&CODE_STATE=getMsg HTTP/1.1" 200 27
116.238.181.252 - - [18/Jan/2020:09:29:31 +0800] "POST /xingrg/kc/buy/cgsh_order_operate.html HTTP/1.1" 200 2065
124.77.241.94 - - [18/Jan/2020:09:29:31 +0800] "GET /xingrg/check_reg.html?_=1579310975797 HTTP/1.1" 200 22
114.88.170.138 - - [18/Jan/2020:09:29:34 +0800] "GET /xingrg/all/function/internal_message.html?_=1579311196478&CODE_STATE=getMsg HTTP/1.1" 200 27
116.238.35.243 - - [18/Jan/2020:09:29:34 +0800] "GET /xingrg/all/function/internal_message.html?_=1579310974274&CODE_STATE=getMsg HTTP/1.1" 200 27
116.238.35.243 - - [18/Jan/2020:09:29:34 +0800] "GET /xingrg/check_reg.html?_=1579310974340 HTTP/1.1" 200 22
116.238.181.252 - - [18/Jan/2020:09:29:36 +0800] "GET /xingrg/kc/buy/cgsh_order_operate.html?command=get_materiel&rest_code=00150&code=00101008236&supplier_code=00100007&order_time=2020-01-18 HTTP/1.1" 200 416
116.238.35.243 - - [18/Jan/2020:09:29:40 +0800] "GET /xingrg/all/function/internal_message.html?_=1579310980074&CODE_STATE=getMsg HTTP/1.1" 200 27
116.238.181.252 - - [18/Jan/2020:09:29:43 +0800] "GET /xingrg/kc/buy/cgsh_order_operate.html?command=get_materiel&rest_code=00150&code=00101008090&supplier_code=00100007&order_time=2020-01-18 HTTP/1.1" 200 409
180.162.232.172 - - [18/Jan/2020:09:29:46 +0800] "GET /xingrg/all/function/internal_message.html?_=1579311092674&CODE_STATE=getMsg HTTP/1.1" 200 27
101.81.125.204 - - [18/Jan/2020:09:29:51 +0800] "GET /xingrg/all/function/internal_message.html?_=1579310369029&CODE_STATE=getMsg HTTP/1.1" 200 27
58.221.95.50 - - [18/Jan/2020:09:29:54 +0800] "GET /xingrg/all/function/internal_message.html?_=1579311166424&CODE_STATE=getMsg HTTP/1.1" 302 -
114.88.159.93 - - [18/Jan/2020:09:29:55 +0800] "GET /xingrg/check_reg.html?_=1579311005612 HTTP/1.1" 200 22
116.224.233.159 - - [18/Jan/2020:09:29:56 +0800] "GET /xingrg/all/function/internal_message.html?_=1579311147575&CODE_STATE=getMsg HTTP/1.1" 200 27
120.253.135.82 - - [18/Jan/2020:09:30:00 +0800] "POST /xingrg/kc/pszx/mdps_list_operate.html HTTP/1.1" 200 2065
120.253.135.82 - - [18/Jan/2020:09:30:01 +0800] "POST /xingrg/kc/pszx/mdps_list_operate.html HTTP/1.1" 200 533
120.253.135.82 - - [18/Jan/2020:09:30:02 +0800] "POST /xingrg/kc/pszx/mdps_list_operate.html HTTP/1.1" 200 206
120.253.135.82 - - [18/Jan/2020:09:30:04 +0800] "GET /xingrg/kc/pszx/mdps_order_info.html?code=312020011800548 HTTP/1.1" 200 23835
120.253.135.82 - - [18/Jan/2020:09:30:04 +0800] "POST /xingrg/kc/pszx/mdps_order_operate.html HTTP/1.1" 200 4267
120.253.135.82 - - [18/Jan/2020:09:30:04 +0800] "GET /xingrg/javascript/easyui/themes/default/validatebox.css HTTP/1.1" 404 1104
116.238.181.252 - - [18/Jan/2020:09:30:04 +0800] "GET /xingrg/kc/buy/cgsh_order_operate.html?command=get_materiel&rest_code=00150&code=00101008137&supplier_code=00100007&order_time=2020-01-18 HTTP/1.1" 200 408
120.253.135.82 - - [18/Jan/2020:09:30:06 +0800] "GET /xingrg/kc/print/load_config.html?kc_code=mdps HTTP/1.1" 200 2396
120.253.135.82 - - [18/Jan/2020:09:30:07 +0800] "GET /xingrg/kc/print/load_data.html?order_code=312020011800548&kc_code=mdps&condition= HTTP/1.1" 200 1621
101.81.125.204 - - [18/Jan/2020:09:30:12 +0800] "GET /xingrg/all/function/internal_message.html?_=1579311007513&CODE_STATE=getMsg HTTP/1.1" 200 27
124.77.241.94 - - [18/Jan/2020:09:30:13 +0800] "GET /xingrg/check_reg.html?_=1579311013252 HTTP/1.1" 200 22
124.77.241.94 - - [18/Jan/2020:09:30:13 +0800] "GET /xingrg/all/function/internal_message.html?_=1579311013557&CODE_STATE=getMsg HTTP/1.1" 200 27
172.17.0.166 - - [18/Jan/2020:09:30:15 +0800] "GET /xingrg/all/function/internal_message.html?_=1579310874956&CODE_STATE=getMsg HTTP/1.1" 302 -
116.238.181.252 - - [18/Jan/2020:09:30:17 +0800] "POST /xingrg/kc/buy/cgsh_order_operate.html HTTP/1.1" 200 37
116.238.181.252 - - [18/Jan/2020:09:30:17 +0800] "GET /xingrg/all/function/internal_message.html?_=1579311013951&CODE_STATE=getMsg HTTP/1.1" 200 27
116.238.181.252 - - [18/Jan/2020:09:30:17 +0800] "GET /xingrg/check_reg.html?_=1579311013953 HTTP/1.1" 200 22
120.253.135.82 - - [18/Jan/2020:09:30:18 +0800] "GET /xingrg/all/function/internal_message.html?_=1579310754252&CODE_STATE=getMsg HTTP/1.1" 200 27
116.238.181.252 - - [18/Jan/2020:09:30:18 +0800] "POST /xingrg/kc/buy/cgsh_order_operate.html HTTP/1.1" 200 34593
222.69.129.95 - - [18/Jan/2020:09:30:20 +0800] "GET /xingrg/all/function/internal_message.html?_=1579311010075&CODE_STATE=getMsg HTTP/1.1" 200 27
101.81.125.204 - - [18/Jan/2020:09:30:24 +0800] "POST /xingrg/kc/buy/cgsh_list_operate.html HTTP/1.1" 200 2771
58.221.95.50 - - [18/Jan/2020:09:30:26 +0800] "GET /xingrg/all/function/internal_message.html?_=1579311335983&CODE_STATE=getMsg HTTP/1.1" 200 27
114.93.75.19 - - [18/Jan/2020:09:30:29 +0800] "GET /xingrg/all/function/internal_message.html?_=1579310933463&CODE_STATE=getMsg HTTP/1.1" 200 27
114.93.75.19 - - [18/Jan/2020:09:30:29 +0800] "GET /xingrg/check_reg.html?_=1579310933465 HTTP/1.1" 200 22
172.17.2.150 - - [18/Jan/2020:09:30:31 +0800] "GET /xingrg/all/function/internal_message.html?_=1579310998896&CODE_STATE=getMsg HTTP/1.1" 200 27
114.88.159.93 - - [18/Jan/2020:09:30:31 +0800] "GET /xingrg/all/function/internal_message.html?_=1579311041881&CODE_STATE=getMsg HTTP/1.1" 200 27
114.88.170.138 - - [18/Jan/2020:09:30:34 +0800] "GET /xingrg/all/function/internal_message.html?_=1579311256479&CODE_STATE=getMsg HTTP/1.1" 200 27
116.238.35.243 - - [18/Jan/2020:09:30:34 +0800] "GET /xingrg/all/function/internal_message.html?_=1579311034261&CODE_STATE=getMsg HTTP/1.1" 200 27
116.238.35.243 - - [18/Jan/2020:09:30:40 +0800] "GET /xingrg/all/function/internal_message.html?_=1579311040101&CODE_STATE=getMsg HTTP/1.1" 200 27
180.162.232.172 - - [18/Jan/2020:09:30:46 +0800] "GET /xingrg/all/function/internal_message.html?_=1579311152687&CODE_STATE=getMsg HTTP/1.1" 200 27
101.81.125.204 - - [18/Jan/2020:09:30:53 +0800] "GET /xingrg/all/function/internal_message.html?_=1579310430395&CODE_STATE=getMsg HTTP/1.1" 200 27
