114.88.170.138 - - [17/Jan/2020:09:58:53 +0800] "GET /xingrg/kc/buy/cgsh_order_operate.html?command=get_materiel&rest_code=00111&code=00101008251&supplier_code=00100005&order_time=2020-01-17 HTTP/1.1" 200 408
114.93.75.19 - - [17/Jan/2020:09:58:57 +0800] "GET /xingrg/all/function/internal_message.html?_=1579226242961&CODE_STATE=getMsg HTTP/1.1" 200 27
117.184.7.26 - - [17/Jan/2020:09:58:57 +0800] "GET /xingrg/all/function/internal_message.html?_=1579226320874&CODE_STATE=getMsg HTTP/1.1" 200 27
116.224.233.159 - - [17/Jan/2020:09:58:57 +0800] "POST /xingrg/kc/buy/cgsh_list_operate.html HTTP/1.1" 200 5768
116.238.181.252 - - [17/Jan/2020:09:58:58 +0800] "GET /xingrg/all/function/internal_message.html?_=1579226335378&CODE_STATE=getMsg HTTP/1.1" 200 27
114.88.159.93 - - [17/Jan/2020:09:59:03 +0800] "GET /xingrg/all/function/internal_message.html?_=1579226093240&CODE_STATE=getMsg HTTP/1.1" 302 -
101.81.125.204 - - [17/Jan/2020:09:59:04 +0800] "GET /xingrg/all/function/internal_message.html?_=1579226338634&CODE_STATE=getMsg HTTP/1.1" 200 27
114.88.170.138 - - [17/Jan/2020:09:59:04 +0800] "GET /xingrg/kc/buy/cgsh_order_operate.html?command=get_materiel&rest_code=00111&code=00101008137&supplier_code=00100005&order_time=2020-01-17 HTTP/1.1" 200 408
116.238.35.243 - - [17/Jan/2020:09:59:05 +0800] "GET /xingrg/all/function/internal_message.html?_=1579226345733&CODE_STATE=getMsg HTTP/1.1" 200 27
116.238.35.243 - - [17/Jan/2020:09:59:05 +0800] "GET /xingrg/check_reg.html?_=1579226346032 HTTP/1.1" 200 22
114.88.159.93 - - [17/Jan/2020:09:59:05 +0800] "GET /xingrg/all/function/internal_message.html?_=1579226353495&CODE_STATE=getMsg HTTP/1.1" 200 27
124.77.241.94 - - [17/Jan/2020:09:59:06 +0800] "GET /xingrg/all/function/internal_message.html?_=1579226343281&CODE_STATE=getMsg HTTP/1.1" 200 27
116.224.233.159 - - [17/Jan/2020:09:59:07 +0800] "GET /xingrg/all/function/internal_message.html?_=1579226500434&CODE_STATE=getMsg HTTP/1.1" 200 27
114.88.170.138 - - [17/Jan/2020:09:59:07 +0800] "POST /xingrg/kc/buy/cgsh_order_operate.html HTTP/1.1" 200 2065
117.184.7.26 - - [17/Jan/2020:09:59:08 +0800] "POST /xingrg/kc/buy/cgsh_order_operate.html HTTP/1.1" 200 37
117.184.7.26 - - [17/Jan/2020:09:59:10 +0800] "POST /xingrg/kc/buy/cgsh_order_operate.html HTTP/1.1" 200 20410
114.88.170.138 - - [17/Jan/2020:09:59:15 +0800] "GET /xingrg/all/function/internal_message.html?_=1579226353261&CODE_STATE=getMsg HTTP/1.1" 200 27
116.224.233.159 - - [17/Jan/2020:09:59:17 +0800] "GET /xingrg/all/function/internal_message.html?_=1579226355783&CODE_STATE=getMsg HTTP/1.1" 200 27
58.221.95.50 - - [17/Jan/2020:09:59:21 +0800] "GET /xingrg/all/function/internal_message.html?_=1579226669904&CODE_STATE=getMsg HTTP/1.1" 200 27
58.40.7.146 - - [17/Jan/2020:09:59:21 +0800] "GET /xingrg/all/function/internal_message.html?_=1579226357990&CODE_STATE=getMsg HTTP/1.1" 200 27
114.88.170.138 - - [17/Jan/2020:09:59:24 +0800] "GET /xingrg/all/function/internal_message.html?_=1579226586693&CODE_STATE=getMsg HTTP/1.1" 200 27
117.184.7.26 - - [17/Jan/2020:09:59:34 +0800] "GET /xingrg/kc/buy/cgsh_order_operate.html?command=get_materiel&rest_code=00108&code=00101008261&supplier_code=00100008&order_time=2020-01-17 HTTP/1.1" 200 408
117.184.7.26 - - [17/Jan/2020:09:59:34 +0800] "GET /xingrg/all/function/internal_message.html?_=1579226360770&CODE_STATE=getMsg HTTP/1.1" 200 27
124.77.241.94 - - [17/Jan/2020:09:59:39 +0800] "GET /xingrg/all/function/internal_message.html?_=1579226380463&CODE_STATE=getMsg HTTP/1.1" 200 27
117.184.7.26 - - [17/Jan/2020:09:59:42 +0800] "GET /xingrg/kc/buy/cgsh_order_operate.html?command=get_materiel&rest_code=00108&code=00101008027&supplier_code=00100008&order_time=2020-01-17 HTTP/1.1" 200 408
58.40.7.146 - - [17/Jan/2020:09:59:44 +0800] "GET /xingrg/all/function/internal_message.html?_=1579226380979&CODE_STATE=getMsg HTTP/1.1" 200 27
222.69.134.68 - - [17/Jan/2020:09:59:47 +0800] "GET /xingrg/all/function/internal_message.html?_=1579226378437&CODE_STATE=getMsg HTTP/1.1" 200 27
58.221.95.50 - - [17/Jan/2020:09:59:52 +0800] "GET /xingrg/all/function/internal_message.html?_=1579226563642&CODE_STATE=getMsg HTTP/1.1" 302 -
117.184.7.30 - - [17/Jan/2020:09:59:56 +0800] "GET /xingrg/kc/buy/cgsh_order_operate.html?command=get_materiel&rest_code=00108&code=00101008350&supplier_code=00100008&order_time=2020-01-17 HTTP/1.1" 200 408
114.88.159.93 - - [17/Jan/2020:09:59:56 +0800] "GET /xingrg/check_reg.html?_=1579226404711 HTTP/1.1" 200 22
114.93.75.19 - - [17/Jan/2020:09:59:57 +0800] "GET /xingrg/all/function/internal_message.html?_=1579226302987&CODE_STATE=getMsg HTTP/1.1" 200 27
117.184.7.30 - - [17/Jan/2020:09:59:57 +0800] "GET /xingrg/all/function/internal_message.html?_=1579226380886&CODE_STATE=getMsg HTTP/1.1" 200 27
116.238.181.252 - - [17/Jan/2020:09:59:58 +0800] "GET /xingrg/check_reg.html?_=1579226394987 HTTP/1.1" 200 22
116.238.181.252 - - [17/Jan/2020:09:59:58 +0800] "GET /xingrg/all/function/internal_message.html?_=1579226395365&CODE_STATE=getMsg HTTP/1.1" 200 27
117.184.7.30 - - [17/Jan/2020:10:00:02 +0800] "POST /xingrg/kc/buy/cgsh_order_operate.html HTTP/1.1" 200 2065
114.88.159.93 - - [17/Jan/2020:10:00:03 +0800] "GET /xingrg/all/function/internal_message.html?_=1579226153245&CODE_STATE=getMsg HTTP/1.1" 302 -
101.81.125.204 - - [17/Jan/2020:10:00:04 +0800] "GET /xingrg/all/function/internal_message.html?_=1579226398621&CODE_STATE=getMsg HTTP/1.1" 200 27
116.238.35.243 - - [17/Jan/2020:10:00:05 +0800] "GET /xingrg/all/function/internal_message.html?_=1579226405566&CODE_STATE=getMsg HTTP/1.1" 200 27
114.88.159.93 - - [17/Jan/2020:10:00:05 +0800] "GET /xingrg/all/function/internal_message.html?_=1579226413472&CODE_STATE=getMsg HTTP/1.1" 200 27
124.77.241.94 - - [17/Jan/2020:10:00:06 +0800] "GET /xingrg/all/function/internal_message.html?_=1579226403294&CODE_STATE=getMsg HTTP/1.1" 200 27
116.224.233.159 - - [17/Jan/2020:10:00:07 +0800] "GET /xingrg/all/function/internal_message.html?_=1579226560449&CODE_STATE=getMsg HTTP/1.1" 200 27
117.184.7.30 - - [17/Jan/2020:10:00:08 +0800] "GET /xingrg/kc/buy/cgsh_order_operate.html?command=get_materiel&rest_code=00108&code=00101008038&supplier_code=00100008&order_time=2020-01-17 HTTP/1.1" 200 412
114.88.170.138 - - [17/Jan/2020:10:00:14 +0800] "GET /xingrg/check_reg.html?_=1579226412191 HTTP/1.1" 200 22
114.88.170.138 - - [17/Jan/2020:10:00:15 +0800] "GET /xingrg/all/function/internal_message.html?_=1579226413272&CODE_STATE=getMsg HTTP/1.1" 200 27
116.224.233.159 - - [17/Jan/2020:10:00:17 +0800] "GET /xingrg/all/function/internal_message.html?_=1579226415783&CODE_STATE=getMsg HTTP/1.1" 200 27
58.221.95.50 - - [17/Jan/2020:10:00:21 +0800] "GET /xingrg/all/function/internal_message.html?_=1579226729859&CODE_STATE=getMsg HTTP/1.1" 200 27
58.40.7.146 - - [17/Jan/2020:10:00:21 +0800] "GET /xingrg/all/function/internal_message.html?_=1579226417979&CODE_STATE=getMsg HTTP/1.1" 200 27
58.40.7.146 - - [17/Jan/2020:10:00:21 +0800] "GET /xingrg/check_reg.html?_=1579226417984 HTTP/1.1" 200 22
114.88.170.138 - - [17/Jan/2020:10:00:24 +0800] "GET /xingrg/all/function/internal_message.html?_=1579226646560&CODE_STATE=getMsg HTTP/1.1" 200 27
101.81.125.204 - - [17/Jan/2020:10:00:26 +0800] "GET /xingrg/check_reg.html?_=1579226425527 HTTP/1.1" 200 22
117.184.7.26 - - [17/Jan/2020:10:00:31 +0800] "GET /xingrg/kc/buy/cgsh_order_operate.html?command=get_materiel&rest_code=00108&code=00101008356&supplier_code=00100008&order_time=2020-01-17 HTTP/1.1" 200 408
117.184.7.26 - - [17/Jan/2020:10:00:34 +0800] "GET /xingrg/all/function/internal_message.html?_=1579226420741&CODE_STATE=getMsg HTTP/1.1" 200 27
117.184.7.26 - - [17/Jan/2020:10:00:35 +0800] "GET /xingrg/check_reg.html?_=1579226421119 HTTP/1.1" 200 22
124.77.241.94 - - [17/Jan/2020:10:00:39 +0800] "GET /xingrg/all/function/internal_message.html?_=1579226440477&CODE_STATE=getMsg HTTP/1.1" 200 27
117.184.7.30 - - [17/Jan/2020:10:00:41 +0800] "GET /xingrg/kc/buy/cgsh_order_operate.html?command=get_materiel&rest_code=00108&code=00101008251&supplier_code=00100008&order_time=2020-01-17 HTTP/1.1" 200 408
58.40.7.146 - - [17/Jan/2020:10:00:44 +0800] "GET /xingrg/all/function/internal_message.html?_=1579226440982&CODE_STATE=getMsg HTTP/1.1" 200 27
101.81.125.204 - - [17/Jan/2020:10:00:45 +0800] "GET /xingrg/dwr/util.js HTTP/1.1" 304 -
101.81.125.204 - - [17/Jan/2020:10:00:45 +0800] "GET /xingrg/all/report/report_query.html?fileName=dma/new_5.0/yingye/order_list.xml HTTP/1.1" 200 55251
101.81.125.204 - - [17/Jan/2020:10:00:45 +0800] "GET /xingrg/dwr/interface/AjaxReportQueryService.js HTTP/1.1" 200 13203
101.81.125.204 - - [17/Jan/2020:10:00:45 +0800] "GET /xingrg/dwr/engine.js HTTP/1.1" 200 43631
101.81.125.204 - - [17/Jan/2020:10:00:45 +0800] "POST /xingrg/dwr/call/plaincall/AjaxReportQueryService.getFixDate.dwr HTTP/1.1" 200 111
101.81.125.204 - - [17/Jan/2020:10:00:46 +0800] "POST /xingrg/all/common/load_tree.html?tree=area_station_tree_json&manage=1 HTTP/1.1" 200 336
101.81.125.204 - - [17/Jan/2020:10:00:46 +0800] "POST /xingrg/dwr/call/plaincall/AjaxReportQueryService.getInitString.dwr HTTP/1.1" 200 76
222.69.134.68 - - [17/Jan/2020:10:00:47 +0800] "GET /xingrg/all/function/internal_message.html?_=1579226438452&CODE_STATE=getMsg HTTP/1.1" 200 27
101.81.125.204 - - [17/Jan/2020:10:00:49 +0800] "POST /xingrg/dwr/call/plaincall/AjaxReportQueryService.refreshCache.dwr HTTP/1.1" 200 78
101.81.125.204 - - [17/Jan/2020:10:00:50 +0800] "POST /xingrg/all/report/load_report_page.html HTTP/1.1" 200 207982
101.81.125.204 - - [17/Jan/2020:10:00:50 +0800] "GET /xingrg/servlets/image?cache=0.4789242947274539&image=px HTTP/1.1" 200 807
58.221.95.50 - - [17/Jan/2020:10:00:52 +0800] "GET /xingrg/all/function/internal_message.html?_=1579226623640&CODE_STATE=getMsg HTTP/1.1" 302 -
117.184.7.26 - - [17/Jan/2020:10:00:53 +0800] "GET /xingrg/kc/buy/cgsh_order_operate.html?command=get_materiel&rest_code=00108&code=00101008098&supplier_code=00100008&order_time=2020-01-17 HTTP/1.1" 200 412
117.184.7.26 - - [17/Jan/2020:10:00:56 +0800] "POST /xingrg/kc/buy/cgsh_order_operate.html HTTP/1.1" 200 2065
114.93.75.19 - - [17/Jan/2020:10:00:57 +0800] "GET /xingrg/all/function/internal_message.html?_=1579226362986&CODE_STATE=getMsg HTTP/1.1" 200 27
117.184.7.26 - - [17/Jan/2020:10:00:57 +0800] "GET /xingrg/all/function/internal_message.html?_=1579226440901&CODE_STATE=getMsg HTTP/1.1" 200 27
116.238.181.252 - - [17/Jan/2020:10:00:58 +0800] "GET /xingrg/all/function/internal_message.html?_=1579226455338&CODE_STATE=getMsg HTTP/1.1" 200 27
117.184.7.26 - - [17/Jan/2020:10:00:59 +0800] "GET /xingrg/kc/buy/cgsh_order_operate.html?command=get_materiel&rest_code=00108&code=00101008005&supplier_code=00100008&order_time=2020-01-17 HTTP/1.1" 200 412
101.81.125.204 - - [17/Jan/2020:10:01:01 +0800] "POST /xingrg/all/report/load_report_page.html HTTP/1.1" 200 140975
101.81.125.204 - - [17/Jan/2020:10:01:01 +0800] "GET /xingrg/servlets/image?cache=0.3674922223252395&image=px HTTP/1.1" 200 807
101.81.125.204 - - [17/Jan/2020:10:01:02 +0800] "GET /xingrg/check_reg.html?_=1579226456713 HTTP/1.1" 200 22
114.88.159.93 - - [17/Jan/2020:10:01:03 +0800] "GET /xingrg/all/function/internal_message.html?_=1579226213226&CODE_STATE=getMsg HTTP/1.1" 302 -
101.81.125.204 - - [17/Jan/2020:10:01:04 +0800] "GET /xingrg/all/function/internal_message.html?_=1579226458594&CODE_STATE=getMsg HTTP/1.1" 200 27
116.238.35.243 - - [17/Jan/2020:10:01:05 +0800] "GET /xingrg/all/function/internal_message.html?_=1579226465547&CODE_STATE=getMsg HTTP/1.1" 200 27
114.88.159.93 - - [17/Jan/2020:10:01:05 +0800] "GET /xingrg/all/function/internal_message.html?_=1579226473450&CODE_STATE=getMsg HTTP/1.1" 200 27
116.224.233.159 - - [17/Jan/2020:10:01:05 +0800] "GET /xingrg/check_reg.html?_=1579226618803 HTTP/1.1" 200 22
124.77.241.94 - - [17/Jan/2020:10:01:06 +0800] "GET /xingrg/all/function/internal_message.html?_=1579226463574&CODE_STATE=getMsg HTTP/1.1" 200 27
116.224.233.159 - - [17/Jan/2020:10:01:07 +0800] "GET /xingrg/all/function/internal_message.html?_=1579226620461&CODE_STATE=getMsg HTTP/1.1" 200 27
117.184.7.30 - - [17/Jan/2020:10:01:12 +0800] "GET /xingrg/kc/buy/cgsh_order_operate.html?command=get_materiel&rest_code=00108&code=00101008242&supplier_code=00100008&order_time=2020-01-17 HTTP/1.1" 200 408
114.88.170.138 - - [17/Jan/2020:10:01:15 +0800] "GET /xingrg/all/function/internal_message.html?_=1579226473287&CODE_STATE=getMsg HTTP/1.1" 200 27
116.224.233.159 - - [17/Jan/2020:10:01:17 +0800] "GET /xingrg/all/function/internal_message.html?_=1579226475785&CODE_STATE=getMsg HTTP/1.1" 200 27
116.238.35.243 - - [17/Jan/2020:10:01:18 +0800] "POST /xingrg/kc/buy/cgsh_order_operate.html HTTP/1.1" 200 37
116.238.35.243 - - [17/Jan/2020:10:01:19 +0800] "POST /xingrg/kc/buy/cgsh_order_operate.html HTTP/1.1" 200 46402
116.238.35.243 - - [17/Jan/2020:10:01:20 +0800] "GET /xingrg/kc/print/load_data.html?order_code=212020011708846&kc_code=cgsh&condition= HTTP/1.1" 200 17231
58.221.95.50 - - [17/Jan/2020:10:01:21 +0800] "GET /xingrg/all/function/internal_message.html?_=1579226789883&CODE_STATE=getMsg HTTP/1.1" 200 27
58.40.7.146 - - [17/Jan/2020:10:01:21 +0800] "GET /xingrg/all/function/internal_message.html?_=1579226477986&CODE_STATE=getMsg HTTP/1.1" 200 27
117.184.7.26 - - [17/Jan/2020:10:01:21 +0800] "GET /xingrg/kc/buy/cgsh_order_operate.html?command=get_materiel&rest_code=00108&code=00101008313&supplier_code=00100008&order_time=2020-01-17 HTTP/1.1" 200 412
114.88.170.138 - - [17/Jan/2020:10:01:23 +0800] "GET /xingrg/kc/buy/cgsh_order_operate.html?command=get_materiel&rest_code=00111&code=00101008295&supplier_code=00100005&order_time=2020-01-17 HTTP/1.1" 200 412
114.88.170.138 - - [17/Jan/2020:10:01:24 +0800] "GET /xingrg/all/function/internal_message.html?_=1579226706559&CODE_STATE=getMsg HTTP/1.1" 200 27
117.184.7.26 - - [17/Jan/2020:10:01:28 +0800] "GET /xingrg/kc/buy/cgsh_order_operate.html?command=get_materiel&rest_code=00108&code=00101008028&supplier_code=00100008&order_time=2020-01-17 HTTP/1.1" 200 412
114.88.170.138 - - [17/Jan/2020:10:01:32 +0800] "GET /xingrg/kc/buy/cgsh_order_operate.html?command=get_materiel&rest_code=00111&code=00101015070&supplier_code=00100005&order_time=2020-01-17 HTTP/1.1" 200 412
117.184.7.26 - - [17/Jan/2020:10:01:34 +0800] "GET /xingrg/all/function/internal_message.html?_=1579226480715&CODE_STATE=getMsg HTTP/1.1" 200 27
124.77.241.94 - - [17/Jan/2020:10:01:40 +0800] "GET /xingrg/all/function/internal_message.html?_=1579226500984&CODE_STATE=getMsg HTTP/1.1" 200 27
116.238.35.243 - - [17/Jan/2020:10:01:41 +0800] "GET /xingrg/kc/buy/cgsh_order_add.html HTTP/1.1" 200 57512
116.238.35.243 - - [17/Jan/2020:10:01:41 +0800] "GET /xingrg/javascript/easyui/themes/default/validatebox.css HTTP/1.1" 404 1104
116.238.35.243 - - [17/Jan/2020:10:01:41 +0800] "POST /xingrg/kc/buy/cgsh_order_operate.html HTTP/1.1" 200 8245
117.184.7.30 - - [17/Jan/2020:10:01:42 +0800] "POST /xingrg/kc/buy/cgsh_order_operate.html HTTP/1.1" 200 37
117.184.7.30 - - [17/Jan/2020:10:01:43 +0800] "POST /xingrg/kc/buy/cgsh_order_operate.html HTTP/1.1" 200 28676
114.88.170.138 - - [17/Jan/2020:10:01:43 +0800] "POST /xingrg/kc/buy/cgsh_order_operate.html HTTP/1.1" 200 2065
58.40.7.146 - - [17/Jan/2020:10:01:44 +0800] "GET /xingrg/all/function/internal_message.html?_=1579226500970&CODE_STATE=getMsg HTTP/1.1" 200 27
222.69.134.68 - - [17/Jan/2020:10:01:47 +0800] "GET /xingrg/all/function/internal_message.html?_=1579226498452&CODE_STATE=getMsg HTTP/1.1" 200 27
114.88.170.138 - - [17/Jan/2020:10:01:51 +0800] "GET /xingrg/kc/buy/cgsh_order_operate.html?command=get_materiel&rest_code=00111&code=00101008213&supplier_code=00100005&order_time=2020-01-17 HTTP/1.1" 200 412
116.238.35.243 - - [17/Jan/2020:10:01:51 +0800] "GET /xingrg/kc/buy/cgsh_order_operate.html?command=get_materiel&rest_code=00105&code=00101002027&supplier_code=00100203&order_time=2020-01-17 HTTP/1.1" 200 413
58.221.95.50 - - [17/Jan/2020:10:01:52 +0800] "GET /xingrg/all/function/internal_message.html?_=1579226683641&CODE_STATE=getMsg HTTP/1.1" 302 -
58.221.95.50 - - [17/Jan/2020:10:01:52 +0800] "GET /xingrg/check_reg.html?_=1579226683642 HTTP/1.1" 302 -
114.93.75.19 - - [17/Jan/2020:10:01:57 +0800] "GET /xingrg/all/function/internal_message.html?_=1579226422985&CODE_STATE=getMsg HTTP/1.1" 200 27
117.184.7.26 - - [17/Jan/2020:10:01:57 +0800] "GET /xingrg/all/function/internal_message.html?_=1579226501032&CODE_STATE=getMsg HTTP/1.1" 200 27
114.88.170.138 - - [17/Jan/2020:10:01:58 +0800] "GET /xingrg/kc/buy/cgsh_order_operate.html?command=get_materiel&rest_code=00111&code=00101008304&supplier_code=00100005&order_time=2020-01-17 HTTP/1.1" 200 412
116.238.181.252 - - [17/Jan/2020:10:01:58 +0800] "GET /xingrg/all/function/internal_message.html?_=1579226515324&CODE_STATE=getMsg HTTP/1.1" 200 27
117.184.7.26 - - [17/Jan/2020:10:02:01 +0800] "GET /xingrg/kc/buy/cgsh_order_operate.html?command=get_materiel&rest_code=00108&code=00101008323&supplier_code=00100008&order_time=2020-01-17 HTTP/1.1" 200 408
114.88.159.93 - - [17/Jan/2020:10:02:03 +0800] "GET /xingrg/all/function/internal_message.html?_=1579226273198&CODE_STATE=getMsg HTTP/1.1" 302 -
101.81.125.204 - - [17/Jan/2020:10:02:04 +0800] "GET /xingrg/all/function/internal_message.html?_=1579226518585&CODE_STATE=getMsg HTTP/1.1" 200 27
116.238.35.243 - - [17/Jan/2020:10:02:05 +0800] "GET /xingrg/all/function/internal_message.html?_=1579226525547&CODE_STATE=getMsg HTTP/1.1" 200 27
114.88.159.93 - - [17/Jan/2020:10:02:05 +0800] "GET /xingrg/all/function/internal_message.html?_=1579226533418&CODE_STATE=getMsg HTTP/1.1" 200 27
114.88.170.138 - - [17/Jan/2020:10:02:05 +0800] "GET /xingrg/kc/buy/cgsh_order_operate.html?command=get_materiel&rest_code=00111&code=00101008323&supplier_code=00100005&order_time=2020-01-17 HTTP/1.1" 200 408
124.77.241.94 - - [17/Jan/2020:10:02:06 +0800] "GET /xingrg/all/function/internal_message.html?_=1579226523587&CODE_STATE=getMsg HTTP/1.1" 200 27
116.224.233.159 - - [17/Jan/2020:10:02:07 +0800] "GET /xingrg/all/function/internal_message.html?_=1579226680475&CODE_STATE=getMsg HTTP/1.1" 200 27
116.238.35.243 - - [17/Jan/2020:10:02:14 +0800] "GET /xingrg/kc/buy/cgsh_order_operate.html?command=get_materiel&rest_code=00105&code=00101002028&supplier_code=00100203&order_time=2020-01-17 HTTP/1.1" 200 419
114.88.170.138 - - [17/Jan/2020:10:02:15 +0800] "GET /xingrg/all/function/internal_message.html?_=1579226533300&CODE_STATE=getMsg HTTP/1.1" 200 27
116.224.233.159 - - [17/Jan/2020:10:02:17 +0800] "GET /xingrg/check_reg.html?_=1579226535775 HTTP/1.1" 200 22
116.224.233.159 - - [17/Jan/2020:10:02:17 +0800] "GET /xingrg/all/function/internal_message.html?_=1579226535778&CODE_STATE=getMsg HTTP/1.1" 200 27
114.88.170.138 - - [17/Jan/2020:10:02:20 +0800] "POST /xingrg/kc/buy/cgsh_order_operate.html HTTP/1.1" 200 2065
58.221.95.50 - - [17/Jan/2020:10:02:21 +0800] "GET /xingrg/all/function/internal_message.html?_=1579226849877&CODE_STATE=getMsg HTTP/1.1" 200 27
58.40.7.146 - - [17/Jan/2020:10:02:21 +0800] "GET /xingrg/all/function/internal_message.html?_=1579226537988&CODE_STATE=getMsg HTTP/1.1" 200 27
114.88.170.138 - - [17/Jan/2020:10:02:24 +0800] "GET /xingrg/all/function/internal_message.html?_=1579226766554&CODE_STATE=getMsg HTTP/1.1" 200 27
114.88.170.138 - - [17/Jan/2020:10:02:29 +0800] "GET /xingrg/kc/buy/cgsh_order_operate.html?command=get_materiel&rest_code=00111&code=00101008112&supplier_code=00100005&order_time=2020-01-17 HTTP/1.1" 200 412
116.238.35.243 - - [17/Jan/2020:10:02:34 +0800] "GET /xingrg/kc/buy/cgsh_order_list.html HTTP/1.1" 200 41904
117.184.7.26 - - [17/Jan/2020:10:02:34 +0800] "GET /xingrg/all/function/internal_message.html?_=1579226540701&CODE_STATE=getMsg HTTP/1.1" 200 27
116.238.35.243 - - [17/Jan/2020:10:02:36 +0800] "POST /xingrg/kc/buy/cgsh_list_operate.html HTTP/1.1" 200 2052
114.88.170.138 - - [17/Jan/2020:10:02:37 +0800] "GET /xingrg/kc/buy/cgsh_order_operate.html?command=get_materiel&rest_code=00111&code=00101008223&supplier_code=00100005&order_time=2020-01-17 HTTP/1.1" 200 412
124.77.241.94 - - [17/Jan/2020:10:02:40 +0800] "GET /xingrg/all/function/internal_message.html?_=1579226560988&CODE_STATE=getMsg HTTP/1.1" 200 27
58.40.7.146 - - [17/Jan/2020:10:02:44 +0800] "GET /xingrg/all/function/internal_message.html?_=1579226560973&CODE_STATE=getMsg HTTP/1.1" 200 27
58.40.7.146 - - [17/Jan/2020:10:02:44 +0800] "GET /xingrg/check_reg.html?_=1579226560974 HTTP/1.1" 200 22
116.238.35.243 - - [17/Jan/2020:10:02:47 +0800] "POST /xingrg/kc/buy/cgsh_list_operate.html HTTP/1.1" 200 1706
222.69.134.68 - - [17/Jan/2020:10:02:47 +0800] "GET /xingrg/all/function/internal_message.html?_=1579226558447&CODE_STATE=getMsg HTTP/1.1" 200 27
116.238.35.243 - - [17/Jan/2020:10:02:48 +0800] "POST /xingrg/kc/buy/cgsh_list_operate.html HTTP/1.1" 200 426
117.184.7.30 - - [17/Jan/2020:10:02:50 +0800] "POST /xingrg/kc/buy/cgsh_order_operate.html HTTP/1.1" 200 2065
116.238.35.243 - - [17/Jan/2020:10:02:51 +0800] "GET /xingrg/kc/buy/cgsh_order_info.html?code=212020011608317 HTTP/1.1" 200 52411
116.238.35.243 - - [17/Jan/2020:10:02:51 +0800] "GET /xingrg/javascript/easyui/themes/default/validatebox.css HTTP/1.1" 404 1104
116.238.35.243 - - [17/Jan/2020:10:02:51 +0800] "POST /xingrg/kc/buy/cgsh_order_operate.html HTTP/1.1" 200 2392
58.221.95.50 - - [17/Jan/2020:10:02:52 +0800] "GET /xingrg/all/function/internal_message.html?_=1579226743640&CODE_STATE=getMsg HTTP/1.1" 302 -
114.88.170.138 - - [17/Jan/2020:10:02:54 +0800] "GET /xingrg/kc/buy/cgsh_order_operate.html?command=get_materiel&rest_code=00111&code=00101008168&supplier_code=00100005&order_time=2020-01-17 HTTP/1.1" 200 412
117.185.32.30 - - [17/Jan/2020:10:02:55 +0800] "GET /favicon.ico HTTP/1.1" 404 -
116.238.35.243 - - [17/Jan/2020:10:02:57 +0800] "GET /xingrg/kc/buy/cgsh_order_list.html HTTP/1.1" 200 41904
117.184.7.30 - - [17/Jan/2020:10:02:57 +0800] "GET /xingrg/check_reg.html?_=1579226560697 HTTP/1.1" 200 22
114.93.75.19 - - [17/Jan/2020:10:02:57 +0800] "GET /xingrg/all/function/internal_message.html?_=1579226482986&CODE_STATE=getMsg HTTP/1.1" 200 27
114.93.75.19 - - [17/Jan/2020:10:02:57 +0800] "GET /xingrg/check_reg.html?_=1579226482988 HTTP/1.1" 200 22
117.184.7.30 - - [17/Jan/2020:10:02:57 +0800] "GET /xingrg/all/function/internal_message.html?_=1579226561072&CODE_STATE=getMsg HTTP/1.1" 200 27
116.238.181.252 - - [17/Jan/2020:10:02:58 +0800] "GET /xingrg/all/function/internal_message.html?_=1579226575308&CODE_STATE=getMsg HTTP/1.1" 200 27
116.238.35.243 - - [17/Jan/2020:10:02:59 +0800] "POST /xingrg/kc/buy/cgsh_list_operate.html HTTP/1.1" 200 2052
114.88.170.138 - - [17/Jan/2020:10:03:01 +0800] "GET /xingrg/kc/buy/cgsh_order_operate.html?command=get_materiel&rest_code=00111&code=00101008061&supplier_code=00100005&order_time=2020-01-17 HTTP/1.1" 200 422
117.184.7.30 - - [17/Jan/2020:10:03:02 +0800] "GET /xingrg/kc/buy/cgsh_order_operate.html?command=get_materiel&rest_code=00108&code=00101008095&supplier_code=00100008&order_time=2020-01-17 HTTP/1.1" 200 412
114.88.159.93 - - [17/Jan/2020:10:03:03 +0800] "GET /xingrg/all/function/internal_message.html?_=1579226333174&CODE_STATE=getMsg HTTP/1.1" 302 -
116.238.35.243 - - [17/Jan/2020:10:03:03 +0800] "GET /xingrg/kc/buy/cgsh_order_add.html HTTP/1.1" 200 57512
114.88.170.138 - - [17/Jan/2020:10:03:03 +0800] "POST /xingrg/kc/buy/cgsh_order_operate.html HTTP/1.1" 200 2065
116.238.35.243 - - [17/Jan/2020:10:03:03 +0800] "GET /xingrg/javascript/easyui/themes/default/validatebox.css HTTP/1.1" 404 1104
116.238.35.243 - - [17/Jan/2020:10:03:03 +0800] "POST /xingrg/kc/buy/cgsh_order_operate.html HTTP/1.1" 200 8245
114.88.159.93 - - [17/Jan/2020:10:03:03 +0800] "GET /xingrg/check_reg.html?_=1579226333699 HTTP/1.1" 302 -
101.81.125.204 - - [17/Jan/2020:10:03:04 +0800] "GET /xingrg/all/function/internal_message.html?_=1579226578569&CODE_STATE=getMsg HTTP/1.1" 200 27
116.238.35.243 - - [17/Jan/2020:10:03:05 +0800] "GET /xingrg/all/function/internal_message.html?_=1579226585527&CODE_STATE=getMsg HTTP/1.1" 200 27
114.88.159.93 - - [17/Jan/2020:10:03:05 +0800] "GET /xingrg/all/function/internal_message.html?_=1579226593394&CODE_STATE=getMsg HTTP/1.1" 200 27
124.77.241.94 - - [17/Jan/2020:10:03:06 +0800] "GET /xingrg/all/function/internal_message.html?_=1579226583840&CODE_STATE=getMsg HTTP/1.1" 200 27
116.224.233.159 - - [17/Jan/2020:10:03:07 +0800] "GET /xingrg/all/function/internal_message.html?_=1579226740488&CODE_STATE=getMsg HTTP/1.1" 200 27
117.184.7.30 - - [17/Jan/2020:10:03:13 +0800] "GET /xingrg/kc/buy/cgsh_order_operate.html?command=get_materiel&rest_code=00108&code=00101008110&supplier_code=00100008&order_time=2020-01-17 HTTP/1.1" 200 409
114.88.170.138 - - [17/Jan/2020:10:03:15 +0800] "GET /xingrg/all/function/internal_message.html?_=1579226593387&CODE_STATE=getMsg HTTP/1.1" 200 27
116.224.233.159 - - [17/Jan/2020:10:03:17 +0800] "GET /xingrg/all/function/internal_message.html?_=1579226595790&CODE_STATE=getMsg HTTP/1.1" 200 27
58.221.95.50 - - [17/Jan/2020:10:03:21 +0800] "GET /xingrg/check_reg.html?_=1579226909897 HTTP/1.1" 200 22
58.221.95.50 - - [17/Jan/2020:10:03:21 +0800] "GET /xingrg/all/function/internal_message.html?_=1579226909897&CODE_STATE=getMsg HTTP/1.1" 200 27
58.40.7.146 - - [17/Jan/2020:10:03:21 +0800] "GET /xingrg/all/function/internal_message.html?_=1579226597993&CODE_STATE=getMsg HTTP/1.1" 200 27
114.88.170.138 - - [17/Jan/2020:10:03:24 +0800] "GET /xingrg/all/function/internal_message.html?_=1579226826565&CODE_STATE=getMsg HTTP/1.1" 200 27
114.88.170.138 - - [17/Jan/2020:10:03:24 +0800] "GET /xingrg/check_reg.html?_=1579226826580 HTTP/1.1" 200 22
117.184.7.26 - - [17/Jan/2020:10:03:28 +0800] "GET /xingrg/kc/buy/cgsh_order_operate.html?command=get_materiel&rest_code=00108&code=00101015004&supplier_code=00100008&order_time=2020-01-17 HTTP/1.1" 200 408
114.88.170.138 - - [17/Jan/2020:10:03:29 +0800] "POST /xingrg/kc/buy/cgsh_order_operate.html HTTP/1.1" 200 2065
116.238.35.243 - - [17/Jan/2020:10:03:33 +0800] "GET /xingrg/kc/buy/cgsh_order_operate.html?command=get_materiel&rest_code=00105&code=00101001010&supplier_code=00100203&order_time=2020-01-17 HTTP/1.1" 200 408
117.184.7.26 - - [17/Jan/2020:10:03:34 +0800] "GET /xingrg/all/function/internal_message.html?_=1579226600687&CODE_STATE=getMsg HTTP/1.1" 200 27
117.184.7.26 - - [17/Jan/2020:10:03:37 +0800] "POST /xingrg/kc/buy/cgsh_order_operate.html HTTP/1.1" 200 2065
124.77.241.94 - - [17/Jan/2020:10:03:40 +0800] "GET /xingrg/check_reg.html?_=1579226620867 HTTP/1.1" 200 22
124.77.241.94 - - [17/Jan/2020:10:03:40 +0800] "GET /xingrg/all/function/internal_message.html?_=1579226621001&CODE_STATE=getMsg HTTP/1.1" 200 27
117.184.7.26 - - [17/Jan/2020:10:03:40 +0800] "GET /xingrg/kc/buy/cgsh_order_operate.html?command=get_materiel&rest_code=00108&code=00101008223&supplier_code=00100008&order_time=2020-01-17 HTTP/1.1" 200 412
114.88.170.138 - - [17/Jan/2020:10:03:42 +0800] "POST /xingrg/kc/buy/cgsh_order_operate.html HTTP/1.1" 200 37
114.88.170.138 - - [17/Jan/2020:10:03:43 +0800] "POST /xingrg/kc/buy/cgsh_order_operate.html HTTP/1.1" 200 46398
58.40.7.146 - - [17/Jan/2020:10:03:44 +0800] "GET /xingrg/all/function/internal_message.html?_=1579226620975&CODE_STATE=getMsg HTTP/1.1" 200 27
116.238.35.243 - - [17/Jan/2020:10:03:45 +0800] "GET /xingrg/kc/buy/cgsh_order_operate.html?command=get_materiel&rest_code=00105&code=00101001061&supplier_code=00100203&order_time=2020-01-17 HTTP/1.1" 200 417
222.69.134.68 - - [17/Jan/2020:10:03:47 +0800] "GET /xingrg/all/function/internal_message.html?_=1579226618434&CODE_STATE=getMsg HTTP/1.1" 200 27
222.69.134.68 - - [17/Jan/2020:10:03:47 +0800] "GET /xingrg/check_reg.html?_=1579226618443 HTTP/1.1" 200 22
117.184.7.26 - - [17/Jan/2020:10:03:48 +0800] "GET /xingrg/kc/buy/cgsh_order_operate.html?command=get_materiel&rest_code=00108&code=00101008090&supplier_code=00100008&order_time=2020-01-17 HTTP/1.1" 200 408
114.88.170.138 - - [17/Jan/2020:10:03:49 +0800] "GET /xingrg/kc/print/load_data.html?order_code=212020011708863&kc_code=cgsh&condition= HTTP/1.1" 200 17228
124.77.241.94 - - [17/Jan/2020:10:03:51 +0800] "GET /xingrg/check_reg.html?_=1579226628343 HTTP/1.1" 200 22
58.221.95.50 - - [17/Jan/2020:10:03:52 +0800] "GET /xingrg/all/function/internal_message.html?_=1579226803640&CODE_STATE=getMsg HTTP/1.1" 302 -
116.238.35.243 - - [17/Jan/2020:10:03:54 +0800] "POST /xingrg/kc/buy/cgsh_order_operate.html HTTP/1.1" 200 37
117.184.7.30 - - [17/Jan/2020:10:03:54 +0800] "GET /xingrg/kc/buy/cgsh_order_operate.html?command=get_materiel&rest_code=00108&code=00101015046&supplier_code=00100008&order_time=2020-01-17 HTTP/1.1" 200 412
116.238.35.243 - - [17/Jan/2020:10:03:55 +0800] "POST /xingrg/kc/buy/cgsh_order_operate.html HTTP/1.1" 200 4447
116.238.35.243 - - [17/Jan/2020:10:03:57 +0800] "GET /xingrg/kc/print/load_data.html?order_code=212020011708864&kc_code=cgsh&condition= HTTP/1.1" 200 1357
114.93.75.19 - - [17/Jan/2020:10:03:57 +0800] "GET /xingrg/all/function/internal_message.html?_=1579226542987&CODE_STATE=getMsg HTTP/1.1" 200 27
117.184.7.30 - - [17/Jan/2020:10:03:57 +0800] "GET /xingrg/all/function/internal_message.html?_=1579226621083&CODE_STATE=getMsg HTTP/1.1" 200 27
116.238.181.252 - - [17/Jan/2020:10:03:58 +0800] "GET /xingrg/all/function/internal_message.html?_=1579226635285&CODE_STATE=getMsg HTTP/1.1" 200 27
117.184.7.30 - - [17/Jan/2020:10:04:00 +0800] "GET /xingrg/kc/buy/cgsh_order_operate.html?command=get_materiel&rest_code=00108&code=00101008114&supplier_code=00100008&order_time=2020-01-17 HTTP/1.1" 200 412
114.88.159.93 - - [17/Jan/2020:10:04:03 +0800] "GET /xingrg/all/function/internal_message.html?_=1579226393149&CODE_STATE=getMsg HTTP/1.1" 302 -
101.81.125.204 - - [17/Jan/2020:10:04:04 +0800] "GET /xingrg/all/function/internal_message.html?_=1579226638563&CODE_STATE=getMsg HTTP/1.1" 200 27
116.238.35.243 - - [17/Jan/2020:10:04:05 +0800] "GET /xingrg/all/function/internal_message.html?_=1579226645506&CODE_STATE=getMsg HTTP/1.1" 200 27
114.88.159.93 - - [17/Jan/2020:10:04:05 +0800] "GET /xingrg/all/function/internal_message.html?_=1579226653375&CODE_STATE=getMsg HTTP/1.1" 200 27
116.238.35.243 - - [17/Jan/2020:10:04:05 +0800] "GET /xingrg/check_reg.html?_=1579226646055 HTTP/1.1" 200 22
124.77.241.94 - - [17/Jan/2020:10:04:06 +0800] "GET /xingrg/all/function/internal_message.html?_=1579226643848&CODE_STATE=getMsg HTTP/1.1" 200 27
116.224.233.159 - - [17/Jan/2020:10:04:07 +0800] "GET /xingrg/all/function/internal_message.html?_=1579226800876&CODE_STATE=getMsg HTTP/1.1" 200 27
117.184.7.26 - - [17/Jan/2020:10:04:11 +0800] "POST /xingrg/kc/buy/cgsh_order_operate.html HTTP/1.1" 200 2065
114.88.170.138 - - [17/Jan/2020:10:04:15 +0800] "GET /xingrg/all/function/internal_message.html?_=1579226653390&CODE_STATE=getMsg HTTP/1.1" 200 27
117.184.7.26 - - [17/Jan/2020:10:04:17 +0800] "GET /xingrg/kc/buy/cgsh_order_operate.html?command=get_materiel&rest_code=00108&code=00101008229&supplier_code=00100008&order_time=2020-01-17 HTTP/1.1" 200 420
116.224.233.159 - - [17/Jan/2020:10:04:17 +0800] "GET /xingrg/all/function/internal_message.html?_=1579226655774&CODE_STATE=getMsg HTTP/1.1" 200 27
58.221.95.50 - - [17/Jan/2020:10:04:21 +0800] "GET /xingrg/all/function/internal_message.html?_=1579226969903&CODE_STATE=getMsg HTTP/1.1" 200 27
58.40.7.146 - - [17/Jan/2020:10:04:21 +0800] "GET /xingrg/all/function/internal_message.html?_=1579226657979&CODE_STATE=getMsg HTTP/1.1" 200 27
114.88.170.138 - - [17/Jan/2020:10:04:24 +0800] "GET /xingrg/all/function/internal_message.html?_=1579226886575&CODE_STATE=getMsg HTTP/1.1" 200 27
117.184.7.26 - - [17/Jan/2020:10:04:34 +0800] "GET /xingrg/all/function/internal_message.html?_=1579226660672&CODE_STATE=getMsg HTTP/1.1" 200 27
124.77.241.94 - - [17/Jan/2020:10:04:40 +0800] "GET /xingrg/all/function/internal_message.html?_=1579226681016&CODE_STATE=getMsg HTTP/1.1" 200 27
117.184.7.26 - - [17/Jan/2020:10:04:41 +0800] "GET /xingrg/kc/buy/cgsh_order_operate.html?command=get_materiel&rest_code=00108&code=00101010088&supplier_code=00100008&order_time=2020-01-17 HTTP/1.1" 200 418
58.40.7.146 - - [17/Jan/2020:10:04:44 +0800] "GET /xingrg/all/function/internal_message.html?_=1579226680977&CODE_STATE=getMsg HTTP/1.1" 200 27
101.81.139.201 - - [17/Jan/2020:10:04:45 +0800] "GET /xingrg/supplier_index.html?sysBaseUrl=http%3A%2F%2F117.131.15.22%3A18081%2Fxingrg%2F&costTime=3×tamp=1572709992827 HTTP/1.1" 302 -
101.81.139.201 - - [17/Jan/2020:10:04:45 +0800] "GET /xingrg/login.html HTTP/1.1" 200 7639
101.81.139.201 - - [17/Jan/2020:10:04:46 +0800] "GET /favicon.ico HTTP/1.1" 404 -
222.69.134.68 - - [17/Jan/2020:10:04:47 +0800] "GET /xingrg/all/function/internal_message.html?_=1579226678447&CODE_STATE=getMsg HTTP/1.1" 200 27
101.81.139.201 - - [17/Jan/2020:10:04:48 +0800] "GET /xingrg/login_supplier.html HTTP/1.1" 200 3206
101.81.139.201 - - [17/Jan/2020:10:04:48 +0800] "GET /favicon.ico HTTP/1.1" 404 -
117.184.7.26 - - [17/Jan/2020:10:04:50 +0800] "POST /xingrg/kc/buy/cgsh_order_operate.html HTTP/1.1" 200 37
117.184.7.26 - - [17/Jan/2020:10:04:51 +0800] "POST /xingrg/kc/buy/cgsh_order_operate.html HTTP/1.1" 200 38732
58.221.95.50 - - [17/Jan/2020:10:04:52 +0800] "GET /xingrg/all/function/internal_message.html?_=1579226863653&CODE_STATE=getMsg HTTP/1.1" 302 -
114.88.159.93 - - [17/Jan/2020:10:04:56 +0800] "GET /xingrg/check_reg.html?_=1579226704716 HTTP/1.1" 200 22
114.93.75.19 - - [17/Jan/2020:10:04:57 +0800] "GET /xingrg/all/function/internal_message.html?_=1579226603017&CODE_STATE=getMsg HTTP/1.1" 200 27
117.184.7.30 - - [17/Jan/2020:10:04:57 +0800] "GET /xingrg/all/function/internal_message.html?_=1579226681095&CODE_STATE=getMsg HTTP/1.1" 200 27
116.238.181.252 - - [17/Jan/2020:10:04:58 +0800] "GET /xingrg/check_reg.html?_=1579226694986 HTTP/1.1" 200 22
116.238.181.252 - - [17/Jan/2020:10:04:58 +0800] "GET /xingrg/all/function/internal_message.html?_=1579226695270&CODE_STATE=getMsg HTTP/1.1" 200 27
101.81.139.201 - - [17/Jan/2020:10:04:59 +0800] "POST /xingrg/login_supplier.html HTTP/1.1" 302 -
101.81.139.201 - - [17/Jan/2020:10:04:59 +0800] "GET /xingrg/supplier_index.html?sysBaseUrl=http%3A%2F%2F117.131.15.22%3A18081%2Fxingrg%2F&costTime=10×tamp=1579226699795 HTTP/1.1" 200 9053
101.81.139.201 - - [17/Jan/2020:10:05:00 +0800] "GET /favicon.ico HTTP/1.1" 404 -
101.81.139.201 - - [17/Jan/2020:10:05:02 +0800] "GET /xingrg/supplier/cgsh_order_list.html HTTP/1.1" 200 10890
101.81.139.201 - - [17/Jan/2020:10:05:02 +0800] "POST /xingrg/supplier/cgsh_list_operate.html HTTP/1.1" 200 6050
114.88.159.93 - - [17/Jan/2020:10:05:03 +0800] "GET /xingrg/all/function/internal_message.html?_=1579226453118&CODE_STATE=getMsg HTTP/1.1" 302 -
101.81.125.204 - - [17/Jan/2020:10:05:03 +0800] "GET /xingrg/all/function/internal_message.html?_=1579226698559&CODE_STATE=getMsg HTTP/1.1" 200 27
116.238.35.243 - - [17/Jan/2020:10:05:05 +0800] "GET /xingrg/all/function/internal_message.html?_=1579226705488&CODE_STATE=getMsg HTTP/1.1" 200 27
114.88.159.93 - - [17/Jan/2020:10:05:05 +0800] "GET /xingrg/all/function/internal_message.html?_=1579226713354&CODE_STATE=getMsg HTTP/1.1" 200 27
124.77.241.94 - - [17/Jan/2020:10:05:06 +0800] "GET /xingrg/all/function/internal_message.html?_=1579226703862&CODE_STATE=getMsg HTTP/1.1" 200 27
116.224.233.159 - - [17/Jan/2020:10:05:07 +0800] "GET /xingrg/all/function/internal_message.html?_=1579226860891&CODE_STATE=getMsg HTTP/1.1" 200 27
116.238.35.243 - - [17/Jan/2020:10:05:08 +0800] "GET /xingrg/kc/buy/cgsh_order_add.html HTTP/1.1" 200 57512
116.238.35.243 - - [17/Jan/2020:10:05:08 +0800] "POST /xingrg/kc/buy/cgsh_order_operate.html HTTP/1.1" 200 8245
116.238.35.243 - - [17/Jan/2020:10:05:08 +0800] "GET /xingrg/javascript/easyui/themes/default/validatebox.css HTTP/1.1" 404 1104
114.88.170.138 - - [17/Jan/2020:10:05:14 +0800] "GET /xingrg/check_reg.html?_=1579226712247 HTTP/1.1" 200 22
114.88.170.138 - - [17/Jan/2020:10:05:15 +0800] "GET /xingrg/all/function/internal_message.html?_=1579226713403&CODE_STATE=getMsg HTTP/1.1" 200 27
116.224.233.159 - - [17/Jan/2020:10:05:17 +0800] "GET /xingrg/all/function/internal_message.html?_=1579226715776&CODE_STATE=getMsg HTTP/1.1" 200 27
58.221.95.50 - - [17/Jan/2020:10:05:21 +0800] "GET /xingrg/all/function/internal_message.html?_=1579227029894&CODE_STATE=getMsg HTTP/1.1" 200 27
58.40.7.146 - - [17/Jan/2020:10:05:21 +0800] "GET /xingrg/all/function/internal_message.html?_=1579226717985&CODE_STATE=getMsg HTTP/1.1" 200 27
58.40.7.146 - - [17/Jan/2020:10:05:21 +0800] "GET /xingrg/check_reg.html?_=1579226717987 HTTP/1.1" 200 22
114.88.170.138 - - [17/Jan/2020:10:05:24 +0800] "GET /xingrg/all/function/internal_message.html?_=1579226946575&CODE_STATE=getMsg HTTP/1.1" 200 27
101.81.125.204 - - [17/Jan/2020:10:05:26 +0800] "GET /xingrg/check_reg.html?_=1579226722596 HTTP/1.1" 200 22
117.185.32.26 - - [17/Jan/2020:10:05:30 +0800] "POST /xingrg/services/DataTransmitService HTTP/1.1" 200 524
117.185.32.26 - - [17/Jan/2020:10:05:31 +0800] "POST /xingrg/services/DataTransmitService HTTP/1.1" 200 501
117.185.32.26 - - [17/Jan/2020:10:05:31 +0800] "POST /xingrg/services/DataTransmitService HTTP/1.1" 200 501
117.185.32.26 - - [17/Jan/2020:10:05:31 +0800] "POST /xingrg/services/DataTransmitService HTTP/1.1" 200 501
117.185.32.26 - - [17/Jan/2020:10:05:31 +0800] "POST /xingrg/services/DataTransmitService HTTP/1.1" 200 501
117.185.32.26 - - [17/Jan/2020:10:05:32 +0800] "POST /xingrg/services/DataTransmitService HTTP/1.1" 200 412
116.238.35.243 - - [17/Jan/2020:10:05:32 +0800] "GET /xingrg/kc/buy/cgsh_order_operate.html?command=get_materiel&rest_code=00105&code=00101007081&supplier_code=00100002&order_time=2020-01-17 HTTP/1.1" 200 413
117.184.7.26 - - [17/Jan/2020:10:05:34 +0800] "GET /xingrg/all/function/internal_message.html?_=1579226720643&CODE_STATE=getMsg HTTP/1.1" 200 27
117.184.7.26 - - [17/Jan/2020:10:05:35 +0800] "GET /xingrg/check_reg.html?_=1579226721097 HTTP/1.1" 200 22
116.238.181.252 - - [17/Jan/2020:10:05:38 +0800] "GET /xingrg/kc/base/wldb_order_list.html HTTP/1.1" 200 19288
116.238.181.252 - - [17/Jan/2020:10:05:38 +0800] "POST /xingrg/kc/base/wldb_list_operate.html HTTP/1.1" 200 928
124.77.241.94 - - [17/Jan/2020:10:05:40 +0800] "GET /xingrg/all/function/internal_message.html?_=1579226741029&CODE_STATE=getMsg HTTP/1.1" 200 27
116.238.181.252 - - [17/Jan/2020:10:05:42 +0800] "GET /xingrg/kc/base/wldb_order_add.html HTTP/1.1" 200 30334
116.238.181.252 - - [17/Jan/2020:10:05:42 +0800] "GET /xingrg/all/common/auto_word.html?type=base&rest_code=00150 HTTP/1.1" 200 2341
116.238.181.252 - - [17/Jan/2020:10:05:42 +0800] "GET /xingrg/all/common/auto_word.html?type=base&rest_code=00150 HTTP/1.1" 200 2341
116.238.181.252 - - [17/Jan/2020:10:05:42 +0800] "GET /xingrg/javascript/easyui/themes/default/validatebox.css HTTP/1.1" 404 1104
116.238.181.252 - - [17/Jan/2020:10:05:42 +0800] "POST /xingrg/kc/base/wldb_order_operate.html HTTP/1.1" 200 6806
58.40.7.146 - - [17/Jan/2020:10:05:44 +0800] "GET /xingrg/all/function/internal_message.html?_=1579226740981&CODE_STATE=getMsg HTTP/1.1" 200 27
116.238.181.252 - - [17/Jan/2020:10:05:45 +0800] "GET /xingrg/javascript/auto/indicator.gif HTTP/1.1" 404 1066
116.238.35.243 - - [17/Jan/2020:10:05:46 +0800] "GET /xingrg/kc/buy/cgsh_order_operate.html?command=get_materiel&rest_code=00105&code=00101007076&supplier_code=00100002&order_time=2020-01-17 HTTP/1.1" 200 408
222.69.134.68 - - [17/Jan/2020:10:05:47 +0800] "GET /xingrg/all/function/internal_message.html?_=1579226738449&CODE_STATE=getMsg HTTP/1.1" 200 27
58.40.7.146 - - [17/Jan/2020:10:05:47 +0800] "GET /favicon.ico HTTP/1.1" 404 -
58.221.95.50 - - [17/Jan/2020:10:05:52 +0800] "GET /xingrg/all/function/internal_message.html?_=1579226923638&CODE_STATE=getMsg HTTP/1.1" 302 -
114.93.75.19 - - [17/Jan/2020:10:05:57 +0800] "GET /xingrg/all/function/internal_message.html?_=1579226663017&CODE_STATE=getMsg HTTP/1.1" 200 27
117.184.7.26 - - [17/Jan/2020:10:05:57 +0800] "GET /xingrg/all/function/internal_message.html?_=1579226741108&CODE_STATE=getMsg HTTP/1.1" 200 27
116.238.181.252 - - [17/Jan/2020:10:05:58 +0800] "GET /xingrg/javascript/jquery_tools/images/prev.gif HTTP/1.1" 404 1086
116.238.181.252 - - [17/Jan/2020:10:05:58 +0800] "GET /xingrg/javascript/jquery_tools/images/next.gif HTTP/1.1" 404 1086
116.238.181.252 - - [17/Jan/2020:10:05:58 +0800] "GET /xingrg/all/function/internal_message.html?_=1579226755257&CODE_STATE=getMsg HTTP/1.1" 200 27
116.238.35.243 - - [17/Jan/2020:10:05:58 +0800] "POST /xingrg/kc/buy/cgsh_order_operate.html HTTP/1.1" 200 37
116.238.35.243 - - [17/Jan/2020:10:06:00 +0800] "POST /xingrg/kc/buy/cgsh_order_operate.html HTTP/1.1" 200 3247
116.238.35.243 - - [17/Jan/2020:10:06:01 +0800] "GET /xingrg/kc/print/load_data.html?order_code=212020011708865&kc_code=cgsh&condition= HTTP/1.1" 200 969
101.81.125.204 - - [17/Jan/2020:10:06:02 +0800] "GET /xingrg/check_reg.html?_=1579226756717 HTTP/1.1" 200 22
124.78.138.225 - - [17/Jan/2020:10:06:03 +0800] "GET /favicon.ico HTTP/1.1" 404 -
114.88.159.93 - - [17/Jan/2020:10:06:03 +0800] "GET /xingrg/all/function/internal_message.html?_=1579226513099&CODE_STATE=getMsg HTTP/1.1" 302 -
101.81.125.204 - - [17/Jan/2020:10:06:03 +0800] "GET /xingrg/all/function/internal_message.html?_=1579226758539&CODE_STATE=getMsg HTTP/1.1" 200 27
116.238.35.243 - - [17/Jan/2020:10:06:05 +0800] "GET /xingrg/all/function/internal_message.html?_=1579226765489&CODE_STATE=getMsg HTTP/1.1" 200 27
114.88.159.93 - - [17/Jan/2020:10:06:05 +0800] "GET /xingrg/all/function/internal_message.html?_=1579226773328&CODE_STATE=getMsg HTTP/1.1" 200 27
116.224.233.159 - - [17/Jan/2020:10:06:06 +0800] "GET /xingrg/check_reg.html?_=1579226919181 HTTP/1.1" 200 22
124.77.241.94 - - [17/Jan/2020:10:06:06 +0800] "GET /xingrg/all/function/internal_message.html?_=1579226764084&CODE_STATE=getMsg HTTP/1.1" 200 27
116.224.233.159 - - [17/Jan/2020:10:06:07 +0800] "GET /xingrg/all/function/internal_message.html?_=1579226920904&CODE_STATE=getMsg HTTP/1.1" 200 27
124.78.138.225 - - [17/Jan/2020:10:06:12 +0800] "GET /favicon.ico HTTP/1.1" 404 -
114.88.170.138 - - [17/Jan/2020:10:06:15 +0800] "GET /xingrg/all/function/internal_message.html?_=1579226773417&CODE_STATE=getMsg HTTP/1.1" 200 27
116.224.233.159 - - [17/Jan/2020:10:06:17 +0800] "GET /xingrg/all/function/internal_message.html?_=1579226775775&CODE_STATE=getMsg HTTP/1.1" 200 27
101.81.139.201 - - [17/Jan/2020:10:06:18 +0800] "POST /xingrg/supplier/cgsh_list_operate.html HTTP/1.1" 200 6163
58.221.95.50 - - [17/Jan/2020:10:06:21 +0800] "GET /xingrg/all/function/internal_message.html?_=1579227089881&CODE_STATE=getMsg HTTP/1.1" 200 27
58.40.7.146 - - [17/Jan/2020:10:06:21 +0800] "GET /xingrg/all/function/internal_message.html?_=1579226777991&CODE_STATE=getMsg HTTP/1.1" 200 27
114.88.170.138 - - [17/Jan/2020:10:06:24 +0800] "GET /xingrg/all/function/internal_message.html?_=1579227006577&CODE_STATE=getMsg HTTP/1.1" 200 27
101.81.139.201 - - [17/Jan/2020:10:06:25 +0800] "POST /xingrg/supplier/cgsh_list_operate.html HTTP/1.1" 200 6169
117.184.7.26 - - [17/Jan/2020:10:06:34 +0800] "GET /xingrg/all/function/internal_message.html?_=1579226780614&CODE_STATE=getMsg HTTP/1.1" 200 27
117.184.7.30 - - [17/Jan/2020:10:06:40 +0800] "POST /xingrg/kc/buy/cgsh_order_operate.html HTTP/1.1" 200 37
124.77.241.94 - - [17/Jan/2020:10:06:40 +0800] "GET /xingrg/all/function/internal_message.html?_=1579226801540&CODE_STATE=getMsg HTTP/1.1" 200 27
117.184.7.30 - - [17/Jan/2020:10:06:41 +0800] "POST /xingrg/kc/buy/cgsh_order_operate.html HTTP/1.1" 200 38732
101.81.139.201 - - [17/Jan/2020:10:06:42 +0800] "POST /xingrg/supplier/cgsh_list_operate.html HTTP/1.1" 200 6163
180.157.252.250 - - [17/Jan/2020:10:06:43 +0800] "POST /xingrg/services/DataTransmitService HTTP/1.1" 200 524
180.157.252.250 - - [17/Jan/2020:10:06:44 +0800] "POST /xingrg/services/DataTransmitService HTTP/1.1" 200 501
180.157.252.250 - - [17/Jan/2020:10:06:44 +0800] "POST /xingrg/services/DataTransmitService HTTP/1.1" 200 501
58.40.7.146 - - [17/Jan/2020:10:06:44 +0800] "GET /xingrg/all/function/internal_message.html?_=1579226800985&CODE_STATE=getMsg HTTP/1.1" 200 27
180.157.252.250 - - [17/Jan/2020:10:06:46 +0800] "POST /xingrg/services/DataTransmitService HTTP/1.1" 200 501
222.69.134.68 - - [17/Jan/2020:10:06:47 +0800] "GET /xingrg/all/function/internal_message.html?_=1579226798453&CODE_STATE=getMsg HTTP/1.1" 200 27
180.157.252.250 - - [17/Jan/2020:10:06:47 +0800] "POST /xingrg/services/DataTransmitService HTTP/1.1" 200 501
180.157.252.250 - - [17/Jan/2020:10:06:48 +0800] "POST /xingrg/services/DataTransmitService HTTP/1.1" 200 501
180.157.252.250 - - [17/Jan/2020:10:06:48 +0800] "POST /xingrg/services/DataTransmitService HTTP/1.1" 200 501
180.157.252.250 - - [17/Jan/2020:10:06:48 +0800] "POST /xingrg/services/DataTransmitService HTTP/1.1" 200 501
180.157.252.250 - - [17/Jan/2020:10:06:48 +0800] "POST /xingrg/services/DataTransmitService HTTP/1.1" 200 501
180.157.252.250 - - [17/Jan/2020:10:06:48 +0800] "POST /xingrg/services/DataTransmitService HTTP/1.1" 200 412
180.157.252.250 - - [17/Jan/2020:10:06:49 +0800] "POST /xingrg/services/DataTransmitService HTTP/1.1" 200 524
180.157.252.250 - - [17/Jan/2020:10:06:50 +0800] "POST /xingrg/services/DataTransmitService HTTP/1.1" 200 501
58.221.95.50 - - [17/Jan/2020:10:06:52 +0800] "GET /xingrg/all/function/internal_message.html?_=1579226983637&CODE_STATE=getMsg HTTP/1.1" 302 -
58.221.95.50 - - [17/Jan/2020:10:06:52 +0800] "GET /xingrg/check_reg.html?_=1579226983639 HTTP/1.1" 302 -
180.157.252.250 - - [17/Jan/2020:10:06:54 +0800] "POST /xingrg/services/DataTransmitService HTTP/1.1" 200 524
180.157.252.250 - - [17/Jan/2020:10:06:54 +0800] "POST /xingrg/services/DataTransmitService HTTP/1.1" 200 501
117.184.7.26 - - [17/Jan/2020:10:06:55 +0800] "POST /xingrg/kc/buy/cgsh_order_operate.html HTTP/1.1" 200 37
117.184.7.26 - - [17/Jan/2020:10:06:56 +0800] "POST /xingrg/kc/buy/cgsh_order_operate.html HTTP/1.1" 200 38732
114.93.75.19 - - [17/Jan/2020:10:06:57 +0800] "GET /xingrg/all/function/internal_message.html?_=1579226723017&CODE_STATE=getMsg HTTP/1.1" 200 27
116.238.181.252 - - [17/Jan/2020:10:06:57 +0800] "GET /xingrg/kc/base/wldb_order_operate.html?command=get_materiel&rest_code=00150&base_code=0010446&code=00102002560 HTTP/1.1" 200 434
117.184.7.26 - - [17/Jan/2020:10:06:57 +0800] "GET /xingrg/all/function/internal_message.html?_=1579226801122&CODE_STATE=getMsg HTTP/1.1" 200 27
180.157.252.250 - - [17/Jan/2020:10:06:57 +0800] "POST /xingrg/services/DataTransmitService HTTP/1.1" 200 524
116.238.181.252 - - [17/Jan/2020:10:06:58 +0800] "GET /xingrg/all/function/internal_message.html?_=1579226815229&CODE_STATE=getMsg HTTP/1.1" 200 27
180.157.252.250 - - [17/Jan/2020:10:07:01 +0800] "POST /xingrg/services/DataTransmitService HTTP/1.1" 200 524
116.238.181.252 - - [17/Jan/2020:10:07:02 +0800] "GET /xingrg/kc/base/wldb_order_operate.html?command=get_materiel&rest_code=00150&base_code=0010446&code=00102015055 HTTP/1.1" 200 439
114.88.159.93 - - [17/Jan/2020:10:07:03 +0800] "GET /xingrg/all/function/internal_message.html?_=1579226573079&CODE_STATE=getMsg HTTP/1.1" 302 -
101.81.125.204 - - [17/Jan/2020:10:07:03 +0800] "GET /xingrg/all/function/internal_message.html?_=1579226818526&CODE_STATE=getMsg HTTP/1.1" 200 27
116.238.35.243 - - [17/Jan/2020:10:07:05 +0800] "GET /xingrg/all/function/internal_message.html?_=1579226825459&CODE_STATE=getMsg HTTP/1.1" 200 27
114.88.159.93 - - [17/Jan/2020:10:07:05 +0800] "GET /xingrg/all/function/internal_message.html?_=1579226833307&CODE_STATE=getMsg HTTP/1.1" 200 27
124.77.241.94 - - [17/Jan/2020:10:07:06 +0800] "GET /xingrg/all/function/internal_message.html?_=1579226824092&CODE_STATE=getMsg HTTP/1.1" 200 27
116.224.233.159 - - [17/Jan/2020:10:07:07 +0800] "GET /xingrg/all/function/internal_message.html?_=1579226980917&CODE_STATE=getMsg HTTP/1.1" 200 27
116.238.181.252 - - [17/Jan/2020:10:07:09 +0800] "GET /xingrg/kc/base/wldb_order_operate.html?command=get_materiel&rest_code=00150&base_code=0010446&code=00102002347 HTTP/1.1" 200 441
116.238.181.252 - - [17/Jan/2020:10:07:14 +0800] "GET /xingrg/kc/base/wldb_order_operate.html?command=get_materiel&rest_code=00150&base_code=0010446&code=00102002497 HTTP/1.1" 200 439
114.88.170.138 - - [17/Jan/2020:10:07:15 +0800] "GET /xingrg/all/function/internal_message.html?_=1579226833431&CODE_STATE=getMsg HTTP/1.1" 200 27
116.224.233.159 - - [17/Jan/2020:10:07:17 +0800] "GET /xingrg/all/function/internal_message.html?_=1579226835799&CODE_STATE=getMsg HTTP/1.1" 200 27
116.224.233.159 - - [17/Jan/2020:10:07:17 +0800] "GET /xingrg/check_reg.html?_=1579226835797 HTTP/1.1" 200 22
58.221.95.50 - - [17/Jan/2020:10:07:21 +0800] "GET /xingrg/all/function/internal_message.html?_=1579227149897&CODE_STATE=getMsg HTTP/1.1" 200 27
58.40.7.146 - - [17/Jan/2020:10:07:21 +0800] "GET /xingrg/all/function/internal_message.html?_=1579226837993&CODE_STATE=getMsg HTTP/1.1" 200 27
114.88.170.138 - - [17/Jan/2020:10:07:24 +0800] "GET /xingrg/all/function/internal_message.html?_=1579227066578&CODE_STATE=getMsg HTTP/1.1" 200 27
116.238.181.252 - - [17/Jan/2020:10:07:30 +0800] "POST /xingrg/kc/base/wldb_order_operate.html HTTP/1.1" 200 37
116.238.181.252 - - [17/Jan/2020:10:07:31 +0800] "POST /xingrg/kc/base/wldb_order_operate.html HTTP/1.1" 200 12
116.238.181.252 - - [17/Jan/2020:10:07:31 +0800] "POST /xingrg/kc/base/wldb_order_operate.html HTTP/1.1" 200 3643
116.238.181.252 - - [17/Jan/2020:10:07:32 +0800] "GET /xingrg/kc/base/wldb_order_info.html?code=422020011702492 HTTP/1.1" 200 26214
116.238.181.252 - - [17/Jan/2020:10:07:32 +0800] "GET /xingrg/javascript/easyui/themes/default/validatebox.css HTTP/1.1" 404 1104
116.238.181.252 - - [17/Jan/2020:10:07:32 +0800] "POST /xingrg/kc/base/wldb_order_operate.html HTTP/1.1" 200 1906
117.184.7.26 - - [17/Jan/2020:10:07:34 +0800] "GET /xingrg/all/function/internal_message.html?_=1579226840605&CODE_STATE=getMsg HTTP/1.1" 200 27
116.238.181.252 - - [17/Jan/2020:10:07:35 +0800] "GET /xingrg/kc/base/wldb_order_add.html HTTP/1.1" 200 30334
