58.221.95.50 - - [17/Jan/2020:06:57:52 +0800] "GET /xingrg/all/function/internal_message.html?_=1579215643277&CODE_STATE=getMsg HTTP/1.1" 302 -
124.77.241.94 - - [17/Jan/2020:06:58:01 +0800] "GET /xingrg/all/function/internal_message.html?_=1579215478286&CODE_STATE=getMsg HTTP/1.1" 200 27
124.77.241.94 - - [17/Jan/2020:06:58:05 +0800] "GET /xingrg/all/function/internal_message.html?_=1579215485293&CODE_STATE=getMsg HTTP/1.1" 200 27
114.88.159.93 - - [17/Jan/2020:06:58:10 +0800] "GET /xingrg/all/function/internal_message.html?_=1579215497786&CODE_STATE=getMsg HTTP/1.1" 200 27
101.85.55.199 - - [17/Jan/2020:06:58:10 +0800] "GET /xingrg/all/function/internal_message.html?_=1579215267721&CODE_STATE=getMsg HTTP/1.1" 200 27
120.253.135.82 - - [17/Jan/2020:06:58:13 +0800] "GET /xingrg/all/function/internal_message.html?_=1579215229763&CODE_STATE=getMsg HTTP/1.1" 200 27
117.131.5.26 - - [17/Jan/2020:06:58:14 +0800] "GET /xingrg/all/function/internal_message.html?_=1579215502394&CODE_STATE=getMsg HTTP/1.1" 200 27
180.162.232.172 - - [17/Jan/2020:06:58:19 +0800] "GET /xingrg/all/function/internal_message.html?_=1579215607286&CODE_STATE=getMsg HTTP/1.1" 200 27
58.221.95.50 - - [17/Jan/2020:06:58:20 +0800] "GET /xingrg/check_reg.html?_=1579215809568 HTTP/1.1" 200 22
58.221.95.50 - - [17/Jan/2020:06:58:20 +0800] "GET /xingrg/all/function/internal_message.html?_=1579215809569&CODE_STATE=getMsg HTTP/1.1" 200 27
58.40.7.146 - - [17/Jan/2020:06:58:36 +0800] "GET /xingrg/all/function/internal_message.html?_=1579215512878&CODE_STATE=getMsg HTTP/1.1" 200 27
124.77.241.94 - - [17/Jan/2020:06:58:37 +0800] "GET /xingrg/check_reg.html?_=1579215517943 HTTP/1.1" 200 22
172.17.2.150 - - [17/Jan/2020:06:58:39 +0800] "GET /xingrg/all/function/internal_message.html?_=1579215490603&CODE_STATE=getMsg HTTP/1.1" 200 27
172.17.2.150 - - [17/Jan/2020:06:58:43 +0800] "GET /xingrg/all/function/internal_message.html?_=1579215494165&CODE_STATE=getMsg HTTP/1.1" 200 27
120.253.135.82 - - [17/Jan/2020:06:58:44 +0800] "POST /xingrg/kc/pszx/mdps_order_operate.html HTTP/1.1" 200 37
58.40.7.146 - - [17/Jan/2020:06:58:44 +0800] "GET /xingrg/all/function/internal_message.html?_=1579215520934&CODE_STATE=getMsg HTTP/1.1" 200 27
120.253.135.82 - - [17/Jan/2020:06:58:45 +0800] "GET /xingrg/kc/pszx/mdps_order_info.html?code=312020011700502 HTTP/1.1" 200 23835
120.253.135.82 - - [17/Jan/2020:06:58:45 +0800] "GET /xingrg/javascript/easyui/themes/default/validatebox.css HTTP/1.1" 404 1104
120.253.135.82 - - [17/Jan/2020:06:58:45 +0800] "POST /xingrg/kc/pszx/mdps_order_operate.html HTTP/1.1" 200 17322
124.77.241.94 - - [17/Jan/2020:06:58:51 +0800] "GET /xingrg/check_reg.html?_=1579215527998 HTTP/1.1" 200 22
58.221.95.50 - - [17/Jan/2020:06:58:52 +0800] "GET /xingrg/all/function/internal_message.html?_=1579215703276&CODE_STATE=getMsg HTTP/1.1" 302 -
120.253.135.82 - - [17/Jan/2020:06:58:53 +0800] "POST /xingrg/kc/pszx/mdps_list_operate.html HTTP/1.1" 200 4297
120.253.135.82 - - [17/Jan/2020:06:58:54 +0800] "POST /xingrg/kc/pszx/mdps_list_operate.html HTTP/1.1" 200 590
120.253.135.82 - - [17/Jan/2020:06:58:55 +0800] "GET /xingrg/kc/pszx/mdps_order_info.html?code=312020011700499 HTTP/1.1" 200 23835
120.253.135.82 - - [17/Jan/2020:06:58:56 +0800] "GET /xingrg/javascript/easyui/themes/default/validatebox.css HTTP/1.1" 404 1104
120.253.135.82 - - [17/Jan/2020:06:58:56 +0800] "POST /xingrg/kc/pszx/mdps_order_operate.html HTTP/1.1" 200 7770
120.253.135.82 - - [17/Jan/2020:06:58:59 +0800] "POST /xingrg/kc/pszx/mdps_list_operate.html HTTP/1.1" 200 4297
124.77.241.94 - - [17/Jan/2020:06:59:01 +0800] "GET /xingrg/all/function/internal_message.html?_=1579215538292&CODE_STATE=getMsg HTTP/1.1" 200 27
120.253.135.82 - - [17/Jan/2020:06:59:01 +0800] "POST /xingrg/kc/pszx/mdps_list_operate.html HTTP/1.1" 200 660
120.253.135.82 - - [17/Jan/2020:06:59:04 +0800] "POST /xingrg/kc/pszx/mdps_list_operate.html HTTP/1.1" 200 453
124.77.241.94 - - [17/Jan/2020:06:59:05 +0800] "GET /xingrg/all/function/internal_message.html?_=1579215545305&CODE_STATE=getMsg HTTP/1.1" 200 27
120.253.135.82 - - [17/Jan/2020:06:59:10 +0800] "GET /xingrg/kc/pszx/mdps_order_info.html?code=312020011700502 HTTP/1.1" 200 23835
114.88.159.93 - - [17/Jan/2020:06:59:10 +0800] "GET /xingrg/all/function/internal_message.html?_=1579215557766&CODE_STATE=getMsg HTTP/1.1" 200 27
120.253.135.82 - - [17/Jan/2020:06:59:10 +0800] "GET /xingrg/javascript/easyui/themes/default/validatebox.css HTTP/1.1" 404 1104
120.253.135.82 - - [17/Jan/2020:06:59:10 +0800] "POST /xingrg/kc/pszx/mdps_order_operate.html HTTP/1.1" 200 17322
101.85.55.199 - - [17/Jan/2020:06:59:10 +0800] "GET /xingrg/all/function/internal_message.html?_=1579215327706&CODE_STATE=getMsg HTTP/1.1" 200 27
120.253.135.82 - - [17/Jan/2020:06:59:13 +0800] "GET /xingrg/check_reg.html?_=1579215289657 HTTP/1.1" 200 22
120.253.135.82 - - [17/Jan/2020:06:59:13 +0800] "GET /xingrg/all/function/internal_message.html?_=1579215290080&CODE_STATE=getMsg HTTP/1.1" 200 27
117.131.5.26 - - [17/Jan/2020:06:59:14 +0800] "GET /xingrg/all/function/internal_message.html?_=1579215562394&CODE_STATE=getMsg HTTP/1.1" 200 27
180.162.232.172 - - [17/Jan/2020:06:59:19 +0800] "GET /xingrg/all/function/internal_message.html?_=1579215667305&CODE_STATE=getMsg HTTP/1.1" 200 27
58.221.95.50 - - [17/Jan/2020:06:59:21 +0800] "GET /xingrg/all/function/internal_message.html?_=1579215869603&CODE_STATE=getMsg HTTP/1.1" 200 27
120.253.135.82 - - [17/Jan/2020:06:59:25 +0800] "GET /xingrg/kc/pszx/mdps_order_operate.html?command=get_materiel&pszx_code=00101&rest_code=00104&base_code=0010246&code=00101019249 HTTP/1.1" 200 483
120.253.135.82 - - [17/Jan/2020:06:59:27 +0800] "POST /xingrg/all/common/load_select.html HTTP/1.1" 200 25
120.253.135.82 - - [17/Jan/2020:06:59:30 +0800] "GET /xingrg/kc/pszx/mdps_order_operate.html?command=get_materiel_price&pszx_code=00101&rest_code=00104&base_code=0010246&code=00101019249&unit_code=00100179&order_time=2020-01-18 HTTP/1.1" 200 35
58.40.7.146 - - [17/Jan/2020:06:59:36 +0800] "GET /xingrg/all/function/internal_message.html?_=1579215572880&CODE_STATE=getMsg HTTP/1.1" 200 27
172.17.2.150 - - [17/Jan/2020:06:59:39 +0800] "GET /xingrg/all/function/internal_message.html?_=1579215550585&CODE_STATE=getMsg HTTP/1.1" 200 27
172.17.2.150 - - [17/Jan/2020:06:59:43 +0800] "GET /xingrg/all/function/internal_message.html?_=1579215554165&CODE_STATE=getMsg HTTP/1.1" 200 27
58.40.7.146 - - [17/Jan/2020:06:59:44 +0800] "GET /xingrg/all/function/internal_message.html?_=1579215580921&CODE_STATE=getMsg HTTP/1.1" 200 27
120.253.135.82 - - [17/Jan/2020:06:59:47 +0800] "POST /xingrg/kc/pszx/mdps_order_operate.html HTTP/1.1" 200 37
120.253.135.82 - - [17/Jan/2020:06:59:48 +0800] "GET /xingrg/kc/pszx/mdps_order_info.html?code=312020011700502 HTTP/1.1" 200 23835
120.253.135.82 - - [17/Jan/2020:06:59:48 +0800] "GET /xingrg/javascript/easyui/themes/default/validatebox.css HTTP/1.1" 404 1104
120.253.135.82 - - [17/Jan/2020:06:59:48 +0800] "POST /xingrg/kc/pszx/mdps_order_operate.html HTTP/1.1" 200 17333
58.221.95.50 - - [17/Jan/2020:06:59:52 +0800] "GET /xingrg/all/function/internal_message.html?_=1579215763274&CODE_STATE=getMsg HTTP/1.1" 302 -
114.88.159.93 - - [17/Jan/2020:06:59:57 +0800] "GET /xingrg/check_reg.html?_=1579215604613 HTTP/1.1" 200 22
124.77.241.94 - - [17/Jan/2020:07:00:01 +0800] "GET /xingrg/all/function/internal_message.html?_=1579215598306&CODE_STATE=getMsg HTTP/1.1" 200 27
117.131.5.26 - - [17/Jan/2020:07:00:02 +0800] "GET /xingrg/check_reg.html?_=1579215610065 HTTP/1.1" 200 22
124.77.241.94 - - [17/Jan/2020:07:00:05 +0800] "GET /xingrg/all/function/internal_message.html?_=1579215605319&CODE_STATE=getMsg HTTP/1.1" 200 27
114.88.159.93 - - [17/Jan/2020:07:00:10 +0800] "GET /xingrg/all/function/internal_message.html?_=1579215617734&CODE_STATE=getMsg HTTP/1.1" 200 27
101.85.55.199 - - [17/Jan/2020:07:00:10 +0800] "GET /xingrg/all/function/internal_message.html?_=1579215387692&CODE_STATE=getMsg HTTP/1.1" 200 27
120.253.135.82 - - [17/Jan/2020:07:00:13 +0800] "GET /xingrg/all/function/internal_message.html?_=1579215350130&CODE_STATE=getMsg HTTP/1.1" 200 27
117.131.5.26 - - [17/Jan/2020:07:00:14 +0800] "GET /xingrg/all/function/internal_message.html?_=1579215622409&CODE_STATE=getMsg HTTP/1.1" 200 27
180.162.232.172 - - [17/Jan/2020:07:00:19 +0800] "GET /xingrg/all/function/internal_message.html?_=1579215727313&CODE_STATE=getMsg HTTP/1.1" 200 27
58.221.95.50 - - [17/Jan/2020:07:00:20 +0800] "GET /xingrg/all/function/internal_message.html?_=1579215929581&CODE_STATE=getMsg HTTP/1.1" 200 27
120.253.135.82 - - [17/Jan/2020:07:00:24 +0800] "POST /xingrg/kc/pszx/mdps_order_operate.html HTTP/1.1" 200 37
120.253.135.82 - - [17/Jan/2020:07:00:25 +0800] "GET /xingrg/kc/pszx/mdps_order_info.html?code=312020011700502 HTTP/1.1" 200 23835
120.253.135.82 - - [17/Jan/2020:07:00:25 +0800] "GET /xingrg/javascript/easyui/themes/default/validatebox.css HTTP/1.1" 404 1104
120.253.135.82 - - [17/Jan/2020:07:00:26 +0800] "POST /xingrg/kc/pszx/mdps_order_operate.html HTTP/1.1" 200 17333
120.253.135.82 - - [17/Jan/2020:07:00:27 +0800] "POST /xingrg/kc/pszx/mdps_list_operate.html HTTP/1.1" 200 4297
120.253.135.82 - - [17/Jan/2020:07:00:29 +0800] "POST /xingrg/kc/pszx/mdps_list_operate.html HTTP/1.1" 200 203
120.253.135.82 - - [17/Jan/2020:07:00:30 +0800] "GET /xingrg/kc/pszx/mdps_order_info.html?code=312020011700517 HTTP/1.1" 200 23833
120.253.135.82 - - [17/Jan/2020:07:00:31 +0800] "GET /xingrg/javascript/easyui/themes/default/validatebox.css HTTP/1.1" 404 1104
120.253.135.82 - - [17/Jan/2020:07:00:31 +0800] "POST /xingrg/kc/pszx/mdps_order_operate.html HTTP/1.1" 200 2292
120.253.135.82 - - [17/Jan/2020:07:00:33 +0800] "POST /xingrg/kc/pszx/mdps_list_operate.html HTTP/1.1" 200 4297
58.40.7.146 - - [17/Jan/2020:07:00:36 +0800] "GET /xingrg/all/function/internal_message.html?_=1579215632866&CODE_STATE=getMsg HTTP/1.1" 200 27
172.17.2.150 - - [17/Jan/2020:07:00:39 +0800] "GET /xingrg/all/function/internal_message.html?_=1579215610569&CODE_STATE=getMsg HTTP/1.1" 200 27
172.17.2.150 - - [17/Jan/2020:07:00:43 +0800] "GET /xingrg/all/function/internal_message.html?_=1579215614166&CODE_STATE=getMsg HTTP/1.1" 200 27
58.40.7.146 - - [17/Jan/2020:07:00:44 +0800] "GET /xingrg/all/function/internal_message.html?_=1579215640924&CODE_STATE=getMsg HTTP/1.1" 200 27
58.221.95.50 - - [17/Jan/2020:07:00:52 +0800] "GET /xingrg/all/function/internal_message.html?_=1579215823273&CODE_STATE=getMsg HTTP/1.1" 302 -
120.253.135.82 - - [17/Jan/2020:07:00:52 +0800] "POST /xingrg/kc/pszx/mdps_list_operate.html HTTP/1.1" 200 4677
120.253.135.82 - - [17/Jan/2020:07:00:54 +0800] "POST /xingrg/kc/pszx/mdps_list_operate.html HTTP/1.1" 200 205
120.253.135.82 - - [17/Jan/2020:07:00:55 +0800] "POST /xingrg/kc/pszx/mdps_list_operate.html HTTP/1.1" 200 603
120.253.135.82 - - [17/Jan/2020:07:00:56 +0800] "GET /xingrg/kc/pszx/mdps_order_info.html?code=312020011700503 HTTP/1.1" 200 23835
120.253.135.82 - - [17/Jan/2020:07:00:56 +0800] "GET /xingrg/javascript/easyui/themes/default/validatebox.css HTTP/1.1" 404 1104
120.253.135.82 - - [17/Jan/2020:07:00:57 +0800] "POST /xingrg/kc/pszx/mdps_order_operate.html HTTP/1.1" 200 7224
120.253.135.82 - - [17/Jan/2020:07:00:59 +0800] "POST /xingrg/kc/pszx/mdps_order_operate.html HTTP/1.1" 200 37
120.253.135.82 - - [17/Jan/2020:07:01:00 +0800] "GET /xingrg/kc/pszx/mdps_order_info.html?code=312020011700503 HTTP/1.1" 200 23835
120.253.135.82 - - [17/Jan/2020:07:01:01 +0800] "GET /xingrg/javascript/easyui/themes/default/validatebox.css HTTP/1.1" 404 1104
120.253.135.82 - - [17/Jan/2020:07:01:01 +0800] "POST /xingrg/kc/pszx/mdps_order_operate.html HTTP/1.1" 200 7310
124.77.241.94 - - [17/Jan/2020:07:01:01 +0800] "GET /xingrg/all/function/internal_message.html?_=1579215658327&CODE_STATE=getMsg HTTP/1.1" 200 27
124.77.241.94 - - [17/Jan/2020:07:01:05 +0800] "GET /xingrg/all/function/internal_message.html?_=1579215665840&CODE_STATE=getMsg HTTP/1.1" 200 27
114.88.159.93 - - [17/Jan/2020:07:01:10 +0800] "GET /xingrg/all/function/internal_message.html?_=1579215677711&CODE_STATE=getMsg HTTP/1.1" 200 27
101.85.55.199 - - [17/Jan/2020:07:01:10 +0800] "GET /xingrg/all/function/internal_message.html?_=1579215447674&CODE_STATE=getMsg HTTP/1.1" 200 27
120.253.135.82 - - [17/Jan/2020:07:01:13 +0800] "GET /xingrg/all/function/internal_message.html?_=1579215410156&CODE_STATE=getMsg HTTP/1.1" 200 27
117.131.5.26 - - [17/Jan/2020:07:01:14 +0800] "GET /xingrg/all/function/internal_message.html?_=1579215682409&CODE_STATE=getMsg HTTP/1.1" 200 27
180.162.232.172 - - [17/Jan/2020:07:01:19 +0800] "GET /xingrg/all/function/internal_message.html?_=1579215787330&CODE_STATE=getMsg HTTP/1.1" 200 27
58.221.95.50 - - [17/Jan/2020:07:01:21 +0800] "GET /xingrg/all/function/internal_message.html?_=1579215989601&CODE_STATE=getMsg HTTP/1.1" 200 27
101.85.55.199 - - [17/Jan/2020:07:01:24 +0800] "GET /xingrg/check_reg.html?_=1579215461389 HTTP/1.1" 200 22
58.40.7.146 - - [17/Jan/2020:07:01:36 +0800] "GET /xingrg/all/function/internal_message.html?_=1579215692872&CODE_STATE=getMsg HTTP/1.1" 200 27
58.40.7.146 - - [17/Jan/2020:07:01:36 +0800] "GET /xingrg/check_reg.html?_=1579215692898 HTTP/1.1" 200 22
172.17.2.150 - - [17/Jan/2020:07:01:39 +0800] "GET /xingrg/all/function/internal_message.html?_=1579215670556&CODE_STATE=getMsg HTTP/1.1" 200 27
172.17.2.150 - - [17/Jan/2020:07:01:43 +0800] "GET /xingrg/all/function/internal_message.html?_=1579215674167&CODE_STATE=getMsg HTTP/1.1" 200 27
58.40.7.146 - - [17/Jan/2020:07:01:44 +0800] "GET /xingrg/all/function/internal_message.html?_=1579215700928&CODE_STATE=getMsg HTTP/1.1" 200 27
172.17.2.150 - - [17/Jan/2020:07:01:52 +0800] "GET /xingrg/check_reg.html?_=1579215682837 HTTP/1.1" 200 22
58.221.95.50 - - [17/Jan/2020:07:01:52 +0800] "GET /xingrg/all/function/internal_message.html?_=1579215883274&CODE_STATE=getMsg HTTP/1.1" 302 -
58.221.95.50 - - [17/Jan/2020:07:01:52 +0800] "GET /xingrg/check_reg.html?_=1579215883275 HTTP/1.1" 302 -
124.77.241.94 - - [17/Jan/2020:07:02:01 +0800] "GET /xingrg/all/function/internal_message.html?_=1579215718334&CODE_STATE=getMsg HTTP/1.1" 200 27
124.77.241.94 - - [17/Jan/2020:07:02:05 +0800] "GET /xingrg/all/function/internal_message.html?_=1579215725844&CODE_STATE=getMsg HTTP/1.1" 200 27
114.88.159.93 - - [17/Jan/2020:07:02:10 +0800] "GET /xingrg/all/function/internal_message.html?_=1579215737685&CODE_STATE=getMsg HTTP/1.1" 200 27
101.85.55.199 - - [17/Jan/2020:07:02:10 +0800] "GET /xingrg/all/function/internal_message.html?_=1579215507644&CODE_STATE=getMsg HTTP/1.1" 200 27
180.162.232.172 - - [17/Jan/2020:07:02:10 +0800] "GET /xingrg/check_reg.html?_=1579215838338 HTTP/1.1" 200 22
120.253.135.82 - - [17/Jan/2020:07:02:13 +0800] "GET /xingrg/all/function/internal_message.html?_=1579215470170&CODE_STATE=getMsg HTTP/1.1" 200 27
117.131.5.26 - - [17/Jan/2020:07:02:14 +0800] "GET /xingrg/all/function/internal_message.html?_=1579215742409&CODE_STATE=getMsg HTTP/1.1" 200 27
180.162.232.172 - - [17/Jan/2020:07:02:20 +0800] "GET /xingrg/all/function/internal_message.html?_=1579215847341&CODE_STATE=getMsg HTTP/1.1" 200 27
120.253.135.82 - - [17/Jan/2020:07:02:21 +0800] "GET /xingrg/kc/pszx/mdps_order_operate.html?command=get_materiel&pszx_code=00101&rest_code=00141&base_code=0010246&code=00101018012 HTTP/1.1" 200 476
58.221.95.50 - - [17/Jan/2020:07:02:21 +0800] "GET /xingrg/all/function/internal_message.html?_=1579216049577&CODE_STATE=getMsg HTTP/1.1" 200 27
120.253.135.82 - - [17/Jan/2020:07:02:23 +0800] "POST /xingrg/all/common/load_select.html HTTP/1.1" 200 25
120.253.135.82 - - [17/Jan/2020:07:02:24 +0800] "GET /xingrg/kc/pszx/mdps_order_operate.html?command=get_materiel_price&pszx_code=00101&rest_code=00141&base_code=0010246&code=00101018012&unit_code=00100078&order_time=2020-01-18 HTTP/1.1" 200 35
58.40.7.146 - - [17/Jan/2020:07:02:36 +0800] "GET /xingrg/all/function/internal_message.html?_=1579215752899&CODE_STATE=getMsg HTTP/1.1" 200 27
172.17.2.150 - - [17/Jan/2020:07:02:39 +0800] "GET /xingrg/all/function/internal_message.html?_=1579215730544&CODE_STATE=getMsg HTTP/1.1" 200 27
120.253.135.82 - - [17/Jan/2020:07:02:41 +0800] "POST /xingrg/kc/pszx/mdps_order_operate.html HTTP/1.1" 200 37
120.253.135.82 - - [17/Jan/2020:07:02:42 +0800] "GET /xingrg/kc/pszx/mdps_order_info.html?code=312020011700503 HTTP/1.1" 200 23835
120.253.135.82 - - [17/Jan/2020:07:02:42 +0800] "GET /xingrg/javascript/easyui/themes/default/validatebox.css HTTP/1.1" 404 1104
120.253.135.82 - - [17/Jan/2020:07:02:43 +0800] "POST /xingrg/kc/pszx/mdps_order_operate.html HTTP/1.1" 200 7313
172.17.2.150 - - [17/Jan/2020:07:02:43 +0800] "GET /xingrg/all/function/internal_message.html?_=1579215734165&CODE_STATE=getMsg HTTP/1.1" 200 27
172.17.2.150 - - [17/Jan/2020:07:02:43 +0800] "GET /xingrg/check_reg.html?_=1579215734170 HTTP/1.1" 200 22
58.40.7.146 - - [17/Jan/2020:07:02:44 +0800] "GET /xingrg/all/function/internal_message.html?_=1579215760932&CODE_STATE=getMsg HTTP/1.1" 200 27
58.40.7.146 - - [17/Jan/2020:07:02:44 +0800] "GET /xingrg/check_reg.html?_=1579215760934 HTTP/1.1" 200 22
58.221.95.50 - - [17/Jan/2020:07:02:52 +0800] "GET /xingrg/all/function/internal_message.html?_=1579215943274&CODE_STATE=getMsg HTTP/1.1" 302 -
120.253.135.82 - - [17/Jan/2020:07:02:53 +0800] "POST /xingrg/kc/pszx/mdps_order_operate.html HTTP/1.1" 200 37
120.253.135.82 - - [17/Jan/2020:07:02:53 +0800] "GET /xingrg/kc/pszx/mdps_order_info.html?code=312020011700503 HTTP/1.1" 200 23835
120.253.135.82 - - [17/Jan/2020:07:02:54 +0800] "GET /xingrg/javascript/easyui/themes/default/validatebox.css HTTP/1.1" 404 1104
120.253.135.82 - - [17/Jan/2020:07:02:54 +0800] "POST /xingrg/kc/pszx/mdps_order_operate.html HTTP/1.1" 200 7312
124.77.241.94 - - [17/Jan/2020:07:03:01 +0800] "GET /xingrg/all/function/internal_message.html?_=1579215778354&CODE_STATE=getMsg HTTP/1.1" 200 27
124.77.241.94 - - [17/Jan/2020:07:03:06 +0800] "GET /xingrg/all/function/internal_message.html?_=1579215786366&CODE_STATE=getMsg HTTP/1.1" 200 27
114.88.159.93 - - [17/Jan/2020:07:03:10 +0800] "GET /xingrg/all/function/internal_message.html?_=1579215797654&CODE_STATE=getMsg HTTP/1.1" 200 27
101.85.55.199 - - [17/Jan/2020:07:03:10 +0800] "GET /xingrg/all/function/internal_message.html?_=1579215567632&CODE_STATE=getMsg HTTP/1.1" 200 27
120.253.135.82 - - [17/Jan/2020:07:03:13 +0800] "GET /xingrg/all/function/internal_message.html?_=1579215530179&CODE_STATE=getMsg HTTP/1.1" 200 27
117.131.5.26 - - [17/Jan/2020:07:03:14 +0800] "GET /xingrg/all/function/internal_message.html?_=1579215802409&CODE_STATE=getMsg HTTP/1.1" 200 27
180.162.232.172 - - [17/Jan/2020:07:03:20 +0800] "GET /xingrg/all/function/internal_message.html?_=1579215907354&CODE_STATE=getMsg HTTP/1.1" 200 27
58.221.95.50 - - [17/Jan/2020:07:03:21 +0800] "GET /xingrg/check_reg.html?_=1579216109597 HTTP/1.1" 200 22
58.221.95.50 - - [17/Jan/2020:07:03:21 +0800] "GET /xingrg/all/function/internal_message.html?_=1579216109597&CODE_STATE=getMsg HTTP/1.1" 200 27
58.40.7.146 - - [17/Jan/2020:07:03:36 +0800] "GET /xingrg/all/function/internal_message.html?_=1579215812902&CODE_STATE=getMsg HTTP/1.1" 200 27
124.77.241.94 - - [17/Jan/2020:07:03:37 +0800] "GET /xingrg/check_reg.html?_=1579215817953 HTTP/1.1" 200 22
172.17.2.150 - - [17/Jan/2020:07:03:39 +0800] "GET /xingrg/all/function/internal_message.html?_=1579215790528&CODE_STATE=getMsg HTTP/1.1" 200 27
172.17.2.150 - - [17/Jan/2020:07:03:43 +0800] "GET /xingrg/all/function/internal_message.html?_=1579215794166&CODE_STATE=getMsg HTTP/1.1" 200 27
58.40.7.146 - - [17/Jan/2020:07:03:44 +0800] "GET /xingrg/all/function/internal_message.html?_=1579215820937&CODE_STATE=getMsg HTTP/1.1" 200 27
117.184.7.26 - - [17/Jan/2020:07:03:48 +0800] "POST /xingrg/services/DataTransmitService HTTP/1.1" 200 524
117.184.7.26 - - [17/Jan/2020:07:03:48 +0800] "POST /xingrg/services/DataTransmitService HTTP/1.1" 200 501
117.184.7.26 - - [17/Jan/2020:07:03:48 +0800] "POST /xingrg/services/DataTransmitService HTTP/1.1" 200 501
117.184.7.26 - - [17/Jan/2020:07:03:50 +0800] "POST /xingrg/services/DataTransmitService HTTP/1.1" 200 501
124.77.241.94 - - [17/Jan/2020:07:03:51 +0800] "GET /xingrg/check_reg.html?_=1579215828002 HTTP/1.1" 200 22
117.184.7.26 - - [17/Jan/2020:07:03:51 +0800] "POST /xingrg/services/DataTransmitService HTTP/1.1" 200 501
117.184.7.26 - - [17/Jan/2020:07:03:51 +0800] "POST /xingrg/services/DataTransmitService HTTP/1.1" 200 501
120.253.135.82 - - [17/Jan/2020:07:03:52 +0800] "POST /xingrg/kc/pszx/mdps_order_operate.html HTTP/1.1" 200 37
117.184.7.26 - - [17/Jan/2020:07:03:52 +0800] "POST /xingrg/services/DataTransmitService HTTP/1.1" 200 501
117.184.7.26 - - [17/Jan/2020:07:03:52 +0800] "POST /xingrg/services/DataTransmitService HTTP/1.1" 200 501
117.184.7.26 - - [17/Jan/2020:07:03:52 +0800] "POST /xingrg/services/DataTransmitService HTTP/1.1" 200 501
58.221.95.50 - - [17/Jan/2020:07:03:52 +0800] "GET /xingrg/all/function/internal_message.html?_=1579216003275&CODE_STATE=getMsg HTTP/1.1" 302 -
117.184.7.26 - - [17/Jan/2020:07:03:52 +0800] "POST /xingrg/services/DataTransmitService HTTP/1.1" 200 412
120.253.135.82 - - [17/Jan/2020:07:03:52 +0800] "GET /xingrg/kc/pszx/mdps_order_info.html?code=312020011700503 HTTP/1.1" 200 23835
120.253.135.82 - - [17/Jan/2020:07:03:53 +0800] "GET /xingrg/javascript/easyui/themes/default/validatebox.css HTTP/1.1" 404 1104
120.253.135.82 - - [17/Jan/2020:07:03:53 +0800] "POST /xingrg/kc/pszx/mdps_order_operate.html HTTP/1.1" 200 7313
124.77.241.94 - - [17/Jan/2020:07:04:01 +0800] "GET /xingrg/all/function/internal_message.html?_=1579215838360&CODE_STATE=getMsg HTTP/1.1" 200 27
124.77.241.94 - - [17/Jan/2020:07:04:06 +0800] "GET /xingrg/all/function/internal_message.html?_=1579215846371&CODE_STATE=getMsg HTTP/1.1" 200 27
114.88.159.93 - - [17/Jan/2020:07:04:10 +0800] "GET /xingrg/all/function/internal_message.html?_=1579215857632&CODE_STATE=getMsg HTTP/1.1" 200 27
101.85.55.199 - - [17/Jan/2020:07:04:10 +0800] "GET /xingrg/all/function/internal_message.html?_=1579215627615&CODE_STATE=getMsg HTTP/1.1" 200 27
120.253.135.82 - - [17/Jan/2020:07:04:13 +0800] "GET /xingrg/check_reg.html?_=1579215589652 HTTP/1.1" 200 22
120.253.135.82 - - [17/Jan/2020:07:04:13 +0800] "GET /xingrg/all/function/internal_message.html?_=1579215590193&CODE_STATE=getMsg HTTP/1.1" 200 27
117.131.5.26 - - [17/Jan/2020:07:04:14 +0800] "GET /xingrg/all/function/internal_message.html?_=1579215862409&CODE_STATE=getMsg HTTP/1.1" 200 27
180.162.232.172 - - [17/Jan/2020:07:04:20 +0800] "GET /xingrg/all/function/internal_message.html?_=1579215967371&CODE_STATE=getMsg HTTP/1.1" 200 27
58.221.95.50 - - [17/Jan/2020:07:04:20 +0800] "GET /xingrg/all/function/internal_message.html?_=1579216169612&CODE_STATE=getMsg HTTP/1.1" 200 27
120.253.135.82 - - [17/Jan/2020:07:04:33 +0800] "POST /xingrg/kc/pszx/mdps_order_operate.html HTTP/1.1" 200 37
120.253.135.82 - - [17/Jan/2020:07:04:35 +0800] "GET /xingrg/kc/pszx/mdps_order_info.html?code=312020011700503 HTTP/1.1" 200 23835
120.253.135.82 - - [17/Jan/2020:07:04:36 +0800] "GET /xingrg/javascript/easyui/themes/default/validatebox.css HTTP/1.1" 404 1104
120.253.135.82 - - [17/Jan/2020:07:04:36 +0800] "POST /xingrg/kc/pszx/mdps_order_operate.html HTTP/1.1" 200 7313
58.40.7.146 - - [17/Jan/2020:07:04:36 +0800] "GET /xingrg/all/function/internal_message.html?_=1579215872906&CODE_STATE=getMsg HTTP/1.1" 200 27
120.253.135.82 - - [17/Jan/2020:07:04:38 +0800] "POST /xingrg/kc/pszx/mdps_list_operate.html HTTP/1.1" 200 4677
172.17.2.150 - - [17/Jan/2020:07:04:39 +0800] "GET /xingrg/all/function/internal_message.html?_=1579215850512&CODE_STATE=getMsg HTTP/1.1" 200 27
172.17.2.150 - - [17/Jan/2020:07:04:43 +0800] "GET /xingrg/all/function/internal_message.html?_=1579215854167&CODE_STATE=getMsg HTTP/1.1" 200 27
120.253.135.82 - - [17/Jan/2020:07:04:43 +0800] "POST /xingrg/kc/pszx/mdps_list_operate.html HTTP/1.1" 200 604
58.40.7.146 - - [17/Jan/2020:07:04:44 +0800] "GET /xingrg/all/function/internal_message.html?_=1579215880924&CODE_STATE=getMsg HTTP/1.1" 200 27
120.253.135.82 - - [17/Jan/2020:07:04:45 +0800] "POST /xingrg/kc/pszx/mdps_list_operate.html HTTP/1.1" 200 284
120.253.135.82 - - [17/Jan/2020:07:04:46 +0800] "GET /xingrg/kc/pszx/mdps_order_info.html?code=312020011700504 HTTP/1.1" 200 23835
120.253.135.82 - - [17/Jan/2020:07:04:46 +0800] "GET /xingrg/javascript/easyui/themes/default/validatebox.css HTTP/1.1" 404 1104
120.253.135.82 - - [17/Jan/2020:07:04:46 +0800] "POST /xingrg/kc/pszx/mdps_order_operate.html HTTP/1.1" 200 2762
120.253.135.82 - - [17/Jan/2020:07:04:52 +0800] "POST /xingrg/kc/pszx/mdps_order_operate.html HTTP/1.1" 200 37
58.221.95.50 - - [17/Jan/2020:07:04:52 +0800] "GET /xingrg/all/function/internal_message.html?_=1579216063274&CODE_STATE=getMsg HTTP/1.1" 302 -
120.253.135.82 - - [17/Jan/2020:07:04:52 +0800] "GET /xingrg/kc/pszx/mdps_order_info.html?code=312020011700504 HTTP/1.1" 200 23835
120.253.135.82 - - [17/Jan/2020:07:04:53 +0800] "GET /xingrg/javascript/easyui/themes/default/validatebox.css HTTP/1.1" 404 1104
120.253.135.82 - - [17/Jan/2020:07:04:53 +0800] "POST /xingrg/kc/pszx/mdps_order_operate.html HTTP/1.1" 200 2778
114.88.159.93 - - [17/Jan/2020:07:04:57 +0800] "GET /xingrg/check_reg.html?_=1579215904620 HTTP/1.1" 200 22
120.253.135.82 - - [17/Jan/2020:07:05:01 +0800] "POST /xingrg/kc/pszx/mdps_list_operate.html HTTP/1.1" 200 4677
124.77.241.94 - - [17/Jan/2020:07:05:01 +0800] "GET /xingrg/all/function/internal_message.html?_=1579215898375&CODE_STATE=getMsg HTTP/1.1" 200 27
117.131.5.26 - - [17/Jan/2020:07:05:02 +0800] "GET /xingrg/check_reg.html?_=1579215910065 HTTP/1.1" 200 22
120.253.135.82 - - [17/Jan/2020:07:05:03 +0800] "POST /xingrg/kc/pszx/mdps_list_operate.html HTTP/1.1" 200 284
124.77.241.94 - - [17/Jan/2020:07:05:06 +0800] "GET /xingrg/all/function/internal_message.html?_=1579215906384&CODE_STATE=getMsg HTTP/1.1" 200 27
114.88.159.93 - - [17/Jan/2020:07:05:10 +0800] "GET /xingrg/all/function/internal_message.html?_=1579215917611&CODE_STATE=getMsg HTTP/1.1" 200 27
101.85.55.199 - - [17/Jan/2020:07:05:10 +0800] "GET /xingrg/all/function/internal_message.html?_=1579215687600&CODE_STATE=getMsg HTTP/1.1" 200 27
120.253.135.82 - - [17/Jan/2020:07:05:13 +0800] "GET /xingrg/all/function/internal_message.html?_=1579215650284&CODE_STATE=getMsg HTTP/1.1" 200 27
117.131.5.26 - - [17/Jan/2020:07:05:14 +0800] "GET /xingrg/all/function/internal_message.html?_=1579215922409&CODE_STATE=getMsg HTTP/1.1" 200 27
180.162.232.172 - - [17/Jan/2020:07:05:20 +0800] "GET /xingrg/all/function/internal_message.html?_=1579216027380&CODE_STATE=getMsg HTTP/1.1" 200 27
58.221.95.50 - - [17/Jan/2020:07:05:20 +0800] "GET /xingrg/all/function/internal_message.html?_=1579216229610&CODE_STATE=getMsg HTTP/1.1" 200 27
120.253.135.82 - - [17/Jan/2020:07:05:27 +0800] "POST /xingrg/kc/pszx/mdps_list_operate.html HTTP/1.1" 200 519
120.253.135.82 - - [17/Jan/2020:07:05:28 +0800] "GET /xingrg/kc/pszx/mdps_order_info.html?code=312020011700505 HTTP/1.1" 200 23835
120.253.135.82 - - [17/Jan/2020:07:05:29 +0800] "GET /xingrg/javascript/easyui/themes/default/validatebox.css HTTP/1.1" 404 1104
120.253.135.82 - - [17/Jan/2020:07:05:29 +0800] "POST /xingrg/kc/pszx/mdps_order_operate.html HTTP/1.1" 200 4244
124.77.241.94 - - [17/Jan/2020:07:05:32 +0800] "POST /xingrg/kc/buy/cgsh_order_operate.html HTTP/1.1" 200 37
124.77.241.94 - - [17/Jan/2020:07:05:33 +0800] "POST /xingrg/kc/buy/cgsh_order_operate.html HTTP/1.1" 200 2660
124.77.241.94 - - [17/Jan/2020:07:05:36 +0800] "GET /xingrg/kc/buy/cgsh_order_list.html HTTP/1.1" 200 41910
58.40.7.146 - - [17/Jan/2020:07:05:36 +0800] "GET /xingrg/all/function/internal_message.html?_=1579215932908&CODE_STATE=getMsg HTTP/1.1" 200 27
124.77.241.94 - - [17/Jan/2020:07:05:37 +0800] "POST /xingrg/kc/buy/cgsh_list_operate.html HTTP/1.1" 200 5195
172.17.2.150 - - [17/Jan/2020:07:05:39 +0800] "GET /xingrg/all/function/internal_message.html?_=1579215910495&CODE_STATE=getMsg HTTP/1.1" 200 27
172.17.2.150 - - [17/Jan/2020:07:05:43 +0800] "GET /xingrg/all/function/internal_message.html?_=1579215914181&CODE_STATE=getMsg HTTP/1.1" 200 27
58.40.7.146 - - [17/Jan/2020:07:05:44 +0800] "GET /xingrg/all/function/internal_message.html?_=1579215940927&CODE_STATE=getMsg HTTP/1.1" 200 27
120.253.135.82 - - [17/Jan/2020:07:05:52 +0800] "POST /xingrg/kc/pszx/mdps_order_operate.html HTTP/1.1" 200 37
58.221.95.50 - - [17/Jan/2020:07:05:52 +0800] "GET /xingrg/all/function/internal_message.html?_=1579216123298&CODE_STATE=getMsg HTTP/1.1" 302 -
120.253.135.82 - - [17/Jan/2020:07:05:52 +0800] "GET /xingrg/kc/pszx/mdps_order_info.html?code=312020011700505 HTTP/1.1" 200 23835
120.253.135.82 - - [17/Jan/2020:07:05:53 +0800] "GET /xingrg/javascript/easyui/themes/default/validatebox.css HTTP/1.1" 404 1104
120.253.135.82 - - [17/Jan/2020:07:05:53 +0800] "POST /xingrg/kc/pszx/mdps_order_operate.html HTTP/1.1" 200 4284
120.253.135.82 - - [17/Jan/2020:07:05:55 +0800] "POST /xingrg/kc/pszx/mdps_list_operate.html HTTP/1.1" 200 4677
120.253.135.82 - - [17/Jan/2020:07:05:57 +0800] "POST /xingrg/kc/pszx/mdps_list_operate.html HTTP/1.1" 200 284
120.253.135.82 - - [17/Jan/2020:07:05:59 +0800] "POST /xingrg/kc/pszx/mdps_list_operate.html HTTP/1.1" 200 519
120.253.135.82 - - [17/Jan/2020:07:06:01 +0800] "POST /xingrg/kc/pszx/mdps_list_operate.html HTTP/1.1" 200 633
124.77.241.94 - - [17/Jan/2020:07:06:01 +0800] "GET /xingrg/all/function/internal_message.html?_=1579215958395&CODE_STATE=getMsg HTTP/1.1" 200 27
120.253.135.82 - - [17/Jan/2020:07:06:02 +0800] "GET /xingrg/kc/pszx/mdps_order_info.html?code=312020011700506 HTTP/1.1" 200 23835
120.253.135.82 - - [17/Jan/2020:07:06:02 +0800] "POST /xingrg/kc/pszx/mdps_order_operate.html HTTP/1.1" 200 21631
120.253.135.82 - - [17/Jan/2020:07:06:02 +0800] "GET /xingrg/javascript/easyui/themes/default/validatebox.css HTTP/1.1" 404 1104
124.77.241.94 - - [17/Jan/2020:07:06:04 +0800] "POST /xingrg/kc/buy/cgsh_list_operate.html HTTP/1.1" 200 5353
120.253.135.82 - - [17/Jan/2020:07:06:06 +0800] "POST /xingrg/kc/pszx/mdps_order_operate.html HTTP/1.1" 200 37
124.77.241.94 - - [17/Jan/2020:07:06:06 +0800] "GET /xingrg/all/function/internal_message.html?_=1579215966398&CODE_STATE=getMsg HTTP/1.1" 200 27
120.253.135.82 - - [17/Jan/2020:07:06:06 +0800] "GET /xingrg/kc/pszx/mdps_order_info.html?code=312020011700506 HTTP/1.1" 200 23835
120.253.135.82 - - [17/Jan/2020:07:06:07 +0800] "POST /xingrg/kc/pszx/mdps_order_operate.html HTTP/1.1" 200 21947
120.253.135.82 - - [17/Jan/2020:07:06:07 +0800] "GET /xingrg/javascript/easyui/themes/default/validatebox.css HTTP/1.1" 404 1104
114.88.159.93 - - [17/Jan/2020:07:06:10 +0800] "GET /xingrg/all/function/internal_message.html?_=1579215977588&CODE_STATE=getMsg HTTP/1.1" 200 27
101.85.55.199 - - [17/Jan/2020:07:06:10 +0800] "GET /xingrg/all/function/internal_message.html?_=1579215747572&CODE_STATE=getMsg HTTP/1.1" 200 27
120.253.135.82 - - [17/Jan/2020:07:06:13 +0800] "GET /xingrg/all/function/internal_message.html?_=1579215710298&CODE_STATE=getMsg HTTP/1.1" 200 27
117.131.5.26 - - [17/Jan/2020:07:06:14 +0800] "GET /xingrg/all/function/internal_message.html?_=1579215982409&CODE_STATE=getMsg HTTP/1.1" 200 27
180.162.232.172 - - [17/Jan/2020:07:06:20 +0800] "GET /xingrg/all/function/internal_message.html?_=1579216087398&CODE_STATE=getMsg HTTP/1.1" 200 27
58.221.95.50 - - [17/Jan/2020:07:06:21 +0800] "GET /xingrg/all/function/internal_message.html?_=1579216289589&CODE_STATE=getMsg HTTP/1.1" 200 27
124.77.241.94 - - [17/Jan/2020:07:06:21 +0800] "POST /xingrg/kc/buy/cgsh_list_operate.html HTTP/1.1" 200 4
101.85.55.199 - - [17/Jan/2020:07:06:24 +0800] "GET /xingrg/check_reg.html?_=1579215761395 HTTP/1.1" 200 22
124.77.241.94 - - [17/Jan/2020:07:06:24 +0800] "POST /xingrg/kc/buy/cgsh_list_operate.html HTTP/1.1" 200 5136
58.40.7.146 - - [17/Jan/2020:07:06:36 +0800] "GET /xingrg/check_reg.html?_=1579215992898 HTTP/1.1" 200 22
58.40.7.146 - - [17/Jan/2020:07:06:36 +0800] "GET /xingrg/all/function/internal_message.html?_=1579215992900&CODE_STATE=getMsg HTTP/1.1" 200 27
124.77.241.94 - - [17/Jan/2020:07:06:39 +0800] "POST /xingrg/kc/buy/cgsh_list_operate.html HTTP/1.1" 200 4
172.17.2.150 - - [17/Jan/2020:07:06:39 +0800] "GET /xingrg/all/function/internal_message.html?_=1579215970479&CODE_STATE=getMsg HTTP/1.1" 200 27
124.77.241.94 - - [17/Jan/2020:07:06:41 +0800] "POST /xingrg/kc/buy/cgsh_list_operate.html HTTP/1.1" 200 4246
172.17.2.150 - - [17/Jan/2020:07:06:43 +0800] "GET /xingrg/all/function/internal_message.html?_=1579215974178&CODE_STATE=getMsg HTTP/1.1" 200 27
58.40.7.146 - - [17/Jan/2020:07:06:44 +0800] "GET /xingrg/all/function/internal_message.html?_=1579216000928&CODE_STATE=getMsg HTTP/1.1" 200 27
172.17.2.150 - - [17/Jan/2020:07:06:52 +0800] "GET /xingrg/check_reg.html?_=1579215982856 HTTP/1.1" 200 22
58.221.95.50 - - [17/Jan/2020:07:06:52 +0800] "GET /xingrg/all/function/internal_message.html?_=1579216183297&CODE_STATE=getMsg HTTP/1.1" 302 -
58.221.95.50 - - [17/Jan/2020:07:06:52 +0800] "GET /xingrg/check_reg.html?_=1579216183299 HTTP/1.1" 302 -
124.77.241.94 - - [17/Jan/2020:07:06:54 +0800] "POST /xingrg/kc/buy/cgsh_list_operate.html HTTP/1.1" 200 4
124.77.241.94 - - [17/Jan/2020:07:06:56 +0800] "POST /xingrg/kc/buy/cgsh_list_operate.html HTTP/1.1" 200 876
124.77.241.94 - - [17/Jan/2020:07:07:01 +0800] "GET /xingrg/all/function/internal_message.html?_=1579216018401&CODE_STATE=getMsg HTTP/1.1" 200 27
124.77.241.94 - - [17/Jan/2020:07:07:06 +0800] "GET /xingrg/all/function/internal_message.html?_=1579216026411&CODE_STATE=getMsg HTTP/1.1" 200 27
114.88.159.93 - - [17/Jan/2020:07:07:10 +0800] "GET /xingrg/all/function/internal_message.html?_=1579216037559&CODE_STATE=getMsg HTTP/1.1" 200 27
101.85.55.199 - - [17/Jan/2020:07:07:10 +0800] "GET /xingrg/all/function/internal_message.html?_=1579215807559&CODE_STATE=getMsg HTTP/1.1" 200 27
180.162.232.172 - - [17/Jan/2020:07:07:11 +0800] "GET /xingrg/check_reg.html?_=1579216138346 HTTP/1.1" 200 22
120.253.135.82 - - [17/Jan/2020:07:07:12 +0800] "GET /xingrg/kc/pszx/mdps_order_operate.html?command=get_materiel&pszx_code=00101&rest_code=00141&base_code=0010246&code=00101030018 HTTP/1.1" 200 448
120.253.135.82 - - [17/Jan/2020:07:07:13 +0800] "GET /xingrg/all/function/internal_message.html?_=1579215770309&CODE_STATE=getMsg HTTP/1.1" 200 27
117.131.5.26 - - [17/Jan/2020:07:07:14 +0800] "GET /xingrg/all/function/internal_message.html?_=1579216042425&CODE_STATE=getMsg HTTP/1.1" 200 27
180.162.232.172 - - [17/Jan/2020:07:07:20 +0800] "GET /xingrg/all/function/internal_message.html?_=1579216147408&CODE_STATE=getMsg HTTP/1.1" 200 27
58.221.95.50 - - [17/Jan/2020:07:07:20 +0800] "GET /xingrg/all/function/internal_message.html?_=1579216349585&CODE_STATE=getMsg HTTP/1.1" 200 27
58.40.7.146 - - [17/Jan/2020:07:07:36 +0800] "GET /xingrg/all/function/internal_message.html?_=1579216052902&CODE_STATE=getMsg HTTP/1.1" 200 27
172.17.2.150 - - [17/Jan/2020:07:07:39 +0800] "GET /xingrg/all/function/internal_message.html?_=1579216030467&CODE_STATE=getMsg HTTP/1.1" 200 27
172.17.2.150 - - [17/Jan/2020:07:07:43 +0800] "GET /xingrg/check_reg.html?_=1579216034176 HTTP/1.1" 200 22
172.17.2.150 - - [17/Jan/2020:07:07:43 +0800] "GET /xingrg/all/function/internal_message.html?_=1579216034177&CODE_STATE=getMsg HTTP/1.1" 200 27
58.40.7.146 - - [17/Jan/2020:07:07:44 +0800] "GET /xingrg/all/function/internal_message.html?_=1579216060907&CODE_STATE=getMsg HTTP/1.1" 200 27
58.40.7.146 - - [17/Jan/2020:07:07:44 +0800] "GET /xingrg/check_reg.html?_=1579216060908 HTTP/1.1" 200 22
120.253.135.82 - - [17/Jan/2020:07:07:46 +0800] "POST /xingrg/kc/pszx/mdps_order_operate.html HTTP/1.1" 200 37
120.253.135.82 - - [17/Jan/2020:07:07:48 +0800] "GET /xingrg/kc/pszx/mdps_order_info.html?code=312020011700506 HTTP/1.1" 200 23835
120.253.135.82 - - [17/Jan/2020:07:07:48 +0800] "POST /xingrg/kc/pszx/mdps_order_operate.html HTTP/1.1" 200 21954
120.253.135.82 - - [17/Jan/2020:07:07:48 +0800] "GET /xingrg/javascript/easyui/themes/default/validatebox.css HTTP/1.1" 404 1104
58.221.95.50 - - [17/Jan/2020:07:07:52 +0800] "GET /xingrg/all/function/internal_message.html?_=1579216243297&CODE_STATE=getMsg HTTP/1.1" 302 -
124.77.241.94 - - [17/Jan/2020:07:08:01 +0800] "GET /xingrg/all/function/internal_message.html?_=1579216078421&CODE_STATE=getMsg HTTP/1.1" 200 27
124.77.241.94 - - [17/Jan/2020:07:08:06 +0800] "GET /xingrg/all/function/internal_message.html?_=1579216086426&CODE_STATE=getMsg HTTP/1.1" 200 27
114.88.159.93 - - [17/Jan/2020:07:08:10 +0800] "GET /xingrg/all/function/internal_message.html?_=1579216097530&CODE_STATE=getMsg HTTP/1.1" 200 27
101.85.55.199 - - [17/Jan/2020:07:08:10 +0800] "GET /xingrg/all/function/internal_message.html?_=1579215867544&CODE_STATE=getMsg HTTP/1.1" 200 27
120.253.135.82 - - [17/Jan/2020:07:08:13 +0800] "GET /xingrg/all/function/internal_message.html?_=1579215830400&CODE_STATE=getMsg HTTP/1.1" 200 27
117.131.5.26 - - [17/Jan/2020:07:08:14 +0800] "GET /xingrg/all/function/internal_message.html?_=1579216102425&CODE_STATE=getMsg HTTP/1.1" 200 27
180.162.232.172 - - [17/Jan/2020:07:08:20 +0800] "GET /xingrg/all/function/internal_message.html?_=1579216207421&CODE_STATE=getMsg HTTP/1.1" 200 27
58.221.95.50 - - [17/Jan/2020:07:08:21 +0800] "GET /xingrg/check_reg.html?_=1579216409598 HTTP/1.1" 200 22
58.221.95.50 - - [17/Jan/2020:07:08:21 +0800] "GET /xingrg/all/function/internal_message.html?_=1579216409598&CODE_STATE=getMsg HTTP/1.1" 200 27
58.40.7.146 - - [17/Jan/2020:07:08:36 +0800] "GET /xingrg/all/function/internal_message.html?_=1579216112904&CODE_STATE=getMsg HTTP/1.1" 200 27
124.77.241.94 - - [17/Jan/2020:07:08:38 +0800] "GET /xingrg/check_reg.html?_=1579216118436 HTTP/1.1" 200 22
172.17.2.150 - - [17/Jan/2020:07:08:39 +0800] "GET /xingrg/all/function/internal_message.html?_=1579216090451&CODE_STATE=getMsg HTTP/1.1" 200 27
172.17.2.150 - - [17/Jan/2020:07:08:43 +0800] "GET /xingrg/all/function/internal_message.html?_=1579216094176&CODE_STATE=getMsg HTTP/1.1" 200 27
58.40.7.146 - - [17/Jan/2020:07:08:44 +0800] "GET /xingrg/all/function/internal_message.html?_=1579216120911&CODE_STATE=getMsg HTTP/1.1" 200 27
124.77.241.94 - - [17/Jan/2020:07:08:51 +0800] "GET /xingrg/check_reg.html?_=1579216128009 HTTP/1.1" 200 22
58.221.95.50 - - [17/Jan/2020:07:08:52 +0800] "GET /xingrg/all/function/internal_message.html?_=1579216303312&CODE_STATE=getMsg HTTP/1.1" 302 -
124.77.241.94 - - [17/Jan/2020:07:09:01 +0800] "GET /xingrg/all/function/internal_message.html?_=1579216138429&CODE_STATE=getMsg HTTP/1.1" 200 27
124.77.241.94 - - [17/Jan/2020:07:09:06 +0800] "GET /xingrg/all/function/internal_message.html?_=1579216146439&CODE_STATE=getMsg HTTP/1.1" 200 27
114.88.159.93 - - [17/Jan/2020:07:09:10 +0800] "GET /xingrg/all/function/internal_message.html?_=1579216157516&CODE_STATE=getMsg HTTP/1.1" 200 27
101.85.55.199 - - [17/Jan/2020:07:09:10 +0800] "GET /xingrg/all/function/internal_message.html?_=1579215927529&CODE_STATE=getMsg HTTP/1.1" 200 27
120.253.135.82 - - [17/Jan/2020:07:09:13 +0800] "GET /xingrg/check_reg.html?_=1579215889667 HTTP/1.1" 200 22
120.253.135.82 - - [17/Jan/2020:07:09:13 +0800] "GET /xingrg/all/function/internal_message.html?_=1579215890420&CODE_STATE=getMsg HTTP/1.1" 200 27
117.131.5.26 - - [17/Jan/2020:07:09:14 +0800] "GET /xingrg/all/function/internal_message.html?_=1579216162425&CODE_STATE=getMsg HTTP/1.1" 200 27
180.162.232.172 - - [17/Jan/2020:07:09:20 +0800] "GET /xingrg/all/function/internal_message.html?_=1579216267438&CODE_STATE=getMsg HTTP/1.1" 200 27
58.221.95.50 - - [17/Jan/2020:07:09:20 +0800] "GET /xingrg/all/function/internal_message.html?_=1579216469590&CODE_STATE=getMsg HTTP/1.1" 200 27
120.253.135.82 - - [17/Jan/2020:07:09:23 +0800] "POST /xingrg/kc/pszx/mdps_order_operate.html HTTP/1.1" 200 37
120.253.135.82 - - [17/Jan/2020:07:09:23 +0800] "GET /xingrg/kc/pszx/mdps_order_info.html?code=312020011700506 HTTP/1.1" 200 23835
120.253.135.82 - - [17/Jan/2020:07:09:24 +0800] "POST /xingrg/kc/pszx/mdps_order_operate.html HTTP/1.1" 200 21955
120.253.135.82 - - [17/Jan/2020:07:09:24 +0800] "GET /xingrg/javascript/easyui/themes/default/validatebox.css HTTP/1.1" 404 1104
58.40.7.146 - - [17/Jan/2020:07:09:36 +0800] "GET /xingrg/all/function/internal_message.html?_=1579216172907&CODE_STATE=getMsg HTTP/1.1" 200 27
172.17.2.150 - - [17/Jan/2020:07:09:39 +0800] "GET /xingrg/all/function/internal_message.html?_=1579216150437&CODE_STATE=getMsg HTTP/1.1" 200 27
172.17.2.150 - - [17/Jan/2020:07:09:43 +0800] "GET /xingrg/all/function/internal_message.html?_=1579216154172&CODE_STATE=getMsg HTTP/1.1" 200 27
58.40.7.146 - - [17/Jan/2020:07:09:44 +0800] "GET /xingrg/all/function/internal_message.html?_=1579216180913&CODE_STATE=getMsg HTTP/1.1" 200 27
58.221.95.50 - - [17/Jan/2020:07:09:52 +0800] "GET /xingrg/all/function/internal_message.html?_=1579216363310&CODE_STATE=getMsg HTTP/1.1" 302 -
114.88.159.93 - - [17/Jan/2020:07:09:57 +0800] "GET /xingrg/check_reg.html?_=1579216204613 HTTP/1.1" 200 22
124.77.241.94 - - [17/Jan/2020:07:10:01 +0800] "GET /xingrg/all/function/internal_message.html?_=1579216198442&CODE_STATE=getMsg HTTP/1.1" 200 27
117.131.5.26 - - [17/Jan/2020:07:10:02 +0800] "GET /xingrg/check_reg.html?_=1579216210065 HTTP/1.1" 200 22
124.77.241.94 - - [17/Jan/2020:07:10:06 +0800] "GET /xingrg/all/function/internal_message.html?_=1579216206452&CODE_STATE=getMsg HTTP/1.1" 200 27
114.88.159.93 - - [17/Jan/2020:07:10:10 +0800] "GET /xingrg/all/function/internal_message.html?_=1579216217495&CODE_STATE=getMsg HTTP/1.1" 200 27
101.85.55.199 - - [17/Jan/2020:07:10:10 +0800] "GET /xingrg/all/function/internal_message.html?_=1579215987501&CODE_STATE=getMsg HTTP/1.1" 200 27
120.253.135.82 - - [17/Jan/2020:07:10:13 +0800] "GET /xingrg/all/function/internal_message.html?_=1579215950425&CODE_STATE=getMsg HTTP/1.1" 200 27
117.131.5.26 - - [17/Jan/2020:07:10:14 +0800] "GET /xingrg/all/function/internal_message.html?_=1579216222440&CODE_STATE=getMsg HTTP/1.1" 200 27
180.162.232.172 - - [17/Jan/2020:07:10:20 +0800] "GET /xingrg/all/function/internal_message.html?_=1579216327448&CODE_STATE=getMsg HTTP/1.1" 200 27
58.221.95.50 - - [17/Jan/2020:07:10:20 +0800] "GET /xingrg/all/function/internal_message.html?_=1579216529607&CODE_STATE=getMsg HTTP/1.1" 200 27
120.253.135.82 - - [17/Jan/2020:07:10:23 +0800] "POST /xingrg/kc/pszx/mdps_order_operate.html HTTP/1.1" 200 37
120.253.135.82 - - [17/Jan/2020:07:10:24 +0800] "GET /xingrg/kc/pszx/mdps_order_info.html?code=312020011700506 HTTP/1.1" 200 23835
120.253.135.82 - - [17/Jan/2020:07:10:24 +0800] "POST /xingrg/kc/pszx/mdps_order_operate.html HTTP/1.1" 200 21955
120.253.135.82 - - [17/Jan/2020:07:10:24 +0800] "GET /xingrg/javascript/easyui/themes/default/validatebox.css HTTP/1.1" 404 1104
120.253.135.82 - - [17/Jan/2020:07:10:28 +0800] "POST /xingrg/kc/pszx/mdps_list_operate.html HTTP/1.1" 200 4676
120.253.135.82 - - [17/Jan/2020:07:10:31 +0800] "POST /xingrg/kc/pszx/mdps_list_operate.html HTTP/1.1" 200 519
120.253.135.82 - - [17/Jan/2020:07:10:33 +0800] "POST /xingrg/kc/pszx/mdps_list_operate.html HTTP/1.1" 200 633
120.253.135.82 - - [17/Jan/2020:07:10:36 +0800] "POST /xingrg/kc/pszx/mdps_list_operate.html HTTP/1.1" 200 233
58.40.7.146 - - [17/Jan/2020:07:10:36 +0800] "GET /xingrg/all/function/internal_message.html?_=1579216232910&CODE_STATE=getMsg HTTP/1.1" 200 27
120.253.135.82 - - [17/Jan/2020:07:10:38 +0800] "GET /xingrg/kc/pszx/mdps_order_info.html?code=312020011700507 HTTP/1.1" 200 23835
120.253.135.82 - - [17/Jan/2020:07:10:39 +0800] "POST /xingrg/kc/pszx/mdps_order_operate.html HTTP/1.1" 200 2323
120.253.135.82 - - [17/Jan/2020:07:10:39 +0800] "GET /xingrg/javascript/easyui/themes/default/validatebox.css HTTP/1.1" 404 1104
172.17.2.150 - - [17/Jan/2020:07:10:39 +0800] "GET /xingrg/all/function/internal_message.html?_=1579216210420&CODE_STATE=getMsg HTTP/1.1" 200 27
120.253.135.82 - - [17/Jan/2020:07:10:42 +0800] "POST /xingrg/kc/pszx/mdps_order_operate.html HTTP/1.1" 200 37
120.253.135.82 - - [17/Jan/2020:07:10:42 +0800] "GET /xingrg/kc/pszx/mdps_order_info.html?code=312020011700507 HTTP/1.1" 200 23835
172.17.2.150 - - [17/Jan/2020:07:10:43 +0800] "GET /xingrg/all/function/internal_message.html?_=1579216214180&CODE_STATE=getMsg HTTP/1.1" 200 27
120.253.135.82 - - [17/Jan/2020:07:10:43 +0800] "POST /xingrg/kc/pszx/mdps_order_operate.html HTTP/1.1" 200 2332
120.253.135.82 - - [17/Jan/2020:07:10:43 +0800] "GET /xingrg/javascript/easyui/themes/default/validatebox.css HTTP/1.1" 404 1104
58.40.7.146 - - [17/Jan/2020:07:10:44 +0800] "GET /xingrg/all/function/internal_message.html?_=1579216240919&CODE_STATE=getMsg HTTP/1.1" 200 27
120.253.135.82 - - [17/Jan/2020:07:10:45 +0800] "POST /xingrg/kc/pszx/mdps_list_operate.html HTTP/1.1" 200 4676
120.253.135.82 - - [17/Jan/2020:07:10:47 +0800] "POST /xingrg/kc/pszx/mdps_list_operate.html HTTP/1.1" 200 203
120.253.135.82 - - [17/Jan/2020:07:10:49 +0800] "GET /xingrg/kc/pszx/mdps_order_info.html?code=312020011700508 HTTP/1.1" 200 23835
120.253.135.82 - - [17/Jan/2020:07:10:49 +0800] "POST /xingrg/kc/pszx/mdps_order_operate.html HTTP/1.1" 200 2279
120.253.135.82 - - [17/Jan/2020:07:10:49 +0800] "GET /xingrg/javascript/easyui/themes/default/validatebox.css HTTP/1.1" 404 1104
120.253.135.82 - - [17/Jan/2020:07:10:51 +0800] "POST /xingrg/all/common/load_combo.html?type=base HTTP/1.1" 200 899
58.221.95.50 - - [17/Jan/2020:07:10:52 +0800] "GET /xingrg/all/function/internal_message.html?_=1579216423309&CODE_STATE=getMsg HTTP/1.1" 302 -
120.253.135.82 - - [17/Jan/2020:07:10:56 +0800] "POST /xingrg/kc/pszx/mdps_order_operate.html HTTP/1.1" 200 37
120.253.135.82 - - [17/Jan/2020:07:10:57 +0800] "GET /xingrg/kc/pszx/mdps_order_info.html?code=312020011700508 HTTP/1.1" 200 23833
120.253.135.82 - - [17/Jan/2020:07:10:58 +0800] "POST /xingrg/kc/pszx/mdps_order_operate.html HTTP/1.1" 200 2288
120.253.135.82 - - [17/Jan/2020:07:10:58 +0800] "GET /xingrg/javascript/easyui/themes/default/validatebox.css HTTP/1.1" 404 1104
120.253.135.82 - - [17/Jan/2020:07:11:00 +0800] "POST /xingrg/kc/pszx/mdps_list_operate.html HTTP/1.1" 200 4673
124.77.241.94 - - [17/Jan/2020:07:11:01 +0800] "GET /xingrg/all/function/internal_message.html?_=1579216258463&CODE_STATE=getMsg HTTP/1.1" 200 27
120.253.135.82 - - [17/Jan/2020:07:11:02 +0800] "POST /xingrg/kc/pszx/mdps_list_operate.html HTTP/1.1" 200 613
120.253.135.82 - - [17/Jan/2020:07:11:04 +0800] "GET /xingrg/kc/pszx/mdps_order_info.html?code=312020011700509 HTTP/1.1" 200 23835
120.253.135.82 - - [17/Jan/2020:07:11:04 +0800] "POST /xingrg/kc/pszx/mdps_order_operate.html HTTP/1.1" 200 8145
120.253.135.82 - - [17/Jan/2020:07:11:04 +0800] "GET /xingrg/javascript/easyui/themes/default/validatebox.css HTTP/1.1" 404 1104
124.77.241.94 - - [17/Jan/2020:07:11:06 +0800] "GET /xingrg/all/function/internal_message.html?_=1579216266962&CODE_STATE=getMsg HTTP/1.1" 200 27
120.253.135.82 - - [17/Jan/2020:07:11:06 +0800] "POST /xingrg/all/common/load_combo.html?type=base HTTP/1.1" 200 899
114.88.159.93 - - [17/Jan/2020:07:11:10 +0800] "GET /xingrg/all/function/internal_message.html?_=1579216277485&CODE_STATE=getMsg HTTP/1.1" 200 27
101.85.55.199 - - [17/Jan/2020:07:11:10 +0800] "GET /xingrg/all/function/internal_message.html?_=1579216047484&CODE_STATE=getMsg HTTP/1.1" 200 27
120.253.135.82 - - [17/Jan/2020:07:11:11 +0800] "POST /xingrg/kc/pszx/mdps_order_operate.html HTTP/1.1" 200 37
120.253.135.82 - - [17/Jan/2020:07:11:12 +0800] "GET /xingrg/kc/pszx/mdps_order_info.html?code=312020011700509 HTTP/1.1" 200 23835
120.253.135.82 - - [17/Jan/2020:07:11:12 +0800] "GET /xingrg/javascript/easyui/themes/default/validatebox.css HTTP/1.1" 404 1104
120.253.135.82 - - [17/Jan/2020:07:11:12 +0800] "POST /xingrg/kc/pszx/mdps_order_operate.html HTTP/1.1" 200 8271
120.253.135.82 - - [17/Jan/2020:07:11:13 +0800] "GET /xingrg/all/function/internal_message.html?_=1579216010443&CODE_STATE=getMsg HTTP/1.1" 200 27
117.131.5.26 - - [17/Jan/2020:07:11:14 +0800] "GET /xingrg/all/function/internal_message.html?_=1579216282440&CODE_STATE=getMsg HTTP/1.1" 200 27
180.162.232.172 - - [17/Jan/2020:07:11:20 +0800] "GET /xingrg/all/function/internal_message.html?_=1579216387466&CODE_STATE=getMsg HTTP/1.1" 200 27
58.221.95.50 - - [17/Jan/2020:07:11:21 +0800] "GET /xingrg/all/function/internal_message.html?_=1579216589615&CODE_STATE=getMsg HTTP/1.1" 200 27
101.85.55.199 - - [17/Jan/2020:07:11:24 +0800] "GET /xingrg/check_reg.html?_=1579216061389 HTTP/1.1" 200 22
120.253.135.82 - - [17/Jan/2020:07:11:35 +0800] "GET /xingrg/kc/pszx/mdps_order_operate.html?command=get_materiel&pszx_code=00101&rest_code=00141&base_code=0010250&code=00102002511 HTTP/1.1" 200 434
58.40.7.146 - - [17/Jan/2020:07:11:36 +0800] "GET /xingrg/check_reg.html?_=1579216292899 HTTP/1.1" 200 22
58.40.7.146 - - [17/Jan/2020:07:11:36 +0800] "GET /xingrg/all/function/internal_message.html?_=1579216292901&CODE_STATE=getMsg HTTP/1.1" 200 27
172.17.2.150 - - [17/Jan/2020:07:11:39 +0800] "GET /xingrg/all/function/internal_message.html?_=1579216270408&CODE_STATE=getMsg HTTP/1.1" 200 27
172.17.2.150 - - [17/Jan/2020:07:11:43 +0800] "GET /xingrg/all/function/internal_message.html?_=1579216274179&CODE_STATE=getMsg HTTP/1.1" 200 27
58.40.7.146 - - [17/Jan/2020:07:11:44 +0800] "GET /xingrg/all/function/internal_message.html?_=1579216300905&CODE_STATE=getMsg HTTP/1.1" 200 27
172.17.2.150 - - [17/Jan/2020:07:11:52 +0800] "GET /xingrg/check_reg.html?_=1579216282858 HTTP/1.1" 200 22
58.221.95.50 - - [17/Jan/2020:07:11:52 +0800] "GET /xingrg/check_reg.html?_=1579216483308 HTTP/1.1" 302 -
58.221.95.50 - - [17/Jan/2020:07:11:52 +0800] "GET /xingrg/all/function/internal_message.html?_=1579216483311&CODE_STATE=getMsg HTTP/1.1" 302 -
120.253.135.82 - - [17/Jan/2020:07:11:55 +0800] "GET /xingrg/kc/pszx/mdps_order_operate.html?command=get_materiel&pszx_code=00101&rest_code=00141&base_code=0010250&code=00102002390 HTTP/1.1" 200 423
