120.253.135.82 - - [17/Jan/2020:05:23:58 +0800] "GET /xingrg/images/blue/kc_tab_left.gif HTTP/1.1" 200 188
120.253.135.82 - - [17/Jan/2020:05:23:58 +0800] "GET /xingrg/images/blue/kc_tab_right.gif HTTP/1.1" 200 643
120.253.135.82 - - [17/Jan/2020:05:23:58 +0800] "GET /xingrg/images/blue/kc_tab_mid.gif HTTP/1.1" 200 44
120.253.135.82 - - [17/Jan/2020:05:23:58 +0800] "GET /xingrg/images/blue/kc_tab2_left.gif HTTP/1.1" 200 625
120.253.135.82 - - [17/Jan/2020:05:23:58 +0800] "GET /xingrg/images/blue/kc_tab2_right.gif HTTP/1.1" 200 192
120.253.135.82 - - [17/Jan/2020:05:23:58 +0800] "GET /xingrg/images/blue/wait.gif HTTP/1.1" 200 1100
120.253.135.82 - - [17/Jan/2020:05:23:59 +0800] "POST /xingrg/dwr/call/plaincall/AjaxCgthService.loadMaterielItems.dwr HTTP/1.1" 200 1470
120.253.135.82 - - [17/Jan/2020:05:24:00 +0800] "GET /xingrg/images/yd/bt.gif HTTP/1.1" 404 1040
124.77.241.94 - - [17/Jan/2020:05:24:00 +0800] "GET /xingrg/all/function/internal_message.html?_=1579209837002&CODE_STATE=getMsg HTTP/1.1" 200 27
120.253.135.82 - - [17/Jan/2020:05:24:07 +0800] "GET /xingrg/javascript/auto/indicator.gif HTTP/1.1" 404 1066
101.85.55.199 - - [17/Jan/2020:05:24:12 +0800] "GET /xingrg/all/function/internal_message.html?_=1579209629358&CODE_STATE=getMsg HTTP/1.1" 200 27
114.88.159.93 - - [17/Jan/2020:05:24:12 +0800] "GET /xingrg/all/function/internal_message.html?_=1579209860010&CODE_STATE=getMsg HTTP/1.1" 200 27
117.131.5.26 - - [17/Jan/2020:05:24:14 +0800] "GET /xingrg/all/function/internal_message.html?_=1579209862144&CODE_STATE=getMsg HTTP/1.1" 200 27
180.162.232.172 - - [17/Jan/2020:05:24:18 +0800] "GET /xingrg/all/function/internal_message.html?_=1579209965996&CODE_STATE=getMsg HTTP/1.1" 200 27
58.221.95.50 - - [17/Jan/2020:05:24:20 +0800] "GET /xingrg/all/function/internal_message.html?_=1579210169453&CODE_STATE=getMsg HTTP/1.1" 200 27
58.40.7.146 - - [17/Jan/2020:05:24:36 +0800] "GET /xingrg/all/function/internal_message.html?_=1579209872882&CODE_STATE=getMsg HTTP/1.1" 200 27
172.17.2.150 - - [17/Jan/2020:05:24:41 +0800] "GET /xingrg/all/function/internal_message.html?_=1579209851984&CODE_STATE=getMsg HTTP/1.1" 200 27
172.17.2.150 - - [17/Jan/2020:05:24:43 +0800] "GET /xingrg/all/function/internal_message.html?_=1579209854037&CODE_STATE=getMsg HTTP/1.1" 200 27
58.40.7.146 - - [17/Jan/2020:05:24:44 +0800] "GET /xingrg/all/function/internal_message.html?_=1579209880826&CODE_STATE=getMsg HTTP/1.1" 200 27
124.77.241.94 - - [17/Jan/2020:05:24:45 +0800] "GET /xingrg/all/function/internal_message.html?_=1579209885495&CODE_STATE=getMsg HTTP/1.1" 200 27
120.253.135.82 - - [17/Jan/2020:05:24:48 +0800] "GET /xingrg/all/function/internal_message.html?_=1579209624959&CODE_STATE=getMsg HTTP/1.1" 200 27
58.221.95.50 - - [17/Jan/2020:05:24:52 +0800] "GET /xingrg/all/function/internal_message.html?_=1579210063093&CODE_STATE=getMsg HTTP/1.1" 302 -
120.253.135.82 - - [17/Jan/2020:05:24:56 +0800] "GET /xingrg/javascript/jquery_easy_ui/themes/default/images/button_plain_hover.png HTTP/1.1" 200 252
120.253.135.82 - - [17/Jan/2020:05:24:56 +0800] "POST /xingrg/dwr/call/plaincall/AjaxCgthService.saveOrder.dwr HTTP/1.1" 200 78
114.88.159.93 - - [17/Jan/2020:05:24:57 +0800] "GET /xingrg/check_reg.html?_=1579209904534 HTTP/1.1" 200 22
124.77.241.94 - - [17/Jan/2020:05:25:00 +0800] "GET /xingrg/all/function/internal_message.html?_=1579209897016&CODE_STATE=getMsg HTTP/1.1" 200 27
120.253.135.82 - - [17/Jan/2020:05:25:01 +0800] "POST /xingrg/dwr/call/plaincall/AjaxCgthService.saveOrder.dwr HTTP/1.1" 200 78
117.131.5.26 - - [17/Jan/2020:05:25:02 +0800] "GET /xingrg/check_reg.html?_=1579209910065 HTTP/1.1" 200 22
120.253.135.82 - - [17/Jan/2020:05:25:06 +0800] "POST /xingrg/dwr/call/plaincall/AjaxCgthService.saveOrder.dwr HTTP/1.1" 200 78
116.238.35.243 - - [17/Jan/2020:05:25:06 +0800] "POST /xingrg/services/DataTransmitService HTTP/1.1" 200 524
116.238.35.243 - - [17/Jan/2020:05:25:07 +0800] "POST /xingrg/services/DataTransmitService HTTP/1.1" 200 501
116.238.35.243 - - [17/Jan/2020:05:25:07 +0800] "POST /xingrg/services/DataTransmitService HTTP/1.1" 200 501
116.238.35.243 - - [17/Jan/2020:05:25:08 +0800] "POST /xingrg/services/DataTransmitService HTTP/1.1" 200 501
116.238.35.243 - - [17/Jan/2020:05:25:10 +0800] "POST /xingrg/services/DataTransmitService HTTP/1.1" 200 501
120.253.135.82 - - [17/Jan/2020:05:25:10 +0800] "GET /xingrg/kc/buy/cgth_order_list.html?isBack=1 HTTP/1.1" 200 41562
116.238.35.243 - - [17/Jan/2020:05:25:10 +0800] "POST /xingrg/services/DataTransmitService HTTP/1.1" 200 501
120.253.135.82 - - [17/Jan/2020:05:25:10 +0800] "POST /xingrg/kc/buy/cgth_list_operate.html HTTP/1.1" 200 1966
116.238.35.243 - - [17/Jan/2020:05:25:10 +0800] "POST /xingrg/services/DataTransmitService HTTP/1.1" 200 501
116.238.35.243 - - [17/Jan/2020:05:25:11 +0800] "POST /xingrg/services/DataTransmitService HTTP/1.1" 200 501
116.238.35.243 - - [17/Jan/2020:05:25:11 +0800] "POST /xingrg/services/DataTransmitService HTTP/1.1" 200 501
101.85.55.199 - - [17/Jan/2020:05:25:12 +0800] "GET /xingrg/all/function/internal_message.html?_=1579209689342&CODE_STATE=getMsg HTTP/1.1" 200 27
114.88.159.93 - - [17/Jan/2020:05:25:12 +0800] "GET /xingrg/all/function/internal_message.html?_=1579209919978&CODE_STATE=getMsg HTTP/1.1" 200 27
116.238.35.243 - - [17/Jan/2020:05:25:13 +0800] "POST /xingrg/services/DataTransmitService HTTP/1.1" 200 412
120.253.135.82 - - [17/Jan/2020:05:25:13 +0800] "POST /xingrg/kc/buy/cgth_list_operate.html HTTP/1.1" 200 299
120.253.135.82 - - [17/Jan/2020:05:25:13 +0800] "GET /xingrg/dwr/interface/AjaxCgthService.js HTTP/1.1" 200 14519
120.253.135.82 - - [17/Jan/2020:05:25:13 +0800] "GET /xingrg/dwr/interface/AjaxComOrderService.js HTTP/1.1" 200 18264
120.253.135.82 - - [17/Jan/2020:05:25:13 +0800] "GET /xingrg/kc/buy/cgth_order_info.html?code=232020011600015 HTTP/1.1" 200 59307
120.253.135.82 - - [17/Jan/2020:05:25:13 +0800] "GET /xingrg/dwr/engine.js HTTP/1.1" 200 43631
120.253.135.82 - - [17/Jan/2020:05:25:14 +0800] "POST /xingrg/all/common/load_tree.html?tree=supplier_tree_json&isDelete=1 HTTP/1.1" 200 46181
117.131.5.26 - - [17/Jan/2020:05:25:14 +0800] "GET /xingrg/all/function/internal_message.html?_=1579209922144&CODE_STATE=getMsg HTTP/1.1" 200 27
120.253.135.82 - - [17/Jan/2020:05:25:15 +0800] "POST /xingrg/dwr/call/plaincall/AjaxCgthService.loadMaterielItems.dwr HTTP/1.1" 200 1470
180.162.232.172 - - [17/Jan/2020:05:25:18 +0800] "GET /xingrg/all/function/internal_message.html?_=1579210026006&CODE_STATE=getMsg HTTP/1.1" 200 27
120.253.135.82 - - [17/Jan/2020:05:25:19 +0800] "GET /xingrg/kc/buy/cgth_order_list.html?isBack=1 HTTP/1.1" 200 41562
120.253.135.82 - - [17/Jan/2020:05:25:20 +0800] "POST /xingrg/kc/buy/cgth_list_operate.html HTTP/1.1" 200 1966
58.221.95.50 - - [17/Jan/2020:05:25:20 +0800] "GET /xingrg/all/function/internal_message.html?_=1579210229443&CODE_STATE=getMsg HTTP/1.1" 200 27
120.253.135.82 - - [17/Jan/2020:05:25:21 +0800] "GET /xingrg/javascript/easyui/themes/default/images/button_plain_hover.png HTTP/1.1" 200 144
120.253.135.82 - - [17/Jan/2020:05:25:23 +0800] "GET /xingrg/dwr/interface/AjaxCgthService.js HTTP/1.1" 200 14519
120.253.135.82 - - [17/Jan/2020:05:25:23 +0800] "GET /xingrg/kc/buy/cgth_order_add.html HTTP/1.1" 200 59140
120.253.135.82 - - [17/Jan/2020:05:25:23 +0800] "GET /xingrg/dwr/interface/AjaxComOrderService.js HTTP/1.1" 200 18264
120.253.135.82 - - [17/Jan/2020:05:25:23 +0800] "GET /xingrg/dwr/engine.js HTTP/1.1" 200 43631
120.253.135.82 - - [17/Jan/2020:05:25:23 +0800] "GET /xingrg/javascript/jquery_easy_ui/themes/default/images/validatebox_warning.png HTTP/1.1" 200 921
120.253.135.82 - - [17/Jan/2020:05:25:23 +0800] "GET /xingrg/javascript/jquery_easy_ui/themes/default/images/validatebox_pointer.gif HTTP/1.1" 200 82
120.253.135.82 - - [17/Jan/2020:05:25:24 +0800] "POST /xingrg/all/common/load_tree.html?tree=supplier_tree_json&isDelete=1 HTTP/1.1" 200 46181
58.40.7.146 - - [17/Jan/2020:05:25:36 +0800] "GET /xingrg/all/function/internal_message.html?_=1579209932869&CODE_STATE=getMsg HTTP/1.1" 200 27
172.17.2.150 - - [17/Jan/2020:05:25:40 +0800] "GET /xingrg/all/function/internal_message.html?_=1579209911969&CODE_STATE=getMsg HTTP/1.1" 200 27
120.253.135.82 - - [17/Jan/2020:05:25:42 +0800] "GET /xingrg/javascript/auto/indicator.gif HTTP/1.1" 404 1066
172.17.2.150 - - [17/Jan/2020:05:25:43 +0800] "GET /xingrg/all/function/internal_message.html?_=1579209914035&CODE_STATE=getMsg HTTP/1.1" 200 27
58.40.7.146 - - [17/Jan/2020:05:25:44 +0800] "GET /xingrg/all/function/internal_message.html?_=1579209940830&CODE_STATE=getMsg HTTP/1.1" 200 27
124.77.241.94 - - [17/Jan/2020:05:25:45 +0800] "GET /xingrg/all/function/internal_message.html?_=1579209946010&CODE_STATE=getMsg HTTP/1.1" 200 27
120.253.135.82 - - [17/Jan/2020:05:25:47 +0800] "POST /xingrg/dwr/call/plaincall/AjaxCgthService.saveOrder.dwr HTTP/1.1" 200 78
120.253.135.82 - - [17/Jan/2020:05:25:51 +0800] "GET /xingrg/images/yd/bt.gif HTTP/1.1" 404 1040
58.221.95.50 - - [17/Jan/2020:05:25:52 +0800] "GET /xingrg/all/function/internal_message.html?_=1579210123092&CODE_STATE=getMsg HTTP/1.1" 302 -
120.253.135.82 - - [17/Jan/2020:05:25:52 +0800] "GET /xingrg/all/function/internal_message.html?_=1579209689345&CODE_STATE=getMsg HTTP/1.1" 200 27
120.253.135.82 - - [17/Jan/2020:05:25:58 +0800] "POST /xingrg/dwr/call/plaincall/AjaxComOrderService.getMaterielSearchList.dwr HTTP/1.1" 200 1799
120.253.135.82 - - [17/Jan/2020:05:25:59 +0800] "POST /xingrg/dwr/call/plaincall/AjaxComOrderService.getMaterielSearchList.dwr HTTP/1.1" 200 895
124.77.241.94 - - [17/Jan/2020:05:26:00 +0800] "GET /xingrg/all/function/internal_message.html?_=1579209957037&CODE_STATE=getMsg HTTP/1.1" 200 27
120.253.135.82 - - [17/Jan/2020:05:26:02 +0800] "POST /xingrg/dwr/call/plaincall/AjaxCgthService.getMaterielByMap.dwr HTTP/1.1" 200 1521
101.85.55.199 - - [17/Jan/2020:05:26:12 +0800] "GET /xingrg/all/function/internal_message.html?_=1579209749327&CODE_STATE=getMsg HTTP/1.1" 200 27
114.88.159.93 - - [17/Jan/2020:05:26:12 +0800] "GET /xingrg/all/function/internal_message.html?_=1579209979984&CODE_STATE=getMsg HTTP/1.1" 200 27
117.131.5.26 - - [17/Jan/2020:05:26:14 +0800] "GET /xingrg/all/function/internal_message.html?_=1579209982144&CODE_STATE=getMsg HTTP/1.1" 200 27
180.162.232.172 - - [17/Jan/2020:05:26:18 +0800] "GET /xingrg/all/function/internal_message.html?_=1579210086023&CODE_STATE=getMsg HTTP/1.1" 200 27
58.221.95.50 - - [17/Jan/2020:05:26:20 +0800] "GET /xingrg/all/function/internal_message.html?_=1579210289454&CODE_STATE=getMsg HTTP/1.1" 200 27
101.85.55.199 - - [17/Jan/2020:05:26:24 +0800] "GET /xingrg/check_reg.html?_=1579209761310 HTTP/1.1" 200 22
120.253.135.82 - - [17/Jan/2020:05:26:31 +0800] "POST /xingrg/dwr/call/plaincall/AjaxCgthService.saveMaterielItem.dwr HTTP/1.1" 200 78
120.253.135.82 - - [17/Jan/2020:05:26:35 +0800] "POST /xingrg/dwr/call/plaincall/AjaxCgthService.saveOrder.dwr HTTP/1.1" 200 78
58.40.7.146 - - [17/Jan/2020:05:26:36 +0800] "GET /xingrg/all/function/internal_message.html?_=1579209992876&CODE_STATE=getMsg HTTP/1.1" 200 27
58.40.7.146 - - [17/Jan/2020:05:26:36 +0800] "GET /xingrg/check_reg.html?_=1579209992876 HTTP/1.1" 200 22
172.17.2.150 - - [17/Jan/2020:05:26:40 +0800] "GET /xingrg/all/function/internal_message.html?_=1579209971955&CODE_STATE=getMsg HTTP/1.1" 200 27
120.253.135.82 - - [17/Jan/2020:05:26:41 +0800] "POST /xingrg/dwr/call/plaincall/AjaxCgthService.checkOrder.dwr HTTP/1.1" 200 78
120.253.135.82 - - [17/Jan/2020:05:26:42 +0800] "GET /xingrg/kc/buy/cgth_order_info.html?code=232020011700016&part=buyck HTTP/1.1" 200 57278
120.253.135.82 - - [17/Jan/2020:05:26:42 +0800] "GET /xingrg/dwr/interface/AjaxCgthService.js HTTP/1.1" 200 14519
120.253.135.82 - - [17/Jan/2020:05:26:42 +0800] "GET /xingrg/dwr/interface/AjaxComOrderService.js HTTP/1.1" 200 18264
120.253.135.82 - - [17/Jan/2020:05:26:42 +0800] "GET /xingrg/dwr/engine.js HTTP/1.1" 200 43631
120.253.135.82 - - [17/Jan/2020:05:26:42 +0800] "GET /xingrg/javascript/jquery_easy_ui/themes/icons/uncheck_new.png HTTP/1.1" 200 3197
120.253.135.82 - - [17/Jan/2020:05:26:42 +0800] "POST /xingrg/all/common/load_tree.html?tree=supplier_tree_json&isDelete=1 HTTP/1.1" 200 46181
172.17.2.150 - - [17/Jan/2020:05:26:43 +0800] "GET /xingrg/all/function/internal_message.html?_=1579209974035&CODE_STATE=getMsg HTTP/1.1" 200 27
120.253.135.82 - - [17/Jan/2020:05:26:43 +0800] "POST /xingrg/dwr/call/plaincall/AjaxCgthService.loadMaterielItems.dwr HTTP/1.1" 200 693
58.40.7.146 - - [17/Jan/2020:05:26:44 +0800] "GET /xingrg/all/function/internal_message.html?_=1579210000832&CODE_STATE=getMsg HTTP/1.1" 200 27
124.77.241.94 - - [17/Jan/2020:05:26:45 +0800] "GET /xingrg/all/function/internal_message.html?_=1579210006022&CODE_STATE=getMsg HTTP/1.1" 200 27
120.253.135.82 - - [17/Jan/2020:05:26:49 +0800] "GET /xingrg/kc/print/load_config.html?_=1579209746172&kc_code=cgth HTTP/1.1" 200 2458
120.253.135.82 - - [17/Jan/2020:05:26:49 +0800] "GET /xingrg/kc/print/load_data.html?_=1579209746188&order_code=232020011700016&kc_code=cgth&condition= HTTP/1.1" 200 577
172.17.2.150 - - [17/Jan/2020:05:26:51 +0800] "GET /xingrg/check_reg.html?_=1579209982705 HTTP/1.1" 200 22
58.221.95.50 - - [17/Jan/2020:05:26:52 +0800] "GET /xingrg/all/function/internal_message.html?_=1579210183092&CODE_STATE=getMsg HTTP/1.1" 302 -
58.221.95.50 - - [17/Jan/2020:05:26:52 +0800] "GET /xingrg/check_reg.html?_=1579210183094 HTTP/1.1" 302 -
120.253.135.82 - - [17/Jan/2020:05:26:52 +0800] "GET /xingrg/all/function/internal_message.html?_=1579209749351&CODE_STATE=getMsg HTTP/1.1" 200 27
124.77.241.94 - - [17/Jan/2020:05:27:00 +0800] "GET /xingrg/all/function/internal_message.html?_=1579210017042&CODE_STATE=getMsg HTTP/1.1" 200 27
180.162.232.172 - - [17/Jan/2020:05:27:10 +0800] "GET /xingrg/check_reg.html?_=1579210138237 HTTP/1.1" 200 22
101.85.55.199 - - [17/Jan/2020:05:27:12 +0800] "GET /xingrg/all/function/internal_message.html?_=1579209809314&CODE_STATE=getMsg HTTP/1.1" 200 27
114.88.159.93 - - [17/Jan/2020:05:27:12 +0800] "GET /xingrg/all/function/internal_message.html?_=1579210039956&CODE_STATE=getMsg HTTP/1.1" 200 27
117.131.5.26 - - [17/Jan/2020:05:27:14 +0800] "GET /xingrg/all/function/internal_message.html?_=1579210042144&CODE_STATE=getMsg HTTP/1.1" 200 27
180.162.232.172 - - [17/Jan/2020:05:27:18 +0800] "GET /xingrg/all/function/internal_message.html?_=1579210146034&CODE_STATE=getMsg HTTP/1.1" 200 27
58.221.95.50 - - [17/Jan/2020:05:27:20 +0800] "GET /xingrg/all/function/internal_message.html?_=1579210349447&CODE_STATE=getMsg HTTP/1.1" 200 27
198.108.67.48 - - [17/Jan/2020:05:27:35 +0800] "GET / HTTP/1.1" 404 -
58.40.7.146 - - [17/Jan/2020:05:27:36 +0800] "GET /xingrg/all/function/internal_message.html?_=1579210052878&CODE_STATE=getMsg HTTP/1.1" 200 27
172.17.2.150 - - [17/Jan/2020:05:27:40 +0800] "GET /xingrg/all/function/internal_message.html?_=1579210031939&CODE_STATE=getMsg HTTP/1.1" 200 27
172.17.2.150 - - [17/Jan/2020:05:27:43 +0800] "GET /xingrg/all/function/internal_message.html?_=1579210034037&CODE_STATE=getMsg HTTP/1.1" 200 27
172.17.2.150 - - [17/Jan/2020:05:27:43 +0800] "GET /xingrg/check_reg.html?_=1579210034039 HTTP/1.1" 200 22
58.40.7.146 - - [17/Jan/2020:05:27:44 +0800] "GET /xingrg/all/function/internal_message.html?_=1579210060836&CODE_STATE=getMsg HTTP/1.1" 200 27
58.40.7.146 - - [17/Jan/2020:05:27:44 +0800] "GET /xingrg/check_reg.html?_=1579210060837 HTTP/1.1" 200 22
124.77.241.94 - - [17/Jan/2020:05:27:46 +0800] "GET /xingrg/all/function/internal_message.html?_=1579210066527&CODE_STATE=getMsg HTTP/1.1" 200 27
58.221.95.50 - - [17/Jan/2020:05:27:52 +0800] "GET /xingrg/all/function/internal_message.html?_=1579210243093&CODE_STATE=getMsg HTTP/1.1" 302 -
120.253.135.82 - - [17/Jan/2020:05:27:52 +0800] "GET /xingrg/all/function/internal_message.html?_=1579209809378&CODE_STATE=getMsg HTTP/1.1" 200 27
124.77.241.94 - - [17/Jan/2020:05:28:00 +0800] "GET /xingrg/all/function/internal_message.html?_=1579210077063&CODE_STATE=getMsg HTTP/1.1" 200 27
101.85.55.199 - - [17/Jan/2020:05:28:12 +0800] "GET /xingrg/all/function/internal_message.html?_=1579209869298&CODE_STATE=getMsg HTTP/1.1" 200 27
114.88.159.93 - - [17/Jan/2020:05:28:12 +0800] "GET /xingrg/all/function/internal_message.html?_=1579210099931&CODE_STATE=getMsg HTTP/1.1" 200 27
117.131.5.26 - - [17/Jan/2020:05:28:14 +0800] "GET /xingrg/all/function/internal_message.html?_=1579210102144&CODE_STATE=getMsg HTTP/1.1" 200 27
180.162.232.172 - - [17/Jan/2020:05:28:18 +0800] "GET /xingrg/all/function/internal_message.html?_=1579210206047&CODE_STATE=getMsg HTTP/1.1" 200 27
58.221.95.50 - - [17/Jan/2020:05:28:20 +0800] "GET /xingrg/check_reg.html?_=1579210409513 HTTP/1.1" 200 22
58.221.95.50 - - [17/Jan/2020:05:28:20 +0800] "GET /xingrg/all/function/internal_message.html?_=1579210409514&CODE_STATE=getMsg HTTP/1.1" 200 27
58.40.7.146 - - [17/Jan/2020:05:28:36 +0800] "GET /xingrg/all/function/internal_message.html?_=1579210112882&CODE_STATE=getMsg HTTP/1.1" 200 27
124.77.241.94 - - [17/Jan/2020:05:28:37 +0800] "GET /xingrg/check_reg.html?_=1579210117832 HTTP/1.1" 200 22
172.17.2.150 - - [17/Jan/2020:05:28:40 +0800] "GET /xingrg/all/function/internal_message.html?_=1579210091925&CODE_STATE=getMsg HTTP/1.1" 200 27
172.17.2.150 - - [17/Jan/2020:05:28:43 +0800] "GET /xingrg/all/function/internal_message.html?_=1579210094037&CODE_STATE=getMsg HTTP/1.1" 200 27
58.40.7.146 - - [17/Jan/2020:05:28:44 +0800] "GET /xingrg/all/function/internal_message.html?_=1579210120840&CODE_STATE=getMsg HTTP/1.1" 200 27
124.77.241.94 - - [17/Jan/2020:05:28:46 +0800] "GET /xingrg/all/function/internal_message.html?_=1579210126533&CODE_STATE=getMsg HTTP/1.1" 200 27
120.253.135.82 - - [17/Jan/2020:05:28:48 +0800] "GET /xingrg/check_reg.html?_=1579209864952 HTTP/1.1" 200 22
124.77.241.94 - - [17/Jan/2020:05:28:51 +0800] "GET /xingrg/check_reg.html?_=1579210127900 HTTP/1.1" 200 22
58.221.95.50 - - [17/Jan/2020:05:28:52 +0800] "GET /xingrg/all/function/internal_message.html?_=1579210303092&CODE_STATE=getMsg HTTP/1.1" 302 -
120.253.135.82 - - [17/Jan/2020:05:28:52 +0800] "GET /xingrg/all/function/internal_message.html?_=1579209869396&CODE_STATE=getMsg HTTP/1.1" 200 27
124.77.241.94 - - [17/Jan/2020:05:29:00 +0800] "GET /xingrg/all/function/internal_message.html?_=1579210137070&CODE_STATE=getMsg HTTP/1.1" 200 27
101.85.55.199 - - [17/Jan/2020:05:29:12 +0800] "GET /xingrg/all/function/internal_message.html?_=1579209929282&CODE_STATE=getMsg HTTP/1.1" 200 27
114.88.159.93 - - [17/Jan/2020:05:29:12 +0800] "GET /xingrg/all/function/internal_message.html?_=1579210159901&CODE_STATE=getMsg HTTP/1.1" 200 27
117.131.5.26 - - [17/Jan/2020:05:29:14 +0800] "GET /xingrg/all/function/internal_message.html?_=1579210162144&CODE_STATE=getMsg HTTP/1.1" 200 27
180.162.232.172 - - [17/Jan/2020:05:29:18 +0800] "GET /xingrg/all/function/internal_message.html?_=1579210266064&CODE_STATE=getMsg HTTP/1.1" 200 27
58.221.95.50 - - [17/Jan/2020:05:29:20 +0800] "GET /xingrg/all/function/internal_message.html?_=1579210469444&CODE_STATE=getMsg HTTP/1.1" 200 27
58.40.7.146 - - [17/Jan/2020:05:29:36 +0800] "GET /xingrg/all/function/internal_message.html?_=1579210172885&CODE_STATE=getMsg HTTP/1.1" 200 27
172.17.2.150 - - [17/Jan/2020:05:29:40 +0800] "GET /xingrg/all/function/internal_message.html?_=1579210151911&CODE_STATE=getMsg HTTP/1.1" 200 27
172.17.2.150 - - [17/Jan/2020:05:29:43 +0800] "GET /xingrg/all/function/internal_message.html?_=1579210154036&CODE_STATE=getMsg HTTP/1.1" 200 27
58.40.7.146 - - [17/Jan/2020:05:29:44 +0800] "GET /xingrg/all/function/internal_message.html?_=1579210180828&CODE_STATE=getMsg HTTP/1.1" 200 27
124.77.241.94 - - [17/Jan/2020:05:29:46 +0800] "GET /xingrg/all/function/internal_message.html?_=1579210186546&CODE_STATE=getMsg HTTP/1.1" 200 27
58.221.95.50 - - [17/Jan/2020:05:29:52 +0800] "GET /xingrg/all/function/internal_message.html?_=1579210363092&CODE_STATE=getMsg HTTP/1.1" 302 -
120.253.135.82 - - [17/Jan/2020:05:29:52 +0800] "GET /xingrg/all/function/internal_message.html?_=1579209929414&CODE_STATE=getMsg HTTP/1.1" 200 27
114.88.159.93 - - [17/Jan/2020:05:29:57 +0800] "GET /xingrg/check_reg.html?_=1579210204565 HTTP/1.1" 200 22
124.77.241.94 - - [17/Jan/2020:05:30:00 +0800] "GET /xingrg/all/function/internal_message.html?_=1579210197084&CODE_STATE=getMsg HTTP/1.1" 200 27
117.131.5.26 - - [17/Jan/2020:05:30:02 +0800] "GET /xingrg/check_reg.html?_=1579210210065 HTTP/1.1" 200 22
101.85.55.199 - - [17/Jan/2020:05:30:12 +0800] "GET /xingrg/all/function/internal_message.html?_=1579209989268&CODE_STATE=getMsg HTTP/1.1" 200 27
114.88.159.93 - - [17/Jan/2020:05:30:12 +0800] "GET /xingrg/all/function/internal_message.html?_=1579210219875&CODE_STATE=getMsg HTTP/1.1" 200 27
117.131.5.26 - - [17/Jan/2020:05:30:14 +0800] "GET /xingrg/all/function/internal_message.html?_=1579210222159&CODE_STATE=getMsg HTTP/1.1" 200 27
180.162.232.172 - - [17/Jan/2020:05:30:18 +0800] "GET /xingrg/all/function/internal_message.html?_=1579210326075&CODE_STATE=getMsg HTTP/1.1" 200 27
58.221.95.50 - - [17/Jan/2020:05:30:20 +0800] "GET /xingrg/all/function/internal_message.html?_=1579210529427&CODE_STATE=getMsg HTTP/1.1" 200 27
120.253.135.82 - - [17/Jan/2020:05:30:32 +0800] "GET /xingrg/css/site.css HTTP/1.1" 200 7541
120.253.135.82 - - [17/Jan/2020:05:30:32 +0800] "GET /xingrg/css/base.css HTTP/1.1" 200 2811
120.253.135.82 - - [17/Jan/2020:05:30:32 +0800] "GET /xingrg/javascript/jquery_tools/datebox.css HTTP/1.1" 200 2597
120.253.135.82 - - [17/Jan/2020:05:30:32 +0800] "GET /xingrg/javascript/jquery_tools/table.css HTTP/1.1" 200 1032
120.253.135.82 - - [17/Jan/2020:05:30:32 +0800] "GET /xingrg/javascript/jquery_tools/fix.css HTTP/1.1" 200 1702
120.253.135.82 - - [17/Jan/2020:05:30:32 +0800] "GET /xingrg/javascript/auto/jquery.autocomplete.css HTTP/1.1" 200 587
120.253.135.82 - - [17/Jan/2020:05:30:32 +0800] "GET /xingrg/javascript/easyui/themes/icon.css HTTP/1.1" 200 4483
120.253.135.82 - - [17/Jan/2020:05:30:32 +0800] "GET /xingrg/javascript/jquery_tools/jquery.tools.min.js HTTP/1.1" 200 138801
120.253.135.82 - - [17/Jan/2020:05:30:32 +0800] "GET /xingrg/kc/buy/cgth_order_list.html?isBack=1 HTTP/1.1" 200 41562
120.253.135.82 - - [17/Jan/2020:05:30:32 +0800] "GET /xingrg/javascript/jquery_tools/list_manager.js HTTP/1.1" 200 3652
120.253.135.82 - - [17/Jan/2020:05:30:32 +0800] "GET /xingrg/javascript/jquery_tools/jquery.tools.table.js HTTP/1.1" 200 6994
120.253.135.82 - - [17/Jan/2020:05:30:32 +0800] "GET /xingrg/javascript/jquery_tools/jquery.tools.hotkey.js HTTP/1.1" 200 3242
120.253.135.82 - - [17/Jan/2020:05:30:32 +0800] "GET /xingrg/javascript/easyui/easyloader.js HTTP/1.1" 200 5975
120.253.135.82 - - [17/Jan/2020:05:30:32 +0800] "GET /xingrg/javascript/jquery.utils.js HTTP/1.1" 200 11805
120.253.135.82 - - [17/Jan/2020:05:30:32 +0800] "GET /xingrg/javascript/easyui/themes/default/easyui.css HTTP/1.1" 200 30432
120.253.135.82 - - [17/Jan/2020:05:30:32 +0800] "GET /xingrg/javascript/jquery_tools/jquery.tools.extend.js HTTP/1.1" 200 15385
120.253.135.82 - - [17/Jan/2020:05:30:32 +0800] "GET /xingrg/javascript/auto/jquery.autocomplete.js HTTP/1.1" 200 21624
120.253.135.82 - - [17/Jan/2020:05:30:32 +0800] "GET /xingrg/javascript/jquery.cookie.js HTTP/1.1" 200 5513
120.253.135.82 - - [17/Jan/2020:05:30:32 +0800] "GET /xingrg/javascript/print/LodopFuncs.js HTTP/1.1" 200 5121
120.253.135.82 - - [17/Jan/2020:05:30:33 +0800] "GET /xingrg/javascript/easyui/plugins/jquery.parser.js HTTP/1.1" 200 1142
120.253.135.82 - - [17/Jan/2020:05:30:33 +0800] "POST /xingrg/kc/buy/cgth_list_operate.html HTTP/1.1" 200 1966
58.40.7.146 - - [17/Jan/2020:05:30:36 +0800] "GET /xingrg/all/function/internal_message.html?_=1579210232871&CODE_STATE=getMsg HTTP/1.1" 200 27
120.253.135.82 - - [17/Jan/2020:05:30:39 +0800] "GET /xingrg/kc/pszx/mdqp_order_list.html?state=10 HTTP/1.1" 200 16287
120.253.135.82 - - [17/Jan/2020:05:30:39 +0800] "GET /xingrg/javascript/pic_change.js HTTP/1.1" 200 4739
120.253.135.82 - - [17/Jan/2020:05:30:39 +0800] "GET /xingrg/javascript/jquery_easy_ui/themes/icon.css HTTP/1.1" 200 3949
120.253.135.82 - - [17/Jan/2020:05:30:39 +0800] "GET /xingrg/css/blue.css HTTP/1.1" 200 15949
120.253.135.82 - - [17/Jan/2020:05:30:39 +0800] "GET /xingrg/dwr/interface/AjaxReportQueryService.js HTTP/1.1" 200 13203
120.253.135.82 - - [17/Jan/2020:05:30:39 +0800] "GET /xingrg/dwr/interface/AjaxQqpsService.js HTTP/1.1" 200 16326
120.253.135.82 - - [17/Jan/2020:05:30:39 +0800] "GET /xingrg/javascript/jquery_easy_ui/themes/default/easyui.css HTTP/1.1" 200 26500
120.253.135.82 - - [17/Jan/2020:05:30:39 +0800] "GET /xingrg/javascript/myfunction.js HTTP/1.1" 200 24559
120.253.135.82 - - [17/Jan/2020:05:30:39 +0800] "GET /xingrg/javascript/Calendar.js HTTP/1.1" 200 31561
120.253.135.82 - - [17/Jan/2020:05:30:39 +0800] "GET /xingrg/dwr/util.js HTTP/1.1" 200 35990
120.253.135.82 - - [17/Jan/2020:05:30:39 +0800] "GET /xingrg/dwr/engine.js HTTP/1.1" 200 43631
120.253.135.82 - - [17/Jan/2020:05:30:39 +0800] "GET /xingrg/javascript/jquery_easy_ui/themes/icons/check_new.png HTTP/1.1" 200 3224
172.17.2.150 - - [17/Jan/2020:05:30:40 +0800] "GET /xingrg/all/function/internal_message.html?_=1579210211896&CODE_STATE=getMsg HTTP/1.1" 200 27
172.17.2.150 - - [17/Jan/2020:05:30:43 +0800] "GET /xingrg/all/function/internal_message.html?_=1579210214035&CODE_STATE=getMsg HTTP/1.1" 200 27
120.253.135.82 - - [17/Jan/2020:05:30:43 +0800] "GET /xingrg/kc/pszx/mdqp_order_list.html?state=10&page_num=2 HTTP/1.1" 200 13448
120.253.135.82 - - [17/Jan/2020:05:30:44 +0800] "GET /xingrg/dwr/interface/AjaxQqpsService.js HTTP/1.1" 200 16326
120.253.135.82 - - [17/Jan/2020:05:30:44 +0800] "GET /xingrg/dwr/interface/AjaxReportQueryService.js HTTP/1.1" 200 13203
120.253.135.82 - - [17/Jan/2020:05:30:44 +0800] "GET /xingrg/dwr/engine.js HTTP/1.1" 200 43631
58.40.7.146 - - [17/Jan/2020:05:30:44 +0800] "GET /xingrg/all/function/internal_message.html?_=1579210240831&CODE_STATE=getMsg HTTP/1.1" 200 27
124.77.241.94 - - [17/Jan/2020:05:30:47 +0800] "GET /xingrg/all/function/internal_message.html?_=1579210247060&CODE_STATE=getMsg HTTP/1.1" 200 27
120.253.135.82 - - [17/Jan/2020:05:30:47 +0800] "GET /xingrg/kc/pszx/mdqp_order_info.html?code=302020011600411 HTTP/1.1" 200 13344
120.253.135.82 - - [17/Jan/2020:05:30:47 +0800] "GET /xingrg/javascript/jquery_easy_ui/jquery.easyui.min.js HTTP/1.1" 200 213662
120.253.135.82 - - [17/Jan/2020:05:30:47 +0800] "GET /xingrg/javascript/jquery_easy_ui/easyui-lang-zh_CN.js HTTP/1.1" 200 1900
120.253.135.82 - - [17/Jan/2020:05:30:47 +0800] "GET /xingrg/javascript/AjaxInfoList.js HTTP/1.1" 200 3774
120.253.135.82 - - [17/Jan/2020:05:30:47 +0800] "GET /xingrg/javascript/ToolTips.js HTTP/1.1" 200 5615
120.253.135.82 - - [17/Jan/2020:05:30:47 +0800] "GET /xingrg/javascript/Grid.js HTTP/1.1" 200 58908
120.253.135.82 - - [17/Jan/2020:05:30:47 +0800] "GET /xingrg/dwr/interface/AjaxQqpsService.js HTTP/1.1" 200 16326
120.253.135.82 - - [17/Jan/2020:05:30:47 +0800] "GET /xingrg/javascript/checkform.js HTTP/1.1" 200 18351
120.253.135.82 - - [17/Jan/2020:05:30:47 +0800] "GET /xingrg/javascript/jquery-1.4.2.min.js HTTP/1.1" 200 72205
120.253.135.82 - - [17/Jan/2020:05:30:47 +0800] "GET /xingrg/dwr/interface/AjaxComOrderService.js HTTP/1.1" 200 18264
120.253.135.82 - - [17/Jan/2020:05:30:47 +0800] "GET /xingrg/javascript/print/kc_print.js HTTP/1.1" 200 11415
120.253.135.82 - - [17/Jan/2020:05:30:47 +0800] "GET /xingrg/javascript/tools/jquery.qtip-1.0.0-rc3.min.js HTTP/1.1" 200 38404
120.253.135.82 - - [17/Jan/2020:05:30:47 +0800] "GET /xingrg/dwr/engine.js HTTP/1.1" 200 43631
120.253.135.82 - - [17/Jan/2020:05:30:47 +0800] "GET /xingrg/images/blue/kc_tab_left.gif HTTP/1.1" 200 188
120.253.135.82 - - [17/Jan/2020:05:30:47 +0800] "POST /xingrg/dwr/call/plaincall/AjaxQqpsService.loadMaterielItems.dwr HTTP/1.1" 200 387
120.253.135.82 - - [17/Jan/2020:05:30:49 +0800] "GET /xingrg/images/yd/bt.gif HTTP/1.1" 404 1040
120.253.135.82 - - [17/Jan/2020:05:30:49 +0800] "GET /xingrg/images/yd/bt2.gif HTTP/1.1" 404 1042
120.253.135.82 - - [17/Jan/2020:05:30:50 +0800] "GET /xingrg/kc/pszx/mdqp_order_list.html?isBack=1 HTTP/1.1" 302 -
120.253.135.82 - - [17/Jan/2020:05:30:50 +0800] "GET /xingrg/kc/pszx/mdqp_order_list.html?state=10&page_num=2 HTTP/1.1" 200 13448
120.253.135.82 - - [17/Jan/2020:05:30:50 +0800] "GET /xingrg/dwr/interface/AjaxReportQueryService.js HTTP/1.1" 200 13203
120.253.135.82 - - [17/Jan/2020:05:30:50 +0800] "GET /xingrg/dwr/interface/AjaxQqpsService.js HTTP/1.1" 200 16326
120.253.135.82 - - [17/Jan/2020:05:30:50 +0800] "GET /xingrg/dwr/engine.js HTTP/1.1" 200 43631
58.221.95.50 - - [17/Jan/2020:05:30:52 +0800] "GET /xingrg/all/function/internal_message.html?_=1579210423091&CODE_STATE=getMsg HTTP/1.1" 302 -
120.253.135.82 - - [17/Jan/2020:05:30:52 +0800] "GET /xingrg/all/function/internal_message.html?_=1579209989434&CODE_STATE=getMsg HTTP/1.1" 200 27
120.253.135.82 - - [17/Jan/2020:05:30:59 +0800] "GET /xingrg/kc/pszx/jzcl_ps.html HTTP/1.1" 200 7673
120.253.135.82 - - [17/Jan/2020:05:30:59 +0800] "GET /xingrg/javascript/step/step.css HTTP/1.1" 200 999
120.253.135.82 - - [17/Jan/2020:05:30:59 +0800] "GET /xingrg/css/table.css HTTP/1.1" 200 3684
120.253.135.82 - - [17/Jan/2020:05:30:59 +0800] "GET /xingrg/javascript/step/images/navCurrentBtn.gif HTTP/1.1" 200 557
120.253.135.82 - - [17/Jan/2020:05:30:59 +0800] "GET /xingrg/javascript/jquery_easy_ui/themes/default/images/button_a_bg.gif HTTP/1.1" 200 1194
120.253.135.82 - - [17/Jan/2020:05:30:59 +0800] "GET /xingrg/javascript/jquery_easy_ui/themes/default/images/button_span_bg.gif HTTP/1.1" 200 2061
120.253.135.82 - - [17/Jan/2020:05:30:59 +0800] "GET /xingrg/javascript/jquery_easy_ui/themes/icons/search.png HTTP/1.1" 200 813
120.253.135.82 - - [17/Jan/2020:05:30:59 +0800] "POST /xingrg/all/common/load_tree.html?tree=area_rest_tree_json HTTP/1.1" 200 3079
120.253.135.82 - - [17/Jan/2020:05:30:59 +0800] "GET /xingrg/javascript/jquery_easy_ui/themes/default/images/calendar_prevyear.gif HTTP/1.1" 200 76
120.253.135.82 - - [17/Jan/2020:05:31:00 +0800] "GET /xingrg/javascript/jquery_easy_ui/themes/default/images/datagrid_header_bg.gif HTTP/1.1" 200 97
120.253.135.82 - - [17/Jan/2020:05:31:00 +0800] "GET /xingrg/javascript/jquery_easy_ui/themes/default/images/pagination_loading.gif HTTP/1.1" 200 1737
120.253.135.82 - - [17/Jan/2020:05:31:00 +0800] "GET /xingrg/javascript/jquery_easy_ui/themes/default/images/tree_checkbox_0.gif HTTP/1.1" 200 168
120.253.135.82 - - [17/Jan/2020:05:31:00 +0800] "POST /xingrg/kc/pszx/jzcl_ps_operate.html HTTP/1.1" 200 9720
124.77.241.94 - - [17/Jan/2020:05:31:00 +0800] "GET /xingrg/all/function/internal_message.html?_=1579210257104&CODE_STATE=getMsg HTTP/1.1" 200 27
120.253.135.82 - - [17/Jan/2020:05:31:00 +0800] "POST /xingrg/kc/pszx/jzcl_ps_operate.html HTTP/1.1" 200 9720
120.253.135.82 - - [17/Jan/2020:05:31:01 +0800] "GET /xingrg/javascript/jquery_easy_ui/themes/icons/rest.png HTTP/1.1" 200 695
120.253.135.82 - - [17/Jan/2020:05:31:11 +0800] "POST /xingrg/kc/pszx/jzcl_ps_operate.html HTTP/1.1" 200 4
120.253.135.82 - - [17/Jan/2020:05:31:11 +0800] "GET /xingrg/javascript/step/images/navBtn.gif HTTP/1.1" 200 361
120.253.135.82 - - [17/Jan/2020:05:31:11 +0800] "GET /xingrg/javascript/step/images/navBtn.gif HTTP/1.1" 200 361
120.253.135.82 - - [17/Jan/2020:05:31:11 +0800] "GET /xingrg/javascript/step/images/navDoneBtn.gif HTTP/1.1" 200 394
120.253.135.82 - - [17/Jan/2020:05:31:11 +0800] "GET /xingrg/javascript/step/images/navLastDoneBtn.gif HTTP/1.1" 200 552
101.85.55.199 - - [17/Jan/2020:05:31:12 +0800] "GET /xingrg/all/function/internal_message.html?_=1579210049252&CODE_STATE=getMsg HTTP/1.1" 200 27
120.253.135.82 - - [17/Jan/2020:05:31:12 +0800] "GET /xingrg/kc/pszx/mdps_order_list.html HTTP/1.1" 200 20985
114.88.159.93 - - [17/Jan/2020:05:31:12 +0800] "GET /xingrg/all/function/internal_message.html?_=1579210279852&CODE_STATE=getMsg HTTP/1.1" 200 27
120.253.135.82 - - [17/Jan/2020:05:31:12 +0800] "GET /xingrg/javascript/easyui/themes/icons/edit_add_new.png HTTP/1.1" 200 2997
120.253.135.82 - - [17/Jan/2020:05:31:12 +0800] "GET /xingrg/javascript/easyui/themes/icons/import_new.png HTTP/1.1" 200 1247
120.253.135.82 - - [17/Jan/2020:05:31:12 +0800] "GET /xingrg/javascript/easyui/themes/icons/uncheck_new.png HTTP/1.1" 200 3197
120.253.135.82 - - [17/Jan/2020:05:31:12 +0800] "GET /xingrg/javascript/easyui/themes/icons/field_new.png HTTP/1.1" 200 1097
120.253.135.82 - - [17/Jan/2020:05:31:12 +0800] "POST /xingrg/kc/pszx/mdps_list_operate.html HTTP/1.1" 200 5465
117.131.5.26 - - [17/Jan/2020:05:31:14 +0800] "GET /xingrg/all/function/internal_message.html?_=1579210282159&CODE_STATE=getMsg HTTP/1.1" 200 27
120.253.135.82 - - [17/Jan/2020:05:31:15 +0800] "POST /xingrg/kc/pszx/mdps_list_operate.html HTTP/1.1" 200 5465
180.162.232.172 - - [17/Jan/2020:05:31:18 +0800] "GET /xingrg/all/function/internal_message.html?_=1579210386097&CODE_STATE=getMsg HTTP/1.1" 200 27
120.253.135.82 - - [17/Jan/2020:05:31:20 +0800] "GET /xingrg/kc/pszx/jzcl_ps.html HTTP/1.1" 200 7673
120.253.135.82 - - [17/Jan/2020:05:31:20 +0800] "POST /xingrg/all/common/load_tree.html?tree=area_rest_tree_json HTTP/1.1" 200 3079
58.221.95.50 - - [17/Jan/2020:05:31:20 +0800] "GET /xingrg/all/function/internal_message.html?_=1579210589453&CODE_STATE=getMsg HTTP/1.1" 200 27
120.253.135.82 - - [17/Jan/2020:05:31:20 +0800] "POST /xingrg/kc/pszx/jzcl_ps_operate.html HTTP/1.1" 200 9332
120.253.135.82 - - [17/Jan/2020:05:31:20 +0800] "POST /xingrg/kc/pszx/jzcl_ps_operate.html HTTP/1.1" 200 9332
101.85.55.199 - - [17/Jan/2020:05:31:24 +0800] "GET /xingrg/check_reg.html?_=1579210061313 HTTP/1.1" 200 22
120.253.135.82 - - [17/Jan/2020:05:31:31 +0800] "POST /xingrg/kc/pszx/jzcl_ps_operate.html HTTP/1.1" 200 4
120.253.135.82 - - [17/Jan/2020:05:31:31 +0800] "GET /xingrg/javascript/step/images/navBtn.gif HTTP/1.1" 200 361
120.253.135.82 - - [17/Jan/2020:05:31:32 +0800] "GET /xingrg/kc/pszx/mdps_order_list.html HTTP/1.1" 200 20985
120.253.135.82 - - [17/Jan/2020:05:31:32 +0800] "POST /xingrg/kc/pszx/mdps_list_operate.html HTTP/1.1" 200 5465
58.40.7.146 - - [17/Jan/2020:05:31:36 +0800] "GET /xingrg/all/function/internal_message.html?_=1579210292878&CODE_STATE=getMsg HTTP/1.1" 200 27
58.40.7.146 - - [17/Jan/2020:05:31:36 +0800] "GET /xingrg/check_reg.html?_=1579210292879 HTTP/1.1" 200 22
120.253.135.82 - - [17/Jan/2020:05:31:37 +0800] "GET /xingrg/kc/pszx/mdps_order_list.html?orderType=0 HTTP/1.1" 200 20985
120.253.135.82 - - [17/Jan/2020:05:31:37 +0800] "POST /xingrg/kc/pszx/mdps_list_operate.html HTTP/1.1" 200 5465
120.253.135.82 - - [17/Jan/2020:05:31:39 +0800] "GET /xingrg/javascript/auto/indicator.gif HTTP/1.1" 404 1066
172.17.2.150 - - [17/Jan/2020:05:31:40 +0800] "GET /xingrg/all/function/internal_message.html?_=1579210271882&CODE_STATE=getMsg HTTP/1.1" 200 27
172.17.2.150 - - [17/Jan/2020:05:31:43 +0800] "GET /xingrg/all/function/internal_message.html?_=1579210274035&CODE_STATE=getMsg HTTP/1.1" 200 27
58.40.7.146 - - [17/Jan/2020:05:31:44 +0800] "GET /xingrg/all/function/internal_message.html?_=1579210300832&CODE_STATE=getMsg HTTP/1.1" 200 27
124.77.241.94 - - [17/Jan/2020:05:31:47 +0800] "GET /xingrg/all/function/internal_message.html?_=1579210307074&CODE_STATE=getMsg HTTP/1.1" 200 27
172.17.2.150 - - [17/Jan/2020:05:31:51 +0800] "GET /xingrg/check_reg.html?_=1579210282711 HTTP/1.1" 200 22
58.221.95.50 - - [17/Jan/2020:05:31:52 +0800] "GET /xingrg/check_reg.html?_=1579210483123 HTTP/1.1" 302 -
58.221.95.50 - - [17/Jan/2020:05:31:52 +0800] "GET /xingrg/all/function/internal_message.html?_=1579210483121&CODE_STATE=getMsg HTTP/1.1" 302 -
120.253.135.82 - - [17/Jan/2020:05:31:52 +0800] "GET /xingrg/all/function/internal_message.html?_=1579210049496&CODE_STATE=getMsg HTTP/1.1" 200 27
120.253.135.82 - - [17/Jan/2020:05:31:53 +0800] "POST /xingrg/kc/pszx/mdps_list_operate.html HTTP/1.1" 200 1712
120.253.135.82 - - [17/Jan/2020:05:31:54 +0800] "POST /xingrg/kc/pszx/mdps_list_operate.html HTTP/1.1" 200 611
120.253.135.82 - - [17/Jan/2020:05:31:55 +0800] "GET /xingrg/kc/pszx/mdps_order_info.html?code=312020011300412 HTTP/1.1" 200 23847
120.253.135.82 - - [17/Jan/2020:05:31:55 +0800] "GET /xingrg/javascript/convert.js HTTP/1.1" 200 1239
120.253.135.82 - - [17/Jan/2020:05:31:55 +0800] "GET /xingrg/javascript/json2.js HTTP/1.1" 200 11259
120.253.135.82 - - [17/Jan/2020:05:31:55 +0800] "GET /xingrg/javascript/jquery_tools/order_manager.js HTTP/1.1" 200 11183
120.253.135.82 - - [17/Jan/2020:05:31:55 +0800] "GET /xingrg/words/20200116160243_words.js HTTP/1.1" 200 713982
120.253.135.82 - - [17/Jan/2020:05:31:55 +0800] "GET /xingrg/javascript/easyui/themes/icons/copy_new.png HTTP/1.1" 200 815
120.253.135.82 - - [17/Jan/2020:05:31:55 +0800] "GET /xingrg/javascript/easyui/themes/default/images/menu_downarrow.png HTTP/1.1" 200 173
120.253.135.82 - - [17/Jan/2020:05:31:55 +0800] "GET /xingrg/javascript/easyui/themes/icons/ok.png HTTP/1.1" 200 883
120.253.135.82 - - [17/Jan/2020:05:31:55 +0800] "GET /xingrg/javascript/easyui/themes/icons/cancel.png HTTP/1.1" 200 1133
120.253.135.82 - - [17/Jan/2020:05:31:55 +0800] "GET /xingrg/javascript/easyui/themes/icons/print.png HTTP/1.1" 200 1057
120.253.135.82 - - [17/Jan/2020:05:31:55 +0800] "GET /xingrg/all/common/auto_word.html?type=base&rest_code=00101 HTTP/1.1" 200 513
120.253.135.82 - - [17/Jan/2020:05:31:55 +0800] "POST /xingrg/kc/pszx/mdps_order_operate.html HTTP/1.1" 200 23086
120.253.135.82 - - [17/Jan/2020:05:31:55 +0800] "GET /xingrg/javascript/easyui/themes/icons/edit_remove.png HTTP/1.1" 200 625
120.253.135.82 - - [17/Jan/2020:05:31:56 +0800] "GET /xingrg/javascript/easyui/themes/default/validatebox.css HTTP/1.1" 404 1104
120.253.135.82 - - [17/Jan/2020:05:31:56 +0800] "GET /xingrg/javascript/easyui/plugins/jquery.validatebox.js HTTP/1.1" 200 6103
120.253.135.82 - - [17/Jan/2020:05:31:56 +0800] "GET /xingrg/javascript/easyui/plugins/jquery.numberbox.js HTTP/1.1" 200 5213
124.77.241.94 - - [17/Jan/2020:05:32:00 +0800] "GET /xingrg/all/function/internal_message.html?_=1579210317110&CODE_STATE=getMsg HTTP/1.1" 200 27
180.162.232.172 - - [17/Jan/2020:05:32:10 +0800] "GET /xingrg/check_reg.html?_=1579210438240 HTTP/1.1" 200 22
101.85.55.199 - - [17/Jan/2020:05:32:12 +0800] "GET /xingrg/all/function/internal_message.html?_=1579210109224&CODE_STATE=getMsg HTTP/1.1" 200 27
114.88.159.93 - - [17/Jan/2020:05:32:12 +0800] "GET /xingrg/all/function/internal_message.html?_=1579210339830&CODE_STATE=getMsg HTTP/1.1" 200 27
120.253.135.82 - - [17/Jan/2020:05:32:14 +0800] "GET /xingrg/kc/pszx/mdps_order_info.html?code=312020011300412 HTTP/1.1" 200 23847
120.253.135.82 - - [17/Jan/2020:05:32:14 +0800] "GET /xingrg/javascript/easyui/themes/default/validatebox.css HTTP/1.1" 404 1104
120.253.135.82 - - [17/Jan/2020:05:32:14 +0800] "POST /xingrg/kc/pszx/mdps_order_operate.html HTTP/1.1" 200 23086
117.131.5.26 - - [17/Jan/2020:05:32:14 +0800] "GET /xingrg/all/function/internal_message.html?_=1579210342159&CODE_STATE=getMsg HTTP/1.1" 200 27
180.162.232.172 - - [17/Jan/2020:05:32:18 +0800] "GET /xingrg/all/function/internal_message.html?_=1579210446102&CODE_STATE=getMsg HTTP/1.1" 200 27
58.221.95.50 - - [17/Jan/2020:05:32:20 +0800] "GET /xingrg/all/function/internal_message.html?_=1579210649455&CODE_STATE=getMsg HTTP/1.1" 200 27
58.40.7.146 - - [17/Jan/2020:05:32:36 +0800] "GET /xingrg/all/function/internal_message.html?_=1579210352881&CODE_STATE=getMsg HTTP/1.1" 200 27
172.17.2.150 - - [17/Jan/2020:05:32:40 +0800] "GET /xingrg/all/function/internal_message.html?_=1579210331868&CODE_STATE=getMsg HTTP/1.1" 200 27
172.17.2.150 - - [17/Jan/2020:05:32:43 +0800] "GET /xingrg/all/function/internal_message.html?_=1579210334037&CODE_STATE=getMsg HTTP/1.1" 200 27
172.17.2.150 - - [17/Jan/2020:05:32:43 +0800] "GET /xingrg/check_reg.html?_=1579210334040 HTTP/1.1" 200 22
58.40.7.146 - - [17/Jan/2020:05:32:44 +0800] "GET /xingrg/all/function/internal_message.html?_=1579210360836&CODE_STATE=getMsg HTTP/1.1" 200 27
58.40.7.146 - - [17/Jan/2020:05:32:44 +0800] "GET /xingrg/check_reg.html?_=1579210360837 HTTP/1.1" 200 22
124.77.241.94 - - [17/Jan/2020:05:32:47 +0800] "GET /xingrg/all/function/internal_message.html?_=1579210367574&CODE_STATE=getMsg HTTP/1.1" 200 27
120.253.135.82 - - [17/Jan/2020:05:32:49 +0800] "POST /xingrg/kc/pszx/mdps_list_operate.html HTTP/1.1" 200 1712
58.221.95.50 - - [17/Jan/2020:05:32:52 +0800] "GET /xingrg/all/function/internal_message.html?_=1579210543091&CODE_STATE=getMsg HTTP/1.1" 302 -
120.253.135.82 - - [17/Jan/2020:05:32:52 +0800] "GET /xingrg/all/function/internal_message.html?_=1579210109513&CODE_STATE=getMsg HTTP/1.1" 200 27
120.253.135.82 - - [17/Jan/2020:05:32:55 +0800] "GET /xingrg/kc/pszx/mdps_order_list.html?orderType=0 HTTP/1.1" 200 20985
120.253.135.82 - - [17/Jan/2020:05:32:56 +0800] "POST /xingrg/kc/pszx/mdps_list_operate.html HTTP/1.1" 200 5465
124.77.241.94 - - [17/Jan/2020:05:33:00 +0800] "GET /xingrg/all/function/internal_message.html?_=1579210377130&CODE_STATE=getMsg HTTP/1.1" 200 27
101.85.55.199 - - [17/Jan/2020:05:33:12 +0800] "GET /xingrg/all/function/internal_message.html?_=1579210169211&CODE_STATE=getMsg HTTP/1.1" 200 27
114.88.159.93 - - [17/Jan/2020:05:33:12 +0800] "GET /xingrg/all/function/internal_message.html?_=1579210399810&CODE_STATE=getMsg HTTP/1.1" 200 27
117.131.5.26 - - [17/Jan/2020:05:33:14 +0800] "GET /xingrg/all/function/internal_message.html?_=1579210402175&CODE_STATE=getMsg HTTP/1.1" 200 27
180.162.232.172 - - [17/Jan/2020:05:33:18 +0800] "GET /xingrg/all/function/internal_message.html?_=1579210506116&CODE_STATE=getMsg HTTP/1.1" 200 27
58.221.95.50 - - [17/Jan/2020:05:33:20 +0800] "GET /xingrg/check_reg.html?_=1579210709440 HTTP/1.1" 200 22
58.221.95.50 - - [17/Jan/2020:05:33:20 +0800] "GET /xingrg/all/function/internal_message.html?_=1579210709448&CODE_STATE=getMsg HTTP/1.1" 200 27
120.253.135.82 - - [17/Jan/2020:05:33:27 +0800] "POST /xingrg/kc/pszx/mdps_list_operate.html HTTP/1.1" 200 5133
120.253.135.82 - - [17/Jan/2020:05:33:31 +0800] "POST /xingrg/kc/pszx/mdps_list_operate.html HTTP/1.1" 200 1870
120.253.135.82 - - [17/Jan/2020:05:33:33 +0800] "POST /xingrg/kc/pszx/mdps_list_operate.html HTTP/1.1" 200 210
120.253.135.82 - - [17/Jan/2020:05:33:36 +0800] "POST /xingrg/kc/pszx/mdps_list_operate.html HTTP/1.1" 200 5133
58.40.7.146 - - [17/Jan/2020:05:33:36 +0800] "GET /xingrg/all/function/internal_message.html?_=1579210412883&CODE_STATE=getMsg HTTP/1.1" 200 27
124.77.241.94 - - [17/Jan/2020:05:33:37 +0800] "GET /xingrg/check_reg.html?_=1579210417836 HTTP/1.1" 200 22
172.17.2.150 - - [17/Jan/2020:05:33:40 +0800] "GET /xingrg/all/function/internal_message.html?_=1579210391852&CODE_STATE=getMsg HTTP/1.1" 200 27
120.253.135.82 - - [17/Jan/2020:05:33:41 +0800] "POST /xingrg/kc/pszx/mdps_list_operate.html HTTP/1.1" 200 209
172.17.2.150 - - [17/Jan/2020:05:33:43 +0800] "GET /xingrg/all/function/internal_message.html?_=1579210394038&CODE_STATE=getMsg HTTP/1.1" 200 27
120.253.135.82 - - [17/Jan/2020:05:33:44 +0800] "POST /xingrg/kc/pszx/mdps_list_operate.html HTTP/1.1" 200 545
58.40.7.146 - - [17/Jan/2020:05:33:44 +0800] "GET /xingrg/all/function/internal_message.html?_=1579210420839&CODE_STATE=getMsg HTTP/1.1" 200 27
120.253.135.82 - - [17/Jan/2020:05:33:45 +0800] "GET /xingrg/kc/pszx/mdps_order_info.html?code=312020011700491 HTTP/1.1" 200 23829
120.253.135.82 - - [17/Jan/2020:05:33:46 +0800] "GET /xingrg/javascript/easyui/themes/default/validatebox.css HTTP/1.1" 404 1104
120.253.135.82 - - [17/Jan/2020:05:33:46 +0800] "POST /xingrg/kc/pszx/mdps_order_operate.html HTTP/1.1" 200 4275
124.77.241.94 - - [17/Jan/2020:05:33:47 +0800] "GET /xingrg/all/function/internal_message.html?_=1579210427584&CODE_STATE=getMsg HTTP/1.1" 200 27
120.253.135.82 - - [17/Jan/2020:05:33:48 +0800] "GET /xingrg/check_reg.html?_=1579210164964 HTTP/1.1" 200 22
124.77.241.94 - - [17/Jan/2020:05:33:51 +0800] "GET /xingrg/check_reg.html?_=1579210427904 HTTP/1.1" 200 22
58.221.95.50 - - [17/Jan/2020:05:33:52 +0800] "GET /xingrg/all/function/internal_message.html?_=1579210603106&CODE_STATE=getMsg HTTP/1.1" 302 -
120.253.135.82 - - [17/Jan/2020:05:33:53 +0800] "POST /xingrg/kc/pszx/mdps_order_operate.html HTTP/1.1" 200 37
120.253.135.82 - - [17/Jan/2020:05:33:54 +0800] "GET /xingrg/kc/pszx/mdps_order_info.html?code=312020011700491 HTTP/1.1" 200 23829
120.253.135.82 - - [17/Jan/2020:05:33:54 +0800] "GET /xingrg/javascript/easyui/themes/default/validatebox.css HTTP/1.1" 404 1104
120.253.135.82 - - [17/Jan/2020:05:33:54 +0800] "POST /xingrg/kc/pszx/mdps_order_operate.html HTTP/1.1" 200 4315
120.253.135.82 - - [17/Jan/2020:05:33:55 +0800] "GET /xingrg/all/function/internal_message.html?_=1579210171618&CODE_STATE=getMsg HTTP/1.1" 200 27
124.77.241.94 - - [17/Jan/2020:05:34:00 +0800] "GET /xingrg/all/function/internal_message.html?_=1579210437137&CODE_STATE=getMsg HTTP/1.1" 200 27
120.253.135.82 - - [17/Jan/2020:05:34:06 +0800] "POST /xingrg/kc/pszx/mdps_list_operate.html HTTP/1.1" 200 199
120.253.135.82 - - [17/Jan/2020:05:34:08 +0800] "GET /xingrg/kc/pszx/mdps_order_info.html?code=312020011700492 HTTP/1.1" 200 23829
120.253.135.82 - - [17/Jan/2020:05:34:09 +0800] "GET /xingrg/javascript/easyui/themes/default/validatebox.css HTTP/1.1" 404 1104
120.253.135.82 - - [17/Jan/2020:05:34:09 +0800] "POST /xingrg/kc/pszx/mdps_order_operate.html HTTP/1.1" 200 2266
120.253.135.82 - - [17/Jan/2020:05:34:12 +0800] "GET /xingrg/css/images/panel_loading.gif HTTP/1.1" 200 1737
101.85.55.199 - - [17/Jan/2020:05:34:12 +0800] "GET /xingrg/all/function/internal_message.html?_=1579210229197&CODE_STATE=getMsg HTTP/1.1" 200 27
120.253.135.82 - - [17/Jan/2020:05:34:12 +0800] "POST /xingrg/all/common/load_combo.html?type=base HTTP/1.1" 200 899
114.88.159.93 - - [17/Jan/2020:05:34:12 +0800] "GET /xingrg/all/function/internal_message.html?_=1579210459779&CODE_STATE=getMsg HTTP/1.1" 200 27
117.131.5.26 - - [17/Jan/2020:05:34:14 +0800] "GET /xingrg/all/function/internal_message.html?_=1579210462175&CODE_STATE=getMsg HTTP/1.1" 200 27
120.253.135.82 - - [17/Jan/2020:05:34:18 +0800] "POST /xingrg/kc/pszx/mdps_order_operate.html HTTP/1.1" 200 37
180.162.232.172 - - [17/Jan/2020:05:34:18 +0800] "GET /xingrg/all/function/internal_message.html?_=1579210566132&CODE_STATE=getMsg HTTP/1.1" 200 27
120.253.135.82 - - [17/Jan/2020:05:34:19 +0800] "GET /xingrg/kc/pszx/mdps_order_info.html?code=312020011700492 HTTP/1.1" 200 23829
120.253.135.82 - - [17/Jan/2020:05:34:19 +0800] "GET /xingrg/javascript/easyui/themes/default/validatebox.css HTTP/1.1" 404 1104
120.253.135.82 - - [17/Jan/2020:05:34:19 +0800] "POST /xingrg/kc/pszx/mdps_order_operate.html HTTP/1.1" 200 2274
58.221.95.50 - - [17/Jan/2020:05:34:20 +0800] "GET /xingrg/all/function/internal_message.html?_=1579210769456&CODE_STATE=getMsg HTTP/1.1" 200 27
120.253.135.82 - - [17/Jan/2020:05:34:21 +0800] "POST /xingrg/kc/pszx/mdps_list_operate.html HTTP/1.1" 200 5133
120.253.135.82 - - [17/Jan/2020:05:34:23 +0800] "POST /xingrg/kc/pszx/mdps_list_operate.html HTTP/1.1" 200 278
120.253.135.82 - - [17/Jan/2020:05:34:30 +0800] "POST /xingrg/kc/pszx/mdps_list_operate.html HTTP/1.1" 200 278
58.40.7.146 - - [17/Jan/2020:05:34:36 +0800] "GET /xingrg/all/function/internal_message.html?_=1579210472888&CODE_STATE=getMsg HTTP/1.1" 200 27
120.253.135.82 - - [17/Jan/2020:05:34:37 +0800] "GET /xingrg/kc/pszx/mdps_order_info.html?code=312020011700493 HTTP/1.1" 200 23829
120.253.135.82 - - [17/Jan/2020:05:34:38 +0800] "GET /xingrg/javascript/easyui/themes/default/validatebox.css HTTP/1.1" 404 1104
120.253.135.82 - - [17/Jan/2020:05:34:38 +0800] "POST /xingrg/kc/pszx/mdps_order_operate.html HTTP/1.1" 200 2752
172.17.2.150 - - [17/Jan/2020:05:34:40 +0800] "GET /xingrg/all/function/internal_message.html?_=1579210451837&CODE_STATE=getMsg HTTP/1.1" 200 27
120.253.135.82 - - [17/Jan/2020:05:34:42 +0800] "POST /xingrg/kc/pszx/mdps_list_operate.html HTTP/1.1" 200 5133
172.17.2.150 - - [17/Jan/2020:05:34:43 +0800] "GET /xingrg/all/function/internal_message.html?_=1579210454036&CODE_STATE=getMsg HTTP/1.1" 200 27
120.253.135.82 - - [17/Jan/2020:05:34:44 +0800] "POST /xingrg/kc/pszx/mdps_list_operate.html HTTP/1.1" 200 278
58.40.7.146 - - [17/Jan/2020:05:34:44 +0800] "GET /xingrg/all/function/internal_message.html?_=1579210480843&CODE_STATE=getMsg HTTP/1.1" 200 27
120.253.135.82 - - [17/Jan/2020:05:34:45 +0800] "GET /xingrg/kc/pszx/mdps_order_info.html?code=312020011600480 HTTP/1.1" 200 23829
120.253.135.82 - - [17/Jan/2020:05:34:45 +0800] "GET /xingrg/javascript/easyui/themes/default/validatebox.css HTTP/1.1" 404 1104
120.253.135.82 - - [17/Jan/2020:05:34:45 +0800] "POST /xingrg/kc/pszx/mdps_order_operate.html HTTP/1.1" 200 2768
124.77.241.94 - - [17/Jan/2020:05:34:47 +0800] "GET /xingrg/all/function/internal_message.html?_=1579210487596&CODE_STATE=getMsg HTTP/1.1" 200 27
58.221.95.50 - - [17/Jan/2020:05:34:52 +0800] "GET /xingrg/all/function/internal_message.html?_=1579210663117&CODE_STATE=getMsg HTTP/1.1" 302 -
120.253.135.82 - - [17/Jan/2020:05:34:55 +0800] "GET /xingrg/all/function/internal_message.html?_=1579210231630&CODE_STATE=getMsg HTTP/1.1" 200 27
114.88.159.93 - - [17/Jan/2020:05:34:57 +0800] "GET /xingrg/check_reg.html?_=1579210504568 HTTP/1.1" 200 22
124.77.241.94 - - [17/Jan/2020:05:35:00 +0800] "GET /xingrg/all/function/internal_message.html?_=1579210497151&CODE_STATE=getMsg HTTP/1.1" 200 27
117.131.5.26 - - [17/Jan/2020:05:35:02 +0800] "GET /xingrg/check_reg.html?_=1579210510065 HTTP/1.1" 200 22
120.253.135.82 - - [17/Jan/2020:05:35:06 +0800] "POST /xingrg/kc/pszx/mdps_order_operate.html HTTP/1.1" 200 37
120.253.135.82 - - [17/Jan/2020:05:35:06 +0800] "GET /xingrg/kc/pszx/mdps_order_info.html?code=312020011600480 HTTP/1.1" 200 23829
120.253.135.82 - - [17/Jan/2020:05:35:07 +0800] "GET /xingrg/javascript/easyui/themes/default/validatebox.css HTTP/1.1" 404 1104
120.253.135.82 - - [17/Jan/2020:05:35:07 +0800] "POST /xingrg/kc/pszx/mdps_order_operate.html HTTP/1.1" 200 2770
