101.81.125.204 - - [17/Jan/2020:09:27:59 +0800] "POST /xingrg/kc/buy/cgsh_order_operate.html HTTP/1.1" 200 7395
117.184.7.26 - - [17/Jan/2020:09:28:00 +0800] "GET /xingrg/kc/print/load_data.html?order_code=212020011708839&kc_code=cgsh&condition= HTTP/1.1" 200 2509
101.81.125.204 - - [17/Jan/2020:09:28:01 +0800] "GET /xingrg/kc/print/load_config.html?kc_code=cgsh HTTP/1.1" 200 1841
101.81.125.204 - - [17/Jan/2020:09:28:01 +0800] "GET /xingrg/kc/print/load_data.html?order_code=212020011708841&kc_code=cgsh&condition= HTTP/1.1" 200 2523
116.224.233.159 - - [17/Jan/2020:09:28:03 +0800] "GET /xingrg/kc/buy/cgsh_order_operate.html?command=get_materiel&rest_code=00102&code=00101031001&supplier_code=00100064&order_time=2020-01-17 HTTP/1.1" 200 419
124.77.241.94 - - [17/Jan/2020:09:28:03 +0800] "GET /xingrg/all/function/internal_message.html?_=1579224480926&CODE_STATE=getMsg HTTP/1.1" 200 27
101.81.125.204 - - [17/Jan/2020:09:28:04 +0800] "GET /xingrg/all/function/internal_message.html?_=1579224478821&CODE_STATE=getMsg HTTP/1.1" 200 27
116.224.233.159 - - [17/Jan/2020:09:28:05 +0800] "GET /xingrg/all/function/internal_message.html?_=1579224638422&CODE_STATE=getMsg HTTP/1.1" 200 27
116.238.35.243 - - [17/Jan/2020:09:28:05 +0800] "GET /xingrg/all/function/internal_message.html?_=1579224486132&CODE_STATE=getMsg HTTP/1.1" 200 27
114.88.159.93 - - [17/Jan/2020:09:28:06 +0800] "GET /xingrg/all/function/internal_message.html?_=1579224494241&CODE_STATE=getMsg HTTP/1.1" 200 27
117.184.7.26 - - [17/Jan/2020:09:28:06 +0800] "GET /xingrg/kc/buy/cgsh_order_add.html HTTP/1.1" 200 57521
117.184.7.26 - - [17/Jan/2020:09:28:07 +0800] "POST /xingrg/kc/buy/cgsh_order_operate.html HTTP/1.1" 200 8245
117.184.7.26 - - [17/Jan/2020:09:28:07 +0800] "GET /xingrg/javascript/easyui/themes/default/validatebox.css HTTP/1.1" 404 1104
116.224.233.159 - - [17/Jan/2020:09:28:12 +0800] "POST /xingrg/kc/buy/cgsh_order_operate.html HTTP/1.1" 200 37
101.81.125.204 - - [17/Jan/2020:09:28:12 +0800] "GET /xingrg/kc/buy/cgsh_order_add.html HTTP/1.1" 200 57964
101.81.125.204 - - [17/Jan/2020:09:28:13 +0800] "POST /xingrg/kc/buy/cgsh_order_operate.html HTTP/1.1" 200 8245
101.81.125.204 - - [17/Jan/2020:09:28:13 +0800] "GET /xingrg/javascript/easyui/themes/default/validatebox.css HTTP/1.1" 404 1104
116.224.233.159 - - [17/Jan/2020:09:28:13 +0800] "POST /xingrg/kc/buy/cgsh_order_operate.html HTTP/1.1" 200 12
116.224.233.159 - - [17/Jan/2020:09:28:14 +0800] "GET /xingrg/kc/buy/cgsh_order_info.html?code=212020011708842 HTTP/1.1" 200 52327
114.88.170.138 - - [17/Jan/2020:09:28:14 +0800] "GET /xingrg/all/function/internal_message.html?_=1579224492593&CODE_STATE=getMsg HTTP/1.1" 200 27
116.224.233.159 - - [17/Jan/2020:09:28:15 +0800] "GET /xingrg/javascript/easyui/themes/default/validatebox.css HTTP/1.1" 404 1104
116.224.233.159 - - [17/Jan/2020:09:28:15 +0800] "POST /xingrg/kc/buy/cgsh_order_operate.html HTTP/1.1" 200 1208
116.238.181.252 - - [17/Jan/2020:09:28:16 +0800] "GET /xingrg/kc/buy/cgsh_order_operate.html?command=get_materiel&rest_code=00150&code=00101008300&supplier_code=00100007&order_time=2020-01-17 HTTP/1.1" 200 412
116.224.233.159 - - [17/Jan/2020:09:28:17 +0800] "GET /xingrg/kc/print/load_data.html?order_code=212020011708842&kc_code=cgsh&condition= HTTP/1.1" 200 963
101.81.125.204 - - [17/Jan/2020:09:28:17 +0800] "GET /xingrg/all/function/internal_message.html?_=1579223877556&CODE_STATE=getMsg HTTP/1.1" 200 27
222.69.134.68 - - [17/Jan/2020:09:28:19 +0800] "GET /xingrg/kc/buy/cgsh_order_operate.html?command=get_materiel&rest_code=00149&code=00101007023&supplier_code=00100205&order_time=2020-01-17 HTTP/1.1" 200 411
117.184.7.26 - - [17/Jan/2020:09:28:21 +0800] "GET /xingrg/kc/buy/cgsh_order_operate.html?command=get_materiel&rest_code=00108&code=00101011005&supplier_code=00100047&order_time=2020-01-17 HTTP/1.1" 200 429
58.221.95.50 - - [17/Jan/2020:09:28:21 +0800] "GET /xingrg/check_reg.html?_=1579224809838 HTTP/1.1" 200 22
58.221.95.50 - - [17/Jan/2020:09:28:21 +0800] "GET /xingrg/all/function/internal_message.html?_=1579224809839&CODE_STATE=getMsg HTTP/1.1" 200 27
58.40.7.146 - - [17/Jan/2020:09:28:21 +0800] "GET /xingrg/all/function/internal_message.html?_=1579224497980&CODE_STATE=getMsg HTTP/1.1" 200 27
101.81.125.204 - - [17/Jan/2020:09:28:22 +0800] "GET /xingrg/javascript/easyui/themes/default/tree.css HTTP/1.1" 404 1090
116.238.181.252 - - [17/Jan/2020:09:28:22 +0800] "GET /xingrg/kc/buy/cgsh_order_operate.html?command=get_materiel&rest_code=00150&code=00101008251&supplier_code=00100007&order_time=2020-01-17 HTTP/1.1" 200 408
101.81.125.204 - - [17/Jan/2020:09:28:22 +0800] "POST /xingrg/all/common/load_tree.html?tree=supplier_tree_json&isDelete=1 HTTP/1.1" 200 46181
114.88.170.138 - - [17/Jan/2020:09:28:24 +0800] "GET /xingrg/check_reg.html?_=1579224726517 HTTP/1.1" 200 22
114.88.170.138 - - [17/Jan/2020:09:28:24 +0800] "GET /xingrg/all/function/internal_message.html?_=1579224726520&CODE_STATE=getMsg HTTP/1.1" 200 27
116.238.181.252 - - [17/Jan/2020:09:28:28 +0800] "GET /xingrg/kc/buy/cgsh_order_operate.html?command=get_materiel&rest_code=00150&code=00101008118&supplier_code=00100007&order_time=2020-01-17 HTTP/1.1" 200 418
116.224.233.159 - - [17/Jan/2020:09:28:32 +0800] "GET /xingrg/kc/buy/cgsh_order_add.html HTTP/1.1" 200 57423
116.224.233.159 - - [17/Jan/2020:09:28:33 +0800] "POST /xingrg/kc/buy/cgsh_order_operate.html HTTP/1.1" 200 8245
116.224.233.159 - - [17/Jan/2020:09:28:33 +0800] "GET /xingrg/javascript/easyui/themes/default/validatebox.css HTTP/1.1" 404 1104
117.184.7.26 - - [17/Jan/2020:09:28:33 +0800] "GET /xingrg/kc/buy/cgsh_order_operate.html?command=get_materiel&rest_code=00108&code=00101011003&supplier_code=00100047&order_time=2020-01-17 HTTP/1.1" 200 413
124.77.241.94 - - [17/Jan/2020:09:28:34 +0800] "GET /xingrg/all/function/internal_message.html?_=1579224515217&CODE_STATE=getMsg HTTP/1.1" 200 27
117.184.7.26 - - [17/Jan/2020:09:28:35 +0800] "GET /xingrg/all/function/internal_message.html?_=1579224501166&CODE_STATE=getMsg HTTP/1.1" 200 27
222.69.134.68 - - [17/Jan/2020:09:28:35 +0800] "GET /xingrg/kc/buy/cgsh_order_operate.html?command=get_materiel&rest_code=00149&code=00101007038&supplier_code=00100205&order_time=2020-01-17 HTTP/1.1" 200 441
116.224.233.159 - - [17/Jan/2020:09:28:36 +0800] "GET /xingrg/javascript/easyui/themes/default/tree.css HTTP/1.1" 404 1090
116.224.233.159 - - [17/Jan/2020:09:28:36 +0800] "POST /xingrg/all/common/load_tree.html?tree=supplier_tree_json&isDelete=1 HTTP/1.1" 200 46181
116.238.181.252 - - [17/Jan/2020:09:28:36 +0800] "GET /xingrg/kc/buy/cgsh_order_operate.html?command=get_materiel&rest_code=00150&code=00101008439&supplier_code=00100007&order_time=2020-01-17 HTTP/1.1" 200 399
124.77.241.94 - - [17/Jan/2020:09:28:38 +0800] "GET /xingrg/check_reg.html?_=1579224519059 HTTP/1.1" 200 22
116.238.181.252 - - [17/Jan/2020:09:28:43 +0800] "GET /xingrg/kc/buy/cgsh_order_operate.html?command=get_materiel&rest_code=00150&code=00101008270&supplier_code=00100007&order_time=2020-01-17 HTTP/1.1" 200 412
117.184.7.26 - - [17/Jan/2020:09:28:44 +0800] "POST /xingrg/kc/buy/cgsh_order_operate.html HTTP/1.1" 200 37
58.40.7.146 - - [17/Jan/2020:09:28:44 +0800] "GET /xingrg/all/function/internal_message.html?_=1579224520958&CODE_STATE=getMsg HTTP/1.1" 200 27
117.184.7.26 - - [17/Jan/2020:09:28:44 +0800] "POST /xingrg/kc/buy/cgsh_order_operate.html HTTP/1.1" 200 3249
222.69.134.68 - - [17/Jan/2020:09:28:47 +0800] "GET /xingrg/check_reg.html?_=1579224518391 HTTP/1.1" 200 22
222.69.134.68 - - [17/Jan/2020:09:28:47 +0800] "GET /xingrg/kc/buy/cgsh_order_operate.html?command=get_materiel&rest_code=00149&code=00101006200&supplier_code=00100205&order_time=2020-01-17 HTTP/1.1" 200 416
222.69.134.68 - - [17/Jan/2020:09:28:47 +0800] "GET /xingrg/all/function/internal_message.html?_=1579224518695&CODE_STATE=getMsg HTTP/1.1" 200 27
116.238.181.252 - - [17/Jan/2020:09:28:49 +0800] "GET /xingrg/kc/buy/cgsh_order_operate.html?command=get_materiel&rest_code=00150&code=00101008136&supplier_code=00100007&order_time=2020-01-17 HTTP/1.1" 200 413
124.77.241.94 - - [17/Jan/2020:09:28:51 +0800] "GET /xingrg/check_reg.html?_=1579224528307 HTTP/1.1" 200 22
101.81.125.204 - - [17/Jan/2020:09:28:51 +0800] "GET /xingrg/kc/buy/cgsh_order_operate.html?command=get_materiel&rest_code=00107&code=00101012026&supplier_code=00100033&order_time=2020-01-17 HTTP/1.1" 200 408
117.184.7.26 - - [17/Jan/2020:09:28:52 +0800] "GET /xingrg/kc/print/load_data.html?order_code=212020011708843&kc_code=cgsh&condition= HTTP/1.1" 200 947
58.221.95.50 - - [17/Jan/2020:09:28:52 +0800] "GET /xingrg/all/function/internal_message.html?_=1579224703586&CODE_STATE=getMsg HTTP/1.1" 302 -
116.238.181.252 - - [17/Jan/2020:09:28:55 +0800] "GET /xingrg/kc/buy/cgsh_order_operate.html?command=get_materiel&rest_code=00150&code=00101008069&supplier_code=00100007&order_time=2020-01-17 HTTP/1.1" 200 412
114.93.75.19 - - [17/Jan/2020:09:28:57 +0800] "GET /xingrg/all/function/internal_message.html?_=1579224442787&CODE_STATE=getMsg HTTP/1.1" 200 27
116.238.181.252 - - [17/Jan/2020:09:28:57 +0800] "GET /xingrg/all/function/internal_message.html?_=1579224534611&CODE_STATE=getMsg HTTP/1.1" 200 27
116.238.181.252 - - [17/Jan/2020:09:28:59 +0800] "GET /xingrg/kc/buy/cgsh_order_operate.html?command=get_materiel&rest_code=00150&code=00101008286&supplier_code=00100007&order_time=2020-01-17 HTTP/1.1" 200 408
116.238.35.243 - - [17/Jan/2020:09:29:02 +0800] "POST /xingrg/kc/buy/cgsh_order_operate.html HTTP/1.1" 200 2065
222.69.134.68 - - [17/Jan/2020:09:29:03 +0800] "GET /xingrg/kc/buy/cgsh_order_operate.html?command=get_materiel&rest_code=00149&code=00101007081&supplier_code=00100205&order_time=2020-01-17 HTTP/1.1" 200 413
116.238.35.243 - - [17/Jan/2020:09:29:03 +0800] "POST /xingrg/kc/buy/cgsh_order_operate.html HTTP/1.1" 200 2065
124.77.241.94 - - [17/Jan/2020:09:29:03 +0800] "GET /xingrg/all/function/internal_message.html?_=1579224541033&CODE_STATE=getMsg HTTP/1.1" 200 27
101.81.125.204 - - [17/Jan/2020:09:29:04 +0800] "GET /xingrg/all/function/internal_message.html?_=1579224538809&CODE_STATE=getMsg HTTP/1.1" 200 27
116.238.181.252 - - [17/Jan/2020:09:29:04 +0800] "GET /xingrg/kc/buy/cgsh_order_operate.html?command=get_materiel&rest_code=00150&code=00101008036&supplier_code=00100007&order_time=2020-01-17 HTTP/1.1" 200 408
116.224.233.159 - - [17/Jan/2020:09:29:05 +0800] "GET /xingrg/all/function/internal_message.html?_=1579224698436&CODE_STATE=getMsg HTTP/1.1" 200 27
116.238.35.243 - - [17/Jan/2020:09:29:05 +0800] "GET /xingrg/check_reg.html?_=1579224546001 HTTP/1.1" 200 22
116.238.35.243 - - [17/Jan/2020:09:29:05 +0800] "GET /xingrg/all/function/internal_message.html?_=1579224546031&CODE_STATE=getMsg HTTP/1.1" 200 27
114.88.159.93 - - [17/Jan/2020:09:29:06 +0800] "GET /xingrg/all/function/internal_message.html?_=1579224554247&CODE_STATE=getMsg HTTP/1.1" 200 27
116.238.181.252 - - [17/Jan/2020:09:29:07 +0800] "POST /xingrg/kc/buy/cgsh_order_operate.html HTTP/1.1" 200 2065
116.238.181.252 - - [17/Jan/2020:09:29:11 +0800] "GET /xingrg/kc/buy/cgsh_order_operate.html?command=get_materiel&rest_code=00150&code=00101008131&supplier_code=00100007&order_time=2020-01-17 HTTP/1.1" 200 408
114.88.170.138 - - [17/Jan/2020:09:29:14 +0800] "GET /xingrg/all/function/internal_message.html?_=1579224552602&CODE_STATE=getMsg HTTP/1.1" 200 27
222.69.134.68 - - [17/Jan/2020:09:29:16 +0800] "GET /xingrg/kc/buy/cgsh_order_operate.html?command=get_materiel&rest_code=00149&code=00101007059&supplier_code=00100205&order_time=2020-01-17 HTTP/1.1" 200 411
116.238.181.252 - - [17/Jan/2020:09:29:16 +0800] "GET /xingrg/kc/buy/cgsh_order_operate.html?command=get_materiel&rest_code=00150&code=00101008296&supplier_code=00100007&order_time=2020-01-17 HTTP/1.1" 200 416
117.184.7.26 - - [17/Jan/2020:09:29:17 +0800] "POST /xingrg/kc/buy/cgsh_list_operate.html HTTP/1.1" 200 3134
101.81.125.204 - - [17/Jan/2020:09:29:17 +0800] "GET /xingrg/check_reg.html?_=1579223937044 HTTP/1.1" 200 22
101.81.125.204 - - [17/Jan/2020:09:29:17 +0800] "GET /xingrg/all/function/internal_message.html?_=1579223937585&CODE_STATE=getMsg HTTP/1.1" 200 27
58.221.95.50 - - [17/Jan/2020:09:29:21 +0800] "GET /xingrg/all/function/internal_message.html?_=1579224869826&CODE_STATE=getMsg HTTP/1.1" 200 27
58.40.7.146 - - [17/Jan/2020:09:29:21 +0800] "GET /xingrg/all/function/internal_message.html?_=1579224557967&CODE_STATE=getMsg HTTP/1.1" 200 27
116.238.181.252 - - [17/Jan/2020:09:29:23 +0800] "GET /xingrg/kc/buy/cgsh_order_operate.html?command=get_materiel&rest_code=00150&code=00101008169&supplier_code=00100007&order_time=2020-01-17 HTTP/1.1" 200 412
114.88.170.138 - - [17/Jan/2020:09:29:24 +0800] "GET /xingrg/all/function/internal_message.html?_=1579224786520&CODE_STATE=getMsg HTTP/1.1" 200 27
117.184.7.26 - - [17/Jan/2020:09:29:27 +0800] "POST /xingrg/kc/buy/cgsh_list_operate.html HTTP/1.1" 200 4
116.238.181.252 - - [17/Jan/2020:09:29:28 +0800] "GET /xingrg/kc/buy/cgsh_order_operate.html?command=get_materiel&rest_code=00150&code=00101008318&supplier_code=00100007&order_time=2020-01-17 HTTP/1.1" 200 408
222.69.134.68 - - [17/Jan/2020:09:29:33 +0800] "GET /xingrg/kc/buy/cgsh_order_operate.html?command=get_materiel&rest_code=00149&code=00101007077&supplier_code=00100205&order_time=2020-01-17 HTTP/1.1" 200 415
116.238.181.252 - - [17/Jan/2020:09:29:34 +0800] "GET /xingrg/kc/buy/cgsh_order_operate.html?command=get_materiel&rest_code=00150&code=00101008352&supplier_code=00100007&order_time=2020-01-17 HTTP/1.1" 200 412
117.184.7.26 - - [17/Jan/2020:09:29:34 +0800] "POST /xingrg/kc/buy/cgsh_list_operate.html HTTP/1.1" 200 876
124.77.241.94 - - [17/Jan/2020:09:29:34 +0800] "GET /xingrg/all/function/internal_message.html?_=1579224575221&CODE_STATE=getMsg HTTP/1.1" 200 27
117.184.7.26 - - [17/Jan/2020:09:29:35 +0800] "GET /xingrg/all/function/internal_message.html?_=1579224561164&CODE_STATE=getMsg HTTP/1.1" 200 27
116.238.181.252 - - [17/Jan/2020:09:29:37 +0800] "POST /xingrg/kc/buy/cgsh_order_operate.html HTTP/1.1" 200 2065
117.184.7.26 - - [17/Jan/2020:09:29:38 +0800] "GET /xingrg/kc/buy/cgsh_order_add.html HTTP/1.1" 200 57521
117.184.7.26 - - [17/Jan/2020:09:29:38 +0800] "POST /xingrg/kc/buy/cgsh_order_operate.html HTTP/1.1" 200 8245
117.184.7.26 - - [17/Jan/2020:09:29:38 +0800] "GET /xingrg/javascript/easyui/themes/default/validatebox.css HTTP/1.1" 404 1104
58.40.7.146 - - [17/Jan/2020:09:29:44 +0800] "GET /xingrg/all/function/internal_message.html?_=1579224580960&CODE_STATE=getMsg HTTP/1.1" 200 27
116.238.181.252 - - [17/Jan/2020:09:29:46 +0800] "GET /xingrg/kc/buy/cgsh_order_operate.html?command=get_materiel&rest_code=00150&code=00101008098&supplier_code=00100007&order_time=2020-01-17 HTTP/1.1" 200 412
222.69.134.68 - - [17/Jan/2020:09:29:47 +0800] "GET /xingrg/all/function/internal_message.html?_=1579224578670&CODE_STATE=getMsg HTTP/1.1" 200 27
117.184.7.26 - - [17/Jan/2020:09:29:48 +0800] "GET /xingrg/kc/buy/cgsh_order_operate.html?command=get_materiel&rest_code=00108&code=00101016053&supplier_code=00100151&order_time=2020-01-17 HTTP/1.1" 200 408
101.81.125.204 - - [17/Jan/2020:09:29:51 +0800] "GET /xingrg/kc/buy/cgsh_order_operate.html?command=get_materiel&rest_code=00107&code=00101016025&supplier_code=00100033&order_time=2020-01-17 HTTP/1.1" 200 408
58.221.95.50 - - [17/Jan/2020:09:29:52 +0800] "GET /xingrg/all/function/internal_message.html?_=1579224763585&CODE_STATE=getMsg HTTP/1.1" 302 -
116.238.181.252 - - [17/Jan/2020:09:29:53 +0800] "GET /xingrg/kc/buy/cgsh_order_operate.html?command=get_materiel&rest_code=00150&code=00101008005&supplier_code=00100007&order_time=2020-01-17 HTTP/1.1" 200 412
117.184.7.26 - - [17/Jan/2020:09:29:54 +0800] "GET /xingrg/kc/buy/cgsh_order_operate.html?command=get_materiel&rest_code=00108&code=00101010136&supplier_code=00100151&order_time=2020-01-17 HTTP/1.1" 200 408
114.88.159.93 - - [17/Jan/2020:09:29:56 +0800] "GET /xingrg/check_reg.html?_=1579224604714 HTTP/1.1" 200 22
114.93.75.19 - - [17/Jan/2020:09:29:57 +0800] "GET /xingrg/all/function/internal_message.html?_=1579224502815&CODE_STATE=getMsg HTTP/1.1" 200 27
116.238.181.252 - - [17/Jan/2020:09:29:57 +0800] "GET /xingrg/check_reg.html?_=1579224594626 HTTP/1.1" 200 22
116.238.181.252 - - [17/Jan/2020:09:29:57 +0800] "GET /xingrg/all/function/internal_message.html?_=1579224594627&CODE_STATE=getMsg HTTP/1.1" 200 27
116.238.181.252 - - [17/Jan/2020:09:29:59 +0800] "GET /xingrg/kc/buy/cgsh_order_operate.html?command=get_materiel&rest_code=00150&code=00101008271&supplier_code=00100007&order_time=2020-01-17 HTTP/1.1" 200 408
117.184.7.26 - - [17/Jan/2020:09:30:03 +0800] "POST /xingrg/kc/buy/cgsh_order_operate.html HTTP/1.1" 200 37
124.77.241.94 - - [17/Jan/2020:09:30:04 +0800] "GET /xingrg/all/function/internal_message.html?_=1579224601046&CODE_STATE=getMsg HTTP/1.1" 200 27
101.81.125.204 - - [17/Jan/2020:09:30:04 +0800] "GET /xingrg/all/function/internal_message.html?_=1579224598788&CODE_STATE=getMsg HTTP/1.1" 200 27
116.224.233.159 - - [17/Jan/2020:09:30:05 +0800] "GET /xingrg/all/function/internal_message.html?_=1579224758449&CODE_STATE=getMsg HTTP/1.1" 200 27
116.238.181.252 - - [17/Jan/2020:09:30:05 +0800] "GET /xingrg/kc/buy/cgsh_order_operate.html?command=get_materiel&rest_code=00150&code=00101008353&supplier_code=00100007&order_time=2020-01-17 HTTP/1.1" 200 408
116.238.35.243 - - [17/Jan/2020:09:30:05 +0800] "GET /xingrg/all/function/internal_message.html?_=1579224606135&CODE_STATE=getMsg HTTP/1.1" 200 27
114.88.159.93 - - [17/Jan/2020:09:30:06 +0800] "GET /xingrg/all/function/internal_message.html?_=1579224614217&CODE_STATE=getMsg HTTP/1.1" 200 27
116.238.181.252 - - [17/Jan/2020:09:30:11 +0800] "GET /xingrg/kc/buy/cgsh_order_operate.html?command=get_materiel&rest_code=00150&code=00101008213&supplier_code=00100007&order_time=2020-01-17 HTTP/1.1" 200 412
116.238.181.252 - - [17/Jan/2020:09:30:13 +0800] "POST /xingrg/kc/buy/cgsh_order_operate.html HTTP/1.1" 200 2065
114.88.170.138 - - [17/Jan/2020:09:30:13 +0800] "GET /xingrg/check_reg.html?_=1579224611851 HTTP/1.1" 200 22
114.88.170.138 - - [17/Jan/2020:09:30:14 +0800] "GET /xingrg/all/function/internal_message.html?_=1579224612617&CODE_STATE=getMsg HTTP/1.1" 200 27
101.81.125.204 - - [17/Jan/2020:09:30:17 +0800] "GET /xingrg/kc/buy/cgsh_order_operate.html?command=get_materiel&rest_code=00107&code=00101016100&supplier_code=00100033&order_time=2020-01-17 HTTP/1.1" 200 412
101.81.125.204 - - [17/Jan/2020:09:30:17 +0800] "GET /xingrg/all/function/internal_message.html?_=1579223997598&CODE_STATE=getMsg HTTP/1.1" 200 27
58.221.95.50 - - [17/Jan/2020:09:30:21 +0800] "GET /xingrg/all/function/internal_message.html?_=1579224929839&CODE_STATE=getMsg HTTP/1.1" 200 27
58.40.7.146 - - [17/Jan/2020:09:30:21 +0800] "GET /xingrg/check_reg.html?_=1579224617973 HTTP/1.1" 200 22
58.40.7.146 - - [17/Jan/2020:09:30:21 +0800] "GET /xingrg/all/function/internal_message.html?_=1579224617975&CODE_STATE=getMsg HTTP/1.1" 200 27
117.184.7.26 - - [17/Jan/2020:09:30:22 +0800] "POST /xingrg/kc/buy/cgsh_order_operate.html HTTP/1.1" 200 2655
116.238.181.252 - - [17/Jan/2020:09:30:22 +0800] "GET /xingrg/kc/buy/cgsh_order_operate.html?command=get_materiel&rest_code=00150&code=00101008312&supplier_code=00100007&order_time=2020-01-17 HTTP/1.1" 200 412
114.88.170.138 - - [17/Jan/2020:09:30:24 +0800] "GET /xingrg/all/function/internal_message.html?_=1579224846519&CODE_STATE=getMsg HTTP/1.1" 200 27
117.184.7.26 - - [17/Jan/2020:09:30:33 +0800] "GET /xingrg/kc/buy/cgsh_order_add.html HTTP/1.1" 200 57521
117.184.7.26 - - [17/Jan/2020:09:30:33 +0800] "POST /xingrg/kc/buy/cgsh_order_operate.html HTTP/1.1" 200 8245
117.184.7.26 - - [17/Jan/2020:09:30:33 +0800] "GET /xingrg/javascript/easyui/themes/default/validatebox.css HTTP/1.1" 404 1104
124.77.241.94 - - [17/Jan/2020:09:30:34 +0800] "GET /xingrg/all/function/internal_message.html?_=1579224635235&CODE_STATE=getMsg HTTP/1.1" 200 27
117.184.7.26 - - [17/Jan/2020:09:30:35 +0800] "GET /xingrg/all/function/internal_message.html?_=1579224621180&CODE_STATE=getMsg HTTP/1.1" 200 27
117.184.7.30 - - [17/Jan/2020:09:30:35 +0800] "GET /xingrg/check_reg.html?_=1579224621185 HTTP/1.1" 200 22
58.40.7.146 - - [17/Jan/2020:09:30:44 +0800] "GET /xingrg/all/function/internal_message.html?_=1579224640962&CODE_STATE=getMsg HTTP/1.1" 200 27
124.77.241.94 - - [17/Jan/2020:09:30:45 +0800] "POST /xingrg/kc/buy/cgsh_list_operate.html HTTP/1.1" 200 5882
222.69.134.68 - - [17/Jan/2020:09:30:47 +0800] "GET /xingrg/all/function/internal_message.html?_=1579224638653&CODE_STATE=getMsg HTTP/1.1" 200 27
116.238.181.252 - - [17/Jan/2020:09:30:47 +0800] "GET /xingrg/kc/buy/cgsh_order_operate.html?command=get_materiel&rest_code=00150&code=00101008095&supplier_code=00100007&order_time=2020-01-17 HTTP/1.1" 200 412
101.81.125.204 - - [17/Jan/2020:09:30:48 +0800] "GET /xingrg/kc/buy/cgsh_order_operate.html?command=get_materiel&rest_code=00107&code=00101010136&supplier_code=00100033&order_time=2020-01-17 HTTP/1.1" 200 408
124.77.241.94 - - [17/Jan/2020:09:30:50 +0800] "POST /xingrg/kc/buy/cgsh_list_operate.html HTTP/1.1" 200 1690
124.77.241.94 - - [17/Jan/2020:09:30:51 +0800] "POST /xingrg/kc/buy/cgsh_list_operate.html HTTP/1.1" 200 573
116.238.35.243 - - [17/Jan/2020:09:30:51 +0800] "POST /xingrg/kc/buy/cgsh_order_operate.html HTTP/1.1" 200 2065
124.77.241.94 - - [17/Jan/2020:09:30:52 +0800] "GET /xingrg/kc/buy/cgsh_order_info.html?code=212020011708834 HTTP/1.1" 200 57527
124.77.241.94 - - [17/Jan/2020:09:30:52 +0800] "GET /xingrg/javascript/easyui/themes/default/validatebox.css HTTP/1.1" 404 1104
58.221.95.50 - - [17/Jan/2020:09:30:52 +0800] "GET /xingrg/all/function/internal_message.html?_=1579224823584&CODE_STATE=getMsg HTTP/1.1" 302 -
124.77.241.94 - - [17/Jan/2020:09:30:52 +0800] "POST /xingrg/kc/buy/cgsh_order_operate.html HTTP/1.1" 200 36418
116.238.35.243 - - [17/Jan/2020:09:30:53 +0800] "POST /xingrg/kc/buy/cgsh_order_operate.html HTTP/1.1" 200 2065
116.238.181.252 - - [17/Jan/2020:09:30:54 +0800] "GET /xingrg/kc/buy/cgsh_order_operate.html?command=get_materiel&rest_code=00150&code=00101008221&supplier_code=00100007&order_time=2020-01-17 HTTP/1.1" 200 412
114.93.75.19 - - [17/Jan/2020:09:30:57 +0800] "GET /xingrg/all/function/internal_message.html?_=1579224562814&CODE_STATE=getMsg HTTP/1.1" 200 27
116.238.181.252 - - [17/Jan/2020:09:30:58 +0800] "GET /xingrg/all/function/internal_message.html?_=1579224654977&CODE_STATE=getMsg HTTP/1.1" 200 27
116.238.181.252 - - [17/Jan/2020:09:30:59 +0800] "GET /xingrg/kc/buy/cgsh_order_operate.html?command=get_materiel&rest_code=00150&code=00101008110&supplier_code=00100007&order_time=2020-01-17 HTTP/1.1" 200 409
101.81.125.204 - - [17/Jan/2020:09:31:02 +0800] "GET /xingrg/check_reg.html?_=1579224656678 HTTP/1.1" 200 22
124.77.241.94 - - [17/Jan/2020:09:31:04 +0800] "GET /xingrg/all/function/internal_message.html?_=1579224661149&CODE_STATE=getMsg HTTP/1.1" 200 27
101.81.125.204 - - [17/Jan/2020:09:31:04 +0800] "GET /xingrg/all/function/internal_message.html?_=1579224658778&CODE_STATE=getMsg HTTP/1.1" 200 27
116.224.233.159 - - [17/Jan/2020:09:31:04 +0800] "GET /xingrg/check_reg.html?_=1579224817495 HTTP/1.1" 200 22
116.224.233.159 - - [17/Jan/2020:09:31:05 +0800] "GET /xingrg/all/function/internal_message.html?_=1579224818462&CODE_STATE=getMsg HTTP/1.1" 200 27
116.238.35.243 - - [17/Jan/2020:09:31:05 +0800] "GET /xingrg/all/function/internal_message.html?_=1579224666004&CODE_STATE=getMsg HTTP/1.1" 200 27
114.88.159.93 - - [17/Jan/2020:09:31:06 +0800] "GET /xingrg/all/function/internal_message.html?_=1579224674194&CODE_STATE=getMsg HTTP/1.1" 200 27
101.81.125.204 - - [17/Jan/2020:09:31:06 +0800] "GET /xingrg/kc/buy/cgsh_order_operate.html?command=get_materiel&rest_code=00107&code=00101012059&supplier_code=00100033&order_time=2020-01-17 HTTP/1.1" 200 412
116.238.181.252 - - [17/Jan/2020:09:31:10 +0800] "GET /xingrg/kc/buy/cgsh_order_operate.html?command=get_materiel&rest_code=00150&code=00101019251&supplier_code=00100007&order_time=2020-01-17 HTTP/1.1" 200 424
114.88.170.138 - - [17/Jan/2020:09:31:14 +0800] "GET /xingrg/all/function/internal_message.html?_=1579224672631&CODE_STATE=getMsg HTTP/1.1" 200 27
101.81.125.204 - - [17/Jan/2020:09:31:15 +0800] "GET /xingrg/kc/buy/cgsh_order_operate.html?command=get_materiel&rest_code=00107&code=00101012051&supplier_code=00100033&order_time=2020-01-17 HTTP/1.1" 200 408
101.81.125.204 - - [17/Jan/2020:09:31:17 +0800] "GET /xingrg/all/function/internal_message.html?_=1579224057610&CODE_STATE=getMsg HTTP/1.1" 200 27
58.221.95.50 - - [17/Jan/2020:09:31:21 +0800] "GET /xingrg/all/function/internal_message.html?_=1579224989823&CODE_STATE=getMsg HTTP/1.1" 200 27
58.40.7.146 - - [17/Jan/2020:09:31:21 +0800] "GET /xingrg/all/function/internal_message.html?_=1579224677977&CODE_STATE=getMsg HTTP/1.1" 200 27
114.88.170.138 - - [17/Jan/2020:09:31:24 +0800] "GET /xingrg/all/function/internal_message.html?_=1579224906520&CODE_STATE=getMsg HTTP/1.1" 200 27
117.184.7.30 - - [17/Jan/2020:09:31:24 +0800] "GET /xingrg/kc/buy/cgsh_order_operate.html?command=get_materiel&rest_code=00108&code=00101009050&supplier_code=00100096&order_time=2020-01-17 HTTP/1.1" 200 408
124.77.241.94 - - [17/Jan/2020:09:31:35 +0800] "GET /xingrg/all/function/internal_message.html?_=1579224695749&CODE_STATE=getMsg HTTP/1.1" 200 27
117.184.7.30 - - [17/Jan/2020:09:31:35 +0800] "GET /xingrg/all/function/internal_message.html?_=1579224681190&CODE_STATE=getMsg HTTP/1.1" 200 27
117.184.7.30 - - [17/Jan/2020:09:31:36 +0800] "GET /xingrg/kc/buy/cgsh_order_operate.html?command=get_materiel&rest_code=00108&code=00101009016&supplier_code=00100096&order_time=2020-01-17 HTTP/1.1" 200 414
116.238.181.252 - - [17/Jan/2020:09:31:44 +0800] "GET /xingrg/kc/buy/cgsh_order_operate.html?command=get_materiel&rest_code=00150&code=00101020156&supplier_code=00100007&order_time=2020-01-17 HTTP/1.1" 200 413
58.40.7.146 - - [17/Jan/2020:09:31:44 +0800] "GET /xingrg/all/function/internal_message.html?_=1579224700965&CODE_STATE=getMsg HTTP/1.1" 200 27
222.69.134.68 - - [17/Jan/2020:09:31:47 +0800] "GET /xingrg/all/function/internal_message.html?_=1579224698636&CODE_STATE=getMsg HTTP/1.1" 200 27
116.224.233.159 - - [17/Jan/2020:09:31:50 +0800] "GET /xingrg/kc/buy/cgsh_order_operate.html?command=get_materiel&rest_code=00102&code=00101007059&supplier_code=00100002&order_time=2020-01-17 HTTP/1.1" 200 409
58.221.95.50 - - [17/Jan/2020:09:31:52 +0800] "GET /xingrg/all/function/internal_message.html?_=1579224883584&CODE_STATE=getMsg HTTP/1.1" 302 -
58.221.95.50 - - [17/Jan/2020:09:31:52 +0800] "GET /xingrg/check_reg.html?_=1579224883586 HTTP/1.1" 302 -
116.238.181.252 - - [17/Jan/2020:09:31:52 +0800] "POST /xingrg/kc/buy/cgsh_order_operate.html HTTP/1.1" 200 2065
222.69.134.68 - - [17/Jan/2020:09:31:56 +0800] "POST /xingrg/services/DataTransmitService HTTP/1.1" 200 524
222.69.134.68 - - [17/Jan/2020:09:31:56 +0800] "POST /xingrg/services/DataTransmitService HTTP/1.1" 200 2167
222.69.134.68 - - [17/Jan/2020:09:31:56 +0800] "POST /xingrg/services/DataTransmitService HTTP/1.1" 200 2239
116.238.181.252 - - [17/Jan/2020:09:31:56 +0800] "GET /xingrg/kc/buy/cgsh_order_operate.html?command=get_materiel&rest_code=00150&code=00101008298&supplier_code=00100007&order_time=2020-01-17 HTTP/1.1" 200 412
222.69.134.68 - - [17/Jan/2020:09:31:57 +0800] "POST /xingrg/services/DataTransmitService HTTP/1.1" 200 1459
114.93.75.19 - - [17/Jan/2020:09:31:57 +0800] "GET /xingrg/all/function/internal_message.html?_=1579224622814&CODE_STATE=getMsg HTTP/1.1" 200 27
222.69.134.68 - - [17/Jan/2020:09:31:57 +0800] "POST /xingrg/services/DataTransmitService HTTP/1.1" 200 126551
116.238.181.252 - - [17/Jan/2020:09:31:58 +0800] "GET /xingrg/all/function/internal_message.html?_=1579224715127&CODE_STATE=getMsg HTTP/1.1" 200 27
117.184.7.30 - - [17/Jan/2020:09:32:00 +0800] "GET /xingrg/kc/buy/cgsh_order_operate.html?command=get_materiel&rest_code=00108&code=00101009010&supplier_code=00100096&order_time=2020-01-17 HTTP/1.1" 200 412
116.224.233.159 - - [17/Jan/2020:09:32:00 +0800] "GET /xingrg/kc/buy/cgsh_order_operate.html?command=get_materiel&rest_code=00102&code=00101007001&supplier_code=00100002&order_time=2020-01-17 HTTP/1.1" 200 409
124.77.241.94 - - [17/Jan/2020:09:32:01 +0800] "GET /xingrg/kc/buy/cgsh_order_operate.html?command=get_materiel&rest_code=00146&code=00101008137&supplier_code=00100005&order_time=2020-01-17 HTTP/1.1" 200 408
116.238.181.252 - - [17/Jan/2020:09:32:03 +0800] "GET /xingrg/kc/buy/cgsh_order_operate.html?command=get_materiel&rest_code=00150&code=00101008085&supplier_code=00100007&order_time=2020-01-17 HTTP/1.1" 200 413
101.81.125.204 - - [17/Jan/2020:09:32:03 +0800] "GET /xingrg/kc/buy/cgsh_order_operate.html?command=get_materiel&rest_code=00107&code=00101016080&supplier_code=00100033&order_time=2020-01-17 HTTP/1.1" 200 408
124.77.241.94 - - [17/Jan/2020:09:32:04 +0800] "GET /xingrg/all/function/internal_message.html?_=1579224721198&CODE_STATE=getMsg HTTP/1.1" 200 27
101.81.125.204 - - [17/Jan/2020:09:32:04 +0800] "GET /xingrg/all/function/internal_message.html?_=1579224718755&CODE_STATE=getMsg HTTP/1.1" 200 27
116.224.233.159 - - [17/Jan/2020:09:32:05 +0800] "GET /xingrg/all/function/internal_message.html?_=1579224878476&CODE_STATE=getMsg HTTP/1.1" 200 27
116.238.35.243 - - [17/Jan/2020:09:32:05 +0800] "GET /xingrg/all/function/internal_message.html?_=1579224726165&CODE_STATE=getMsg HTTP/1.1" 200 27
114.88.159.93 - - [17/Jan/2020:09:32:06 +0800] "GET /xingrg/all/function/internal_message.html?_=1579224734172&CODE_STATE=getMsg HTTP/1.1" 200 27
116.224.233.159 - - [17/Jan/2020:09:32:06 +0800] "GET /xingrg/kc/buy/cgsh_order_operate.html?command=get_materiel&rest_code=00102&code=00101007077&supplier_code=00100002&order_time=2020-01-17 HTTP/1.1" 200 415
124.77.241.94 - - [17/Jan/2020:09:32:12 +0800] "POST /xingrg/kc/buy/cgsh_order_operate.html HTTP/1.1" 200 2065
114.88.170.138 - - [17/Jan/2020:09:32:14 +0800] "GET /xingrg/all/function/internal_message.html?_=1579224732645&CODE_STATE=getMsg HTTP/1.1" 200 27
101.81.125.204 - - [17/Jan/2020:09:32:18 +0800] "GET /xingrg/all/function/internal_message.html?_=1579224117761&CODE_STATE=getMsg HTTP/1.1" 200 27
116.224.233.159 - - [17/Jan/2020:09:32:19 +0800] "POST /xingrg/kc/buy/cgsh_order_operate.html HTTP/1.1" 200 37
124.77.241.94 - - [17/Jan/2020:09:32:20 +0800] "GET /xingrg/kc/buy/cgsh_order_operate.html?command=get_materiel&rest_code=00146&code=00101008197&supplier_code=00100005&order_time=2020-01-17 HTTP/1.1" 200 416
117.184.7.30 - - [17/Jan/2020:09:32:20 +0800] "GET /xingrg/kc/buy/cgsh_order_operate.html?command=get_materiel&rest_code=00108&code=00101009011&supplier_code=00100096&order_time=2020-01-17 HTTP/1.1" 200 416
101.81.125.204 - - [17/Jan/2020:09:32:20 +0800] "GET /xingrg/kc/buy/cgsh_order_operate.html?command=get_materiel&rest_code=00107&code=00101012030&supplier_code=00100033&order_time=2020-01-17 HTTP/1.1" 200 416
116.224.233.159 - - [17/Jan/2020:09:32:20 +0800] "POST /xingrg/kc/buy/cgsh_order_operate.html HTTP/1.1" 200 12
58.221.95.50 - - [17/Jan/2020:09:32:21 +0800] "GET /xingrg/all/function/internal_message.html?_=1579225049808&CODE_STATE=getMsg HTTP/1.1" 200 27
58.40.7.146 - - [17/Jan/2020:09:32:21 +0800] "GET /xingrg/all/function/internal_message.html?_=1579224737979&CODE_STATE=getMsg HTTP/1.1" 200 27
116.224.233.159 - - [17/Jan/2020:09:32:22 +0800] "GET /xingrg/kc/buy/cgsh_order_info.html?code=212020011708845 HTTP/1.1" 200 52327
116.224.233.159 - - [17/Jan/2020:09:32:22 +0800] "GET /xingrg/javascript/easyui/themes/default/validatebox.css HTTP/1.1" 404 1104
116.224.233.159 - - [17/Jan/2020:09:32:23 +0800] "POST /xingrg/kc/buy/cgsh_order_operate.html HTTP/1.1" 200 1786
114.88.170.138 - - [17/Jan/2020:09:32:24 +0800] "GET /xingrg/all/function/internal_message.html?_=1579224966520&CODE_STATE=getMsg HTTP/1.1" 200 27
116.224.233.159 - - [17/Jan/2020:09:32:25 +0800] "GET /xingrg/kc/print/load_data.html?order_code=212020011708845&kc_code=cgsh&condition= HTTP/1.1" 200 1208
116.238.35.243 - - [17/Jan/2020:09:32:29 +0800] "POST /xingrg/kc/buy/cgsh_order_operate.html HTTP/1.1" 200 37
116.238.35.243 - - [17/Jan/2020:09:32:31 +0800] "POST /xingrg/kc/buy/cgsh_order_operate.html HTTP/1.1" 200 46403
101.81.125.204 - - [17/Jan/2020:09:32:32 +0800] "GET /xingrg/kc/buy/cgsh_order_operate.html?command=get_materiel&rest_code=00107&code=00101011001&supplier_code=00100033&order_time=2020-01-17 HTTP/1.1" 200 423
117.184.7.30 - - [17/Jan/2020:09:32:32 +0800] "GET /xingrg/kc/buy/cgsh_order_operate.html?command=get_materiel&rest_code=00108&code=00101009066&supplier_code=00100096&order_time=2020-01-17 HTTP/1.1" 200 416
116.224.233.159 - - [17/Jan/2020:09:32:33 +0800] "GET /xingrg/kc/buy/cgsh_order_add.html HTTP/1.1" 200 57423
116.224.233.159 - - [17/Jan/2020:09:32:34 +0800] "POST /xingrg/kc/buy/cgsh_order_operate.html HTTP/1.1" 200 8245
124.77.241.94 - - [17/Jan/2020:09:32:34 +0800] "GET /xingrg/kc/buy/cgsh_order_operate.html?command=get_materiel&rest_code=00146&code=00101008078&supplier_code=00100005&order_time=2020-01-17 HTTP/1.1" 200 416
116.224.233.159 - - [17/Jan/2020:09:32:34 +0800] "GET /xingrg/javascript/easyui/themes/default/validatebox.css HTTP/1.1" 404 1104
124.77.241.94 - - [17/Jan/2020:09:32:35 +0800] "GET /xingrg/all/function/internal_message.html?_=1579224755760&CODE_STATE=getMsg HTTP/1.1" 200 27
117.184.7.30 - - [17/Jan/2020:09:32:35 +0800] "GET /xingrg/all/function/internal_message.html?_=1579224741231&CODE_STATE=getMsg HTTP/1.1" 200 27
116.224.233.159 - - [17/Jan/2020:09:32:36 +0800] "GET /xingrg/javascript/easyui/themes/default/tree.css HTTP/1.1" 404 1090
116.224.233.159 - - [17/Jan/2020:09:32:36 +0800] "POST /xingrg/all/common/load_tree.html?tree=supplier_tree_json&isDelete=1 HTTP/1.1" 200 46181
117.184.7.30 - - [17/Jan/2020:09:32:41 +0800] "GET /xingrg/kc/buy/cgsh_order_operate.html?command=get_materiel&rest_code=00108&code=00101009062&supplier_code=00100096&order_time=2020-01-17 HTTP/1.1" 200 414
101.81.125.204 - - [17/Jan/2020:09:32:43 +0800] "POST /xingrg/kc/buy/cgsh_order_operate.html HTTP/1.1" 200 37
58.40.7.146 - - [17/Jan/2020:09:32:44 +0800] "GET /xingrg/all/function/internal_message.html?_=1579224760967&CODE_STATE=getMsg HTTP/1.1" 200 27
58.40.7.146 - - [17/Jan/2020:09:32:44 +0800] "GET /xingrg/check_reg.html?_=1579224760969 HTTP/1.1" 200 22
101.81.125.204 - - [17/Jan/2020:09:32:45 +0800] "POST /xingrg/kc/buy/cgsh_order_operate.html HTTP/1.1" 200 7391
222.69.134.68 - - [17/Jan/2020:09:32:47 +0800] "GET /xingrg/all/function/internal_message.html?_=1579224758622&CODE_STATE=getMsg HTTP/1.1" 200 27
222.69.134.68 - - [17/Jan/2020:09:32:48 +0800] "POST /xingrg/services/DataTransmitService HTTP/1.1" 200 524
222.69.134.68 - - [17/Jan/2020:09:32:48 +0800] "POST /xingrg/services/DataTransmitService HTTP/1.1" 200 2167
101.81.125.204 - - [17/Jan/2020:09:32:51 +0800] "POST /xingrg/kc/buy/cgsh_order_operate.html HTTP/1.1" 200 37
101.81.125.204 - - [17/Jan/2020:09:32:52 +0800] "POST /xingrg/kc/buy/cgsh_order_operate.html HTTP/1.1" 200 7391
58.221.95.50 - - [17/Jan/2020:09:32:52 +0800] "GET /xingrg/all/function/internal_message.html?_=1579224943584&CODE_STATE=getMsg HTTP/1.1" 302 -
101.81.125.204 - - [17/Jan/2020:09:32:53 +0800] "GET /xingrg/kc/print/load_data.html?order_code=212020011708847&kc_code=cgsh&condition= HTTP/1.1" 200 2496
114.93.75.19 - - [17/Jan/2020:09:32:57 +0800] "GET /xingrg/all/function/internal_message.html?_=1579224682816&CODE_STATE=getMsg HTTP/1.1" 200 27
114.93.75.19 - - [17/Jan/2020:09:32:57 +0800] "GET /xingrg/check_reg.html?_=1579224682819 HTTP/1.1" 200 22
116.238.181.252 - - [17/Jan/2020:09:32:58 +0800] "GET /xingrg/all/function/internal_message.html?_=1579224775113&CODE_STATE=getMsg HTTP/1.1" 200 27
222.69.134.68 - - [17/Jan/2020:09:33:01 +0800] "POST /xingrg/kc/buy/cgsh_order_operate.html HTTP/1.1" 200 37
124.77.241.94 - - [17/Jan/2020:09:33:02 +0800] "GET /xingrg/kc/buy/cgsh_order_operate.html?command=get_materiel&rest_code=00146&code=00101008036&supplier_code=00100005&order_time=2020-01-17 HTTP/1.1" 200 408
116.224.233.159 - - [17/Jan/2020:09:33:03 +0800] "GET /xingrg/kc/buy/cgsh_order_operate.html?command=get_materiel&rest_code=00102&code=00101006063&supplier_code=00100011&order_time=2020-01-17 HTTP/1.1" 200 413
222.69.134.68 - - [17/Jan/2020:09:33:03 +0800] "POST /xingrg/kc/buy/cgsh_order_operate.html HTTP/1.1" 200 12
124.77.241.94 - - [17/Jan/2020:09:33:04 +0800] "GET /xingrg/all/function/internal_message.html?_=1579224781326&CODE_STATE=getMsg HTTP/1.1" 200 27
101.81.125.204 - - [17/Jan/2020:09:33:04 +0800] "GET /xingrg/all/function/internal_message.html?_=1579224778797&CODE_STATE=getMsg HTTP/1.1" 200 27
101.81.125.204 - - [17/Jan/2020:09:33:05 +0800] "GET /xingrg/kc/buy/cgsh_order_add.html HTTP/1.1" 200 57964
222.69.134.68 - - [17/Jan/2020:09:33:05 +0800] "GET /xingrg/kc/buy/cgsh_order_info.html?code=212020011708848 HTTP/1.1" 200 52383
116.224.233.159 - - [17/Jan/2020:09:33:05 +0800] "GET /xingrg/all/function/internal_message.html?_=1579224938490&CODE_STATE=getMsg HTTP/1.1" 200 27
116.238.35.243 - - [17/Jan/2020:09:33:05 +0800] "GET /xingrg/all/function/internal_message.html?_=1579224786015&CODE_STATE=getMsg HTTP/1.1" 200 27
222.69.134.68 - - [17/Jan/2020:09:33:05 +0800] "GET /xingrg/javascript/easyui/themes/default/validatebox.css HTTP/1.1" 404 1104
222.69.134.68 - - [17/Jan/2020:09:33:05 +0800] "POST /xingrg/kc/buy/cgsh_order_operate.html HTTP/1.1" 200 5942
101.81.125.204 - - [17/Jan/2020:09:33:06 +0800] "POST /xingrg/kc/buy/cgsh_order_operate.html HTTP/1.1" 200 8245
101.81.125.204 - - [17/Jan/2020:09:33:06 +0800] "GET /xingrg/javascript/easyui/themes/default/validatebox.css HTTP/1.1" 404 1104
114.88.159.93 - - [17/Jan/2020:09:33:06 +0800] "GET /xingrg/all/function/internal_message.html?_=1579224794153&CODE_STATE=getMsg HTTP/1.1" 200 27
124.77.241.94 - - [17/Jan/2020:09:33:06 +0800] "POST /xingrg/kc/buy/cgsh_order_operate.html HTTP/1.1" 200 2065
117.184.7.30 - - [17/Jan/2020:09:33:09 +0800] "GET /xingrg/kc/buy/cgsh_order_operate.html?command=get_materiel&rest_code=00108&code=00101009039&supplier_code=00100096&order_time=2020-01-17 HTTP/1.1" 200 410
222.69.134.68 - - [17/Jan/2020:09:33:09 +0800] "GET /xingrg/kc/print/load_data.html?order_code=212020011708848&kc_code=cgsh&condition= HTTP/1.1" 200 2719
116.224.233.159 - - [17/Jan/2020:09:33:10 +0800] "GET /xingrg/kc/buy/cgsh_order_operate.html?command=get_materiel&rest_code=00102&code=00101006019&supplier_code=00100011&order_time=2020-01-17 HTTP/1.1" 200 417
101.81.125.204 - - [17/Jan/2020:09:33:11 +0800] "GET /xingrg/javascript/easyui/themes/default/tree.css HTTP/1.1" 404 1090
101.81.125.204 - - [17/Jan/2020:09:33:11 +0800] "POST /xingrg/all/common/load_tree.html?tree=supplier_tree_json&isDelete=1 HTTP/1.1" 200 46181
124.77.241.94 - - [17/Jan/2020:09:33:13 +0800] "GET /xingrg/kc/buy/cgsh_order_operate.html?command=get_materiel&rest_code=00146&code=00101008131&supplier_code=00100005&order_time=2020-01-17 HTTP/1.1" 200 408
114.88.170.138 - - [17/Jan/2020:09:33:14 +0800] "GET /xingrg/all/function/internal_message.html?_=1579224792713&CODE_STATE=getMsg HTTP/1.1" 200 27
116.224.233.159 - - [17/Jan/2020:09:33:15 +0800] "GET /xingrg/kc/buy/cgsh_order_operate.html?command=get_materiel&rest_code=00102&code=00101016104&supplier_code=00100011&order_time=2020-01-17 HTTP/1.1" 200 409
101.81.125.204 - - [17/Jan/2020:09:33:17 +0800] "GET /xingrg/all/function/internal_message.html?_=1579224177779&CODE_STATE=getMsg HTTP/1.1" 200 27
116.238.181.252 - - [17/Jan/2020:09:33:18 +0800] "GET /xingrg/kc/buy/cgsh_order_operate.html?command=get_materiel&rest_code=00150&code=00101008350&supplier_code=00100007&order_time=2020-01-17 HTTP/1.1" 200 408
117.184.7.30 - - [17/Jan/2020:09:33:20 +0800] "GET /xingrg/kc/buy/cgsh_order_operate.html?command=get_materiel&rest_code=00108&code=00101009045&supplier_code=00100096&order_time=2020-01-17 HTTP/1.1" 200 412
58.221.95.50 - - [17/Jan/2020:09:33:21 +0800] "GET /xingrg/check_reg.html?_=1579225109872 HTTP/1.1" 200 22
58.221.95.50 - - [17/Jan/2020:09:33:21 +0800] "GET /xingrg/all/function/internal_message.html?_=1579225109879&CODE_STATE=getMsg HTTP/1.1" 200 27
58.40.7.146 - - [17/Jan/2020:09:33:21 +0800] "GET /xingrg/all/function/internal_message.html?_=1579224797967&CODE_STATE=getMsg HTTP/1.1" 200 27
116.224.233.159 - - [17/Jan/2020:09:33:23 +0800] "GET /xingrg/kc/buy/cgsh_order_operate.html?command=get_materiel&rest_code=00102&code=00101006112&supplier_code=00100011&order_time=2020-01-17 HTTP/1.1" 200 409
114.88.170.138 - - [17/Jan/2020:09:33:24 +0800] "GET /xingrg/check_reg.html?_=1579225026519 HTTP/1.1" 200 22
114.88.170.138 - - [17/Jan/2020:09:33:24 +0800] "GET /xingrg/all/function/internal_message.html?_=1579225026522&CODE_STATE=getMsg HTTP/1.1" 200 27
116.238.181.252 - - [17/Jan/2020:09:33:26 +0800] "GET /xingrg/kc/buy/cgsh_order_operate.html?command=get_materiel&rest_code=00150&code=00101008360&supplier_code=00100007&order_time=2020-01-17 HTTP/1.1" 200 413
116.224.233.159 - - [17/Jan/2020:09:33:31 +0800] "GET /xingrg/kc/buy/cgsh_order_operate.html?command=get_materiel&rest_code=00102&code=00101006017&supplier_code=00100011&order_time=2020-01-17 HTTP/1.1" 200 417
116.238.181.252 - - [17/Jan/2020:09:33:33 +0800] "POST /xingrg/kc/buy/cgsh_order_operate.html HTTP/1.1" 200 2065
117.184.7.30 - - [17/Jan/2020:09:33:35 +0800] "GET /xingrg/all/function/internal_message.html?_=1579224801207&CODE_STATE=getMsg HTTP/1.1" 200 27
124.77.241.94 - - [17/Jan/2020:09:33:35 +0800] "GET /xingrg/all/function/internal_message.html?_=1579224816247&CODE_STATE=getMsg HTTP/1.1" 200 27
116.238.181.252 - - [17/Jan/2020:09:33:37 +0800] "GET /xingrg/kc/buy/cgsh_order_operate.html?command=get_materiel&rest_code=00150&code=00101008114&supplier_code=00100007&order_time=2020-01-17 HTTP/1.1" 200 412
124.77.241.94 - - [17/Jan/2020:09:33:38 +0800] "GET /xingrg/check_reg.html?_=1579224819065 HTTP/1.1" 200 22
101.81.125.204 - - [17/Jan/2020:09:33:40 +0800] "GET /xingrg/kc/buy/cgsh_order_operate.html?command=get_materiel&rest_code=00107&code=00101007075&supplier_code=00100002&order_time=2020-01-17 HTTP/1.1" 200 408
116.224.233.159 - - [17/Jan/2020:09:33:41 +0800] "GET /xingrg/kc/buy/cgsh_order_operate.html?command=get_materiel&rest_code=00102&code=00101006129&supplier_code=00100011&order_time=2020-01-17 HTTP/1.1" 200 431
58.40.7.146 - - [17/Jan/2020:09:33:44 +0800] "GET /xingrg/all/function/internal_message.html?_=1579224820972&CODE_STATE=getMsg HTTP/1.1" 200 27
117.184.7.30 - - [17/Jan/2020:09:33:45 +0800] "GET /xingrg/kc/buy/cgsh_order_operate.html?command=get_materiel&rest_code=00108&code=00101009008&supplier_code=00100096&order_time=2020-01-17 HTTP/1.1" 200 414
222.69.134.68 - - [17/Jan/2020:09:33:47 +0800] "GET /xingrg/check_reg.html?_=1579224818401 HTTP/1.1" 200 22
222.69.134.68 - - [17/Jan/2020:09:33:47 +0800] "GET /xingrg/all/function/internal_message.html?_=1579224818612&CODE_STATE=getMsg HTTP/1.1" 200 27
124.77.241.94 - - [17/Jan/2020:09:33:49 +0800] "GET /xingrg/kc/buy/cgsh_order_operate.html?command=get_materiel&rest_code=00146&code=00101008005&supplier_code=00100005&order_time=2020-01-17 HTTP/1.1" 200 412
124.77.241.94 - - [17/Jan/2020:09:33:51 +0800] "GET /xingrg/check_reg.html?_=1579224828309 HTTP/1.1" 200 22
58.221.95.50 - - [17/Jan/2020:09:33:52 +0800] "GET /xingrg/all/function/internal_message.html?_=1579225003583&CODE_STATE=getMsg HTTP/1.1" 302 -
116.224.233.159 - - [17/Jan/2020:09:33:56 +0800] "GET /xingrg/kc/buy/cgsh_order_operate.html?command=get_materiel&rest_code=00102&code=00101006166&supplier_code=00100011&order_time=2020-01-17 HTTP/1.1" 200 421
114.93.75.19 - - [17/Jan/2020:09:33:57 +0800] "GET /xingrg/all/function/internal_message.html?_=1579224742818&CODE_STATE=getMsg HTTP/1.1" 200 27
116.238.181.252 - - [17/Jan/2020:09:33:58 +0800] "GET /xingrg/all/function/internal_message.html?_=1579224835103&CODE_STATE=getMsg HTTP/1.1" 200 27
117.184.7.30 - - [17/Jan/2020:09:33:59 +0800] "POST /xingrg/kc/buy/cgsh_order_operate.html HTTP/1.1" 200 37
117.184.7.30 - - [17/Jan/2020:09:34:00 +0800] "POST /xingrg/kc/buy/cgsh_order_operate.html HTTP/1.1" 200 7986
116.238.181.252 - - [17/Jan/2020:09:34:01 +0800] "GET /xingrg/kc/buy/cgsh_order_operate.html?command=get_materiel&rest_code=00150&code=00101008171&supplier_code=00100007&order_time=2020-01-17 HTTP/1.1" 200 420
101.81.125.204 - - [17/Jan/2020:09:34:02 +0800] "GET /xingrg/kc/buy/cgsh_order_operate.html?command=get_materiel&rest_code=00107&code=00101007061&supplier_code=00100002&order_time=2020-01-17 HTTP/1.1" 200 409
101.81.125.204 - - [17/Jan/2020:09:34:04 +0800] "GET /xingrg/all/function/internal_message.html?_=1579224838788&CODE_STATE=getMsg HTTP/1.1" 200 27
124.77.241.94 - - [17/Jan/2020:09:34:04 +0800] "GET /xingrg/all/function/internal_message.html?_=1579224841439&CODE_STATE=getMsg HTTP/1.1" 200 27
117.184.7.30 - - [17/Jan/2020:09:34:04 +0800] "GET /xingrg/kc/print/load_data.html?order_code=212020011708849&kc_code=cgsh&condition= HTTP/1.1" 200 2664
116.224.233.159 - - [17/Jan/2020:09:34:05 +0800] "GET /xingrg/kc/buy/cgsh_order_operate.html?command=get_materiel&rest_code=00102&code=00101006177&supplier_code=00100011&order_time=2020-01-17 HTTP/1.1" 200 409
116.224.233.159 - - [17/Jan/2020:09:34:05 +0800] "GET /xingrg/all/function/internal_message.html?_=1579224998504&CODE_STATE=getMsg HTTP/1.1" 200 27
116.238.35.243 - - [17/Jan/2020:09:34:05 +0800] "GET /xingrg/check_reg.html?_=1579224846001 HTTP/1.1" 200 22
116.238.35.243 - - [17/Jan/2020:09:34:05 +0800] "GET /xingrg/all/function/internal_message.html?_=1579224846007&CODE_STATE=getMsg HTTP/1.1" 200 27
114.88.159.93 - - [17/Jan/2020:09:34:06 +0800] "GET /xingrg/all/function/internal_message.html?_=1579224854126&CODE_STATE=getMsg HTTP/1.1" 200 27
116.238.181.252 - - [17/Jan/2020:09:34:07 +0800] "GET /xingrg/kc/buy/cgsh_order_operate.html?command=get_materiel&rest_code=00150&code=00101008150&supplier_code=00100007&order_time=2020-01-17 HTTP/1.1" 200 409
116.238.181.252 - - [17/Jan/2020:09:34:09 +0800] "POST /xingrg/kc/buy/cgsh_order_operate.html HTTP/1.1" 200 2065
117.184.7.30 - - [17/Jan/2020:09:34:13 +0800] "POST /xingrg/kc/buy/cgsh_list_operate.html HTTP/1.1" 200 2019
116.238.181.252 - - [17/Jan/2020:09:34:13 +0800] "GET /xingrg/kc/buy/cgsh_order_operate.html?command=get_materiel&rest_code=00150&code=00101009015&supplier_code=00100007&order_time=2020-01-17 HTTP/1.1" 200 416
114.88.170.138 - - [17/Jan/2020:09:34:14 +0800] "GET /xingrg/all/function/internal_message.html?_=1579224852716&CODE_STATE=getMsg HTTP/1.1" 200 27
117.184.7.30 - - [17/Jan/2020:09:34:15 +0800] "POST /xingrg/kc/buy/cgsh_list_operate.html HTTP/1.1" 200 578
101.81.125.204 - - [17/Jan/2020:09:34:17 +0800] "GET /xingrg/check_reg.html?_=1579224237078 HTTP/1.1" 200 22
117.184.7.30 - - [17/Jan/2020:09:34:17 +0800] "POST /xingrg/kc/buy/cgsh_list_operate.html HTTP/1.1" 200 4
101.81.125.204 - - [17/Jan/2020:09:34:17 +0800] "GET /xingrg/all/function/internal_message.html?_=1579224237792&CODE_STATE=getMsg HTTP/1.1" 200 27
116.238.181.252 - - [17/Jan/2020:09:34:19 +0800] "GET /xingrg/kc/buy/cgsh_order_operate.html?command=get_materiel&rest_code=00150&code=00101015038&supplier_code=00100007&order_time=2020-01-17 HTTP/1.1" 200 419
124.77.241.94 - - [17/Jan/2020:09:34:21 +0800] "GET /xingrg/kc/buy/cgsh_order_operate.html?command=get_materiel&rest_code=00146&code=00101008271&supplier_code=00100005&order_time=2020-01-17 HTTP/1.1" 200 408
58.221.95.50 - - [17/Jan/2020:09:34:21 +0800] "GET /xingrg/all/function/internal_message.html?_=1579225169816&CODE_STATE=getMsg HTTP/1.1" 200 27
58.40.7.146 - - [17/Jan/2020:09:34:21 +0800] "GET /xingrg/all/function/internal_message.html?_=1579224857973&CODE_STATE=getMsg HTTP/1.1" 200 27
101.81.125.204 - - [17/Jan/2020:09:34:23 +0800] "GET /xingrg/kc/buy/cgsh_order_operate.html?command=get_materiel&rest_code=00107&code=00101006007&supplier_code=00100002&order_time=2020-01-17 HTTP/1.1" 200 417
114.88.170.138 - - [17/Jan/2020:09:34:24 +0800] "GET /xingrg/all/function/internal_message.html?_=1579225086508&CODE_STATE=getMsg HTTP/1.1" 200 27
116.238.181.252 - - [17/Jan/2020:09:34:24 +0800] "GET /xingrg/kc/buy/cgsh_order_operate.html?command=get_materiel&rest_code=00150&code=00101008102&supplier_code=00100007&order_time=2020-01-17 HTTP/1.1" 200 413
116.224.233.159 - - [17/Jan/2020:09:34:30 +0800] "POST /xingrg/kc/buy/cgsh_order_operate.html HTTP/1.1" 200 37
116.238.181.252 - - [17/Jan/2020:09:34:31 +0800] "GET /xingrg/kc/buy/cgsh_order_operate.html?command=get_materiel&rest_code=00150&code=00101015024&supplier_code=00100007&order_time=2020-01-17 HTTP/1.1" 200 413
116.224.233.159 - - [17/Jan/2020:09:34:32 +0800] "POST /xingrg/kc/buy/cgsh_order_operate.html HTTP/1.1" 200 12
116.224.233.159 - - [17/Jan/2020:09:34:33 +0800] "GET /xingrg/kc/buy/cgsh_order_info.html?code=212020011708850 HTTP/1.1" 200 52327
116.224.233.159 - - [17/Jan/2020:09:34:34 +0800] "GET /xingrg/javascript/easyui/themes/default/validatebox.css HTTP/1.1" 404 1104
116.224.233.159 - - [17/Jan/2020:09:34:34 +0800] "POST /xingrg/kc/buy/cgsh_order_operate.html HTTP/1.1" 200 5393
124.77.241.94 - - [17/Jan/2020:09:34:35 +0800] "GET /xingrg/all/function/internal_message.html?_=1579224876255&CODE_STATE=getMsg HTTP/1.1" 200 27
116.238.181.252 - - [17/Jan/2020:09:34:36 +0800] "GET /xingrg/kc/buy/cgsh_order_operate.html?command=get_materiel&rest_code=00150&code=00101008209&supplier_code=00100007&order_time=2020-01-17 HTTP/1.1" 200 408
116.224.233.159 - - [17/Jan/2020:09:34:37 +0800] "GET /xingrg/kc/print/load_data.html?order_code=212020011708850&kc_code=cgsh&condition= HTTP/1.1" 200 2617
101.81.125.204 - - [17/Jan/2020:09:34:37 +0800] "POST /xingrg/kc/buy/cgsh_order_operate.html HTTP/1.1" 200 37
101.81.125.204 - - [17/Jan/2020:09:34:39 +0800] "POST /xingrg/kc/buy/cgsh_order_operate.html HTTP/1.1" 200 3845
116.238.181.252 - - [17/Jan/2020:09:34:39 +0800] "POST /xingrg/kc/buy/cgsh_order_operate.html HTTP/1.1" 200 2065
