124.77.241.94 - - [17/Jan/2020:07:12:01 +0800] "GET /xingrg/all/function/internal_message.html?_=1579216318470&CODE_STATE=getMsg HTTP/1.1" 200 27
120.253.135.82 - - [17/Jan/2020:07:12:04 +0800] "POST /xingrg/kc/pszx/mdps_order_operate.html HTTP/1.1" 200 37
120.253.135.82 - - [17/Jan/2020:07:12:04 +0800] "GET /xingrg/kc/pszx/mdps_order_info.html?code=312020011700509 HTTP/1.1" 200 23835
120.253.135.82 - - [17/Jan/2020:07:12:05 +0800] "GET /xingrg/javascript/easyui/themes/default/validatebox.css HTTP/1.1" 404 1104
120.253.135.82 - - [17/Jan/2020:07:12:05 +0800] "POST /xingrg/kc/pszx/mdps_order_operate.html HTTP/1.1" 200 8281
124.77.241.94 - - [17/Jan/2020:07:12:06 +0800] "GET /xingrg/all/function/internal_message.html?_=1579216326963&CODE_STATE=getMsg HTTP/1.1" 200 27
120.253.135.82 - - [17/Jan/2020:07:12:06 +0800] "POST /xingrg/kc/pszx/mdps_list_operate.html HTTP/1.1" 200 4673
120.253.135.82 - - [17/Jan/2020:07:12:09 +0800] "POST /xingrg/kc/pszx/mdps_list_operate.html HTTP/1.1" 200 212
114.88.159.93 - - [17/Jan/2020:07:12:09 +0800] "GET /xingrg/all/function/internal_message.html?_=1579216337453&CODE_STATE=getMsg HTTP/1.1" 200 27
101.85.55.199 - - [17/Jan/2020:07:12:10 +0800] "GET /xingrg/all/function/internal_message.html?_=1579216107473&CODE_STATE=getMsg HTTP/1.1" 200 27
180.162.232.172 - - [17/Jan/2020:07:12:11 +0800] "GET /xingrg/check_reg.html?_=1579216438354 HTTP/1.1" 200 22
120.253.135.82 - - [17/Jan/2020:07:12:11 +0800] "POST /xingrg/kc/pszx/mdps_list_operate.html HTTP/1.1" 200 613
120.253.135.82 - - [17/Jan/2020:07:12:12 +0800] "POST /xingrg/kc/pszx/mdps_list_operate.html HTTP/1.1" 200 203
120.253.135.82 - - [17/Jan/2020:07:12:13 +0800] "POST /xingrg/kc/pszx/mdps_list_operate.html HTTP/1.1" 200 233
120.253.135.82 - - [17/Jan/2020:07:12:13 +0800] "GET /xingrg/all/function/internal_message.html?_=1579216070450&CODE_STATE=getMsg HTTP/1.1" 200 27
117.131.5.26 - - [17/Jan/2020:07:12:14 +0800] "GET /xingrg/all/function/internal_message.html?_=1579216342440&CODE_STATE=getMsg HTTP/1.1" 200 27
120.253.135.82 - - [17/Jan/2020:07:12:15 +0800] "POST /xingrg/kc/pszx/mdps_list_operate.html HTTP/1.1" 200 633
120.253.135.82 - - [17/Jan/2020:07:12:19 +0800] "POST /xingrg/kc/pszx/mdps_list_operate.html HTTP/1.1" 200 519
180.162.232.172 - - [17/Jan/2020:07:12:20 +0800] "GET /xingrg/all/function/internal_message.html?_=1579216447482&CODE_STATE=getMsg HTTP/1.1" 200 27
58.221.95.50 - - [17/Jan/2020:07:12:20 +0800] "GET /xingrg/all/function/internal_message.html?_=1579216649606&CODE_STATE=getMsg HTTP/1.1" 200 27
120.253.135.82 - - [17/Jan/2020:07:12:23 +0800] "POST /xingrg/kc/pszx/mdps_list_operate.html HTTP/1.1" 200 284
120.253.135.82 - - [17/Jan/2020:07:12:25 +0800] "POST /xingrg/kc/pszx/mdps_list_operate.html HTTP/1.1" 200 604
58.40.7.146 - - [17/Jan/2020:07:12:36 +0800] "GET /xingrg/all/function/internal_message.html?_=1579216352903&CODE_STATE=getMsg HTTP/1.1" 200 27
172.17.2.150 - - [17/Jan/2020:07:12:39 +0800] "GET /xingrg/all/function/internal_message.html?_=1579216330394&CODE_STATE=getMsg HTTP/1.1" 200 27
172.17.2.150 - - [17/Jan/2020:07:12:43 +0800] "GET /xingrg/all/function/internal_message.html?_=1579216334177&CODE_STATE=getMsg HTTP/1.1" 200 27
172.17.2.150 - - [17/Jan/2020:07:12:43 +0800] "GET /xingrg/check_reg.html?_=1579216334179 HTTP/1.1" 200 22
58.40.7.146 - - [17/Jan/2020:07:12:44 +0800] "GET /xingrg/all/function/internal_message.html?_=1579216360908&CODE_STATE=getMsg HTTP/1.1" 200 27
58.40.7.146 - - [17/Jan/2020:07:12:44 +0800] "GET /xingrg/check_reg.html?_=1579216360909 HTTP/1.1" 200 22
120.253.135.82 - - [17/Jan/2020:07:12:45 +0800] "POST /xingrg/kc/pszx/mdps_list_operate.html HTTP/1.1" 200 3925
120.253.135.82 - - [17/Jan/2020:07:12:47 +0800] "POST /xingrg/kc/pszx/mdps_list_operate.html HTTP/1.1" 200 623
120.253.135.82 - - [17/Jan/2020:07:12:48 +0800] "GET /xingrg/kc/pszx/mdps_order_info.html?code=312020011700510 HTTP/1.1" 200 23835
120.253.135.82 - - [17/Jan/2020:07:12:48 +0800] "POST /xingrg/kc/pszx/mdps_order_operate.html HTTP/1.1" 200 32027
120.253.135.82 - - [17/Jan/2020:07:12:48 +0800] "GET /xingrg/javascript/easyui/themes/default/validatebox.css HTTP/1.1" 404 1104
58.221.95.50 - - [17/Jan/2020:07:12:52 +0800] "GET /xingrg/all/function/internal_message.html?_=1579216543310&CODE_STATE=getMsg HTTP/1.1" 302 -
120.253.135.82 - - [17/Jan/2020:07:12:53 +0800] "POST /xingrg/kc/pszx/mdps_order_operate.html HTTP/1.1" 200 37
120.253.135.82 - - [17/Jan/2020:07:12:54 +0800] "GET /xingrg/kc/pszx/mdps_order_info.html?code=312020011700510 HTTP/1.1" 200 23835
120.253.135.82 - - [17/Jan/2020:07:12:54 +0800] "GET /xingrg/javascript/easyui/themes/default/validatebox.css HTTP/1.1" 404 1104
120.253.135.82 - - [17/Jan/2020:07:12:54 +0800] "POST /xingrg/kc/pszx/mdps_order_operate.html HTTP/1.1" 200 32520
124.77.241.94 - - [17/Jan/2020:07:13:01 +0800] "GET /xingrg/all/function/internal_message.html?_=1579216378489&CODE_STATE=getMsg HTTP/1.1" 200 27
124.77.241.94 - - [17/Jan/2020:07:13:07 +0800] "GET /xingrg/all/function/internal_message.html?_=1579216387477&CODE_STATE=getMsg HTTP/1.1" 200 27
114.88.159.93 - - [17/Jan/2020:07:13:09 +0800] "GET /xingrg/all/function/internal_message.html?_=1579216397430&CODE_STATE=getMsg HTTP/1.1" 200 27
101.85.55.199 - - [17/Jan/2020:07:13:10 +0800] "GET /xingrg/all/function/internal_message.html?_=1579216167458&CODE_STATE=getMsg HTTP/1.1" 200 27
120.253.135.82 - - [17/Jan/2020:07:13:13 +0800] "GET /xingrg/all/function/internal_message.html?_=1579216130463&CODE_STATE=getMsg HTTP/1.1" 200 27
117.131.5.26 - - [17/Jan/2020:07:13:14 +0800] "GET /xingrg/all/function/internal_message.html?_=1579216402456&CODE_STATE=getMsg HTTP/1.1" 200 27
180.162.232.172 - - [17/Jan/2020:07:13:20 +0800] "GET /xingrg/all/function/internal_message.html?_=1579216507490&CODE_STATE=getMsg HTTP/1.1" 200 27
58.221.95.50 - - [17/Jan/2020:07:13:21 +0800] "GET /xingrg/check_reg.html?_=1579216709599 HTTP/1.1" 200 22
58.221.95.50 - - [17/Jan/2020:07:13:21 +0800] "GET /xingrg/all/function/internal_message.html?_=1579216709599&CODE_STATE=getMsg HTTP/1.1" 200 27
58.40.7.146 - - [17/Jan/2020:07:13:36 +0800] "GET /xingrg/all/function/internal_message.html?_=1579216412906&CODE_STATE=getMsg HTTP/1.1" 200 27
124.77.241.94 - - [17/Jan/2020:07:13:38 +0800] "GET /xingrg/check_reg.html?_=1579216418442 HTTP/1.1" 200 22
172.17.2.150 - - [17/Jan/2020:07:13:39 +0800] "GET /xingrg/all/function/internal_message.html?_=1579216390378&CODE_STATE=getMsg HTTP/1.1" 200 27
172.17.2.150 - - [17/Jan/2020:07:13:43 +0800] "GET /xingrg/all/function/internal_message.html?_=1579216394179&CODE_STATE=getMsg HTTP/1.1" 200 27
58.40.7.146 - - [17/Jan/2020:07:13:44 +0800] "GET /xingrg/all/function/internal_message.html?_=1579216420911&CODE_STATE=getMsg HTTP/1.1" 200 27
116.232.32.230 - - [17/Jan/2020:07:13:50 +0800] "POST /xingrg/services/DataTransmitService HTTP/1.1" 200 524
124.77.241.94 - - [17/Jan/2020:07:13:51 +0800] "GET /xingrg/check_reg.html?_=1579216428013 HTTP/1.1" 200 22
116.232.32.230 - - [17/Jan/2020:07:13:51 +0800] "POST /xingrg/services/DataTransmitService HTTP/1.1" 200 501
58.221.95.50 - - [17/Jan/2020:07:13:52 +0800] "GET /xingrg/all/function/internal_message.html?_=1579216603309&CODE_STATE=getMsg HTTP/1.1" 302 -
124.77.241.94 - - [17/Jan/2020:07:14:01 +0800] "GET /xingrg/all/function/internal_message.html?_=1579216438496&CODE_STATE=getMsg HTTP/1.1" 200 27
124.77.241.94 - - [17/Jan/2020:07:14:07 +0800] "GET /xingrg/all/function/internal_message.html?_=1579216447490&CODE_STATE=getMsg HTTP/1.1" 200 27
114.88.159.93 - - [17/Jan/2020:07:14:09 +0800] "GET /xingrg/all/function/internal_message.html?_=1579216457410&CODE_STATE=getMsg HTTP/1.1" 200 27
101.85.55.199 - - [17/Jan/2020:07:14:10 +0800] "GET /xingrg/all/function/internal_message.html?_=1579216227441&CODE_STATE=getMsg HTTP/1.1" 200 27
120.253.135.82 - - [17/Jan/2020:07:14:13 +0800] "GET /xingrg/check_reg.html?_=1579216189670 HTTP/1.1" 200 22
120.253.135.82 - - [17/Jan/2020:07:14:13 +0800] "GET /xingrg/all/function/internal_message.html?_=1579216190475&CODE_STATE=getMsg HTTP/1.1" 200 27
117.131.5.26 - - [17/Jan/2020:07:14:14 +0800] "GET /xingrg/all/function/internal_message.html?_=1579216462456&CODE_STATE=getMsg HTTP/1.1" 200 27
180.162.232.172 - - [17/Jan/2020:07:14:20 +0800] "GET /xingrg/all/function/internal_message.html?_=1579216567506&CODE_STATE=getMsg HTTP/1.1" 200 27
58.221.95.50 - - [17/Jan/2020:07:14:21 +0800] "GET /xingrg/all/function/internal_message.html?_=1579216769607&CODE_STATE=getMsg HTTP/1.1" 200 27
58.40.7.146 - - [17/Jan/2020:07:14:36 +0800] "GET /xingrg/all/function/internal_message.html?_=1579216472907&CODE_STATE=getMsg HTTP/1.1" 200 27
172.17.2.150 - - [17/Jan/2020:07:14:39 +0800] "GET /xingrg/all/function/internal_message.html?_=1579216450361&CODE_STATE=getMsg HTTP/1.1" 200 27
172.17.2.150 - - [17/Jan/2020:07:14:43 +0800] "GET /xingrg/all/function/internal_message.html?_=1579216454193&CODE_STATE=getMsg HTTP/1.1" 200 27
58.40.7.146 - - [17/Jan/2020:07:14:44 +0800] "GET /xingrg/all/function/internal_message.html?_=1579216480913&CODE_STATE=getMsg HTTP/1.1" 200 27
58.221.95.50 - - [17/Jan/2020:07:14:52 +0800] "GET /xingrg/all/function/internal_message.html?_=1579216663309&CODE_STATE=getMsg HTTP/1.1" 302 -
114.88.159.93 - - [17/Jan/2020:07:14:57 +0800] "GET /xingrg/check_reg.html?_=1579216504616 HTTP/1.1" 200 22
124.77.241.94 - - [17/Jan/2020:07:15:01 +0800] "GET /xingrg/all/function/internal_message.html?_=1579216498510&CODE_STATE=getMsg HTTP/1.1" 200 27
117.131.5.26 - - [17/Jan/2020:07:15:02 +0800] "GET /xingrg/check_reg.html?_=1579216510065 HTTP/1.1" 200 22
124.77.241.94 - - [17/Jan/2020:07:15:07 +0800] "GET /xingrg/all/function/internal_message.html?_=1579216507503&CODE_STATE=getMsg HTTP/1.1" 200 27
114.88.159.93 - - [17/Jan/2020:07:15:09 +0800] "GET /xingrg/all/function/internal_message.html?_=1579216517385&CODE_STATE=getMsg HTTP/1.1" 200 27
101.85.55.199 - - [17/Jan/2020:07:15:10 +0800] "GET /xingrg/all/function/internal_message.html?_=1579216287427&CODE_STATE=getMsg HTTP/1.1" 200 27
120.253.135.82 - - [17/Jan/2020:07:15:14 +0800] "GET /xingrg/all/function/internal_message.html?_=1579216250493&CODE_STATE=getMsg HTTP/1.1" 200 27
117.131.5.26 - - [17/Jan/2020:07:15:14 +0800] "GET /xingrg/all/function/internal_message.html?_=1579216522472&CODE_STATE=getMsg HTTP/1.1" 200 27
180.162.232.172 - - [17/Jan/2020:07:15:20 +0800] "GET /xingrg/all/function/internal_message.html?_=1579216627516&CODE_STATE=getMsg HTTP/1.1" 200 27
58.221.95.50 - - [17/Jan/2020:07:15:21 +0800] "GET /xingrg/all/function/internal_message.html?_=1579216829625&CODE_STATE=getMsg HTTP/1.1" 200 27
58.40.7.146 - - [17/Jan/2020:07:15:36 +0800] "GET /xingrg/all/function/internal_message.html?_=1579216532911&CODE_STATE=getMsg HTTP/1.1" 200 27
172.17.2.150 - - [17/Jan/2020:07:15:39 +0800] "GET /xingrg/all/function/internal_message.html?_=1579216510345&CODE_STATE=getMsg HTTP/1.1" 200 27
172.17.2.150 - - [17/Jan/2020:07:15:43 +0800] "GET /xingrg/all/function/internal_message.html?_=1579216514195&CODE_STATE=getMsg HTTP/1.1" 200 27
58.40.7.146 - - [17/Jan/2020:07:15:44 +0800] "GET /xingrg/all/function/internal_message.html?_=1579216540916&CODE_STATE=getMsg HTTP/1.1" 200 27
58.221.95.50 - - [17/Jan/2020:07:15:52 +0800] "GET /xingrg/all/function/internal_message.html?_=1579216723308&CODE_STATE=getMsg HTTP/1.1" 302 -
124.77.241.94 - - [17/Jan/2020:07:16:01 +0800] "GET /xingrg/all/function/internal_message.html?_=1579216558531&CODE_STATE=getMsg HTTP/1.1" 200 27
124.77.241.94 - - [17/Jan/2020:07:16:07 +0800] "GET /xingrg/all/function/internal_message.html?_=1579216567988&CODE_STATE=getMsg HTTP/1.1" 200 27
120.253.135.82 - - [17/Jan/2020:07:16:08 +0800] "POST /xingrg/all/common/load_select.html HTTP/1.1" 200 25
114.88.159.93 - - [17/Jan/2020:07:16:09 +0800] "GET /xingrg/all/function/internal_message.html?_=1579216577369&CODE_STATE=getMsg HTTP/1.1" 200 27
101.85.55.199 - - [17/Jan/2020:07:16:10 +0800] "GET /xingrg/all/function/internal_message.html?_=1579216347411&CODE_STATE=getMsg HTTP/1.1" 200 27
120.253.135.82 - - [17/Jan/2020:07:16:10 +0800] "GET /xingrg/kc/pszx/mdps_order_operate.html?command=get_materiel_price&pszx_code=00101&rest_code=00149&base_code=0010246&code=00101027001&unit_code=00100157&order_time=2020-01-18 HTTP/1.1" 200 34
120.253.135.82 - - [17/Jan/2020:07:16:14 +0800] "GET /xingrg/all/function/internal_message.html?_=1579216310515&CODE_STATE=getMsg HTTP/1.1" 200 27
117.131.5.26 - - [17/Jan/2020:07:16:14 +0800] "GET /xingrg/all/function/internal_message.html?_=1579216582472&CODE_STATE=getMsg HTTP/1.1" 200 27
180.162.232.172 - - [17/Jan/2020:07:16:20 +0800] "GET /xingrg/all/function/internal_message.html?_=1579216687534&CODE_STATE=getMsg HTTP/1.1" 200 27
58.221.95.50 - - [17/Jan/2020:07:16:21 +0800] "GET /xingrg/all/function/internal_message.html?_=1579216889613&CODE_STATE=getMsg HTTP/1.1" 200 27
101.85.55.199 - - [17/Jan/2020:07:16:24 +0800] "GET /xingrg/check_reg.html?_=1579216361409 HTTP/1.1" 200 22
120.253.135.82 - - [17/Jan/2020:07:16:25 +0800] "POST /xingrg/kc/pszx/mdps_order_operate.html HTTP/1.1" 200 37
120.253.135.82 - - [17/Jan/2020:07:16:26 +0800] "GET /xingrg/kc/pszx/mdps_order_info.html?code=312020011700510 HTTP/1.1" 200 23835
120.253.135.82 - - [17/Jan/2020:07:16:26 +0800] "POST /xingrg/kc/pszx/mdps_order_operate.html HTTP/1.1" 200 32517
120.253.135.82 - - [17/Jan/2020:07:16:26 +0800] "GET /xingrg/javascript/easyui/themes/default/validatebox.css HTTP/1.1" 404 1104
58.40.7.146 - - [17/Jan/2020:07:16:36 +0800] "GET /xingrg/check_reg.html?_=1579216592897 HTTP/1.1" 200 22
58.40.7.146 - - [17/Jan/2020:07:16:36 +0800] "GET /xingrg/all/function/internal_message.html?_=1579216592902&CODE_STATE=getMsg HTTP/1.1" 200 27
172.17.2.150 - - [17/Jan/2020:07:16:39 +0800] "GET /xingrg/all/function/internal_message.html?_=1579216570327&CODE_STATE=getMsg HTTP/1.1" 200 27
172.17.2.150 - - [17/Jan/2020:07:16:43 +0800] "GET /xingrg/all/function/internal_message.html?_=1579216574193&CODE_STATE=getMsg HTTP/1.1" 200 27
58.40.7.146 - - [17/Jan/2020:07:16:44 +0800] "GET /xingrg/all/function/internal_message.html?_=1579216600906&CODE_STATE=getMsg HTTP/1.1" 200 27
172.17.2.150 - - [17/Jan/2020:07:16:52 +0800] "GET /xingrg/check_reg.html?_=1579216582855 HTTP/1.1" 200 22
58.221.95.50 - - [17/Jan/2020:07:16:52 +0800] "GET /xingrg/all/function/internal_message.html?_=1579216783321&CODE_STATE=getMsg HTTP/1.1" 302 -
58.221.95.50 - - [17/Jan/2020:07:16:52 +0800] "GET /xingrg/check_reg.html?_=1579216783323 HTTP/1.1" 302 -
124.77.241.94 - - [17/Jan/2020:07:17:01 +0800] "GET /xingrg/all/function/internal_message.html?_=1579216618538&CODE_STATE=getMsg HTTP/1.1" 200 27
120.253.135.82 - - [17/Jan/2020:07:17:03 +0800] "POST /xingrg/kc/pszx/mdps_order_operate.html HTTP/1.1" 200 37
120.253.135.82 - - [17/Jan/2020:07:17:03 +0800] "GET /xingrg/kc/pszx/mdps_order_info.html?code=312020011700510 HTTP/1.1" 200 23835
120.253.135.82 - - [17/Jan/2020:07:17:04 +0800] "GET /xingrg/javascript/easyui/themes/default/validatebox.css HTTP/1.1" 404 1104
120.253.135.82 - - [17/Jan/2020:07:17:04 +0800] "POST /xingrg/kc/pszx/mdps_order_operate.html HTTP/1.1" 200 32517
124.77.241.94 - - [17/Jan/2020:07:17:07 +0800] "GET /xingrg/all/function/internal_message.html?_=1579216628001&CODE_STATE=getMsg HTTP/1.1" 200 27
120.253.135.82 - - [17/Jan/2020:07:17:08 +0800] "POST /xingrg/kc/pszx/mdps_list_operate.html HTTP/1.1" 200 3924
114.88.159.93 - - [17/Jan/2020:07:17:09 +0800] "GET /xingrg/all/function/internal_message.html?_=1579216637348&CODE_STATE=getMsg HTTP/1.1" 200 27
120.253.135.82 - - [17/Jan/2020:07:17:10 +0800] "POST /xingrg/kc/pszx/mdps_list_operate.html HTTP/1.1" 200 278
101.85.55.199 - - [17/Jan/2020:07:17:10 +0800] "GET /xingrg/all/function/internal_message.html?_=1579216407390&CODE_STATE=getMsg HTTP/1.1" 200 27
120.253.135.82 - - [17/Jan/2020:07:17:10 +0800] "GET /xingrg/kc/pszx/mdps_order_info.html?code=312020011700511 HTTP/1.1" 200 23835
180.162.232.172 - - [17/Jan/2020:07:17:11 +0800] "GET /xingrg/check_reg.html?_=1579216738359 HTTP/1.1" 200 22
120.253.135.82 - - [17/Jan/2020:07:17:11 +0800] "POST /xingrg/kc/pszx/mdps_order_operate.html HTTP/1.1" 200 2766
120.253.135.82 - - [17/Jan/2020:07:17:11 +0800] "GET /xingrg/javascript/easyui/themes/default/validatebox.css HTTP/1.1" 404 1104
120.253.135.82 - - [17/Jan/2020:07:17:13 +0800] "POST /xingrg/all/common/load_combo.html?type=base HTTP/1.1" 200 899
120.253.135.82 - - [17/Jan/2020:07:17:14 +0800] "GET /xingrg/all/function/internal_message.html?_=1579216370526&CODE_STATE=getMsg HTTP/1.1" 200 27
117.131.5.26 - - [17/Jan/2020:07:17:14 +0800] "GET /xingrg/all/function/internal_message.html?_=1579216642472&CODE_STATE=getMsg HTTP/1.1" 200 27
120.253.135.82 - - [17/Jan/2020:07:17:19 +0800] "POST /xingrg/kc/pszx/mdps_order_operate.html HTTP/1.1" 200 37
120.253.135.82 - - [17/Jan/2020:07:17:20 +0800] "GET /xingrg/kc/pszx/mdps_order_info.html?code=312020011700511 HTTP/1.1" 200 23833
180.162.232.172 - - [17/Jan/2020:07:17:20 +0800] "GET /xingrg/all/function/internal_message.html?_=1579216747544&CODE_STATE=getMsg HTTP/1.1" 200 27
120.253.135.82 - - [17/Jan/2020:07:17:20 +0800] "POST /xingrg/kc/pszx/mdps_order_operate.html HTTP/1.1" 200 2785
120.253.135.82 - - [17/Jan/2020:07:17:20 +0800] "GET /xingrg/javascript/easyui/themes/default/validatebox.css HTTP/1.1" 404 1104
58.221.95.50 - - [17/Jan/2020:07:17:21 +0800] "GET /xingrg/all/function/internal_message.html?_=1579216949596&CODE_STATE=getMsg HTTP/1.1" 200 27
120.253.135.82 - - [17/Jan/2020:07:17:21 +0800] "POST /xingrg/all/common/load_select.html HTTP/1.1" 200 25
120.253.135.82 - - [17/Jan/2020:07:17:23 +0800] "GET /xingrg/kc/pszx/mdps_order_operate.html?command=get_materiel_price&pszx_code=00101&rest_code=00149&base_code=0010253&code=00101036002&unit_code=00100317&order_time=2020-01-18 HTTP/1.1" 200 36
120.253.135.82 - - [17/Jan/2020:07:17:28 +0800] "POST /xingrg/all/common/load_select.html HTTP/1.1" 200 25
120.253.135.82 - - [17/Jan/2020:07:17:30 +0800] "GET /xingrg/kc/pszx/mdps_order_operate.html?command=get_materiel_price&pszx_code=00101&rest_code=00149&base_code=0010253&code=00101036003&unit_code=00100317&order_time=2020-01-18 HTTP/1.1" 200 35
58.40.7.146 - - [17/Jan/2020:07:17:36 +0800] "GET /xingrg/all/function/internal_message.html?_=1579216652903&CODE_STATE=getMsg HTTP/1.1" 200 27
120.253.135.82 - - [17/Jan/2020:07:17:38 +0800] "POST /xingrg/kc/pszx/mdps_order_operate.html HTTP/1.1" 200 37
120.253.135.82 - - [17/Jan/2020:07:17:38 +0800] "GET /xingrg/kc/pszx/mdps_order_info.html?code=312020011700511 HTTP/1.1" 200 23833
120.253.135.82 - - [17/Jan/2020:07:17:39 +0800] "POST /xingrg/kc/pszx/mdps_order_operate.html HTTP/1.1" 200 2783
120.253.135.82 - - [17/Jan/2020:07:17:39 +0800] "GET /xingrg/javascript/easyui/themes/default/validatebox.css HTTP/1.1" 404 1104
172.17.2.150 - - [17/Jan/2020:07:17:39 +0800] "GET /xingrg/all/function/internal_message.html?_=1579216630317&CODE_STATE=getMsg HTTP/1.1" 200 27
120.253.135.82 - - [17/Jan/2020:07:17:41 +0800] "POST /xingrg/kc/pszx/mdps_list_operate.html HTTP/1.1" 200 3921
120.253.135.82 - - [17/Jan/2020:07:17:43 +0800] "POST /xingrg/kc/pszx/mdps_list_operate.html HTTP/1.1" 200 203
172.17.2.150 - - [17/Jan/2020:07:17:43 +0800] "GET /xingrg/all/function/internal_message.html?_=1579216634197&CODE_STATE=getMsg HTTP/1.1" 200 27
172.17.2.150 - - [17/Jan/2020:07:17:43 +0800] "GET /xingrg/check_reg.html?_=1579216634195 HTTP/1.1" 200 22
120.253.135.82 - - [17/Jan/2020:07:17:44 +0800] "GET /xingrg/kc/pszx/mdps_order_info.html?code=312020011700512 HTTP/1.1" 200 23835
120.253.135.82 - - [17/Jan/2020:07:17:44 +0800] "POST /xingrg/kc/pszx/mdps_order_operate.html HTTP/1.1" 200 2274
120.253.135.82 - - [17/Jan/2020:07:17:44 +0800] "GET /xingrg/javascript/easyui/themes/default/validatebox.css HTTP/1.1" 404 1104
58.40.7.146 - - [17/Jan/2020:07:17:44 +0800] "GET /xingrg/all/function/internal_message.html?_=1579216660908&CODE_STATE=getMsg HTTP/1.1" 200 27
58.40.7.146 - - [17/Jan/2020:07:17:44 +0800] "GET /xingrg/check_reg.html?_=1579216660910 HTTP/1.1" 200 22
120.253.135.82 - - [17/Jan/2020:07:17:47 +0800] "POST /xingrg/all/common/load_combo.html?type=base HTTP/1.1" 200 899
120.253.135.82 - - [17/Jan/2020:07:17:50 +0800] "POST /xingrg/kc/pszx/mdps_order_operate.html HTTP/1.1" 200 37
120.253.135.82 - - [17/Jan/2020:07:17:51 +0800] "GET /xingrg/kc/pszx/mdps_order_info.html?code=312020011700512 HTTP/1.1" 200 23835
120.253.135.82 - - [17/Jan/2020:07:17:52 +0800] "POST /xingrg/kc/pszx/mdps_order_operate.html HTTP/1.1" 200 2282
120.253.135.82 - - [17/Jan/2020:07:17:52 +0800] "GET /xingrg/javascript/easyui/themes/default/validatebox.css HTTP/1.1" 404 1104
58.221.95.50 - - [17/Jan/2020:07:17:52 +0800] "GET /xingrg/all/function/internal_message.html?_=1579216843307&CODE_STATE=getMsg HTTP/1.1" 302 -
120.253.135.82 - - [17/Jan/2020:07:17:54 +0800] "POST /xingrg/kc/pszx/mdps_list_operate.html HTTP/1.1" 200 3921
120.253.135.82 - - [17/Jan/2020:07:17:55 +0800] "POST /xingrg/kc/pszx/mdps_list_operate.html HTTP/1.1" 200 202
120.253.135.82 - - [17/Jan/2020:07:18:00 +0800] "POST /xingrg/kc/pszx/mdps_list_operate.html HTTP/1.1" 200 591
124.77.241.94 - - [17/Jan/2020:07:18:01 +0800] "GET /xingrg/all/function/internal_message.html?_=1579216678558&CODE_STATE=getMsg HTTP/1.1" 200 27
120.253.135.82 - - [17/Jan/2020:07:18:02 +0800] "GET /xingrg/kc/pszx/mdps_order_info.html?code=312020011400418 HTTP/1.1" 200 23835
120.253.135.82 - - [17/Jan/2020:07:18:03 +0800] "POST /xingrg/kc/pszx/mdps_order_operate.html HTTP/1.1" 200 5788
120.253.135.82 - - [17/Jan/2020:07:18:03 +0800] "GET /xingrg/javascript/easyui/themes/default/validatebox.css HTTP/1.1" 404 1104
124.77.241.94 - - [17/Jan/2020:07:18:08 +0800] "GET /xingrg/all/function/internal_message.html?_=1579216688496&CODE_STATE=getMsg HTTP/1.1" 200 27
114.88.159.93 - - [17/Jan/2020:07:18:09 +0800] "GET /xingrg/all/function/internal_message.html?_=1579216697324&CODE_STATE=getMsg HTTP/1.1" 200 27
101.85.55.199 - - [17/Jan/2020:07:18:10 +0800] "GET /xingrg/all/function/internal_message.html?_=1579216467359&CODE_STATE=getMsg HTTP/1.1" 200 27
120.253.135.82 - - [17/Jan/2020:07:18:14 +0800] "POST /xingrg/kc/pszx/mdps_order_operate.html HTTP/1.1" 200 37
120.253.135.82 - - [17/Jan/2020:07:18:14 +0800] "GET /xingrg/kc/pszx/mdps_order_info.html?code=312020011400418 HTTP/1.1" 200 23835
117.131.5.26 - - [17/Jan/2020:07:18:14 +0800] "GET /xingrg/all/function/internal_message.html?_=1579216702487&CODE_STATE=getMsg HTTP/1.1" 200 27
120.253.135.82 - - [17/Jan/2020:07:18:15 +0800] "POST /xingrg/kc/pszx/mdps_order_operate.html HTTP/1.1" 200 5788
120.253.135.82 - - [17/Jan/2020:07:18:15 +0800] "GET /xingrg/javascript/easyui/themes/default/validatebox.css HTTP/1.1" 404 1104
120.253.135.82 - - [17/Jan/2020:07:18:15 +0800] "GET /xingrg/all/function/internal_message.html?_=1579216432289&CODE_STATE=getMsg HTTP/1.1" 200 27
120.253.135.82 - - [17/Jan/2020:07:18:19 +0800] "POST /xingrg/kc/pszx/mdps_list_operate.html HTTP/1.1" 200 3921
180.162.232.172 - - [17/Jan/2020:07:18:20 +0800] "GET /xingrg/all/function/internal_message.html?_=1579216807557&CODE_STATE=getMsg HTTP/1.1" 200 27
120.253.135.82 - - [17/Jan/2020:07:18:20 +0800] "POST /xingrg/kc/pszx/mdps_list_operate.html HTTP/1.1" 200 508
58.221.95.50 - - [17/Jan/2020:07:18:21 +0800] "GET /xingrg/check_reg.html?_=1579217009616 HTTP/1.1" 200 22
58.221.95.50 - - [17/Jan/2020:07:18:21 +0800] "GET /xingrg/all/function/internal_message.html?_=1579217009617&CODE_STATE=getMsg HTTP/1.1" 200 27
120.253.135.82 - - [17/Jan/2020:07:18:23 +0800] "GET /xingrg/kc/pszx/mdps_order_info.html?code=312020011400426 HTTP/1.1" 200 23835
120.253.135.82 - - [17/Jan/2020:07:18:23 +0800] "POST /xingrg/kc/pszx/mdps_order_operate.html HTTP/1.1" 200 3901
120.253.135.82 - - [17/Jan/2020:07:18:23 +0800] "GET /xingrg/javascript/easyui/themes/default/validatebox.css HTTP/1.1" 404 1104
58.40.7.146 - - [17/Jan/2020:07:18:36 +0800] "GET /xingrg/all/function/internal_message.html?_=1579216712906&CODE_STATE=getMsg HTTP/1.1" 200 27
120.253.135.82 - - [17/Jan/2020:07:18:37 +0800] "POST /xingrg/kc/pszx/mdps_order_operate.html HTTP/1.1" 200 37
124.77.241.94 - - [17/Jan/2020:07:18:38 +0800] "GET /xingrg/check_reg.html?_=1579216718455 HTTP/1.1" 200 22
120.253.135.82 - - [17/Jan/2020:07:18:38 +0800] "GET /xingrg/kc/pszx/mdps_order_info.html?code=312020011400426 HTTP/1.1" 200 23835
120.253.135.82 - - [17/Jan/2020:07:18:39 +0800] "POST /xingrg/kc/pszx/mdps_order_operate.html HTTP/1.1" 200 3901
120.253.135.82 - - [17/Jan/2020:07:18:39 +0800] "GET /xingrg/javascript/easyui/themes/default/validatebox.css HTTP/1.1" 404 1104
172.17.2.150 - - [17/Jan/2020:07:18:39 +0800] "GET /xingrg/all/function/internal_message.html?_=1579216690301&CODE_STATE=getMsg HTTP/1.1" 200 27
120.253.135.82 - - [17/Jan/2020:07:18:40 +0800] "POST /xingrg/kc/pszx/mdps_list_operate.html HTTP/1.1" 200 3921
120.253.135.82 - - [17/Jan/2020:07:18:41 +0800] "POST /xingrg/kc/pszx/mdps_list_operate.html HTTP/1.1" 200 354
120.253.135.82 - - [17/Jan/2020:07:18:43 +0800] "POST /xingrg/kc/pszx/mdps_list_operate.html HTTP/1.1" 200 202
172.17.2.150 - - [17/Jan/2020:07:18:43 +0800] "GET /xingrg/all/function/internal_message.html?_=1579216694196&CODE_STATE=getMsg HTTP/1.1" 200 27
58.40.7.146 - - [17/Jan/2020:07:18:44 +0800] "GET /xingrg/all/function/internal_message.html?_=1579216720913&CODE_STATE=getMsg HTTP/1.1" 200 27
120.253.135.82 - - [17/Jan/2020:07:18:48 +0800] "POST /xingrg/kc/pszx/mdps_list_operate.html HTTP/1.1" 200 591
120.253.135.82 - - [17/Jan/2020:07:18:49 +0800] "GET /xingrg/kc/pszx/mdps_order_info.html?code=312020011400418 HTTP/1.1" 200 23835
120.253.135.82 - - [17/Jan/2020:07:18:50 +0800] "POST /xingrg/kc/pszx/mdps_order_operate.html HTTP/1.1" 200 5788
120.253.135.82 - - [17/Jan/2020:07:18:50 +0800] "GET /xingrg/javascript/easyui/themes/default/validatebox.css HTTP/1.1" 404 1104
124.77.241.94 - - [17/Jan/2020:07:18:51 +0800] "GET /xingrg/check_reg.html?_=1579216728023 HTTP/1.1" 200 22
58.221.95.50 - - [17/Jan/2020:07:18:52 +0800] "GET /xingrg/all/function/internal_message.html?_=1579216903332&CODE_STATE=getMsg HTTP/1.1" 302 -
120.253.135.82 - - [17/Jan/2020:07:18:58 +0800] "GET /xingrg/kc/pszx/mdps_order_operate.html?command=get_materiel&pszx_code=00101&rest_code=00149&base_code=0010250&code=00102002549 HTTP/1.1" 200 450
120.253.135.82 - - [17/Jan/2020:07:19:01 +0800] "POST /xingrg/all/common/load_select.html HTTP/1.1" 200 25
124.77.241.94 - - [17/Jan/2020:07:19:01 +0800] "GET /xingrg/all/function/internal_message.html?_=1579216738564&CODE_STATE=getMsg HTTP/1.1" 200 27
120.253.135.82 - - [17/Jan/2020:07:19:03 +0800] "GET /xingrg/kc/pszx/mdps_order_operate.html?command=get_materiel_price&pszx_code=00101&rest_code=00149&base_code=0010250&code=00102002549&unit_code=00100276&order_time=2020-01-18 HTTP/1.1" 200 35
124.77.241.94 - - [17/Jan/2020:07:19:08 +0800] "GET /xingrg/all/function/internal_message.html?_=1579216748510&CODE_STATE=getMsg HTTP/1.1" 200 27
120.253.135.82 - - [17/Jan/2020:07:19:08 +0800] "POST /xingrg/kc/pszx/mdps_order_operate.html HTTP/1.1" 200 37
120.253.135.82 - - [17/Jan/2020:07:19:09 +0800] "GET /xingrg/kc/pszx/mdps_order_info.html?code=312020011400418 HTTP/1.1" 200 23835
114.88.159.93 - - [17/Jan/2020:07:19:09 +0800] "GET /xingrg/all/function/internal_message.html?_=1579216757307&CODE_STATE=getMsg HTTP/1.1" 200 27
120.253.135.82 - - [17/Jan/2020:07:19:10 +0800] "POST /xingrg/kc/pszx/mdps_order_operate.html HTTP/1.1" 200 6281
120.253.135.82 - - [17/Jan/2020:07:19:10 +0800] "GET /xingrg/javascript/easyui/themes/default/validatebox.css HTTP/1.1" 404 1104
101.85.55.199 - - [17/Jan/2020:07:19:10 +0800] "GET /xingrg/all/function/internal_message.html?_=1579216527343&CODE_STATE=getMsg HTTP/1.1" 200 27
120.253.135.82 - - [17/Jan/2020:07:19:11 +0800] "POST /xingrg/kc/pszx/mdps_list_operate.html HTTP/1.1" 200 3921
120.253.135.82 - - [17/Jan/2020:07:19:13 +0800] "POST /xingrg/kc/pszx/mdps_list_operate.html HTTP/1.1" 200 202
120.253.135.82 - - [17/Jan/2020:07:19:13 +0800] "GET /xingrg/check_reg.html?_=1579216489712 HTTP/1.1" 200 22
120.253.135.82 - - [17/Jan/2020:07:19:14 +0800] "GET /xingrg/kc/pszx/mdps_order_info.html?code=312020011700513 HTTP/1.1" 200 23835
120.253.135.82 - - [17/Jan/2020:07:19:14 +0800] "POST /xingrg/kc/pszx/mdps_order_operate.html HTTP/1.1" 200 2278
120.253.135.82 - - [17/Jan/2020:07:19:14 +0800] "GET /xingrg/javascript/easyui/themes/default/validatebox.css HTTP/1.1" 404 1104
117.131.5.26 - - [17/Jan/2020:07:19:14 +0800] "GET /xingrg/all/function/internal_message.html?_=1579216762503&CODE_STATE=getMsg HTTP/1.1" 200 27
120.253.135.82 - - [17/Jan/2020:07:19:15 +0800] "GET /xingrg/all/function/internal_message.html?_=1579216492295&CODE_STATE=getMsg HTTP/1.1" 200 27
120.253.135.82 - - [17/Jan/2020:07:19:17 +0800] "POST /xingrg/kc/pszx/mdps_list_operate.html HTTP/1.1" 200 3921
180.162.232.172 - - [17/Jan/2020:07:19:20 +0800] "GET /xingrg/all/function/internal_message.html?_=1579216867577&CODE_STATE=getMsg HTTP/1.1" 200 27
58.221.95.50 - - [17/Jan/2020:07:19:21 +0800] "GET /xingrg/all/function/internal_message.html?_=1579217069634&CODE_STATE=getMsg HTTP/1.1" 200 27
120.253.135.82 - - [17/Jan/2020:07:19:23 +0800] "POST /xingrg/kc/pszx/mdps_list_operate.html HTTP/1.1" 200 508
120.253.135.82 - - [17/Jan/2020:07:19:25 +0800] "POST /xingrg/kc/pszx/mdps_list_operate.html HTTP/1.1" 200 623
120.253.135.82 - - [17/Jan/2020:07:19:26 +0800] "GET /xingrg/kc/pszx/mdps_order_info.html?code=312020011700510 HTTP/1.1" 200 23835
120.253.135.82 - - [17/Jan/2020:07:19:27 +0800] "POST /xingrg/kc/pszx/mdps_order_operate.html HTTP/1.1" 200 32517
120.253.135.82 - - [17/Jan/2020:07:19:27 +0800] "GET /xingrg/javascript/easyui/themes/default/validatebox.css HTTP/1.1" 404 1104
58.40.7.146 - - [17/Jan/2020:07:19:36 +0800] "GET /xingrg/all/function/internal_message.html?_=1579216772908&CODE_STATE=getMsg HTTP/1.1" 200 27
172.17.2.150 - - [17/Jan/2020:07:19:39 +0800] "GET /xingrg/all/function/internal_message.html?_=1579216750287&CODE_STATE=getMsg HTTP/1.1" 200 27
172.17.2.150 - - [17/Jan/2020:07:19:43 +0800] "GET /xingrg/all/function/internal_message.html?_=1579216754194&CODE_STATE=getMsg HTTP/1.1" 200 27
58.40.7.146 - - [17/Jan/2020:07:19:44 +0800] "GET /xingrg/all/function/internal_message.html?_=1579216780914&CODE_STATE=getMsg HTTP/1.1" 200 27
58.221.95.50 - - [17/Jan/2020:07:19:52 +0800] "GET /xingrg/all/function/internal_message.html?_=1579216963332&CODE_STATE=getMsg HTTP/1.1" 302 -
114.88.159.93 - - [17/Jan/2020:07:19:57 +0800] "GET /xingrg/check_reg.html?_=1579216804607 HTTP/1.1" 200 22
120.253.135.82 - - [17/Jan/2020:07:19:58 +0800] "POST /xingrg/kc/pszx/mdps_order_operate.html HTTP/1.1" 200 37
120.253.135.82 - - [17/Jan/2020:07:19:59 +0800] "GET /xingrg/kc/pszx/mdps_order_info.html?code=312020011700510 HTTP/1.1" 200 23835
120.253.135.82 - - [17/Jan/2020:07:19:59 +0800] "POST /xingrg/kc/pszx/mdps_order_operate.html HTTP/1.1" 200 32517
120.253.135.82 - - [17/Jan/2020:07:19:59 +0800] "GET /xingrg/javascript/easyui/themes/default/validatebox.css HTTP/1.1" 404 1104
120.253.135.82 - - [17/Jan/2020:07:20:00 +0800] "POST /xingrg/kc/pszx/mdps_list_operate.html HTTP/1.1" 200 3921
124.77.241.94 - - [17/Jan/2020:07:20:01 +0800] "GET /xingrg/all/function/internal_message.html?_=1579216798578&CODE_STATE=getMsg HTTP/1.1" 200 27
117.131.5.26 - - [17/Jan/2020:07:20:02 +0800] "GET /xingrg/check_reg.html?_=1579216810065 HTTP/1.1" 200 22
120.253.135.82 - - [17/Jan/2020:07:20:02 +0800] "POST /xingrg/kc/pszx/mdps_list_operate.html HTTP/1.1" 200 354
124.77.241.94 - - [17/Jan/2020:07:20:08 +0800] "GET /xingrg/all/function/internal_message.html?_=1579216808524&CODE_STATE=getMsg HTTP/1.1" 200 27
120.253.135.82 - - [17/Jan/2020:07:20:09 +0800] "POST /xingrg/kc/pszx/mdps_list_operate.html HTTP/1.1" 200 623
114.88.159.93 - - [17/Jan/2020:07:20:09 +0800] "GET /xingrg/all/function/internal_message.html?_=1579216817275&CODE_STATE=getMsg HTTP/1.1" 200 27
120.253.135.82 - - [17/Jan/2020:07:20:10 +0800] "GET /xingrg/kc/pszx/mdps_order_info.html?code=312020011700510 HTTP/1.1" 200 23835
120.253.135.82 - - [17/Jan/2020:07:20:10 +0800] "POST /xingrg/kc/pszx/mdps_order_operate.html HTTP/1.1" 200 32517
120.253.135.82 - - [17/Jan/2020:07:20:10 +0800] "GET /xingrg/javascript/easyui/themes/default/validatebox.css HTTP/1.1" 404 1104
101.85.55.199 - - [17/Jan/2020:07:20:10 +0800] "GET /xingrg/all/function/internal_message.html?_=1579216587331&CODE_STATE=getMsg HTTP/1.1" 200 27
117.131.5.26 - - [17/Jan/2020:07:20:14 +0800] "GET /xingrg/all/function/internal_message.html?_=1579216822503&CODE_STATE=getMsg HTTP/1.1" 200 27
120.253.135.82 - - [17/Jan/2020:07:20:15 +0800] "GET /xingrg/all/function/internal_message.html?_=1579216552306&CODE_STATE=getMsg HTTP/1.1" 200 27
180.162.232.172 - - [17/Jan/2020:07:20:20 +0800] "GET /xingrg/all/function/internal_message.html?_=1579216927589&CODE_STATE=getMsg HTTP/1.1" 200 27
58.221.95.50 - - [17/Jan/2020:07:20:21 +0800] "GET /xingrg/all/function/internal_message.html?_=1579217129603&CODE_STATE=getMsg HTTP/1.1" 200 27
120.253.135.82 - - [17/Jan/2020:07:20:31 +0800] "POST /xingrg/kc/pszx/mdps_list_operate.html HTTP/1.1" 200 3921
120.253.135.82 - - [17/Jan/2020:07:20:32 +0800] "POST /xingrg/kc/pszx/mdps_list_operate.html HTTP/1.1" 200 278
58.40.7.146 - - [17/Jan/2020:07:20:36 +0800] "GET /xingrg/all/function/internal_message.html?_=1579216832911&CODE_STATE=getMsg HTTP/1.1" 200 27
120.253.135.82 - - [17/Jan/2020:07:20:39 +0800] "POST /xingrg/kc/pszx/mdps_list_operate.html HTTP/1.1" 200 868
172.17.2.150 - - [17/Jan/2020:07:20:39 +0800] "GET /xingrg/all/function/internal_message.html?_=1579216810272&CODE_STATE=getMsg HTTP/1.1" 200 27
172.17.2.150 - - [17/Jan/2020:07:20:43 +0800] "GET /xingrg/all/function/internal_message.html?_=1579216814198&CODE_STATE=getMsg HTTP/1.1" 200 27
58.40.7.146 - - [17/Jan/2020:07:20:44 +0800] "GET /xingrg/all/function/internal_message.html?_=1579216840916&CODE_STATE=getMsg HTTP/1.1" 200 27
120.253.135.82 - - [17/Jan/2020:07:20:50 +0800] "POST /xingrg/kc/pszx/mdps_list_operate.html HTTP/1.1" 200 2440
120.253.135.82 - - [17/Jan/2020:07:20:51 +0800] "POST /xingrg/kc/pszx/mdps_list_operate.html HTTP/1.1" 200 585
58.221.95.50 - - [17/Jan/2020:07:20:52 +0800] "GET /xingrg/all/function/internal_message.html?_=1579217023330&CODE_STATE=getMsg HTTP/1.1" 302 -
120.253.135.82 - - [17/Jan/2020:07:20:52 +0800] "GET /xingrg/kc/pszx/mdps_order_info.html?code=312020011700514 HTTP/1.1" 200 23835
120.253.135.82 - - [17/Jan/2020:07:20:52 +0800] "POST /xingrg/kc/pszx/mdps_order_operate.html HTTP/1.1" 200 14569
120.253.135.82 - - [17/Jan/2020:07:20:53 +0800] "GET /xingrg/javascript/easyui/themes/default/validatebox.css HTTP/1.1" 404 1104
120.253.135.82 - - [17/Jan/2020:07:20:54 +0800] "POST /xingrg/all/common/load_combo.html?type=base HTTP/1.1" 200 899
120.253.135.82 - - [17/Jan/2020:07:20:59 +0800] "POST /xingrg/kc/pszx/mdps_order_operate.html HTTP/1.1" 200 37
120.253.135.82 - - [17/Jan/2020:07:21:00 +0800] "GET /xingrg/kc/pszx/mdps_order_info.html?code=312020011700514 HTTP/1.1" 200 23835
120.253.135.82 - - [17/Jan/2020:07:21:01 +0800] "POST /xingrg/kc/pszx/mdps_order_operate.html HTTP/1.1" 200 14787
120.253.135.82 - - [17/Jan/2020:07:21:01 +0800] "GET /xingrg/javascript/easyui/themes/default/validatebox.css HTTP/1.1" 404 1104
124.77.241.94 - - [17/Jan/2020:07:21:01 +0800] "GET /xingrg/all/function/internal_message.html?_=1579216858598&CODE_STATE=getMsg HTTP/1.1" 200 27
124.77.241.94 - - [17/Jan/2020:07:21:08 +0800] "GET /xingrg/all/function/internal_message.html?_=1579216869036&CODE_STATE=getMsg HTTP/1.1" 200 27
114.88.159.93 - - [17/Jan/2020:07:21:09 +0800] "GET /xingrg/all/function/internal_message.html?_=1579216877247&CODE_STATE=getMsg HTTP/1.1" 200 27
101.85.55.199 - - [17/Jan/2020:07:21:10 +0800] "GET /xingrg/all/function/internal_message.html?_=1579216647314&CODE_STATE=getMsg HTTP/1.1" 200 27
117.131.5.26 - - [17/Jan/2020:07:21:14 +0800] "GET /xingrg/all/function/internal_message.html?_=1579216882503&CODE_STATE=getMsg HTTP/1.1" 200 27
120.253.135.82 - - [17/Jan/2020:07:21:15 +0800] "GET /xingrg/all/function/internal_message.html?_=1579216612447&CODE_STATE=getMsg HTTP/1.1" 200 27
180.162.232.172 - - [17/Jan/2020:07:21:20 +0800] "GET /xingrg/all/function/internal_message.html?_=1579216987602&CODE_STATE=getMsg HTTP/1.1" 200 27
58.221.95.50 - - [17/Jan/2020:07:21:20 +0800] "GET /xingrg/all/function/internal_message.html?_=1579217189627&CODE_STATE=getMsg HTTP/1.1" 200 27
101.85.55.199 - - [17/Jan/2020:07:21:24 +0800] "GET /xingrg/check_reg.html?_=1579216661403 HTTP/1.1" 200 22
58.40.7.146 - - [17/Jan/2020:07:21:36 +0800] "GET /xingrg/check_reg.html?_=1579216892914 HTTP/1.1" 200 22
58.40.7.146 - - [17/Jan/2020:07:21:36 +0800] "GET /xingrg/all/function/internal_message.html?_=1579216892918&CODE_STATE=getMsg HTTP/1.1" 200 27
120.253.135.82 - - [17/Jan/2020:07:21:36 +0800] "POST /xingrg/kc/pszx/mdps_list_operate.html HTTP/1.1" 200 2440
120.253.135.82 - - [17/Jan/2020:07:21:38 +0800] "POST /xingrg/kc/pszx/mdps_list_operate.html HTTP/1.1" 200 662
120.253.135.82 - - [17/Jan/2020:07:21:39 +0800] "GET /xingrg/kc/pszx/mdps_order_info.html?code=312020011700515 HTTP/1.1" 200 23835
172.17.2.150 - - [17/Jan/2020:07:21:39 +0800] "GET /xingrg/all/function/internal_message.html?_=1579216870253&CODE_STATE=getMsg HTTP/1.1" 200 27
120.253.135.82 - - [17/Jan/2020:07:21:39 +0800] "POST /xingrg/kc/pszx/mdps_order_operate.html HTTP/1.1" 200 17908
120.253.135.82 - - [17/Jan/2020:07:21:40 +0800] "GET /xingrg/javascript/easyui/themes/default/validatebox.css HTTP/1.1" 404 1104
120.253.135.82 - - [17/Jan/2020:07:21:43 +0800] "POST /xingrg/kc/pszx/mdps_order_operate.html HTTP/1.1" 200 37
172.17.2.150 - - [17/Jan/2020:07:21:43 +0800] "GET /xingrg/all/function/internal_message.html?_=1579216874196&CODE_STATE=getMsg HTTP/1.1" 200 27
120.253.135.82 - - [17/Jan/2020:07:21:43 +0800] "GET /xingrg/kc/pszx/mdps_order_info.html?code=312020011700515 HTTP/1.1" 200 23835
120.253.135.82 - - [17/Jan/2020:07:21:44 +0800] "POST /xingrg/kc/pszx/mdps_order_operate.html HTTP/1.1" 200 18167
120.253.135.82 - - [17/Jan/2020:07:21:44 +0800] "GET /xingrg/javascript/easyui/themes/default/validatebox.css HTTP/1.1" 404 1104
58.40.7.146 - - [17/Jan/2020:07:21:44 +0800] "GET /xingrg/all/function/internal_message.html?_=1579216900921&CODE_STATE=getMsg HTTP/1.1" 200 27
172.17.2.150 - - [17/Jan/2020:07:21:52 +0800] "GET /xingrg/check_reg.html?_=1579216882876 HTTP/1.1" 200 22
58.221.95.50 - - [17/Jan/2020:07:21:52 +0800] "GET /xingrg/all/function/internal_message.html?_=1579217083331&CODE_STATE=getMsg HTTP/1.1" 302 -
58.221.95.50 - - [17/Jan/2020:07:21:52 +0800] "GET /xingrg/check_reg.html?_=1579217083333 HTTP/1.1" 302 -
124.77.241.94 - - [17/Jan/2020:07:22:01 +0800] "GET /xingrg/all/function/internal_message.html?_=1579216918605&CODE_STATE=getMsg HTTP/1.1" 200 27
124.77.241.94 - - [17/Jan/2020:07:22:08 +0800] "GET /xingrg/all/function/internal_message.html?_=1579216929049&CODE_STATE=getMsg HTTP/1.1" 200 27
114.88.159.93 - - [17/Jan/2020:07:22:09 +0800] "GET /xingrg/all/function/internal_message.html?_=1579216937217&CODE_STATE=getMsg HTTP/1.1" 200 27
101.85.55.199 - - [17/Jan/2020:07:22:10 +0800] "GET /xingrg/all/function/internal_message.html?_=1579216707299&CODE_STATE=getMsg HTTP/1.1" 200 27
180.162.232.172 - - [17/Jan/2020:07:22:11 +0800] "GET /xingrg/check_reg.html?_=1579217038361 HTTP/1.1" 200 22
117.131.5.26 - - [17/Jan/2020:07:22:15 +0800] "GET /xingrg/all/function/internal_message.html?_=1579216942519&CODE_STATE=getMsg HTTP/1.1" 200 27
120.253.135.82 - - [17/Jan/2020:07:22:16 +0800] "POST /xingrg/kc/pszx/mdps_order_operate.html HTTP/1.1" 200 37
120.253.135.82 - - [17/Jan/2020:07:22:17 +0800] "GET /xingrg/kc/pszx/mdps_order_info.html?code=312020011700515 HTTP/1.1" 200 23835
120.253.135.82 - - [17/Jan/2020:07:22:17 +0800] "POST /xingrg/kc/pszx/mdps_order_operate.html HTTP/1.1" 200 18167
120.253.135.82 - - [17/Jan/2020:07:22:17 +0800] "GET /xingrg/javascript/easyui/themes/default/validatebox.css HTTP/1.1" 404 1104
120.253.135.82 - - [17/Jan/2020:07:22:18 +0800] "GET /xingrg/all/function/internal_message.html?_=1579216674626&CODE_STATE=getMsg HTTP/1.1" 200 27
180.162.232.172 - - [17/Jan/2020:07:22:20 +0800] "GET /xingrg/all/function/internal_message.html?_=1579217047612&CODE_STATE=getMsg HTTP/1.1" 200 27
58.221.95.50 - - [17/Jan/2020:07:22:21 +0800] "GET /xingrg/all/function/internal_message.html?_=1579217249615&CODE_STATE=getMsg HTTP/1.1" 200 27
58.40.7.146 - - [17/Jan/2020:07:22:36 +0800] "GET /xingrg/all/function/internal_message.html?_=1579216952905&CODE_STATE=getMsg HTTP/1.1" 200 27
172.17.2.150 - - [17/Jan/2020:07:22:39 +0800] "GET /xingrg/all/function/internal_message.html?_=1579216930239&CODE_STATE=getMsg HTTP/1.1" 200 27
172.17.2.150 - - [17/Jan/2020:07:22:43 +0800] "GET /xingrg/all/function/internal_message.html?_=1579216934195&CODE_STATE=getMsg HTTP/1.1" 200 27
172.17.2.150 - - [17/Jan/2020:07:22:43 +0800] "GET /xingrg/check_reg.html?_=1579216934197 HTTP/1.1" 200 22
58.40.7.146 - - [17/Jan/2020:07:22:44 +0800] "GET /xingrg/check_reg.html?_=1579216960907 HTTP/1.1" 200 22
58.40.7.146 - - [17/Jan/2020:07:22:44 +0800] "GET /xingrg/all/function/internal_message.html?_=1579216960909&CODE_STATE=getMsg HTTP/1.1" 200 27
58.221.95.50 - - [17/Jan/2020:07:22:52 +0800] "GET /xingrg/all/function/internal_message.html?_=1579217143331&CODE_STATE=getMsg HTTP/1.1" 302 -
124.77.241.94 - - [17/Jan/2020:07:23:01 +0800] "GET /xingrg/all/function/internal_message.html?_=1579216978626&CODE_STATE=getMsg HTTP/1.1" 200 27
124.77.241.94 - - [17/Jan/2020:07:23:09 +0800] "GET /xingrg/all/function/internal_message.html?_=1579216989543&CODE_STATE=getMsg HTTP/1.1" 200 27
114.88.159.93 - - [17/Jan/2020:07:23:09 +0800] "GET /xingrg/all/function/internal_message.html?_=1579216997203&CODE_STATE=getMsg HTTP/1.1" 200 27
120.253.135.82 - - [17/Jan/2020:07:23:10 +0800] "GET /xingrg/kc/pszx/mdps_order_operate.html?command=get_materiel&pszx_code=00101&rest_code=00150&base_code=0010246&code=00101019142 HTTP/1.1" 200 450
101.85.55.199 - - [17/Jan/2020:07:23:10 +0800] "GET /xingrg/all/function/internal_message.html?_=1579216767285&CODE_STATE=getMsg HTTP/1.1" 200 27
120.253.135.82 - - [17/Jan/2020:07:23:11 +0800] "POST /xingrg/all/common/load_select.html HTTP/1.1" 200 25
120.253.135.82 - - [17/Jan/2020:07:23:13 +0800] "GET /xingrg/kc/pszx/mdps_order_operate.html?command=get_materiel_price&pszx_code=00101&rest_code=00150&base_code=0010246&code=00101019142&unit_code=00100211&order_time=2020-01-18 HTTP/1.1" 200 35
117.131.5.26 - - [17/Jan/2020:07:23:15 +0800] "GET /xingrg/all/function/internal_message.html?_=1579217002519&CODE_STATE=getMsg HTTP/1.1" 200 27
120.253.135.82 - - [17/Jan/2020:07:23:18 +0800] "GET /xingrg/all/function/internal_message.html?_=1579216734656&CODE_STATE=getMsg HTTP/1.1" 200 27
120.253.135.82 - - [17/Jan/2020:07:23:20 +0800] "POST /xingrg/kc/pszx/mdps_order_operate.html HTTP/1.1" 200 37
180.162.232.172 - - [17/Jan/2020:07:23:20 +0800] "GET /xingrg/all/function/internal_message.html?_=1579217107626&CODE_STATE=getMsg HTTP/1.1" 200 27
58.221.95.50 - - [17/Jan/2020:07:23:21 +0800] "GET /xingrg/check_reg.html?_=1579217309606 HTTP/1.1" 200 22
58.221.95.50 - - [17/Jan/2020:07:23:21 +0800] "GET /xingrg/all/function/internal_message.html?_=1579217309607&CODE_STATE=getMsg HTTP/1.1" 200 27
120.253.135.82 - - [17/Jan/2020:07:23:21 +0800] "GET /xingrg/kc/pszx/mdps_order_info.html?code=312020011700515 HTTP/1.1" 200 23835
120.253.135.82 - - [17/Jan/2020:07:23:21 +0800] "POST /xingrg/kc/pszx/mdps_order_operate.html HTTP/1.1" 200 18168
120.253.135.82 - - [17/Jan/2020:07:23:21 +0800] "GET /xingrg/javascript/easyui/themes/default/validatebox.css HTTP/1.1" 404 1104
58.40.7.146 - - [17/Jan/2020:07:23:36 +0800] "GET /xingrg/all/function/internal_message.html?_=1579217012907&CODE_STATE=getMsg HTTP/1.1" 200 27
124.77.241.94 - - [17/Jan/2020:07:23:38 +0800] "GET /xingrg/check_reg.html?_=1579217018453 HTTP/1.1" 200 22
172.17.2.150 - - [17/Jan/2020:07:23:39 +0800] "GET /xingrg/all/function/internal_message.html?_=1579216990226&CODE_STATE=getMsg HTTP/1.1" 200 27
172.17.2.150 - - [17/Jan/2020:07:23:43 +0800] "GET /xingrg/all/function/internal_message.html?_=1579216994198&CODE_STATE=getMsg HTTP/1.1" 200 27
58.40.7.146 - - [17/Jan/2020:07:23:44 +0800] "GET /xingrg/all/function/internal_message.html?_=1579217020911&CODE_STATE=getMsg HTTP/1.1" 200 27
124.77.241.94 - - [17/Jan/2020:07:23:51 +0800] "GET /xingrg/check_reg.html?_=1579217028027 HTTP/1.1" 200 22
58.221.95.50 - - [17/Jan/2020:07:23:52 +0800] "GET /xingrg/all/function/internal_message.html?_=1579217203331&CODE_STATE=getMsg HTTP/1.1" 302 -
124.77.241.94 - - [17/Jan/2020:07:24:01 +0800] "GET /xingrg/all/function/internal_message.html?_=1579217038633&CODE_STATE=getMsg HTTP/1.1" 200 27
124.77.241.94 - - [17/Jan/2020:07:24:09 +0800] "GET /xingrg/all/function/internal_message.html?_=1579217049544&CODE_STATE=getMsg HTTP/1.1" 200 27
114.88.159.93 - - [17/Jan/2020:07:24:09 +0800] "GET /xingrg/all/function/internal_message.html?_=1579217057181&CODE_STATE=getMsg HTTP/1.1" 200 27
101.85.55.199 - - [17/Jan/2020:07:24:10 +0800] "GET /xingrg/all/function/internal_message.html?_=1579216827254&CODE_STATE=getMsg HTTP/1.1" 200 27
120.253.135.82 - - [17/Jan/2020:07:24:13 +0800] "GET /xingrg/check_reg.html?_=1579216789841 HTTP/1.1" 200 22
117.131.5.26 - - [17/Jan/2020:07:24:15 +0800] "GET /xingrg/all/function/internal_message.html?_=1579217062534&CODE_STATE=getMsg HTTP/1.1" 200 27
120.253.135.82 - - [17/Jan/2020:07:24:18 +0800] "GET /xingrg/all/function/internal_message.html?_=1579216794666&CODE_STATE=getMsg HTTP/1.1" 200 27
180.162.232.172 - - [17/Jan/2020:07:24:20 +0800] "GET /xingrg/all/function/internal_message.html?_=1579217167645&CODE_STATE=getMsg HTTP/1.1" 200 27
58.221.95.50 - - [17/Jan/2020:07:24:21 +0800] "GET /xingrg/all/function/internal_message.html?_=1579217369625&CODE_STATE=getMsg HTTP/1.1" 200 27
58.40.7.146 - - [17/Jan/2020:07:24:36 +0800] "GET /xingrg/all/function/internal_message.html?_=1579217072908&CODE_STATE=getMsg HTTP/1.1" 200 27
172.17.2.150 - - [17/Jan/2020:07:24:39 +0800] "GET /xingrg/all/function/internal_message.html?_=1579217050210&CODE_STATE=getMsg HTTP/1.1" 200 27
172.17.2.150 - - [17/Jan/2020:07:24:43 +0800] "GET /xingrg/all/function/internal_message.html?_=1579217054196&CODE_STATE=getMsg HTTP/1.1" 200 27
58.40.7.146 - - [17/Jan/2020:07:24:44 +0800] "GET /xingrg/all/function/internal_message.html?_=1579217080914&CODE_STATE=getMsg HTTP/1.1" 200 27
58.221.95.50 - - [17/Jan/2020:07:24:52 +0800] "GET /xingrg/all/function/internal_message.html?_=1579217263330&CODE_STATE=getMsg HTTP/1.1" 302 -
114.88.159.93 - - [17/Jan/2020:07:24:57 +0800] "GET /xingrg/check_reg.html?_=1579217104606 HTTP/1.1" 200 22
124.77.241.94 - - [17/Jan/2020:07:25:01 +0800] "GET /xingrg/all/function/internal_message.html?_=1579217098646&CODE_STATE=getMsg HTTP/1.1" 200 27
117.131.5.26 - - [17/Jan/2020:07:25:02 +0800] "GET /xingrg/check_reg.html?_=1579217110065 HTTP/1.1" 200 22
120.253.135.82 - - [17/Jan/2020:07:25:03 +0800] "POST /xingrg/kc/pszx/mdps_order_operate.html HTTP/1.1" 200 37
120.253.135.82 - - [17/Jan/2020:07:25:04 +0800] "GET /xingrg/kc/pszx/mdps_order_info.html?code=312020011700515 HTTP/1.1" 200 23835
120.253.135.82 - - [17/Jan/2020:07:25:05 +0800] "POST /xingrg/kc/pszx/mdps_order_operate.html HTTP/1.1" 200 18168
120.253.135.82 - - [17/Jan/2020:07:25:05 +0800] "GET /xingrg/javascript/easyui/themes/default/validatebox.css HTTP/1.1" 404 1104
124.77.241.94 - - [17/Jan/2020:07:25:09 +0800] "GET /xingrg/all/function/internal_message.html?_=1579217109559&CODE_STATE=getMsg HTTP/1.1" 200 27
114.88.159.93 - - [17/Jan/2020:07:25:09 +0800] "GET /xingrg/all/function/internal_message.html?_=1579217117160&CODE_STATE=getMsg HTTP/1.1" 200 27
101.85.55.199 - - [17/Jan/2020:07:25:10 +0800] "GET /xingrg/all/function/internal_message.html?_=1579216887239&CODE_STATE=getMsg HTTP/1.1" 200 27
117.131.5.26 - - [17/Jan/2020:07:25:15 +0800] "GET /xingrg/all/function/internal_message.html?_=1579217122534&CODE_STATE=getMsg HTTP/1.1" 200 27
120.253.135.82 - - [17/Jan/2020:07:25:18 +0800] "GET /xingrg/all/function/internal_message.html?_=1579216854823&CODE_STATE=getMsg HTTP/1.1" 200 27
180.162.232.172 - - [17/Jan/2020:07:25:20 +0800] "GET /xingrg/all/function/internal_message.html?_=1579217227653&CODE_STATE=getMsg HTTP/1.1" 200 27
58.221.95.50 - - [17/Jan/2020:07:25:20 +0800] "GET /xingrg/all/function/internal_message.html?_=1579217429616&CODE_STATE=getMsg HTTP/1.1" 200 27
58.40.7.146 - - [17/Jan/2020:07:25:36 +0800] "GET /xingrg/all/function/internal_message.html?_=1579217132912&CODE_STATE=getMsg HTTP/1.1" 200 27
172.17.2.150 - - [17/Jan/2020:07:25:39 +0800] "GET /xingrg/all/function/internal_message.html?_=1579217110193&CODE_STATE=getMsg HTTP/1.1" 200 27
172.17.2.150 - - [17/Jan/2020:07:25:43 +0800] "GET /xingrg/all/function/internal_message.html?_=1579217114194&CODE_STATE=getMsg HTTP/1.1" 200 27
58.40.7.146 - - [17/Jan/2020:07:25:44 +0800] "GET /xingrg/all/function/internal_message.html?_=1579217140915&CODE_STATE=getMsg HTTP/1.1" 200 27
58.221.95.50 - - [17/Jan/2020:07:25:52 +0800] "GET /xingrg/all/function/internal_message.html?_=1579217323330&CODE_STATE=getMsg HTTP/1.1" 302 -
124.77.241.94 - - [17/Jan/2020:07:26:01 +0800] "GET /xingrg/all/function/internal_message.html?_=1579217158666&CODE_STATE=getMsg HTTP/1.1" 200 27
120.253.135.82 - - [17/Jan/2020:07:26:09 +0800] "POST /xingrg/kc/pszx/mdps_order_operate.html HTTP/1.1" 200 37
114.88.159.93 - - [17/Jan/2020:07:26:09 +0800] "GET /xingrg/all/function/internal_message.html?_=1579217177140&CODE_STATE=getMsg HTTP/1.1" 200 27
124.77.241.94 - - [17/Jan/2020:07:26:09 +0800] "GET /xingrg/all/function/internal_message.html?_=1579217170076&CODE_STATE=getMsg HTTP/1.1" 200 27
101.85.55.199 - - [17/Jan/2020:07:26:10 +0800] "GET /xingrg/all/function/internal_message.html?_=1579216947222&CODE_STATE=getMsg HTTP/1.1" 200 27
120.253.135.82 - - [17/Jan/2020:07:26:11 +0800] "GET /xingrg/kc/pszx/mdps_order_info.html?code=312020011700515 HTTP/1.1" 200 23835
