116.238.181.252 - - [17/Jan/2020:10:07:35 +0800] "GET /xingrg/javascript/easyui/themes/default/validatebox.css HTTP/1.1" 404 1104
116.238.181.252 - - [17/Jan/2020:10:07:35 +0800] "POST /xingrg/kc/base/wldb_order_operate.html HTTP/1.1" 200 6806
124.77.241.94 - - [17/Jan/2020:10:07:40 +0800] "GET /xingrg/all/function/internal_message.html?_=1579226861556&CODE_STATE=getMsg HTTP/1.1" 200 27
58.40.7.146 - - [17/Jan/2020:10:07:44 +0800] "GET /xingrg/check_reg.html?_=1579226860972 HTTP/1.1" 200 22
58.40.7.146 - - [17/Jan/2020:10:07:44 +0800] "GET /xingrg/all/function/internal_message.html?_=1579226860973&CODE_STATE=getMsg HTTP/1.1" 200 27
222.69.134.68 - - [17/Jan/2020:10:07:47 +0800] "GET /xingrg/all/function/internal_message.html?_=1579226858453&CODE_STATE=getMsg HTTP/1.1" 200 27
222.69.134.68 - - [17/Jan/2020:10:07:49 +0800] "GET /favicon.ico HTTP/1.1" 404 -
58.221.95.50 - - [17/Jan/2020:10:07:52 +0800] "GET /xingrg/all/function/internal_message.html?_=1579227043664&CODE_STATE=getMsg HTTP/1.1" 302 -
117.184.7.26 - - [17/Jan/2020:10:07:57 +0800] "GET /xingrg/check_reg.html?_=1579226860699 HTTP/1.1" 200 22
114.93.75.19 - - [17/Jan/2020:10:07:57 +0800] "GET /xingrg/all/function/internal_message.html?_=1579226783020&CODE_STATE=getMsg HTTP/1.1" 200 27
114.93.75.19 - - [17/Jan/2020:10:07:57 +0800] "GET /xingrg/check_reg.html?_=1579226783018 HTTP/1.1" 200 22
117.184.7.26 - - [17/Jan/2020:10:07:57 +0800] "GET /xingrg/all/function/internal_message.html?_=1579226861136&CODE_STATE=getMsg HTTP/1.1" 200 27
116.238.181.252 - - [17/Jan/2020:10:07:58 +0800] "GET /xingrg/all/function/internal_message.html?_=1579226875236&CODE_STATE=getMsg HTTP/1.1" 200 27
116.238.181.252 - - [17/Jan/2020:10:08:01 +0800] "GET /xingrg/kc/base/wldb_order_operate.html?command=get_materiel&rest_code=00150&base_code=0010450&code=00101004065 HTTP/1.1" 200 436
114.88.159.93 - - [17/Jan/2020:10:08:03 +0800] "GET /xingrg/all/function/internal_message.html?_=1579226633049&CODE_STATE=getMsg HTTP/1.1" 302 -
101.81.125.204 - - [17/Jan/2020:10:08:03 +0800] "GET /xingrg/all/function/internal_message.html?_=1579226878514&CODE_STATE=getMsg HTTP/1.1" 200 27
114.88.159.93 - - [17/Jan/2020:10:08:04 +0800] "GET /xingrg/check_reg.html?_=1579226633677 HTTP/1.1" 302 -
116.238.35.243 - - [17/Jan/2020:10:08:05 +0800] "GET /xingrg/all/function/internal_message.html?_=1579226885432&CODE_STATE=getMsg HTTP/1.1" 200 27
114.88.159.93 - - [17/Jan/2020:10:08:05 +0800] "GET /xingrg/all/function/internal_message.html?_=1579226893289&CODE_STATE=getMsg HTTP/1.1" 200 27
116.238.181.252 - - [17/Jan/2020:10:08:06 +0800] "POST /xingrg/kc/base/wldb_order_operate.html HTTP/1.1" 200 37
116.238.181.252 - - [17/Jan/2020:10:08:07 +0800] "POST /xingrg/kc/base/wldb_order_operate.html HTTP/1.1" 200 12
116.238.181.252 - - [17/Jan/2020:10:08:07 +0800] "POST /xingrg/kc/base/wldb_order_operate.html HTTP/1.1" 200 2186
124.77.241.94 - - [17/Jan/2020:10:08:07 +0800] "GET /xingrg/all/function/internal_message.html?_=1579226884311&CODE_STATE=getMsg HTTP/1.1" 200 27
116.224.233.159 - - [17/Jan/2020:10:08:07 +0800] "GET /xingrg/all/function/internal_message.html?_=1579227040932&CODE_STATE=getMsg HTTP/1.1" 200 27
116.238.181.252 - - [17/Jan/2020:10:08:08 +0800] "GET /xingrg/kc/base/wldb_order_info.html?code=422020011702493 HTTP/1.1" 200 26213
116.238.181.252 - - [17/Jan/2020:10:08:08 +0800] "POST /xingrg/kc/base/wldb_order_operate.html HTTP/1.1" 200 479
116.238.181.252 - - [17/Jan/2020:10:08:08 +0800] "GET /xingrg/javascript/easyui/themes/default/validatebox.css HTTP/1.1" 404 1104
114.88.170.138 - - [17/Jan/2020:10:08:15 +0800] "GET /xingrg/all/function/internal_message.html?_=1579226893510&CODE_STATE=getMsg HTTP/1.1" 200 27
116.224.233.159 - - [17/Jan/2020:10:08:17 +0800] "GET /xingrg/all/function/internal_message.html?_=1579226895791&CODE_STATE=getMsg HTTP/1.1" 200 27
116.238.181.252 - - [17/Jan/2020:10:08:17 +0800] "GET /xingrg/kc/base/wldb_order_add.html HTTP/1.1" 200 30334
116.238.181.252 - - [17/Jan/2020:10:08:18 +0800] "POST /xingrg/kc/base/wldb_order_operate.html HTTP/1.1" 200 6806
116.238.181.252 - - [17/Jan/2020:10:08:18 +0800] "GET /xingrg/javascript/easyui/themes/default/validatebox.css HTTP/1.1" 404 1104
58.221.95.50 - - [17/Jan/2020:10:08:21 +0800] "GET /xingrg/check_reg.html?_=1579227209870 HTTP/1.1" 200 22
58.221.95.50 - - [17/Jan/2020:10:08:21 +0800] "GET /xingrg/all/function/internal_message.html?_=1579227209871&CODE_STATE=getMsg HTTP/1.1" 200 27
58.40.7.146 - - [17/Jan/2020:10:08:21 +0800] "GET /xingrg/all/function/internal_message.html?_=1579226897980&CODE_STATE=getMsg HTTP/1.1" 200 27
114.88.170.138 - - [17/Jan/2020:10:08:24 +0800] "GET /xingrg/all/function/internal_message.html?_=1579227126578&CODE_STATE=getMsg HTTP/1.1" 200 27
114.88.170.138 - - [17/Jan/2020:10:08:24 +0800] "GET /xingrg/check_reg.html?_=1579227126581 HTTP/1.1" 200 22
222.69.134.68 - - [17/Jan/2020:10:08:25 +0800] "GET /xingrg/kc/buy/cgsh_order_add.html HTTP/1.1" 200 57480
222.69.134.68 - - [17/Jan/2020:10:08:25 +0800] "GET /xingrg/javascript/easyui/themes/default/validatebox.css HTTP/1.1" 404 1104
222.69.134.68 - - [17/Jan/2020:10:08:25 +0800] "POST /xingrg/kc/buy/cgsh_order_operate.html HTTP/1.1" 200 8245
116.238.181.252 - - [17/Jan/2020:10:08:29 +0800] "GET /xingrg/kc/base/wldb_order_operate.html?command=get_materiel&rest_code=00150&base_code=0010445&code=00101019202 HTTP/1.1" 200 449
117.184.7.26 - - [17/Jan/2020:10:08:34 +0800] "GET /xingrg/all/function/internal_message.html?_=1579226900575&CODE_STATE=getMsg HTTP/1.1" 200 27
124.77.241.94 - - [17/Jan/2020:10:08:40 +0800] "GET /xingrg/check_reg.html?_=1579226921364 HTTP/1.1" 200 22
124.77.241.94 - - [17/Jan/2020:10:08:40 +0800] "GET /xingrg/all/function/internal_message.html?_=1579226921568&CODE_STATE=getMsg HTTP/1.1" 200 27
58.40.7.146 - - [17/Jan/2020:10:08:44 +0800] "GET /xingrg/all/function/internal_message.html?_=1579226920975&CODE_STATE=getMsg HTTP/1.1" 200 27
222.69.134.68 - - [17/Jan/2020:10:08:46 +0800] "GET /xingrg/kc/buy/cgsh_order_operate.html?command=get_materiel&rest_code=00149&code=00101004011&supplier_code=00100083&order_time=2020-01-17 HTTP/1.1" 200 434
222.69.134.68 - - [17/Jan/2020:10:08:47 +0800] "GET /xingrg/check_reg.html?_=1579226918457 HTTP/1.1" 200 22
222.69.134.68 - - [17/Jan/2020:10:08:47 +0800] "GET /xingrg/all/function/internal_message.html?_=1579226918462&CODE_STATE=getMsg HTTP/1.1" 200 27
124.77.241.94 - - [17/Jan/2020:10:08:51 +0800] "GET /xingrg/check_reg.html?_=1579226928353 HTTP/1.1" 200 22
58.221.95.50 - - [17/Jan/2020:10:08:52 +0800] "GET /xingrg/all/function/internal_message.html?_=1579227103663&CODE_STATE=getMsg HTTP/1.1" 302 -
222.69.134.68 - - [17/Jan/2020:10:08:53 +0800] "GET /xingrg/kc/buy/cgsh_order_operate.html?command=get_materiel&rest_code=00149&code=00101004065&supplier_code=00100083&order_time=2020-01-17 HTTP/1.1" 200 436
114.93.75.19 - - [17/Jan/2020:10:08:57 +0800] "GET /xingrg/all/function/internal_message.html?_=1579226843019&CODE_STATE=getMsg HTTP/1.1" 200 27
116.238.181.252 - - [17/Jan/2020:10:08:57 +0800] "GET /xingrg/kc/base/wldb_order_operate.html?command=get_materiel&rest_code=00150&base_code=0010445&code=00101019210 HTTP/1.1" 200 452
117.184.7.30 - - [17/Jan/2020:10:08:57 +0800] "GET /xingrg/all/function/internal_message.html?_=1579226921150&CODE_STATE=getMsg HTTP/1.1" 200 27
116.238.181.252 - - [17/Jan/2020:10:08:58 +0800] "GET /xingrg/all/function/internal_message.html?_=1579226935209&CODE_STATE=getMsg HTTP/1.1" 200 27
116.238.181.252 - - [17/Jan/2020:10:09:01 +0800] "GET /xingrg/kc/base/wldb_order_operate.html?command=get_materiel&rest_code=00150&base_code=0010445&code=00101019209 HTTP/1.1" 200 459
114.88.159.93 - - [17/Jan/2020:10:09:03 +0800] "GET /xingrg/all/function/internal_message.html?_=1579226693022&CODE_STATE=getMsg HTTP/1.1" 302 -
101.81.125.204 - - [17/Jan/2020:10:09:03 +0800] "GET /xingrg/all/function/internal_message.html?_=1579226938496&CODE_STATE=getMsg HTTP/1.1" 200 27
222.69.134.68 - - [17/Jan/2020:10:09:04 +0800] "GET /xingrg/kc/buy/cgsh_order_operate.html?command=get_materiel&rest_code=00149&code=00101004027&supplier_code=00100083&order_time=2020-01-17 HTTP/1.1" 200 429
116.238.35.243 - - [17/Jan/2020:10:09:04 +0800] "GET /xingrg/all/function/internal_message.html?_=1579226945411&CODE_STATE=getMsg HTTP/1.1" 200 27
114.88.159.93 - - [17/Jan/2020:10:09:05 +0800] "GET /xingrg/all/function/internal_message.html?_=1579226953258&CODE_STATE=getMsg HTTP/1.1" 200 27
116.238.35.243 - - [17/Jan/2020:10:09:05 +0800] "GET /xingrg/check_reg.html?_=1579226946054 HTTP/1.1" 200 22
124.77.241.94 - - [17/Jan/2020:10:09:07 +0800] "GET /xingrg/all/function/internal_message.html?_=1579226944322&CODE_STATE=getMsg HTTP/1.1" 200 27
116.224.233.159 - - [17/Jan/2020:10:09:08 +0800] "GET /xingrg/all/function/internal_message.html?_=1579227101332&CODE_STATE=getMsg HTTP/1.1" 200 27
116.238.181.252 - - [17/Jan/2020:10:09:11 +0800] "GET /xingrg/kc/base/wldb_order_operate.html?command=get_materiel&rest_code=00150&base_code=0010445&code=00101019535 HTTP/1.1" 200 476
114.88.170.138 - - [17/Jan/2020:10:09:15 +0800] "GET /xingrg/all/function/internal_message.html?_=1579226953520&CODE_STATE=getMsg HTTP/1.1" 200 27
222.69.134.68 - - [17/Jan/2020:10:09:16 +0800] "GET /xingrg/kc/buy/cgsh_order_operate.html?command=get_materiel&rest_code=00149&code=00101004017&supplier_code=00100083&order_time=2020-01-17 HTTP/1.1" 200 413
116.224.233.159 - - [17/Jan/2020:10:09:17 +0800] "GET /xingrg/all/function/internal_message.html?_=1579226955791&CODE_STATE=getMsg HTTP/1.1" 200 27
116.238.181.252 - - [17/Jan/2020:10:09:18 +0800] "GET /xingrg/kc/base/wldb_order_operate.html?command=get_materiel&rest_code=00150&base_code=0010445&code=00101019063 HTTP/1.1" 200 447
58.221.95.50 - - [17/Jan/2020:10:09:21 +0800] "GET /xingrg/all/function/internal_message.html?_=1579227269885&CODE_STATE=getMsg HTTP/1.1" 200 27
58.40.7.146 - - [17/Jan/2020:10:09:21 +0800] "GET /xingrg/all/function/internal_message.html?_=1579226957986&CODE_STATE=getMsg HTTP/1.1" 200 27
222.69.134.68 - - [17/Jan/2020:10:09:23 +0800] "GET /xingrg/kc/buy/cgsh_order_operate.html?command=get_materiel&rest_code=00149&code=00101004048&supplier_code=00100083&order_time=2020-01-17 HTTP/1.1" 200 417
114.88.170.138 - - [17/Jan/2020:10:09:24 +0800] "GET /xingrg/all/function/internal_message.html?_=1579227186582&CODE_STATE=getMsg HTTP/1.1" 200 27
116.238.181.252 - - [17/Jan/2020:10:09:27 +0800] "GET /xingrg/kc/base/wldb_order_operate.html?command=get_materiel&rest_code=00150&base_code=0010445&code=00101019361 HTTP/1.1" 200 471
222.69.134.68 - - [17/Jan/2020:10:09:32 +0800] "GET /xingrg/kc/buy/cgsh_order_operate.html?command=get_materiel&rest_code=00149&code=00101004042&supplier_code=00100083&order_time=2020-01-17 HTTP/1.1" 200 416
116.238.181.252 - - [17/Jan/2020:10:09:34 +0800] "GET /xingrg/kc/base/wldb_order_operate.html?command=get_materiel&rest_code=00150&base_code=0010445&code=00101019362 HTTP/1.1" 200 458
117.184.7.26 - - [17/Jan/2020:10:09:34 +0800] "GET /xingrg/all/function/internal_message.html?_=1579226960561&CODE_STATE=getMsg HTTP/1.1" 200 27
114.88.159.93 - - [17/Jan/2020:10:09:37 +0800] "POST /xingrg/kc/buy/cgsh_list_operate.html HTTP/1.1" 302 -
114.88.159.93 - - [17/Jan/2020:10:09:37 +0800] "GET /xingrg/kc/report/report_main.html HTTP/1.1" 302 -
114.88.159.93 - - [17/Jan/2020:10:09:37 +0800] "GET /xingrg/login.html HTTP/1.1" 200 7639
114.88.159.93 - - [17/Jan/2020:10:09:37 +0800] "GET /xingrg/login.html HTTP/1.1" 200 7639
114.88.159.93 - - [17/Jan/2020:10:09:37 +0800] "GET /favicon.ico HTTP/1.1" 404 -
114.88.159.93 - - [17/Jan/2020:10:09:38 +0800] "POST /xingrg/login.do HTTP/1.1" 302 -
114.88.159.93 - - [17/Jan/2020:10:09:38 +0800] "GET /xingrg/index.html?sysBaseUrl=http%3A%2F%2F117.131.15.22%3A18081%2Fxingrg%2F&costTime=36×tamp=1579226978601 HTTP/1.1" 200 17157
114.88.159.93 - - [17/Jan/2020:10:09:38 +0800] "GET /favicon.ico HTTP/1.1" 404 -
114.88.159.93 - - [17/Jan/2020:10:09:38 +0800] "POST /xingrg/all/common/load_tree.html?tree=area_rest_tree_json&manage=1 HTTP/1.1" 200 351
114.88.159.93 - - [17/Jan/2020:10:09:38 +0800] "GET /xingrg/all/function/internal_message.html?_=1579226728576&CODE_STATE=count HTTP/1.1" 200 11
114.88.159.93 - - [17/Jan/2020:10:09:38 +0800] "POST /xingrg/load_menu.html HTTP/1.1" 200 5124
114.88.159.93 - - [17/Jan/2020:10:09:38 +0800] "GET /xingrg/check_reg.html?_=1579226728577 HTTP/1.1" 200 22
222.69.134.68 - - [17/Jan/2020:10:09:39 +0800] "GET /xingrg/kc/buy/cgsh_order_operate.html?command=get_materiel&rest_code=00149&code=00101004067&supplier_code=00100083&order_time=2020-01-17 HTTP/1.1" 200 413
124.77.241.94 - - [17/Jan/2020:10:09:40 +0800] "GET /xingrg/all/function/internal_message.html?_=1579226981583&CODE_STATE=getMsg HTTP/1.1" 200 27
58.40.7.146 - - [17/Jan/2020:10:09:44 +0800] "GET /xingrg/all/function/internal_message.html?_=1579226980978&CODE_STATE=getMsg HTTP/1.1" 200 27
222.69.134.68 - - [17/Jan/2020:10:09:45 +0800] "GET /xingrg/kc/buy/cgsh_order_operate.html?command=get_materiel&rest_code=00149&code=00101001115&supplier_code=00100083&order_time=2020-01-17 HTTP/1.1" 200 413
222.69.134.68 - - [17/Jan/2020:10:09:47 +0800] "GET /xingrg/all/function/internal_message.html?_=1579226978456&CODE_STATE=getMsg HTTP/1.1" 200 27
58.221.95.50 - - [17/Jan/2020:10:09:52 +0800] "GET /xingrg/all/function/internal_message.html?_=1579227163663&CODE_STATE=getMsg HTTP/1.1" 302 -
114.88.159.93 - - [17/Jan/2020:10:09:56 +0800] "GET /xingrg/check_reg.html?_=1579227004729 HTTP/1.1" 200 22
114.93.75.19 - - [17/Jan/2020:10:09:57 +0800] "GET /xingrg/all/function/internal_message.html?_=1579226903047&CODE_STATE=getMsg HTTP/1.1" 200 27
117.184.7.30 - - [17/Jan/2020:10:09:57 +0800] "GET /xingrg/all/function/internal_message.html?_=1579226981163&CODE_STATE=getMsg HTTP/1.1" 200 27
116.238.181.252 - - [17/Jan/2020:10:09:58 +0800] "GET /xingrg/check_reg.html?_=1579226995024 HTTP/1.1" 200 22
116.238.181.252 - - [17/Jan/2020:10:09:58 +0800] "GET /xingrg/all/function/internal_message.html?_=1579226995184&CODE_STATE=getMsg HTTP/1.1" 200 27
116.238.181.252 - - [17/Jan/2020:10:09:59 +0800] "GET /xingrg/kc/base/wldb_order_operate.html?command=get_materiel&rest_code=00150&base_code=0010445&code=00101019430 HTTP/1.1" 200 462
101.81.125.204 - - [17/Jan/2020:10:10:03 +0800] "GET /xingrg/all/function/internal_message.html?_=1579226998491&CODE_STATE=getMsg HTTP/1.1" 200 27
116.238.35.243 - - [17/Jan/2020:10:10:04 +0800] "GET /xingrg/all/function/internal_message.html?_=1579227005386&CODE_STATE=getMsg HTTP/1.1" 200 27
114.88.159.93 - - [17/Jan/2020:10:10:05 +0800] "GET /xingrg/all/function/internal_message.html?_=1579227013256&CODE_STATE=getMsg HTTP/1.1" 200 27
222.69.134.68 - - [17/Jan/2020:10:10:06 +0800] "POST /xingrg/kc/buy/cgsh_order_operate.html HTTP/1.1" 200 37
124.77.241.94 - - [17/Jan/2020:10:10:07 +0800] "GET /xingrg/all/function/internal_message.html?_=1579227004335&CODE_STATE=getMsg HTTP/1.1" 200 27
116.224.233.159 - - [17/Jan/2020:10:10:08 +0800] "GET /xingrg/all/function/internal_message.html?_=1579227161333&CODE_STATE=getMsg HTTP/1.1" 200 27
222.69.134.68 - - [17/Jan/2020:10:10:09 +0800] "POST /xingrg/kc/buy/cgsh_order_operate.html HTTP/1.1" 200 12
114.88.170.138 - - [17/Jan/2020:10:10:14 +0800] "GET /xingrg/check_reg.html?_=1579227012311 HTTP/1.1" 200 22
114.88.170.138 - - [17/Jan/2020:10:10:15 +0800] "GET /xingrg/all/function/internal_message.html?_=1579227013534&CODE_STATE=getMsg HTTP/1.1" 200 27
116.224.233.159 - - [17/Jan/2020:10:10:17 +0800] "GET /xingrg/all/function/internal_message.html?_=1579227015777&CODE_STATE=getMsg HTTP/1.1" 200 27
58.221.95.50 - - [17/Jan/2020:10:10:21 +0800] "GET /xingrg/all/function/internal_message.html?_=1579227329880&CODE_STATE=getMsg HTTP/1.1" 200 27
58.40.7.146 - - [17/Jan/2020:10:10:21 +0800] "GET /xingrg/all/function/internal_message.html?_=1579227017988&CODE_STATE=getMsg HTTP/1.1" 200 27
58.40.7.146 - - [17/Jan/2020:10:10:21 +0800] "GET /xingrg/check_reg.html?_=1579227017989 HTTP/1.1" 200 22
114.88.170.138 - - [17/Jan/2020:10:10:24 +0800] "GET /xingrg/all/function/internal_message.html?_=1579227246584&CODE_STATE=getMsg HTTP/1.1" 200 27
101.81.125.204 - - [17/Jan/2020:10:10:26 +0800] "GET /xingrg/check_reg.html?_=1579227022570 HTTP/1.1" 200 22
117.184.7.26 - - [17/Jan/2020:10:10:34 +0800] "GET /xingrg/all/function/internal_message.html?_=1579227020545&CODE_STATE=getMsg HTTP/1.1" 200 27
117.184.7.26 - - [17/Jan/2020:10:10:35 +0800] "GET /xingrg/check_reg.html?_=1579227021079 HTTP/1.1" 200 22
114.88.159.93 - - [17/Jan/2020:10:10:38 +0800] "GET /xingrg/all/function/internal_message.html?_=1579226788582&CODE_STATE=getMsg HTTP/1.1" 200 27
116.238.181.252 - - [17/Jan/2020:10:10:39 +0800] "GET /xingrg/kc/base/wldb_order_operate.html?command=get_materiel&rest_code=00150&base_code=0010445&code=00101019390 HTTP/1.1" 200 456
124.77.241.94 - - [17/Jan/2020:10:10:40 +0800] "GET /xingrg/all/function/internal_message.html?_=1579227041597&CODE_STATE=getMsg HTTP/1.1" 200 27
58.40.7.146 - - [17/Jan/2020:10:10:44 +0800] "GET /xingrg/all/function/internal_message.html?_=1579227040981&CODE_STATE=getMsg HTTP/1.1" 200 27
222.69.134.68 - - [17/Jan/2020:10:10:52 +0800] "GET /xingrg/kc/buy/cgsh_order_info.html?code=212020011708866 HTTP/1.1" 200 52383
222.69.134.68 - - [17/Jan/2020:10:10:52 +0800] "GET /xingrg/javascript/easyui/themes/default/validatebox.css HTTP/1.1" 404 1104
222.69.134.68 - - [17/Jan/2020:10:10:52 +0800] "POST /xingrg/kc/buy/cgsh_order_operate.html HTTP/1.1" 200 4786
58.221.95.50 - - [17/Jan/2020:10:10:52 +0800] "GET /xingrg/all/function/internal_message.html?_=1579227223663&CODE_STATE=getMsg HTTP/1.1" 302 -
116.238.181.252 - - [17/Jan/2020:10:10:56 +0800] "POST /xingrg/kc/base/wldb_order_operate.html HTTP/1.1" 200 37
114.93.75.19 - - [17/Jan/2020:10:10:57 +0800] "GET /xingrg/all/function/internal_message.html?_=1579226963046&CODE_STATE=getMsg HTTP/1.1" 200 27
116.238.181.252 - - [17/Jan/2020:10:10:57 +0800] "POST /xingrg/kc/base/wldb_order_operate.html HTTP/1.1" 200 12
116.238.181.252 - - [17/Jan/2020:10:10:57 +0800] "POST /xingrg/kc/base/wldb_order_operate.html HTTP/1.1" 200 3715
117.184.7.26 - - [17/Jan/2020:10:10:57 +0800] "GET /xingrg/all/function/internal_message.html?_=1579227041358&CODE_STATE=getMsg HTTP/1.1" 200 27
116.238.181.252 - - [17/Jan/2020:10:10:58 +0800] "GET /xingrg/kc/base/wldb_order_info.html?code=422020011702494 HTTP/1.1" 200 26214
116.238.181.252 - - [17/Jan/2020:10:10:58 +0800] "GET /xingrg/all/function/internal_message.html?_=1579227055172&CODE_STATE=getMsg HTTP/1.1" 200 27
116.238.181.252 - - [17/Jan/2020:10:10:58 +0800] "POST /xingrg/kc/base/wldb_order_operate.html HTTP/1.1" 200 1977
116.238.181.252 - - [17/Jan/2020:10:10:58 +0800] "GET /xingrg/javascript/easyui/themes/default/validatebox.css HTTP/1.1" 404 1104
116.238.181.252 - - [17/Jan/2020:10:11:02 +0800] "GET /xingrg/kc/base/wldb_order_add.html HTTP/1.1" 200 30334
101.81.125.204 - - [17/Jan/2020:10:11:02 +0800] "GET /xingrg/check_reg.html?_=1579227056730 HTTP/1.1" 200 22
116.238.181.252 - - [17/Jan/2020:10:11:02 +0800] "POST /xingrg/kc/base/wldb_order_operate.html HTTP/1.1" 200 6806
116.238.181.252 - - [17/Jan/2020:10:11:02 +0800] "GET /xingrg/javascript/easyui/themes/default/validatebox.css HTTP/1.1" 404 1104
101.81.125.204 - - [17/Jan/2020:10:11:03 +0800] "GET /xingrg/all/function/internal_message.html?_=1579227058472&CODE_STATE=getMsg HTTP/1.1" 200 27
116.238.35.243 - - [17/Jan/2020:10:11:04 +0800] "GET /xingrg/all/function/internal_message.html?_=1579227065360&CODE_STATE=getMsg HTTP/1.1" 200 27
114.88.159.93 - - [17/Jan/2020:10:11:05 +0800] "GET /xingrg/all/function/internal_message.html?_=1579227073235&CODE_STATE=getMsg HTTP/1.1" 200 27
116.224.233.159 - - [17/Jan/2020:10:11:06 +0800] "GET /xingrg/check_reg.html?_=1579227219557 HTTP/1.1" 200 22
124.77.241.94 - - [17/Jan/2020:10:11:07 +0800] "GET /xingrg/all/function/internal_message.html?_=1579227064556&CODE_STATE=getMsg HTTP/1.1" 200 27
116.224.233.159 - - [17/Jan/2020:10:11:08 +0800] "GET /xingrg/all/function/internal_message.html?_=1579227221346&CODE_STATE=getMsg HTTP/1.1" 200 27
180.157.252.250 - - [17/Jan/2020:10:11:08 +0800] "GET /xingrg/login.html HTTP/1.1" 200 7639
180.157.252.250 - - [17/Jan/2020:10:11:08 +0800] "GET /xingrg/login.html HTTP/1.1" 200 7639
180.157.252.250 - - [17/Jan/2020:10:11:09 +0800] "GET /favicon.ico HTTP/1.1" 404 -
180.157.252.250 - - [17/Jan/2020:10:11:09 +0800] "GET /favicon.ico HTTP/1.1" 404 -
114.88.170.138 - - [17/Jan/2020:10:11:15 +0800] "GET /xingrg/all/function/internal_message.html?_=1579227073547&CODE_STATE=getMsg HTTP/1.1" 200 27
116.238.181.252 - - [17/Jan/2020:10:11:16 +0800] "GET /xingrg/kc/base/wldb_order_operate.html?command=get_materiel&rest_code=00150&base_code=0010445&code=00101019222 HTTP/1.1" 200 455
116.224.233.159 - - [17/Jan/2020:10:11:17 +0800] "GET /xingrg/all/function/internal_message.html?_=1579227075775&CODE_STATE=getMsg HTTP/1.1" 200 27
180.157.252.250 - - [17/Jan/2020:10:11:21 +0800] "POST /xingrg/login.do HTTP/1.1" 302 -
180.157.252.250 - - [17/Jan/2020:10:11:21 +0800] "GET /xingrg/index.html?sysBaseUrl=http%3A%2F%2F117.131.15.22%3A18081%2Fxingrg%2F&costTime=36×tamp=1579227081435 HTTP/1.1" 200 17397
180.157.252.250 - - [17/Jan/2020:10:11:21 +0800] "GET /favicon.ico HTTP/1.1" 404 -
180.157.252.250 - - [17/Jan/2020:10:11:21 +0800] "POST /xingrg/all/common/load_tree.html?tree=area_rest_tree_json&manage=1 HTTP/1.1" 200 3079
58.40.7.146 - - [17/Jan/2020:10:11:21 +0800] "GET /xingrg/all/function/internal_message.html?_=1579227077990&CODE_STATE=getMsg HTTP/1.1" 200 27
180.157.252.250 - - [17/Jan/2020:10:11:22 +0800] "GET /xingrg/all/function/internal_message.html?_=1579227067731&CODE_STATE=count HTTP/1.1" 200 11
180.157.252.250 - - [17/Jan/2020:10:11:22 +0800] "GET /xingrg/check_reg.html?_=1579227067734 HTTP/1.1" 200 22
180.157.252.250 - - [17/Jan/2020:10:11:22 +0800] "POST /xingrg/load_menu.html HTTP/1.1" 200 9945
114.88.170.138 - - [17/Jan/2020:10:11:24 +0800] "GET /xingrg/all/function/internal_message.html?_=1579227306584&CODE_STATE=getMsg HTTP/1.1" 200 27
116.238.181.252 - - [17/Jan/2020:10:11:25 +0800] "GET /xingrg/kc/base/wldb_order_operate.html?command=get_materiel&rest_code=00150&base_code=0010445&code=00101019015 HTTP/1.1" 200 437
58.221.95.50 - - [17/Jan/2020:10:11:26 +0800] "GET /xingrg/all/function/internal_message.html?_=1579227389903&CODE_STATE=getMsg HTTP/1.1" 200 27
117.184.7.26 - - [17/Jan/2020:10:11:34 +0800] "GET /xingrg/all/function/internal_message.html?_=1579227080521&CODE_STATE=getMsg HTTP/1.1" 200 27
222.69.134.68 - - [17/Jan/2020:10:11:38 +0800] "GET /xingrg/kc/print/load_data.html?order_code=212020011708866&kc_code=cgsh&condition= HTTP/1.1" 200 2332
114.88.159.93 - - [17/Jan/2020:10:11:38 +0800] "GET /xingrg/all/function/internal_message.html?_=1579226848581&CODE_STATE=getMsg HTTP/1.1" 200 27
124.77.241.94 - - [17/Jan/2020:10:11:41 +0800] "GET /xingrg/all/function/internal_message.html?_=1579227102112&CODE_STATE=getMsg HTTP/1.1" 200 27
180.157.252.250 - - [17/Jan/2020:10:11:43 +0800] "POST /xingrg/load_menu.html HTTP/1.1" 200 10062
58.40.7.146 - - [17/Jan/2020:10:11:44 +0800] "GET /xingrg/all/function/internal_message.html?_=1579227100982&CODE_STATE=getMsg HTTP/1.1" 200 27
180.157.252.250 - - [17/Jan/2020:10:11:45 +0800] "GET /xingrg/all/report/report_query.html?fileName=dma/new_5.0/yingye/order_list.xml HTTP/1.1" 200 55251
180.157.252.250 - - [17/Jan/2020:10:11:45 +0800] "GET /xingrg/dwr/interface/AjaxReportQueryService.js HTTP/1.1" 200 13203
180.157.252.250 - - [17/Jan/2020:10:11:45 +0800] "GET /xingrg/dwr/util.js HTTP/1.1" 304 -
180.157.252.250 - - [17/Jan/2020:10:11:45 +0800] "GET /xingrg/dwr/engine.js HTTP/1.1" 200 43631
180.157.252.250 - - [17/Jan/2020:10:11:45 +0800] "POST /xingrg/dwr/call/plaincall/AjaxReportQueryService.getFixDate.dwr HTTP/1.1" 200 111
180.157.252.250 - - [17/Jan/2020:10:11:46 +0800] "POST /xingrg/all/common/load_tree.html?tree=area_station_tree_json&manage=1 HTTP/1.1" 200 2981
180.157.252.250 - - [17/Jan/2020:10:11:46 +0800] "POST /xingrg/dwr/call/plaincall/AjaxReportQueryService.getInitString.dwr HTTP/1.1" 200 76
116.238.181.252 - - [17/Jan/2020:10:11:46 +0800] "GET /xingrg/kc/base/wldb_order_operate.html?command=get_materiel&rest_code=00150&base_code=0010445&code=00101019127 HTTP/1.1" 200 465
222.69.134.68 - - [17/Jan/2020:10:11:47 +0800] "GET /xingrg/all/function/internal_message.html?_=1579227098468&CODE_STATE=getMsg HTTP/1.1" 200 27
58.221.95.50 - - [17/Jan/2020:10:11:52 +0800] "GET /xingrg/all/function/internal_message.html?_=1579227283663&CODE_STATE=getMsg HTTP/1.1" 302 -
58.221.95.50 - - [17/Jan/2020:10:11:52 +0800] "GET /xingrg/check_reg.html?_=1579227283665 HTTP/1.1" 302 -
116.238.181.252 - - [17/Jan/2020:10:11:52 +0800] "GET /xingrg/kc/base/wldb_order_operate.html?command=get_materiel&rest_code=00150&base_code=0010445&code=00101019258 HTTP/1.1" 200 469
180.157.252.250 - - [17/Jan/2020:10:11:54 +0800] "POST /xingrg/dwr/call/plaincall/AjaxReportQueryService.queryInitializeString.dwr HTTP/1.1" 200 76
114.93.75.19 - - [17/Jan/2020:10:11:57 +0800] "GET /xingrg/all/function/internal_message.html?_=1579227023045&CODE_STATE=getMsg HTTP/1.1" 200 27
117.184.7.26 - - [17/Jan/2020:10:11:57 +0800] "GET /xingrg/all/function/internal_message.html?_=1579227101361&CODE_STATE=getMsg HTTP/1.1" 200 27
116.238.181.252 - - [17/Jan/2020:10:11:58 +0800] "GET /xingrg/all/function/internal_message.html?_=1579227115156&CODE_STATE=getMsg HTTP/1.1" 200 27
180.157.252.250 - - [17/Jan/2020:10:11:59 +0800] "POST /xingrg/dwr/call/plaincall/AjaxReportQueryService.refreshCache.dwr HTTP/1.1" 200 78
222.69.134.68 - - [17/Jan/2020:10:12:00 +0800] "GET /xingrg/kc/buy/cgsh_order_add.html HTTP/1.1" 200 57480
180.157.252.250 - - [17/Jan/2020:10:12:00 +0800] "POST /xingrg/all/report/load_report_page.html HTTP/1.1" 200 89
222.69.134.68 - - [17/Jan/2020:10:12:00 +0800] "POST /xingrg/kc/buy/cgsh_order_operate.html HTTP/1.1" 200 8245
222.69.134.68 - - [17/Jan/2020:10:12:00 +0800] "GET /xingrg/javascript/easyui/themes/default/validatebox.css HTTP/1.1" 404 1104
116.238.181.252 - - [17/Jan/2020:10:12:00 +0800] "GET /xingrg/kc/base/wldb_order_operate.html?command=get_materiel&rest_code=00150&base_code=0010445&code=00101013139 HTTP/1.1" 200 449
101.81.125.204 - - [17/Jan/2020:10:12:03 +0800] "GET /xingrg/all/function/internal_message.html?_=1579227118450&CODE_STATE=getMsg HTTP/1.1" 200 27
116.238.35.243 - - [17/Jan/2020:10:12:04 +0800] "GET /xingrg/all/function/internal_message.html?_=1579227125335&CODE_STATE=getMsg HTTP/1.1" 200 27
114.88.159.93 - - [17/Jan/2020:10:12:05 +0800] "GET /xingrg/all/function/internal_message.html?_=1579227133211&CODE_STATE=getMsg HTTP/1.1" 200 27
124.77.241.94 - - [17/Jan/2020:10:12:07 +0800] "GET /xingrg/all/function/internal_message.html?_=1579227124564&CODE_STATE=getMsg HTTP/1.1" 200 27
180.157.252.250 - - [17/Jan/2020:10:12:08 +0800] "GET /xingrg/dwr/interface/AjaxGetFirstChart.js HTTP/1.1" 200 631
180.157.252.250 - - [17/Jan/2020:10:12:08 +0800] "GET /xingrg/system/rest/list_page.html?p=menu HTTP/1.1" 200 110631
180.157.252.250 - - [17/Jan/2020:10:12:08 +0800] "GET /xingrg/dwr/engine.js HTTP/1.1" 200 43631
116.224.233.159 - - [17/Jan/2020:10:12:08 +0800] "GET /xingrg/all/function/internal_message.html?_=1579227281361&CODE_STATE=getMsg HTTP/1.1" 200 27
180.157.252.250 - - [17/Jan/2020:10:12:09 +0800] "GET /xingrg/system/rest/query_items.html?_=1579227114504&table=menu&page=1&rows=20&categoryId=&key= HTTP/1.1" 200 4723
114.88.170.138 - - [17/Jan/2020:10:12:15 +0800] "GET /xingrg/all/function/internal_message.html?_=1579227133560&CODE_STATE=getMsg HTTP/1.1" 200 27
117.185.32.26 - - [17/Jan/2020:10:12:16 +0800] "GET /xingrg/check_reg.html?_=1579227125179 HTTP/1.1" 200 22
116.238.181.252 - - [17/Jan/2020:10:12:16 +0800] "GET /xingrg/kc/base/wldb_order_operate.html?command=get_materiel&rest_code=00150&base_code=0010445&code=00101016064 HTTP/1.1" 200 468
116.224.233.159 - - [17/Jan/2020:10:12:17 +0800] "GET /xingrg/check_reg.html?_=1579227135777 HTTP/1.1" 200 22
116.224.233.159 - - [17/Jan/2020:10:12:17 +0800] "GET /xingrg/all/function/internal_message.html?_=1579227135775&CODE_STATE=getMsg HTTP/1.1" 200 27
180.157.252.250 - - [17/Jan/2020:10:12:19 +0800] "GET /xingrg/system/rest/query_items.html?_=1579227125178&table=menu&page=1&rows=20&categoryId=&key=2023. HTTP/1.1" 200 21
180.157.252.250 - - [17/Jan/2020:10:12:21 +0800] "GET /xingrg/system/rest/query_items.html?_=1579227126794&table=menu&page=1&rows=20&categoryId=&key=2023 HTTP/1.1" 200 257
58.40.7.146 - - [17/Jan/2020:10:12:21 +0800] "GET /xingrg/all/function/internal_message.html?_=1579227137994&CODE_STATE=getMsg HTTP/1.1" 200 27
180.157.252.250 - - [17/Jan/2020:10:12:22 +0800] "GET /xingrg/all/function/internal_message.html?_=1579227127738&CODE_STATE=getMsg HTTP/1.1" 200 27
180.157.252.250 - - [17/Jan/2020:10:12:22 +0800] "GET /xingrg/system/rest/query_items.html?_=1579227128018&table=menu&page=1&rows=20&categoryId=&key=2023 HTTP/1.1" 200 257
180.157.252.250 - - [17/Jan/2020:10:12:23 +0800] "GET /xingrg/system/rest/get_item.html?table=menu&id=2023&_=1579227128747 HTTP/1.1" 200 953
180.157.252.250 - - [17/Jan/2020:10:12:23 +0800] "GET /xingrg/system/rest/get_item.html?table=menu&target=menu_rest&id=2023&_=1579227128773 HTTP/1.1" 200 855
180.157.252.250 - - [17/Jan/2020:10:12:23 +0800] "GET /xingrg/system/rest/get_item.html?table=menu&target=cook_mode&id=2023&_=1579227128772 HTTP/1.1" 200 27646
180.157.252.250 - - [17/Jan/2020:10:12:23 +0800] "GET /xingrg/system/rest/get_infos.html?command=menu_img_show&id=2023 HTTP/1.1" 200 5
114.88.170.138 - - [17/Jan/2020:10:12:24 +0800] "GET /xingrg/all/function/internal_message.html?_=1579227366573&CODE_STATE=getMsg HTTP/1.1" 200 27
116.238.181.252 - - [17/Jan/2020:10:12:25 +0800] "GET /xingrg/kc/base/wldb_order_operate.html?command=get_materiel&rest_code=00150&base_code=0010445&code=00101019104 HTTP/1.1" 200 452
180.157.252.250 - - [17/Jan/2020:10:12:26 +0800] "GET /xingrg/system/rest/get_item.html?table=menu&target=menu_rest_detail&id=2023&sid=14&_=1579227131958 HTTP/1.1" 200 428
116.238.181.252 - - [17/Jan/2020:10:12:29 +0800] "GET /xingrg/kc/base/wldb_order_operate.html?command=get_materiel&rest_code=00150&base_code=0010445&code=00101019027 HTTP/1.1" 200 476
180.157.252.250 - - [17/Jan/2020:10:12:32 +0800] "POST /xingrg/system/rest/edit_item.html HTTP/1.1" 200 4
180.157.252.250 - - [17/Jan/2020:10:12:32 +0800] "GET /xingrg/system/rest/get_item.html?table=menu&target=menu_rest&id=2023&_=1579227137917 HTTP/1.1" 200 855
117.184.7.26 - - [17/Jan/2020:10:12:34 +0800] "GET /xingrg/all/function/internal_message.html?_=1579227140494&CODE_STATE=getMsg HTTP/1.1" 200 27
180.157.252.250 - - [17/Jan/2020:10:12:38 +0800] "GET /xingrg/system/rest/query_items.html?_=1579227143832&table=menu&page=1&rows=20&categoryId=&key=2061 HTTP/1.1" 200 256
114.88.159.93 - - [17/Jan/2020:10:12:38 +0800] "GET /xingrg/all/function/internal_message.html?_=1579226908585&CODE_STATE=getMsg HTTP/1.1" 200 27
180.157.252.250 - - [17/Jan/2020:10:12:39 +0800] "GET /xingrg/system/rest/query_items.html?_=1579227145017&table=menu&page=1&rows=20&categoryId=&key=2061 HTTP/1.1" 200 256
180.157.252.250 - - [17/Jan/2020:10:12:39 +0800] "GET /xingrg/system/rest/get_item.html?table=menu&id=2061&_=1579227145572 HTTP/1.1" 200 954
180.157.252.250 - - [17/Jan/2020:10:12:40 +0800] "GET /xingrg/system/rest/get_item.html?table=menu&target=menu_rest&id=2061&_=1579227145585 HTTP/1.1" 200 747
180.157.252.250 - - [17/Jan/2020:10:12:40 +0800] "GET /xingrg/system/rest/get_item.html?table=menu&target=cook_mode&id=2061&_=1579227145584 HTTP/1.1" 200 17935
180.157.252.250 - - [17/Jan/2020:10:12:40 +0800] "GET /xingrg/system/rest/get_infos.html?command=menu_img_show&id=2061 HTTP/1.1" 200 5
124.77.241.94 - - [17/Jan/2020:10:12:41 +0800] "GET /xingrg/all/function/internal_message.html?_=1579227162122&CODE_STATE=getMsg HTTP/1.1" 200 27
180.157.252.250 - - [17/Jan/2020:10:12:42 +0800] "GET /xingrg/system/rest/get_item.html?table=menu&target=menu_rest_detail&id=2061&sid=14&_=1579227148061 HTTP/1.1" 200 428
116.238.35.243 - - [17/Jan/2020:10:12:43 +0800] "GET /xingrg/login.html HTTP/1.1" 200 7639
58.40.7.146 - - [17/Jan/2020:10:12:44 +0800] "GET /xingrg/check_reg.html?_=1579227160988 HTTP/1.1" 200 22
58.40.7.146 - - [17/Jan/2020:10:12:44 +0800] "GET /xingrg/all/function/internal_message.html?_=1579227160990&CODE_STATE=getMsg HTTP/1.1" 200 27
116.238.35.243 - - [17/Jan/2020:10:12:45 +0800] "GET /favicon.ico HTTP/1.1" 404 -
222.69.134.68 - - [17/Jan/2020:10:12:47 +0800] "GET /xingrg/all/function/internal_message.html?_=1579227158468&CODE_STATE=getMsg HTTP/1.1" 200 27
180.157.252.250 - - [17/Jan/2020:10:12:48 +0800] "POST /xingrg/system/rest/edit_item.html HTTP/1.1" 200 4
180.157.252.250 - - [17/Jan/2020:10:12:48 +0800] "GET /xingrg/system/rest/get_item.html?table=menu&target=menu_rest&id=2061&_=1579227153933 HTTP/1.1" 200 747
116.238.35.243 - - [17/Jan/2020:10:12:52 +0800] "POST /xingrg/login.do HTTP/1.1" 302 -
116.238.35.243 - - [17/Jan/2020:10:12:52 +0800] "GET /xingrg/index.html?sysBaseUrl=http%3A%2F%2F117.131.15.22%3A18081%2Fxingrg%2F&costTime=35×tamp=1579227172462 HTTP/1.1" 200 17151
116.238.35.243 - - [17/Jan/2020:10:12:52 +0800] "POST /xingrg/login.do HTTP/1.1" 302 -
116.238.35.243 - - [17/Jan/2020:10:12:52 +0800] "GET /xingrg/index.html?sysBaseUrl=http%3A%2F%2F117.131.15.22%3A18081%2Fxingrg%2F&costTime=35×tamp=1579227172573 HTTP/1.1" 200 17151
58.221.95.50 - - [17/Jan/2020:10:12:52 +0800] "GET /xingrg/all/function/internal_message.html?_=1579227343664&CODE_STATE=getMsg HTTP/1.1" 302 -
116.238.35.243 - - [17/Jan/2020:10:12:52 +0800] "GET /favicon.ico HTTP/1.1" 404 -
116.238.35.243 - - [17/Jan/2020:10:12:53 +0800] "POST /xingrg/all/common/load_tree.html?tree=area_rest_tree_json&manage=1 HTTP/1.1" 200 342
116.238.35.243 - - [17/Jan/2020:10:12:53 +0800] "GET /xingrg/all/function/internal_message.html?_=1579227173391&CODE_STATE=count HTTP/1.1" 200 11
116.238.35.243 - - [17/Jan/2020:10:12:53 +0800] "GET /xingrg/check_reg.html?_=1579227173392 HTTP/1.1" 200 22
116.238.35.243 - - [17/Jan/2020:10:12:53 +0800] "POST /xingrg/load_menu.html HTTP/1.1" 200 5124
116.238.181.252 - - [17/Jan/2020:10:12:54 +0800] "POST /xingrg/kc/base/wldb_order_operate.html HTTP/1.1" 200 37
116.238.181.252 - - [17/Jan/2020:10:12:55 +0800] "POST /xingrg/kc/base/wldb_order_operate.html HTTP/1.1" 200 5697
116.238.181.252 - - [17/Jan/2020:10:12:55 +0800] "GET /xingrg/kc/base/wldb_order_info.html?code=422020011702495 HTTP/1.1" 200 30348
116.238.181.252 - - [17/Jan/2020:10:12:56 +0800] "GET /xingrg/javascript/easyui/themes/default/validatebox.css HTTP/1.1" 404 1104
116.238.181.252 - - [17/Jan/2020:10:12:56 +0800] "POST /xingrg/kc/base/wldb_order_operate.html HTTP/1.1" 200 5697
114.93.75.19 - - [17/Jan/2020:10:12:57 +0800] "GET /xingrg/check_reg.html?_=1579227083044 HTTP/1.1" 200 22
114.93.75.19 - - [17/Jan/2020:10:12:57 +0800] "GET /xingrg/all/function/internal_message.html?_=1579227083046&CODE_STATE=getMsg HTTP/1.1" 200 27
117.184.7.30 - - [17/Jan/2020:10:12:57 +0800] "GET /xingrg/check_reg.html?_=1579227160871 HTTP/1.1" 200 22
117.184.7.30 - - [17/Jan/2020:10:12:58 +0800] "GET /xingrg/all/function/internal_message.html?_=1579227161376&CODE_STATE=getMsg HTTP/1.1" 200 27
116.238.181.252 - - [17/Jan/2020:10:12:58 +0800] "GET /xingrg/all/function/internal_message.html?_=1579227175123&CODE_STATE=getMsg HTTP/1.1" 200 27
180.157.252.250 - - [17/Jan/2020:10:12:59 +0800] "GET /xingrg/system/rest/query_items.html?_=1579227164666&table=menu&page=1&rows=20&categoryId=&key=2002 HTTP/1.1" 200 268
180.157.252.250 - - [17/Jan/2020:10:13:00 +0800] "GET /xingrg/system/rest/query_items.html?_=1579227165915&table=menu&page=1&rows=20&categoryId=&key=2002 HTTP/1.1" 200 268
180.157.252.250 - - [17/Jan/2020:10:13:00 +0800] "GET /xingrg/system/rest/get_item.html?table=menu&id=2002&_=1579227166384 HTTP/1.1" 200 945
180.157.252.250 - - [17/Jan/2020:10:13:00 +0800] "GET /xingrg/system/rest/get_item.html?table=menu&target=menu_rest&id=2002&_=1579227166404 HTTP/1.1" 200 662
180.157.252.250 - - [17/Jan/2020:10:13:00 +0800] "GET /xingrg/system/rest/get_item.html?table=menu&target=cook_mode&id=2002&_=1579227166403 HTTP/1.1" 200 20065
180.157.252.250 - - [17/Jan/2020:10:13:01 +0800] "GET /xingrg/system/rest/get_infos.html?command=menu_img_show&id=2002 HTTP/1.1" 200 5
180.157.252.250 - - [17/Jan/2020:10:13:03 +0800] "GET /xingrg/system/rest/get_item.html?table=menu&target=menu_rest_detail&id=2002&sid=14&_=1579227168981 HTTP/1.1" 200 428
101.81.125.204 - - [17/Jan/2020:10:13:03 +0800] "GET /xingrg/all/function/internal_message.html?_=1579227178434&CODE_STATE=getMsg HTTP/1.1" 200 27
116.238.35.243 - - [17/Jan/2020:10:13:04 +0800] "GET /xingrg/all/function/internal_message.html?_=1579227185315&CODE_STATE=getMsg HTTP/1.1" 200 27
114.88.159.93 - - [17/Jan/2020:10:13:05 +0800] "GET /xingrg/all/function/internal_message.html?_=1579227193192&CODE_STATE=getMsg HTTP/1.1" 200 27
124.77.241.94 - - [17/Jan/2020:10:13:07 +0800] "GET /xingrg/all/function/internal_message.html?_=1579227184783&CODE_STATE=getMsg HTTP/1.1" 200 27
116.224.233.159 - - [17/Jan/2020:10:13:08 +0800] "GET /xingrg/all/function/internal_message.html?_=1579227341374&CODE_STATE=getMsg HTTP/1.1" 200 27
116.238.35.243 - - [17/Jan/2020:10:13:11 +0800] "GET /xingrg/kc/buy/buy_main.html HTTP/1.1" 200 12398
116.238.35.243 - - [17/Jan/2020:10:13:11 +0800] "GET /xingrg/css/new_ie.css HTTP/1.1" 404 1036
180.157.252.250 - - [17/Jan/2020:10:13:11 +0800] "GET /xingrg/system/rest/query_items.html?_=1579227176851&table=menu&page=1&rows=20&categoryId=&key=1903 HTTP/1.1" 200 534
116.238.35.243 - - [17/Jan/2020:10:13:12 +0800] "GET /xingrg/images/yd/bt.gif HTTP/1.1" 404 1040
116.238.181.252 - - [17/Jan/2020:10:13:12 +0800] "POST /xingrg/kc/base/wldb_order_operate.html HTTP/1.1" 200 37
180.157.252.250 - - [17/Jan/2020:10:13:13 +0800] "GET /xingrg/system/rest/query_items.html?_=1579227178595&table=menu&page=1&rows=20&categoryId=&key=1903 HTTP/1.1" 200 534
116.238.181.252 - - [17/Jan/2020:10:13:13 +0800] "POST /xingrg/kc/base/wldb_order_operate.html HTTP/1.1" 200 12
116.238.181.252 - - [17/Jan/2020:10:13:13 +0800] "POST /xingrg/kc/base/wldb_order_operate.html HTTP/1.1" 200 5693
180.157.252.250 - - [17/Jan/2020:10:13:13 +0800] "GET /xingrg/system/rest/get_item.html?table=menu&id=1903&_=1579227179178 HTTP/1.1" 200 997
180.157.252.250 - - [17/Jan/2020:10:13:13 +0800] "GET /xingrg/system/rest/get_item.html?table=menu&target=menu_rest&id=1903&_=1579227179198 HTTP/1.1" 200 1168
180.157.252.250 - - [17/Jan/2020:10:13:13 +0800] "GET /xingrg/system/rest/get_item.html?table=menu&target=cook_mode&id=1903&_=1579227179198 HTTP/1.1" 200 12632
116.238.35.243 - - [17/Jan/2020:10:13:13 +0800] "GET /xingrg/kc/buy/cgsh_order_list.html HTTP/1.1" 200 41904
180.157.252.250 - - [17/Jan/2020:10:13:14 +0800] "GET /xingrg/system/rest/get_infos.html?command=menu_img_show&id=1903 HTTP/1.1" 200 5
116.238.181.252 - - [17/Jan/2020:10:13:15 +0800] "GET /xingrg/kc/base/wldb_order_info.html?code=422020011702495 HTTP/1.1" 200 26214
114.88.170.138 - - [17/Jan/2020:10:13:15 +0800] "GET /xingrg/all/function/internal_message.html?_=1579227193620&CODE_STATE=getMsg HTTP/1.1" 200 27
116.238.181.252 - - [17/Jan/2020:10:13:15 +0800] "GET /xingrg/javascript/easyui/themes/default/validatebox.css HTTP/1.1" 404 1104
116.238.181.252 - - [17/Jan/2020:10:13:15 +0800] "POST /xingrg/kc/base/wldb_order_operate.html HTTP/1.1" 200 3907
180.157.252.250 - - [17/Jan/2020:10:13:16 +0800] "GET /xingrg/system/rest/get_item.html?table=menu&target=menu_rest_detail&id=1903&sid=14&_=1579227182358 HTTP/1.1" 200 428
116.238.35.243 - - [17/Jan/2020:10:13:16 +0800] "POST /xingrg/kc/buy/cgsh_list_operate.html HTTP/1.1" 200 2766
116.224.233.159 - - [17/Jan/2020:10:13:17 +0800] "GET /xingrg/all/function/internal_message.html?_=1579227195791&CODE_STATE=getMsg HTTP/1.1" 200 27
116.238.181.252 - - [17/Jan/2020:10:13:19 +0800] "GET /xingrg/kc/base/wldb_order_add.html HTTP/1.1" 200 30334
116.238.181.252 - - [17/Jan/2020:10:13:19 +0800] "POST /xingrg/kc/base/wldb_order_operate.html HTTP/1.1" 200 6806
116.238.181.252 - - [17/Jan/2020:10:13:19 +0800] "GET /xingrg/javascript/easyui/themes/default/validatebox.css HTTP/1.1" 404 1104
116.238.35.243 - - [17/Jan/2020:10:13:19 +0800] "GET /xingrg/words/20200116160243_words.js HTTP/1.1" 304 -
116.238.35.243 - - [17/Jan/2020:10:13:20 +0800] "GET /xingrg/kc/buy/cgsh_order_add.html HTTP/1.1" 200 57512
116.238.35.243 - - [17/Jan/2020:10:13:20 +0800] "GET /xingrg/all/common/auto_word.html?type=employee&rest_code=00105 HTTP/1.1" 200 193
116.238.35.243 - - [17/Jan/2020:10:13:20 +0800] "GET /xingrg/javascript/easyui/themes/default/validatebox.css HTTP/1.1" 404 1104
116.238.35.243 - - [17/Jan/2020:10:13:20 +0800] "GET /xingrg/all/common/auto_word.html?type=employee&rest_code=00105 HTTP/1.1" 200 193
116.238.35.243 - - [17/Jan/2020:10:13:20 +0800] "POST /xingrg/kc/buy/cgsh_order_operate.html HTTP/1.1" 200 8245
58.40.7.146 - - [17/Jan/2020:10:13:21 +0800] "GET /xingrg/all/function/internal_message.html?_=1579227197997&CODE_STATE=getMsg HTTP/1.1" 200 27
180.157.252.250 - - [17/Jan/2020:10:13:22 +0800] "GET /xingrg/all/function/internal_message.html?_=1579227187749&CODE_STATE=getMsg HTTP/1.1" 200 27
116.238.35.243 - - [17/Jan/2020:10:13:23 +0800] "GET /xingrg/javascript/auto/indicator.gif HTTP/1.1" 404 1066
180.157.252.250 - - [17/Jan/2020:10:13:24 +0800] "GET /xingrg/system/rest/query_items.html?_=1579227189866&table=menu&page=1&rows=20&categoryId=&key=1993 HTTP/1.1" 200 256
114.88.170.138 - - [17/Jan/2020:10:13:24 +0800] "GET /xingrg/all/function/internal_message.html?_=1579227426573&CODE_STATE=getMsg HTTP/1.1" 200 27
114.88.170.138 - - [17/Jan/2020:10:13:24 +0800] "GET /xingrg/check_reg.html?_=1579227426577 HTTP/1.1" 200 22
180.157.252.250 - - [17/Jan/2020:10:13:25 +0800] "GET /xingrg/system/rest/query_items.html?_=1579227191026&table=menu&page=1&rows=20&categoryId=&key=1993 HTTP/1.1" 200 256
180.157.252.250 - - [17/Jan/2020:10:13:26 +0800] "GET /xingrg/system/rest/get_item.html?table=menu&id=1993&_=1579227191601 HTTP/1.1" 200 941
180.157.252.250 - - [17/Jan/2020:10:13:26 +0800] "GET /xingrg/system/rest/get_item.html?table=menu&target=menu_rest&id=1993&_=1579227191622 HTTP/1.1" 200 949
180.157.252.250 - - [17/Jan/2020:10:13:26 +0800] "GET /xingrg/system/rest/get_item.html?table=menu&target=cook_mode&id=1993&_=1579227191619 HTTP/1.1" 200 10386
180.157.252.250 - - [17/Jan/2020:10:13:26 +0800] "GET /xingrg/system/rest/get_infos.html?command=menu_img_show&id=1993 HTTP/1.1" 200 5
180.157.252.250 - - [17/Jan/2020:10:13:31 +0800] "GET /xingrg/system/rest/get_item.html?table=menu&target=menu_rest_detail&id=1993&sid=14&_=1579227197057 HTTP/1.1" 200 428
101.81.125.204 - - [17/Jan/2020:10:13:32 +0800] "POST /xingrg/services/DataTransmitService HTTP/1.1" 200 524
101.81.125.204 - - [17/Jan/2020:10:13:32 +0800] "POST /xingrg/services/DataTransmitService HTTP/1.1" 200 501
117.184.7.26 - - [17/Jan/2020:10:13:34 +0800] "GET /xingrg/all/function/internal_message.html?_=1579227200464&CODE_STATE=getMsg HTTP/1.1" 200 27
117.185.32.26 - - [17/Jan/2020:10:13:37 +0800] "GET /xingrg/login.html HTTP/1.1" 200 7639
114.88.159.93 - - [17/Jan/2020:10:13:38 +0800] "GET /xingrg/all/function/internal_message.html?_=1579226968582&CODE_STATE=getMsg HTTP/1.1" 200 27
180.157.252.250 - - [17/Jan/2020:10:13:40 +0800] "GET /xingrg/system/rest/query_items.html?_=1579227206470&table=menu&page=1&rows=20&categoryId=&key=%25E9%259D%25A2%25E5%258C%2585%25E8%259F%25B9 HTTP/1.1" 200 491
124.77.241.94 - - [17/Jan/2020:10:13:41 +0800] "GET /xingrg/check_reg.html?_=1579227221864 HTTP/1.1" 200 22
124.77.241.94 - - [17/Jan/2020:10:13:41 +0800] "GET /xingrg/all/function/internal_message.html?_=1579227222136&CODE_STATE=getMsg HTTP/1.1" 200 27
180.157.252.250 - - [17/Jan/2020:10:13:42 +0800] "GET /xingrg/system/rest/query_items.html?_=1579227207847&table=menu&page=1&rows=20&categoryId=&key=%25E9%259D%25A2%25E5%258C%2585%25E8%259F%25B9 HTTP/1.1" 200 491
180.157.252.250 - - [17/Jan/2020:10:13:42 +0800] "GET /xingrg/system/rest/get_item.html?table=menu&id=2020&_=1579227208388 HTTP/1.1" 200 941
180.157.252.250 - - [17/Jan/2020:10:13:42 +0800] "GET /xingrg/system/rest/get_item.html?table=menu&target=menu_rest&id=2020&_=1579227208408 HTTP/1.1" 200 849
180.157.252.250 - - [17/Jan/2020:10:13:42 +0800] "GET /xingrg/system/rest/get_item.html?table=menu&target=cook_mode&id=2020&_=1579227208406 HTTP/1.1" 200 14834
180.157.252.250 - - [17/Jan/2020:10:13:43 +0800] "GET /xingrg/system/rest/get_infos.html?command=menu_img_show&id=2020 HTTP/1.1" 200 5
58.40.7.146 - - [17/Jan/2020:10:13:44 +0800] "GET /xingrg/all/function/internal_message.html?_=1579227220975&CODE_STATE=getMsg HTTP/1.1" 200 27
180.157.252.250 - - [17/Jan/2020:10:13:45 +0800] "GET /xingrg/system/rest/get_item.html?table=menu&target=menu_rest_detail&id=2020&sid=14&_=1579227210565 HTTP/1.1" 200 426
222.69.134.68 - - [17/Jan/2020:10:13:47 +0800] "GET /xingrg/all/function/internal_message.html?_=1579227218446&CODE_STATE=getMsg HTTP/1.1" 200 27
222.69.134.68 - - [17/Jan/2020:10:13:47 +0800] "GET /xingrg/check_reg.html?_=1579227218450 HTTP/1.1" 200 22
124.77.241.94 - - [17/Jan/2020:10:13:51 +0800] "GET /xingrg/check_reg.html?_=1579227228361 HTTP/1.1" 200 22
116.238.181.252 - - [17/Jan/2020:10:13:51 +0800] "GET /xingrg/kc/base/wldb_order_operate.html?command=get_materiel&rest_code=00150&base_code=0010445&code=00101019438 HTTP/1.1" 200 447
116.238.35.243 - - [17/Jan/2020:10:13:51 +0800] "GET /xingrg/kc/buy/cgsh_order_operate.html?command=get_materiel&rest_code=00105&code=00102002076&supplier_code=00100151&order_time=2020-01-17 HTTP/1.1" 200 412
58.221.95.50 - - [17/Jan/2020:10:13:52 +0800] "GET /xingrg/all/function/internal_message.html?_=1579227403663&CODE_STATE=getMsg HTTP/1.1" 302 -
116.238.35.243 - - [17/Jan/2020:10:13:53 +0800] "GET /xingrg/all/function/internal_message.html?_=1579227233396&CODE_STATE=getMsg HTTP/1.1" 200 27
180.157.252.250 - - [17/Jan/2020:10:13:57 +0800] "POST /xingrg/system/rest/edit_item.html HTTP/1.1" 200 4
180.157.252.250 - - [17/Jan/2020:10:13:57 +0800] "GET /xingrg/system/rest/get_item.html?table=menu&target=menu_rest&id=2020&_=1579227222902 HTTP/1.1" 200 850
114.93.75.19 - - [17/Jan/2020:10:13:57 +0800] "GET /xingrg/all/function/internal_message.html?_=1579227143045&CODE_STATE=getMsg HTTP/1.1" 200 27
117.184.7.26 - - [17/Jan/2020:10:13:58 +0800] "GET /xingrg/all/function/internal_message.html?_=1579227221390&CODE_STATE=getMsg HTTP/1.1" 200 27
116.238.181.252 - - [17/Jan/2020:10:13:58 +0800] "GET /xingrg/all/function/internal_message.html?_=1579227235098&CODE_STATE=getMsg HTTP/1.1" 200 27
222.69.134.68 - - [17/Jan/2020:10:13:59 +0800] "GET /xingrg/kc/buy/cgsh_order_operate.html?command=get_materiel&rest_code=00149&code=00101016104&supplier_code=00100012&order_time=2020-01-17 HTTP/1.1" 200 409
116.238.181.252 - - [17/Jan/2020:10:13:59 +0800] "GET /xingrg/kc/base/wldb_order_operate.html?command=get_materiel&rest_code=00150&base_code=0010445&code=00101019439 HTTP/1.1" 200 455
101.81.125.204 - - [17/Jan/2020:10:14:03 +0800] "GET /xingrg/all/function/internal_message.html?_=1579227238434&CODE_STATE=getMsg HTTP/1.1" 200 27
116.238.35.243 - - [17/Jan/2020:10:14:04 +0800] "GET /xingrg/all/function/internal_message.html?_=1579227245283&CODE_STATE=getMsg HTTP/1.1" 200 27
114.88.159.93 - - [17/Jan/2020:10:14:05 +0800] "GET /xingrg/all/function/internal_message.html?_=1579227253174&CODE_STATE=getMsg HTTP/1.1" 200 27
116.238.35.243 - - [17/Jan/2020:10:14:05 +0800] "GET /xingrg/check_reg.html?_=1579227246054 HTTP/1.1" 200 22
116.238.181.252 - - [17/Jan/2020:10:14:06 +0800] "GET /xingrg/kc/base/wldb_order_operate.html?command=get_materiel&rest_code=00150&base_code=0010445&code=00101019259 HTTP/1.1" 200 465
124.77.241.94 - - [17/Jan/2020:10:14:07 +0800] "GET /xingrg/all/function/internal_message.html?_=1579227244795&CODE_STATE=getMsg HTTP/1.1" 200 27
116.224.233.159 - - [17/Jan/2020:10:14:08 +0800] "GET /xingrg/all/function/internal_message.html?_=1579227401752&CODE_STATE=getMsg HTTP/1.1" 200 27
222.69.134.68 - - [17/Jan/2020:10:14:11 +0800] "GET /xingrg/kc/buy/cgsh_order_operate.html?command=get_materiel&rest_code=00149&code=00101006130&supplier_code=00100012&order_time=2020-01-17 HTTP/1.1" 200 427
117.185.32.26 - - [17/Jan/2020:10:14:11 +0800] "GET /xingrg/login.html HTTP/1.1" 200 7639
117.185.32.26 - - [17/Jan/2020:10:14:11 +0800] "GET /favicon.ico HTTP/1.1" 404 -
101.81.125.204 - - [17/Jan/2020:10:14:12 +0800] "GET /xingrg/css/new_ie.css HTTP/1.1" 404 1036
101.81.125.204 - - [17/Jan/2020:10:14:12 +0800] "GET /xingrg/kc/buy/buy_main.html HTTP/1.1" 200 12398
116.238.181.252 - - [17/Jan/2020:10:14:13 +0800] "GET /xingrg/kc/base/wldb_order_operate.html?command=get_materiel&rest_code=00150&base_code=0010445&code=00101019277 HTTP/1.1" 200 465
114.88.170.138 - - [17/Jan/2020:10:14:15 +0800] "GET /xingrg/all/function/internal_message.html?_=1579227253634&CODE_STATE=getMsg HTTP/1.1" 200 27
101.81.125.204 - - [17/Jan/2020:10:14:16 +0800] "GET /xingrg/images/yd/bt.gif HTTP/1.1" 404 1040
117.185.32.26 - - [17/Jan/2020:10:14:16 +0800] "POST /xingrg/login.do HTTP/1.1" 302 -
117.185.32.26 - - [17/Jan/2020:10:14:16 +0800] "GET /xingrg/index.html?sysBaseUrl=http%3A%2F%2F117.131.15.22%3A18081%2Fxingrg%2F&costTime=95×tamp=1579227256836 HTTP/1.1" 200 17151
117.185.32.26 - - [17/Jan/2020:10:14:17 +0800] "GET /favicon.ico HTTP/1.1" 404 -
117.185.32.26 - - [17/Jan/2020:10:14:17 +0800] "POST /xingrg/all/common/load_tree.html?tree=area_rest_tree_json&manage=1 HTTP/1.1" 200 342
117.185.32.26 - - [17/Jan/2020:10:14:17 +0800] "GET /xingrg/all/function/internal_message.html?_=1579227626616&CODE_STATE=count HTTP/1.1" 200 11
117.185.32.26 - - [17/Jan/2020:10:14:17 +0800] "GET /xingrg/check_reg.html?_=1579227626618 HTTP/1.1" 200 22
117.185.32.26 - - [17/Jan/2020:10:14:17 +0800] "POST /xingrg/load_menu.html HTTP/1.1" 200 5124
