114.88.170.138 - - [17/Jan/2020:09:13:24 +0800] "GET /xingrg/check_reg.html?_=1579223826484 HTTP/1.1" 200 22
124.77.241.94 - - [17/Jan/2020:09:13:29 +0800] "GET /xingrg/kc/buy/cgsh_order_operate.html?command=get_materiel&rest_code=00146&code=00101008038&supplier_code=00100005&order_time=2020-01-17 HTTP/1.1" 200 412
101.81.125.204 - - [17/Jan/2020:09:13:30 +0800] "POST /xingrg/dwr/call/plaincall/AjaxQqpsService.getMaterielByCode.dwr HTTP/1.1" 200 3258
124.77.241.94 - - [17/Jan/2020:09:13:31 +0800] "POST /xingrg/kc/buy/cgsh_order_operate.html HTTP/1.1" 200 2065
124.77.241.94 - - [17/Jan/2020:09:13:31 +0800] "GET /xingrg/all/function/internal_message.html?_=1579223612515&CODE_STATE=getMsg HTTP/1.1" 200 27
101.81.125.204 - - [17/Jan/2020:09:13:32 +0800] "POST /xingrg/dwr/call/plaincall/AjaxQqpsService.saveMaterielItem.dwr HTTP/1.1" 200 79
124.77.241.94 - - [17/Jan/2020:09:13:36 +0800] "GET /xingrg/kc/buy/cgsh_order_operate.html?command=get_materiel&rest_code=00146&code=00101008358&supplier_code=00100005&order_time=2020-01-17 HTTP/1.1" 200 412
124.77.241.94 - - [17/Jan/2020:09:13:38 +0800] "GET /xingrg/check_reg.html?_=1579223618576 HTTP/1.1" 200 22
101.81.125.204 - - [17/Jan/2020:09:13:42 +0800] "POST /xingrg/dwr/call/plaincall/AjaxQqpsService.getMaterielByCode.dwr HTTP/1.1" 200 3261
101.81.125.204 - - [17/Jan/2020:09:13:43 +0800] "POST /xingrg/dwr/call/plaincall/AjaxQqpsService.saveMaterielItem.dwr HTTP/1.1" 200 79
58.40.7.146 - - [17/Jan/2020:09:13:44 +0800] "GET /xingrg/all/function/internal_message.html?_=1579223620953&CODE_STATE=getMsg HTTP/1.1" 200 27
222.69.134.68 - - [17/Jan/2020:09:13:46 +0800] "GET /xingrg/kc/buy/cgsh_order_operate.html?command=get_materiel&rest_code=00149&code=00101008352&supplier_code=00100008&order_time=2020-01-17 HTTP/1.1" 200 412
222.69.134.68 - - [17/Jan/2020:09:13:47 +0800] "GET /xingrg/all/function/internal_message.html?_=1579223618377&CODE_STATE=getMsg HTTP/1.1" 200 27
222.69.134.68 - - [17/Jan/2020:09:13:47 +0800] "GET /xingrg/check_reg.html?_=1579223618381 HTTP/1.1" 200 22
124.77.241.94 - - [17/Jan/2020:09:13:48 +0800] "GET /xingrg/kc/buy/cgsh_order_operate.html?command=get_materiel&rest_code=00146&code=00101008355&supplier_code=00100005&order_time=2020-01-17 HTTP/1.1" 200 408
124.77.241.94 - - [17/Jan/2020:09:13:51 +0800] "GET /xingrg/check_reg.html?_=1579223628212 HTTP/1.1" 200 22
58.221.95.50 - - [17/Jan/2020:09:13:52 +0800] "GET /xingrg/all/function/internal_message.html?_=1579223803538&CODE_STATE=getMsg HTTP/1.1" 302 -
116.238.35.243 - - [17/Jan/2020:09:13:53 +0800] "GET /xingrg/login.html HTTP/1.1" 200 7639
124.77.241.94 - - [17/Jan/2020:09:13:53 +0800] "GET /xingrg/kc/buy/cgsh_order_operate.html?command=get_materiel&rest_code=00146&code=00101008264&supplier_code=00100005&order_time=2020-01-17 HTTP/1.1" 200 412
116.238.35.243 - - [17/Jan/2020:09:13:54 +0800] "GET /favicon.ico HTTP/1.1" 404 -
101.81.125.204 - - [17/Jan/2020:09:13:54 +0800] "POST /xingrg/dwr/call/plaincall/AjaxQqpsService.getMaterielByCode.dwr HTTP/1.1" 200 3271
101.81.125.204 - - [17/Jan/2020:09:13:57 +0800] "POST /xingrg/dwr/call/plaincall/AjaxQqpsService.saveMaterielItem.dwr HTTP/1.1" 200 79
101.81.125.204 - - [17/Jan/2020:09:14:02 +0800] "GET /xingrg/all/function/internal_message.html?_=1579223636734&CODE_STATE=getMsg HTTP/1.1" 200 27
124.77.241.94 - - [17/Jan/2020:09:14:03 +0800] "GET /xingrg/all/function/internal_message.html?_=1579223640190&CODE_STATE=getMsg HTTP/1.1" 200 27
101.81.125.204 - - [17/Jan/2020:09:14:04 +0800] "POST /xingrg/dwr/call/plaincall/AjaxQqpsService.getMaterielByCode.dwr HTTP/1.1" 200 3272
222.69.134.68 - - [17/Jan/2020:09:14:04 +0800] "GET /xingrg/kc/buy/cgsh_order_operate.html?command=get_materiel&rest_code=00149&code=00101008098&supplier_code=00100008&order_time=2020-01-17 HTTP/1.1" 200 412
116.238.35.243 - - [17/Jan/2020:09:14:05 +0800] "POST /xingrg/login.do HTTP/1.1" 302 -
116.224.233.159 - - [17/Jan/2020:09:14:05 +0800] "GET /xingrg/all/function/internal_message.html?_=1579223798170&CODE_STATE=getMsg HTTP/1.1" 200 27
116.238.35.243 - - [17/Jan/2020:09:14:05 +0800] "GET /favicon.ico HTTP/1.1" 404 -
116.238.35.243 - - [17/Jan/2020:09:14:05 +0800] "GET /xingrg/index.html?sysBaseUrl=http%3A%2F%2F117.131.15.22%3A18081%2Fxingrg%2F&costTime=40×tamp=1579223645174 HTTP/1.1" 200 17151
116.238.35.243 - - [17/Jan/2020:09:14:05 +0800] "POST /xingrg/all/common/load_tree.html?tree=area_rest_tree_json&manage=1 HTTP/1.1" 200 3079
116.238.35.243 - - [17/Jan/2020:09:14:05 +0800] "GET /xingrg/all/function/internal_message.html?_=1579223645998&CODE_STATE=count HTTP/1.1" 200 11
116.238.35.243 - - [17/Jan/2020:09:14:05 +0800] "GET /xingrg/check_reg.html?_=1579223645999 HTTP/1.1" 200 22
116.238.35.243 - - [17/Jan/2020:09:14:05 +0800] "POST /xingrg/load_menu.html HTTP/1.1" 200 5124
124.77.241.94 - - [17/Jan/2020:09:14:05 +0800] "GET /xingrg/kc/buy/cgsh_order_operate.html?command=get_materiel&rest_code=00146&code=00101008024&supplier_code=00100005&order_time=2020-01-17 HTTP/1.1" 200 408
101.81.125.204 - - [17/Jan/2020:09:14:06 +0800] "POST /xingrg/dwr/call/plaincall/AjaxQqpsService.saveMaterielItem.dwr HTTP/1.1" 200 79
114.88.159.93 - - [17/Jan/2020:09:14:06 +0800] "GET /xingrg/all/function/internal_message.html?_=1579223654590&CODE_STATE=getMsg HTTP/1.1" 200 27
116.238.35.243 - - [17/Jan/2020:09:14:11 +0800] "GET /xingrg/kc/buy/cgsh_order_list.html HTTP/1.1" 200 41904
116.238.35.243 - - [17/Jan/2020:09:14:13 +0800] "POST /xingrg/kc/buy/cgsh_list_operate.html HTTP/1.1" 200 1690
114.88.170.138 - - [17/Jan/2020:09:14:14 +0800] "GET /xingrg/all/function/internal_message.html?_=1579223652149&CODE_STATE=getMsg HTTP/1.1" 200 27
222.69.134.68 - - [17/Jan/2020:09:14:14 +0800] "GET /xingrg/kc/buy/cgsh_order_operate.html?command=get_materiel&rest_code=00149&code=00101008271&supplier_code=00100008&order_time=2020-01-17 HTTP/1.1" 200 408
116.238.35.243 - - [17/Jan/2020:09:14:15 +0800] "GET /xingrg/kc/buy/cgsh_order_add.html HTTP/1.1" 200 57512
116.238.35.243 - - [17/Jan/2020:09:14:15 +0800] "GET /xingrg/javascript/easyui/themes/default/validatebox.css HTTP/1.1" 404 1104
116.238.35.243 - - [17/Jan/2020:09:14:15 +0800] "POST /xingrg/kc/buy/cgsh_order_operate.html HTTP/1.1" 200 8245
101.81.125.204 - - [17/Jan/2020:09:14:16 +0800] "GET /xingrg/check_reg.html?_=1579223036702 HTTP/1.1" 200 22
101.81.125.204 - - [17/Jan/2020:09:14:17 +0800] "GET /xingrg/all/function/internal_message.html?_=1579223037002&CODE_STATE=getMsg HTTP/1.1" 200 27
101.81.125.204 - - [17/Jan/2020:09:14:18 +0800] "POST /xingrg/dwr/call/plaincall/AjaxQqpsService.getMaterielByCode.dwr HTTP/1.1" 200 3255
101.81.125.204 - - [17/Jan/2020:09:14:20 +0800] "POST /xingrg/dwr/call/plaincall/AjaxQqpsService.saveMaterielItem.dwr HTTP/1.1" 200 79
58.221.95.50 - - [17/Jan/2020:09:14:21 +0800] "GET /xingrg/all/function/internal_message.html?_=1579223969786&CODE_STATE=getMsg HTTP/1.1" 200 27
58.40.7.146 - - [17/Jan/2020:09:14:23 +0800] "GET /xingrg/check_reg.html?_=1579223659721 HTTP/1.1" 200 22
114.88.170.138 - - [17/Jan/2020:09:14:24 +0800] "GET /xingrg/all/function/internal_message.html?_=1579223886483&CODE_STATE=getMsg HTTP/1.1" 200 27
116.238.35.243 - - [17/Jan/2020:09:14:26 +0800] "GET /xingrg/javascript/auto/indicator.gif HTTP/1.1" 404 1066
222.69.134.68 - - [17/Jan/2020:09:14:28 +0800] "POST /xingrg/kc/buy/cgsh_order_operate.html HTTP/1.1" 200 2065
124.77.241.94 - - [17/Jan/2020:09:14:30 +0800] "POST /xingrg/kc/buy/cgsh_order_operate.html HTTP/1.1" 200 37
101.81.125.204 - - [17/Jan/2020:09:14:30 +0800] "POST /xingrg/dwr/call/plaincall/AjaxQqpsService.getMaterielByCode.dwr HTTP/1.1" 200 3197
124.77.241.94 - - [17/Jan/2020:09:14:30 +0800] "POST /xingrg/kc/buy/cgsh_order_operate.html HTTP/1.1" 200 36418
124.77.241.94 - - [17/Jan/2020:09:14:31 +0800] "GET /xingrg/all/function/internal_message.html?_=1579223672553&CODE_STATE=getMsg HTTP/1.1" 200 27
101.81.125.204 - - [17/Jan/2020:09:14:32 +0800] "POST /xingrg/dwr/call/plaincall/AjaxQqpsService.saveMaterielItem.dwr HTTP/1.1" 200 79
222.69.134.68 - - [17/Jan/2020:09:14:33 +0800] "GET /xingrg/kc/buy/cgsh_order_operate.html?command=get_materiel&rest_code=00149&code=00101008353&supplier_code=00100008&order_time=2020-01-17 HTTP/1.1" 200 408
101.81.125.204 - - [17/Jan/2020:09:14:42 +0800] "POST /xingrg/dwr/call/plaincall/AjaxQqpsService.getMaterielByCode.dwr HTTP/1.1" 200 3251
58.40.7.146 - - [17/Jan/2020:09:14:44 +0800] "GET /xingrg/all/function/internal_message.html?_=1579223680955&CODE_STATE=getMsg HTTP/1.1" 200 27
101.81.125.204 - - [17/Jan/2020:09:14:45 +0800] "POST /xingrg/dwr/call/plaincall/AjaxQqpsService.saveMaterielItem.dwr HTTP/1.1" 200 79
222.69.134.68 - - [17/Jan/2020:09:14:47 +0800] "GET /xingrg/all/function/internal_message.html?_=1579223678374&CODE_STATE=getMsg HTTP/1.1" 200 27
124.77.241.94 - - [17/Jan/2020:09:14:47 +0800] "GET /xingrg/javascript/jquery_easy_ui/themes/default/images/tabs_active.png HTTP/1.1" 200 2894
222.69.134.68 - - [17/Jan/2020:09:14:50 +0800] "GET /xingrg/kc/buy/cgsh_order_operate.html?command=get_materiel&rest_code=00149&code=00101008213&supplier_code=00100008&order_time=2020-01-17 HTTP/1.1" 200 412
124.77.241.94 - - [17/Jan/2020:09:14:51 +0800] "POST /xingrg/kc/buy/cgsh_list_operate.html HTTP/1.1" 200 5882
58.221.95.50 - - [17/Jan/2020:09:14:52 +0800] "GET /xingrg/all/function/internal_message.html?_=1579223863538&CODE_STATE=getMsg HTTP/1.1" 302 -
101.81.125.204 - - [17/Jan/2020:09:14:53 +0800] "POST /xingrg/dwr/call/plaincall/AjaxQqpsService.getMaterielByCode.dwr HTTP/1.1" 200 3249
117.184.7.26 - - [17/Jan/2020:09:14:54 +0800] "GET /xingrg/login.html HTTP/1.1" 200 7639
101.81.125.204 - - [17/Jan/2020:09:14:54 +0800] "POST /xingrg/dwr/call/plaincall/AjaxQqpsService.saveMaterielItem.dwr HTTP/1.1" 200 79
124.77.241.94 - - [17/Jan/2020:09:14:55 +0800] "POST /xingrg/kc/buy/cgsh_list_operate.html HTTP/1.1" 200 570
124.77.241.94 - - [17/Jan/2020:09:14:55 +0800] "GET /xingrg/kc/buy/cgsh_order_info.html?code=212020011608313 HTTP/1.1" 200 52423
124.77.241.94 - - [17/Jan/2020:09:14:56 +0800] "GET /xingrg/javascript/easyui/themes/default/validatebox.css HTTP/1.1" 404 1104
124.77.241.94 - - [17/Jan/2020:09:14:56 +0800] "POST /xingrg/kc/buy/cgsh_order_operate.html HTTP/1.1" 200 52638
114.88.159.93 - - [17/Jan/2020:09:14:56 +0800] "GET /xingrg/check_reg.html?_=1579223704699 HTTP/1.1" 200 22
117.184.7.26 - - [17/Jan/2020:09:14:57 +0800] "GET /favicon.ico HTTP/1.1" 404 -
222.69.134.68 - - [17/Jan/2020:09:15:01 +0800] "GET /xingrg/kc/buy/cgsh_order_operate.html?command=get_materiel&rest_code=00149&code=00101008095&supplier_code=00100008&order_time=2020-01-17 HTTP/1.1" 200 412
101.81.125.204 - - [17/Jan/2020:09:15:02 +0800] "GET /xingrg/all/function/internal_message.html?_=1579223696724&CODE_STATE=getMsg HTTP/1.1" 200 27
124.77.241.94 - - [17/Jan/2020:09:15:03 +0800] "GET /xingrg/all/function/internal_message.html?_=1579223700203&CODE_STATE=getMsg HTTP/1.1" 200 27
58.40.7.146 - - [17/Jan/2020:09:15:03 +0800] "GET /xingrg/login.html HTTP/1.1" 200 7639
101.81.125.204 - - [17/Jan/2020:09:15:03 +0800] "POST /xingrg/dwr/call/plaincall/AjaxQqpsService.getMaterielByCode.dwr HTTP/1.1" 200 3283
58.40.7.146 - - [17/Jan/2020:09:15:03 +0800] "GET /xingrg/images/blue/jxLogo.png HTTP/1.1" 200 6156
58.40.7.146 - - [17/Jan/2020:09:15:03 +0800] "GET /xingrg/images/blue/hj.png HTTP/1.1" 200 1014
58.40.7.146 - - [17/Jan/2020:09:15:03 +0800] "GET /xingrg/images/blue/login_bg.png HTTP/1.1" 200 22101
58.40.7.146 - - [17/Jan/2020:09:15:03 +0800] "GET /xingrg/images/blue/srbg.png HTTP/1.1" 200 138
58.40.7.146 - - [17/Jan/2020:09:15:04 +0800] "GET /favicon.ico HTTP/1.1" 404 -
101.81.125.204 - - [17/Jan/2020:09:15:04 +0800] "POST /xingrg/dwr/call/plaincall/AjaxQqpsService.saveMaterielItem.dwr HTTP/1.1" 200 79
116.224.233.159 - - [17/Jan/2020:09:15:05 +0800] "GET /xingrg/all/function/internal_message.html?_=1579223858184&CODE_STATE=getMsg HTTP/1.1" 200 27
116.238.35.243 - - [17/Jan/2020:09:15:05 +0800] "GET /xingrg/all/function/internal_message.html?_=1579223706013&CODE_STATE=getMsg HTTP/1.1" 200 27
114.88.159.93 - - [17/Jan/2020:09:15:06 +0800] "GET /xingrg/all/function/internal_message.html?_=1579223714560&CODE_STATE=getMsg HTTP/1.1" 200 27
222.69.134.68 - - [17/Jan/2020:09:15:08 +0800] "GET /xingrg/kc/buy/cgsh_order_operate.html?command=get_materiel&rest_code=00149&code=00101008110&supplier_code=00100008&order_time=2020-01-17 HTTP/1.1" 200 409
58.40.7.146 - - [17/Jan/2020:09:15:10 +0800] "POST /xingrg/login.do HTTP/1.1" 200 2419
58.40.7.146 - - [17/Jan/2020:09:15:10 +0800] "GET /xingrg/images/blue/pic_top.gif HTTP/1.1" 200 3656
58.40.7.146 - - [17/Jan/2020:09:15:10 +0800] "GET /xingrg/images/blue/pic_notice.jpg HTTP/1.1" 200 3583
58.40.7.146 - - [17/Jan/2020:09:15:10 +0800] "GET /xingrg/css/blue.css HTTP/1.1" 200 15949
58.40.7.146 - - [17/Jan/2020:09:15:10 +0800] "GET /xingrg/javascript/myfunction.js HTTP/1.1" 200 24559
58.40.7.146 - - [17/Jan/2020:09:15:10 +0800] "GET /xingrg/images/blue/error_buttom.gif HTTP/1.1" 200 1750
58.40.7.146 - - [17/Jan/2020:09:15:10 +0800] "GET /xingrg/images/blue/error_mid.gif HTTP/1.1" 200 215
58.40.7.146 - - [17/Jan/2020:09:15:10 +0800] "GET /xingrg/images/blue/error_top.gif HTTP/1.1" 200 1790
58.40.7.146 - - [17/Jan/2020:09:15:10 +0800] "GET /favicon.ico HTTP/1.1" 404 -
58.40.7.146 - - [17/Jan/2020:09:15:11 +0800] "GET /xingrg/login.html HTTP/1.1" 200 7639
58.40.7.146 - - [17/Jan/2020:09:15:11 +0800] "GET /favicon.ico HTTP/1.1" 404 -
117.184.7.26 - - [17/Jan/2020:09:15:12 +0800] "GET /favicon.ico HTTP/1.1" 404 -
114.88.170.138 - - [17/Jan/2020:09:15:13 +0800] "GET /xingrg/check_reg.html?_=1579223711745 HTTP/1.1" 200 22
114.88.170.138 - - [17/Jan/2020:09:15:14 +0800] "GET /xingrg/all/function/internal_message.html?_=1579223712163&CODE_STATE=getMsg HTTP/1.1" 200 27
222.69.134.68 - - [17/Jan/2020:09:15:14 +0800] "POST /xingrg/kc/buy/cgsh_order_operate.html HTTP/1.1" 200 37
222.69.134.68 - - [17/Jan/2020:09:15:15 +0800] "POST /xingrg/kc/buy/cgsh_order_operate.html HTTP/1.1" 200 30422
101.81.125.204 - - [17/Jan/2020:09:15:17 +0800] "GET /xingrg/all/function/internal_message.html?_=1579223097014&CODE_STATE=getMsg HTTP/1.1" 200 27
58.40.7.146 - - [17/Jan/2020:09:15:17 +0800] "POST /xingrg/login.do HTTP/1.1" 302 -
58.40.7.146 - - [17/Jan/2020:09:15:17 +0800] "GET /xingrg/index.html?sysBaseUrl=http%3A%2F%2F117.131.15.22%3A18081%2Fxingrg%2F&costTime=35×tamp=1579223717258 HTTP/1.1" 200 17481
58.40.7.146 - - [17/Jan/2020:09:15:17 +0800] "GET /xingrg/javascript/jquery_easy_ui/themes/icon.css HTTP/1.1" 200 3949
58.40.7.146 - - [17/Jan/2020:09:15:17 +0800] "GET /xingrg/css/form.css HTTP/1.1" 200 893
58.40.7.146 - - [17/Jan/2020:09:15:17 +0800] "GET /xingrg/javascript/jquery-1.4.2.min.js HTTP/1.1" 200 72205
58.40.7.146 - - [17/Jan/2020:09:15:17 +0800] "GET /xingrg/javascript/jquery_easy_ui/jquery.easyui.min.js HTTP/1.1" 200 213662
58.40.7.146 - - [17/Jan/2020:09:15:17 +0800] "GET /xingrg/javascript/jquery_easy_ui/easyui-lang-zh_CN.js HTTP/1.1" 200 1900
58.40.7.146 - - [17/Jan/2020:09:15:17 +0800] "GET /xingrg/javascript/jquery_easy_ui/themes/default/easyui.css HTTP/1.1" 200 26500
58.40.7.146 - - [17/Jan/2020:09:15:17 +0800] "GET /xingrg/javascript/jquery.timers.js HTTP/1.1" 200 3532
58.40.7.146 - - [17/Jan/2020:09:15:17 +0800] "GET /xingrg/javascript/jquery.utils.js HTTP/1.1" 200 11805
58.40.7.146 - - [17/Jan/2020:09:15:17 +0800] "GET /xingrg/javascript/jquery.form.js HTTP/1.1" 200 23110
58.40.7.146 - - [17/Jan/2020:09:15:17 +0800] "GET /favicon.ico HTTP/1.1" 404 -
58.40.7.146 - - [17/Jan/2020:09:15:17 +0800] "GET /xingrg/javascript/jquery_easy_ui/themes/icons/settle_new.png HTTP/1.1" 200 826
58.40.7.146 - - [17/Jan/2020:09:15:17 +0800] "GET /xingrg/images/blue/navBackgound.jpg HTTP/1.1" 200 12378
58.40.7.146 - - [17/Jan/2020:09:15:17 +0800] "POST /xingrg/all/common/load_tree.html?tree=area_rest_tree_json&manage=1 HTTP/1.1" 200 3079
58.40.7.146 - - [17/Jan/2020:09:15:17 +0800] "GET /xingrg/all/function/internal_message.html?_=1579223713905&CODE_STATE=count HTTP/1.1" 200 11
58.40.7.146 - - [17/Jan/2020:09:15:17 +0800] "GET /xingrg/check_reg.html?_=1579223713906 HTTP/1.1" 200 22
58.40.7.146 - - [17/Jan/2020:09:15:17 +0800] "GET /xingrg/images/blue/pingpu.png HTTP/1.1" 200 231
58.40.7.146 - - [17/Jan/2020:09:15:17 +0800] "GET /xingrg/javascript/jquery_easy_ui/themes/default/images/tabs_leftarrow.png HTTP/1.1" 200 389
58.40.7.146 - - [17/Jan/2020:09:15:17 +0800] "GET /xingrg/javascript/jquery_easy_ui/themes/default/images/tabs_rightarrow.png HTTP/1.1" 200 395
58.40.7.146 - - [17/Jan/2020:09:15:17 +0800] "GET /xingrg/javascript/jquery_easy_ui/themes/default/images/panel_tool_expand.gif HTTP/1.1" 200 247
58.40.7.146 - - [17/Jan/2020:09:15:17 +0800] "GET /xingrg/javascript/jquery_easy_ui/themes/default/images/panel_tool_collapse.gif HTTP/1.1" 200 246
58.40.7.146 - - [17/Jan/2020:09:15:17 +0800] "POST /xingrg/load_menu.html HTTP/1.1" 200 11429
58.40.7.146 - - [17/Jan/2020:09:15:18 +0800] "GET /xingrg/javascript/jquery_easy_ui/themes/default/images/tree_arrows.gif HTTP/1.1" 200 1043
58.40.7.146 - - [17/Jan/2020:09:15:18 +0800] "GET /xingrg/javascript/jquery_easy_ui/themes/default/images/tree_folder_open.gif HTTP/1.1" 200 956
58.40.7.146 - - [17/Jan/2020:09:15:18 +0800] "GET /xingrg/javascript/jquery_easy_ui/themes/icons/search_new.png HTTP/1.1" 200 586
58.40.7.146 - - [17/Jan/2020:09:15:18 +0800] "GET /xingrg/javascript/jquery_easy_ui/themes/icons/delivery_new.png HTTP/1.1" 200 700
58.40.7.146 - - [17/Jan/2020:09:15:18 +0800] "GET /xingrg/javascript/jquery_easy_ui/themes/icons/storage_new.png HTTP/1.1" 200 853
58.40.7.146 - - [17/Jan/2020:09:15:18 +0800] "GET /xingrg/javascript/jquery_easy_ui/themes/icons/checkout_new.png HTTP/1.1" 200 744
58.40.7.146 - - [17/Jan/2020:09:15:18 +0800] "GET /xingrg/javascript/jquery_easy_ui/themes/icons/forms_new.png HTTP/1.1" 200 350
58.40.7.146 - - [17/Jan/2020:09:15:18 +0800] "GET /xingrg/javascript/jquery_easy_ui/themes/icons/setting_new.png HTTP/1.1" 200 450
58.40.7.146 - - [17/Jan/2020:09:15:18 +0800] "GET /xingrg/javascript/jquery_easy_ui/themes/icons/systemset_new.png HTTP/1.1" 200 606
58.40.7.146 - - [17/Jan/2020:09:15:18 +0800] "GET /xingrg/javascript/jquery_easy_ui/themes/default/images/tree_folder.gif HTTP/1.1" 200 952
58.40.7.146 - - [17/Jan/2020:09:15:18 +0800] "GET /xingrg/javascript/jquery_easy_ui/themes/default/images/tree_file.gif HTTP/1.1" 200 118
58.40.7.146 - - [17/Jan/2020:09:15:19 +0800] "GET /xingrg/javascript/jquery_easy_ui/themes/icons/area.png HTTP/1.1" 200 262
58.40.7.146 - - [17/Jan/2020:09:15:19 +0800] "GET /xingrg/javascript/jquery_easy_ui/themes/icons/manage.png HTTP/1.1" 200 696
58.40.7.146 - - [17/Jan/2020:09:15:19 +0800] "GET /xingrg/javascript/jquery_easy_ui/themes/icons/rest.png HTTP/1.1" 200 695
58.40.7.146 - - [17/Jan/2020:09:15:19 +0800] "GET /xingrg/javascript/jquery_easy_ui/themes/default/images/button_a_bg.gif HTTP/1.1" 200 1194
58.40.7.146 - - [17/Jan/2020:09:15:19 +0800] "GET /xingrg/javascript/jquery_easy_ui/themes/default/images/button_span_bg.gif HTTP/1.1" 200 2061
58.40.7.146 - - [17/Jan/2020:09:15:19 +0800] "GET /xingrg/javascript/jquery_easy_ui/themes/icons/ok.png HTTP/1.1" 200 883
58.40.7.146 - - [17/Jan/2020:09:15:19 +0800] "GET /xingrg/javascript/jquery_easy_ui/themes/default/images/panel_title.png HTTP/1.1" 200 266
58.40.7.146 - - [17/Jan/2020:09:15:19 +0800] "GET /xingrg/javascript/jquery_easy_ui/themes/default/images/panel_tools.gif HTTP/1.1" 200 737
58.221.95.50 - - [17/Jan/2020:09:15:21 +0800] "GET /xingrg/all/function/internal_message.html?_=1579224029815&CODE_STATE=getMsg HTTP/1.1" 200 27
58.40.7.146 - - [17/Jan/2020:09:15:21 +0800] "GET /xingrg/images/control/ajaxLoader.gif HTTP/1.1" 200 4659
58.40.7.146 - - [17/Jan/2020:09:15:21 +0800] "POST /xingrg/all/user/operate.html HTTP/1.1" 200 36
58.40.7.146 - - [17/Jan/2020:09:15:21 +0800] "GET /xingrg/index.html?sysBaseUrl=http%3A%2F%2F117.131.15.22%3A18081%2Fxingrg%2F&costTime=35×tamp=1579223717258 HTTP/1.1" 200 17485
58.40.7.146 - - [17/Jan/2020:09:15:21 +0800] "GET /xingrg/javascript/jquery_easy_ui/themes/default/easyui.css HTTP/1.1" 304 -
58.40.7.146 - - [17/Jan/2020:09:15:21 +0800] "GET /xingrg/javascript/jquery_easy_ui/themes/icon.css HTTP/1.1" 304 -
58.40.7.146 - - [17/Jan/2020:09:15:21 +0800] "GET /xingrg/css/form.css HTTP/1.1" 304 -
58.40.7.146 - - [17/Jan/2020:09:15:21 +0800] "GET /xingrg/javascript/jquery-1.4.2.min.js HTTP/1.1" 304 -
58.40.7.146 - - [17/Jan/2020:09:15:21 +0800] "GET /xingrg/javascript/jquery_easy_ui/jquery.easyui.min.js HTTP/1.1" 304 -
58.40.7.146 - - [17/Jan/2020:09:15:21 +0800] "GET /xingrg/javascript/jquery_easy_ui/easyui-lang-zh_CN.js HTTP/1.1" 304 -
58.40.7.146 - - [17/Jan/2020:09:15:21 +0800] "GET /xingrg/javascript/jquery.form.js HTTP/1.1" 304 -
58.40.7.146 - - [17/Jan/2020:09:15:21 +0800] "GET /xingrg/javascript/jquery.utils.js HTTP/1.1" 304 -
58.40.7.146 - - [17/Jan/2020:09:15:21 +0800] "GET /xingrg/javascript/jquery.timers.js HTTP/1.1" 304 -
58.40.7.146 - - [17/Jan/2020:09:15:21 +0800] "GET /xingrg/images/blue/jxLogo.png HTTP/1.1" 304 -
58.40.7.146 - - [17/Jan/2020:09:15:21 +0800] "GET /xingrg/javascript/jquery_easy_ui/themes/icons/settle_new.png HTTP/1.1" 304 -
58.40.7.146 - - [17/Jan/2020:09:15:21 +0800] "GET /xingrg/images/blue/navBackgound.jpg HTTP/1.1" 304 -
58.40.7.146 - - [17/Jan/2020:09:15:21 +0800] "POST /xingrg/all/common/load_tree.html?tree=area_rest_tree_json&manage=1 HTTP/1.1" 200 3079
58.40.7.146 - - [17/Jan/2020:09:15:21 +0800] "GET /xingrg/all/function/internal_message.html?_=1579223717957&CODE_STATE=count HTTP/1.1" 200 11
58.40.7.146 - - [17/Jan/2020:09:15:21 +0800] "GET /xingrg/check_reg.html?_=1579223717958 HTTP/1.1" 200 22
58.40.7.146 - - [17/Jan/2020:09:15:21 +0800] "GET /xingrg/javascript/jquery_easy_ui/themes/default/images/tabs_leftarrow.png HTTP/1.1" 304 -
58.40.7.146 - - [17/Jan/2020:09:15:21 +0800] "GET /xingrg/javascript/jquery_easy_ui/themes/default/images/tabs_rightarrow.png HTTP/1.1" 304 -
58.40.7.146 - - [17/Jan/2020:09:15:21 +0800] "GET /xingrg/javascript/jquery_easy_ui/themes/default/images/panel_tool_collapse.gif HTTP/1.1" 304 -
58.40.7.146 - - [17/Jan/2020:09:15:21 +0800] "GET /xingrg/javascript/jquery_easy_ui/themes/default/images/panel_tool_expand.gif HTTP/1.1" 304 -
58.40.7.146 - - [17/Jan/2020:09:15:21 +0800] "GET /xingrg/images/blue/pingpu.png HTTP/1.1" 304 -
58.40.7.146 - - [17/Jan/2020:09:15:21 +0800] "POST /xingrg/load_menu.html HTTP/1.1" 200 9945
58.40.7.146 - - [17/Jan/2020:09:15:22 +0800] "GET /xingrg/kc/report/report_main.html HTTP/1.1" 200 7337
58.40.7.146 - - [17/Jan/2020:09:15:22 +0800] "GET /xingrg/javascript/jquery_easy_ui/themes/default/images/tabs_close.gif HTTP/1.1" 200 829
58.40.7.146 - - [17/Jan/2020:09:15:22 +0800] "GET /xingrg/javascript/pic_change.js HTTP/1.1" 200 4739
58.40.7.146 - - [17/Jan/2020:09:15:22 +0800] "GET /xingrg/javascript/jquery_ui/themes/humanity/humanity.css HTTP/1.1" 200 27801
58.40.7.146 - - [17/Jan/2020:09:15:22 +0800] "GET /xingrg/javascript/json2.js HTTP/1.1" 200 11259
58.40.7.146 - - [17/Jan/2020:09:15:22 +0800] "GET /xingrg/javascript/jquery_easy_ui/themes/icons/back_new.png HTTP/1.1" 200 3414
58.40.7.146 - - [17/Jan/2020:09:15:23 +0800] "GET /xingrg/kc/base/crk_hz.html HTTP/1.1" 200 11239
58.40.7.146 - - [17/Jan/2020:09:15:23 +0800] "GET /xingrg/css/table.css HTTP/1.1" 200 3684
58.40.7.146 - - [17/Jan/2020:09:15:23 +0800] "GET /xingrg/javascript/step/step.css HTTP/1.1" 200 999
58.40.7.146 - - [17/Jan/2020:09:15:23 +0800] "POST /xingrg/kc/cost/cost_operate.html?command=get_base_tree HTTP/1.1" 200 1686
58.40.7.146 - - [17/Jan/2020:09:15:23 +0800] "POST /xingrg/all/common/load_tree.html?tree=materiel_sort_tree_json HTTP/1.1" 200 8666
58.40.7.146 - - [17/Jan/2020:09:15:24 +0800] "GET /xingrg/javascript/jquery_easy_ui/themes/icons/search.png HTTP/1.1" 200 813
58.40.7.146 - - [17/Jan/2020:09:15:24 +0800] "GET /xingrg/javascript/jquery_easy_ui/themes/default/images/menu_downarrow.png HTTP/1.1" 200 173
58.40.7.146 - - [17/Jan/2020:09:15:24 +0800] "GET /xingrg/javascript/jquery_easy_ui/themes/default/images/menu.gif HTTP/1.1" 200 834
58.40.7.146 - - [17/Jan/2020:09:15:24 +0800] "GET /xingrg/javascript/jquery_easy_ui/themes/icons/print.png HTTP/1.1" 200 1057
58.40.7.146 - - [17/Jan/2020:09:15:24 +0800] "GET /xingrg/javascript/jquery_easy_ui/themes/default/images/combo_arrow_dot.gif HTTP/1.1" 200 79
58.40.7.146 - - [17/Jan/2020:09:15:24 +0800] "GET /xingrg/javascript/jquery_easy_ui/themes/default/images/calendar_prevmonth.gif HTTP/1.1" 200 66
58.40.7.146 - - [17/Jan/2020:09:15:24 +0800] "GET /xingrg/javascript/jquery_easy_ui/themes/default/images/calendar_nextmonth.gif HTTP/1.1" 200 64
58.40.7.146 - - [17/Jan/2020:09:15:24 +0800] "GET /xingrg/javascript/jquery_easy_ui/themes/default/images/calendar_prevyear.gif HTTP/1.1" 200 76
58.40.7.146 - - [17/Jan/2020:09:15:24 +0800] "GET /xingrg/javascript/jquery_easy_ui/themes/default/images/calendar_nextyear.gif HTTP/1.1" 200 75
58.40.7.146 - - [17/Jan/2020:09:15:24 +0800] "GET /xingrg/javascript/jquery_easy_ui/themes/default/images/tree_checkbox_0.gif HTTP/1.1" 200 168
114.88.170.138 - - [17/Jan/2020:09:15:24 +0800] "GET /xingrg/all/function/internal_message.html?_=1579223946483&CODE_STATE=getMsg HTTP/1.1" 200 27
101.81.125.204 - - [17/Jan/2020:09:15:24 +0800] "POST /xingrg/dwr/call/plaincall/AjaxQqpsService.checkOrder.dwr HTTP/1.1" 200 79
58.40.7.146 - - [17/Jan/2020:09:15:24 +0800] "GET /xingrg/all/common/get_data_part.html?part=yesterday&_=1579223721065 HTTP/1.1" 200 41
58.40.7.146 - - [17/Jan/2020:09:15:26 +0800] "GET /xingrg/javascript/jquery_easy_ui/themes/default/images/tree_checkbox_1.gif HTTP/1.1" 200 174
58.40.7.146 - - [17/Jan/2020:09:15:26 +0800] "GET /xingrg/javascript/jquery_easy_ui/themes/default/images/tree_checkbox_2.gif HTTP/1.1" 200 181
58.40.7.146 - - [17/Jan/2020:09:15:26 +0800] "GET /xingrg/kc/base/crk_hz.html?_=1579223723077&command=get_cost_id&end_date=2020-01-16&start_date=2020-01-16 HTTP/1.1" 200 51
58.40.7.146 - - [17/Jan/2020:09:15:27 +0800] "GET /xingrg/all/report/report_query.html?isQuery=1&onlyBody=1&rh=99999&rw=1800&varString=start:20200116,cost_id:2484,mid:20200101&fileName=kc/base/crk_hz_type_by_base.xml&queryString=%20m.sort_code%20in%20('00101001','00101002','00101003','00101004','00101005','00101006','00101007','00101008','00101009','00101010','00101011','00101012','00101013','00101014','00101015','00101016','00101017','00101018','00101019','00101020','00101021','00101022','00101023','00101024','00101025','00101026','00101027','00101028','00101029','00101030','00101031','00101032','00101033','00101034','00101036','00101037','00101038','00101039')%20&queryText=ÈÕÆÚ£º2020-01-16ÖÁ2020-01-16&tableQueryString=materiel_table$sp1$$sp$before_table$sp1$$sp$crk_table$sp1$order_day%20between%2020200116%20and%2020200116 HTTP/1.1" 200 49770
58.40.7.146 - - [17/Jan/2020:09:15:27 +0800] "GET /xingrg/javascript/multi_select/jqueryMultiSelect.css HTTP/1.1" 200 951
58.40.7.146 - - [17/Jan/2020:09:15:27 +0800] "GET /xingrg/javascript/calendar/timePicker.css HTTP/1.1" 200 523
58.40.7.146 - - [17/Jan/2020:09:15:27 +0800] "GET /xingrg/javascript/bigrid/fix.css HTTP/1.1" 200 1702
58.40.7.146 - - [17/Jan/2020:09:15:27 +0800] "GET /xingrg/dwr/interface/AjaxReportQueryService.js HTTP/1.1" 200 13203
58.40.7.146 - - [17/Jan/2020:09:15:27 +0800] "GET /xingrg/javascript/calendar/jquery.timePicker.min.js HTTP/1.1" 200 2997
58.40.7.146 - - [17/Jan/2020:09:15:27 +0800] "GET /xingrg/javascript/bigrid/fix.js HTTP/1.1" 200 6439
58.40.7.146 - - [17/Jan/2020:09:15:27 +0800] "GET /xingrg/dwr/util.js HTTP/1.1" 200 35990
101.81.125.204 - - [17/Jan/2020:09:15:27 +0800] "GET /xingrg/kc/mdqp/qqps_order_info.html?code=302020011700415 HTTP/1.1" 200 27157
58.40.7.146 - - [17/Jan/2020:09:15:27 +0800] "GET /xingrg/javascript/jqueryMultiSelect.js HTTP/1.1" 200 11866
58.40.7.146 - - [17/Jan/2020:09:15:27 +0800] "GET /xingrg/dwr/engine.js HTTP/1.1" 200 43631
58.40.7.146 - - [17/Jan/2020:09:15:27 +0800] "GET /xingrg/javascript/Calendar.js HTTP/1.1" 200 31561
58.40.7.146 - - [17/Jan/2020:09:15:27 +0800] "GET /xingrg/images/blue/button/advanceover.gif HTTP/1.1" 200 1347
58.40.7.146 - - [17/Jan/2020:09:15:27 +0800] "GET /xingrg/images/blue/button/advance2over.gif HTTP/1.1" 200 1336
58.40.7.146 - - [17/Jan/2020:09:15:27 +0800] "GET /xingrg/images/blue/button/back2over.gif HTTP/1.1" 200 1335
58.40.7.146 - - [17/Jan/2020:09:15:27 +0800] "GET /xingrg/images/blue/button/backover.gif HTTP/1.1" 200 1348
58.40.7.146 - - [17/Jan/2020:09:15:27 +0800] "GET /xingrg/images/control/loading.gif HTTP/1.1" 200 13463
58.40.7.146 - - [17/Jan/2020:09:15:27 +0800] "GET /xingrg/javascript/jquery_easy_ui/themes/icons/help.png HTTP/1.1" 200 1187
101.81.125.204 - - [17/Jan/2020:09:15:27 +0800] "GET /xingrg/dwr/interface/AjaxComOrderService.js HTTP/1.1" 200 18264
101.81.125.204 - - [17/Jan/2020:09:15:27 +0800] "GET /xingrg/dwr/interface/AjaxQqpsService.js HTTP/1.1" 200 16326
101.81.125.204 - - [17/Jan/2020:09:15:27 +0800] "GET /xingrg/dwr/engine.js HTTP/1.1" 200 43631
58.40.7.146 - - [17/Jan/2020:09:15:28 +0800] "POST /xingrg/all/report/load_report_page.html HTTP/1.1" 200 379898
58.40.7.146 - - [17/Jan/2020:09:15:28 +0800] "GET /xingrg/servlets/image?cache=0.598143060069788&image=px HTTP/1.1" 200 807
101.81.125.204 - - [17/Jan/2020:09:15:28 +0800] "POST /xingrg/dwr/call/plaincall/AjaxQqpsService.loadMaterielItems.dwr HTTP/1.1" 200 4832
117.184.7.26 - - [17/Jan/2020:09:15:31 +0800] "GET /xingrg/login.html HTTP/1.1" 200 7639
124.77.241.94 - - [17/Jan/2020:09:15:32 +0800] "GET /xingrg/all/function/internal_message.html?_=1579223732565&CODE_STATE=getMsg HTTP/1.1" 200 27
117.184.7.26 - - [17/Jan/2020:09:15:32 +0800] "GET /favicon.ico HTTP/1.1" 404 -
117.184.7.26 - - [17/Jan/2020:09:15:34 +0800] "POST /xingrg/login.do HTTP/1.1" 302 -
117.184.7.26 - - [17/Jan/2020:09:15:34 +0800] "GET /xingrg/index.html?sysBaseUrl=http%3A%2F%2F117.131.15.22%3A18081%2Fxingrg%2F&costTime=35×tamp=1579223734173 HTTP/1.1" 200 17151
117.184.7.26 - - [17/Jan/2020:09:15:34 +0800] "GET /favicon.ico HTTP/1.1" 404 -
117.184.7.26 - - [17/Jan/2020:09:15:35 +0800] "POST /xingrg/all/common/load_tree.html?tree=area_rest_tree_json&manage=1 HTTP/1.1" 200 470
117.184.7.26 - - [17/Jan/2020:09:15:35 +0800] "GET /xingrg/all/function/internal_message.html?_=1579223721145&CODE_STATE=count HTTP/1.1" 200 11
117.184.7.26 - - [17/Jan/2020:09:15:35 +0800] "GET /xingrg/check_reg.html?_=1579223721146 HTTP/1.1" 200 22
117.184.7.26 - - [17/Jan/2020:09:15:35 +0800] "POST /xingrg/load_menu.html HTTP/1.1" 200 5124
58.40.7.146 - - [17/Jan/2020:09:15:39 +0800] "GET /xingrg/all/report/report_query.html?isQuery=1&fileName=kc/base/crk_detail_by_small.xml&rh=99999&queryString=&queryText=%25E3%2580%2590%25E4%25BB%2593%25E5%25BA%2593%25E5%2590%258D%25E7%25A7%25B0%253A%25E9%25A4%2590%25E9%25A5%25AE%25E5%258E%25A8%25E6%2588%25BF%25E9%2583%25A8%25E3%2580%2591%25E3%2580%2590%25E4%25B8%259A%25E5%258A%25A1%25E7%25B1%25BB%25E5%259E%258B%25EF%25BC%259A%25E9%2587%2587%25E8%25B4%25AD%25E5%2585%25A5%25E5%25BA%2593%25E3%2580%2591%2520%253F%253F%253F%253F%253F2020-01-16%253F%253F2020-01-16&tableQueryString=crk_table%2524sp1%2524order_day%2520between%252020200116%2520and%252020200116%2520and%2520(base_code%253D'0010610')%2520and%2520(src_order_type%2520in%2520(21))%2520and%2520(is_rk%2520in%2520(1)) HTTP/1.1" 200 53744
58.40.7.146 - - [17/Jan/2020:09:15:40 +0800] "GET /xingrg/dwr/interface/AjaxReportQueryService.js HTTP/1.1" 200 13203
58.40.7.146 - - [17/Jan/2020:09:15:40 +0800] "GET /xingrg/dwr/engine.js HTTP/1.1" 200 43631
58.40.7.146 - - [17/Jan/2020:09:15:40 +0800] "GET /xingrg/javascript/jquery_easy_ui/themes/icons/pencil.png HTTP/1.1" 200 713
58.40.7.146 - - [17/Jan/2020:09:15:40 +0800] "GET /xingrg/javascript/jquery_easy_ui/themes/default/images/menu_rightarrow.png HTTP/1.1" 200 3617
58.40.7.146 - - [17/Jan/2020:09:15:41 +0800] "POST /xingrg/all/report/load_report_page.html HTTP/1.1" 200 33543
58.40.7.146 - - [17/Jan/2020:09:15:41 +0800] "GET /xingrg/servlets/image?cache=0.3697530113405666&image=px HTTP/1.1" 200 807
58.40.7.146 - - [17/Jan/2020:09:15:44 +0800] "GET /xingrg/all/function/internal_message.html?_=1579223740958&CODE_STATE=getMsg HTTP/1.1" 200 27
222.69.134.68 - - [17/Jan/2020:09:15:47 +0800] "GET /xingrg/all/function/internal_message.html?_=1579223738386&CODE_STATE=getMsg HTTP/1.1" 200 27
114.88.170.138 - - [17/Jan/2020:09:15:47 +0800] "GET /xingrg/kc/buy/buy_main.html HTTP/1.1" 200 12398
114.88.170.138 - - [17/Jan/2020:09:15:47 +0800] "GET /xingrg/css/new_ie.css HTTP/1.1" 404 1036
117.184.7.26 - - [17/Jan/2020:09:15:49 +0800] "GET /xingrg/kc/buy/buy_main.html HTTP/1.1" 200 12398
117.184.7.26 - - [17/Jan/2020:09:15:49 +0800] "GET /xingrg/css/new_ie.css HTTP/1.1" 404 1036
114.88.170.138 - - [17/Jan/2020:09:15:49 +0800] "GET /xingrg/images/yd/bt.gif HTTP/1.1" 404 1040
58.221.95.50 - - [17/Jan/2020:09:15:52 +0800] "GET /xingrg/all/function/internal_message.html?_=1579223923562&CODE_STATE=getMsg HTTP/1.1" 302 -
101.81.125.204 - - [17/Jan/2020:09:16:02 +0800] "GET /xingrg/check_reg.html?_=1579223756667 HTTP/1.1" 200 22
101.81.125.204 - - [17/Jan/2020:09:16:02 +0800] "GET /xingrg/all/function/internal_message.html?_=1579223756706&CODE_STATE=getMsg HTTP/1.1" 200 27
124.77.241.94 - - [17/Jan/2020:09:16:03 +0800] "GET /xingrg/all/function/internal_message.html?_=1579223760216&CODE_STATE=getMsg HTTP/1.1" 200 27
116.224.233.159 - - [17/Jan/2020:09:16:04 +0800] "GET /xingrg/check_reg.html?_=1579223917416 HTTP/1.1" 200 22
116.224.233.159 - - [17/Jan/2020:09:16:05 +0800] "GET /xingrg/all/function/internal_message.html?_=1579223918196&CODE_STATE=getMsg HTTP/1.1" 200 27
116.238.35.243 - - [17/Jan/2020:09:16:05 +0800] "GET /xingrg/all/function/internal_message.html?_=1579223766062&CODE_STATE=getMsg HTTP/1.1" 200 27
101.81.125.204 - - [17/Jan/2020:09:16:06 +0800] "GET /xingrg/kc/buy/buy_main.html HTTP/1.1" 200 12398
101.81.125.204 - - [17/Jan/2020:09:16:06 +0800] "GET /xingrg/css/new_ie.css HTTP/1.1" 404 1036
114.88.159.93 - - [17/Jan/2020:09:16:06 +0800] "GET /xingrg/all/function/internal_message.html?_=1579223774539&CODE_STATE=getMsg HTTP/1.1" 200 27
101.81.125.204 - - [17/Jan/2020:09:16:07 +0800] "GET /xingrg/kc/buy/cgsh_order_list.html HTTP/1.1" 200 41904
101.81.125.204 - - [17/Jan/2020:09:16:08 +0800] "GET /xingrg/javascript/jquery_tools/images/prev.gif HTTP/1.1" 404 1086
101.81.125.204 - - [17/Jan/2020:09:16:08 +0800] "GET /xingrg/javascript/jquery_tools/images/next.gif HTTP/1.1" 404 1086
101.81.125.204 - - [17/Jan/2020:09:16:08 +0800] "POST /xingrg/kc/buy/cgsh_list_operate.html HTTP/1.1" 200 1687
114.88.170.138 - - [17/Jan/2020:09:16:14 +0800] "GET /xingrg/all/function/internal_message.html?_=1579223772175&CODE_STATE=getMsg HTTP/1.1" 200 27
101.81.125.204 - - [17/Jan/2020:09:16:17 +0800] "GET /xingrg/all/function/internal_message.html?_=1579223157030&CODE_STATE=getMsg HTTP/1.1" 200 27
222.69.134.68 - - [17/Jan/2020:09:16:18 +0800] "POST /xingrg/services/DataTransmitService HTTP/1.1" 200 524
222.69.134.68 - - [17/Jan/2020:09:16:19 +0800] "POST /xingrg/services/DataTransmitService HTTP/1.1" 200 501
58.221.95.50 - - [17/Jan/2020:09:16:21 +0800] "GET /xingrg/all/function/internal_message.html?_=1579224089813&CODE_STATE=getMsg HTTP/1.1" 200 27
58.40.7.146 - - [17/Jan/2020:09:16:21 +0800] "GET /xingrg/all/function/internal_message.html?_=1579223777965&CODE_STATE=getMsg HTTP/1.1" 200 27
116.238.35.243 - - [17/Jan/2020:09:16:23 +0800] "POST /xingrg/kc/buy/cgsh_order_operate.html HTTP/1.1" 200 2065
114.88.170.138 - - [17/Jan/2020:09:16:24 +0800] "GET /xingrg/all/function/internal_message.html?_=1579224006524&CODE_STATE=getMsg HTTP/1.1" 200 27
116.238.35.243 - - [17/Jan/2020:09:16:24 +0800] "POST /xingrg/kc/buy/cgsh_order_operate.html HTTP/1.1" 200 2065
124.77.241.94 - - [17/Jan/2020:09:16:32 +0800] "GET /xingrg/all/function/internal_message.html?_=1579223793081&CODE_STATE=getMsg HTTP/1.1" 200 27
117.184.7.26 - - [17/Jan/2020:09:16:35 +0800] "GET /xingrg/all/function/internal_message.html?_=1579223781164&CODE_STATE=getMsg HTTP/1.1" 200 27
101.81.125.204 - - [17/Jan/2020:09:16:38 +0800] "GET /xingrg/kc/buy/cgsh_order_add.html HTTP/1.1" 200 57964
101.81.125.204 - - [17/Jan/2020:09:16:38 +0800] "POST /xingrg/kc/buy/cgsh_order_operate.html HTTP/1.1" 200 8245
101.81.125.204 - - [17/Jan/2020:09:16:39 +0800] "GET /xingrg/javascript/easyui/themes/default/validatebox.css HTTP/1.1" 404 1104
58.40.7.146 - - [17/Jan/2020:09:16:44 +0800] "GET /xingrg/all/function/internal_message.html?_=1579223800961&CODE_STATE=getMsg HTTP/1.1" 200 27
117.184.7.26 - - [17/Jan/2020:09:16:46 +0800] "GET /xingrg/images/yd/bt.gif HTTP/1.1" 404 1040
222.69.134.68 - - [17/Jan/2020:09:16:47 +0800] "GET /xingrg/all/function/internal_message.html?_=1579223798385&CODE_STATE=getMsg HTTP/1.1" 200 27
117.184.7.26 - - [17/Jan/2020:09:16:47 +0800] "GET /xingrg/kc/buy/cgsh_order_list.html HTTP/1.1" 200 41904
117.184.7.26 - - [17/Jan/2020:09:16:48 +0800] "POST /xingrg/kc/buy/cgsh_list_operate.html HTTP/1.1" 200 876
117.184.7.26 - - [17/Jan/2020:09:16:52 +0800] "GET /xingrg/kc/buy/cgsh_order_add.html HTTP/1.1" 200 57521
117.184.7.26 - - [17/Jan/2020:09:16:52 +0800] "GET /xingrg/words/20200116160243_words.js HTTP/1.1" 304 -
58.221.95.50 - - [17/Jan/2020:09:16:52 +0800] "GET /xingrg/all/function/internal_message.html?_=1579223983561&CODE_STATE=getMsg HTTP/1.1" 302 -
58.221.95.50 - - [17/Jan/2020:09:16:52 +0800] "GET /xingrg/check_reg.html?_=1579223983563 HTTP/1.1" 302 -
117.184.7.26 - - [17/Jan/2020:09:16:52 +0800] "POST /xingrg/kc/buy/cgsh_order_operate.html HTTP/1.1" 200 8245
117.184.7.30 - - [17/Jan/2020:09:16:53 +0800] "GET /xingrg/all/common/auto_word.html?type=employee&rest_code=00108 HTTP/1.1" 200 197
117.184.7.30 - - [17/Jan/2020:09:16:53 +0800] "GET /xingrg/all/common/auto_word.html?type=employee&rest_code=00108 HTTP/1.1" 200 197
117.184.7.30 - - [17/Jan/2020:09:16:53 +0800] "GET /xingrg/javascript/easyui/themes/default/validatebox.css HTTP/1.1" 404 1104
117.184.7.26 - - [17/Jan/2020:09:16:54 +0800] "GET /xingrg/javascript/auto/indicator.gif HTTP/1.1" 404 1066
117.184.7.26 - - [17/Jan/2020:09:16:56 +0800] "GET /xingrg/javascript/jquery_tools/images/prev.gif HTTP/1.1" 404 1086
117.184.7.30 - - [17/Jan/2020:09:16:56 +0800] "GET /xingrg/javascript/jquery_tools/images/next.gif HTTP/1.1" 404 1086
114.88.170.138 - - [17/Jan/2020:09:17:01 +0800] "GET /xingrg/kc/buy/cgsh_order_list.html HTTP/1.1" 200 41904
114.88.170.138 - - [17/Jan/2020:09:17:01 +0800] "POST /xingrg/kc/buy/cgsh_list_operate.html HTTP/1.1" 200 2782
101.81.125.204 - - [17/Jan/2020:09:17:02 +0800] "GET /xingrg/all/function/internal_message.html?_=1579223816681&CODE_STATE=getMsg HTTP/1.1" 200 27
114.93.75.19 - - [17/Jan/2020:09:17:02 +0800] "GET /xingrg/check_reg.html?_=1579223728194 HTTP/1.1" 200 22
117.184.7.26 - - [17/Jan/2020:09:17:02 +0800] "GET /xingrg/kc/buy/cgsh_order_operate.html?command=get_materiel&rest_code=00108&code=00101007049&supplier_code=00100002&order_time=2020-01-17 HTTP/1.1" 200 409
124.77.241.94 - - [17/Jan/2020:09:17:03 +0800] "GET /xingrg/all/function/internal_message.html?_=1579223820322&CODE_STATE=getMsg HTTP/1.1" 200 27
114.88.170.138 - - [17/Jan/2020:09:17:03 +0800] "POST /xingrg/kc/buy/cgsh_list_operate.html HTTP/1.1" 200 2782
114.88.170.138 - - [17/Jan/2020:09:17:04 +0800] "GET /xingrg/kc/buy/cgsh_order_add.html HTTP/1.1" 200 57506
114.88.170.138 - - [17/Jan/2020:09:17:04 +0800] "POST /xingrg/kc/buy/cgsh_order_operate.html HTTP/1.1" 200 8245
114.88.170.138 - - [17/Jan/2020:09:17:04 +0800] "GET /xingrg/javascript/easyui/themes/default/validatebox.css HTTP/1.1" 404 1104
116.224.233.159 - - [17/Jan/2020:09:17:05 +0800] "GET /xingrg/all/function/internal_message.html?_=1579223978210&CODE_STATE=getMsg HTTP/1.1" 200 27
116.238.35.243 - - [17/Jan/2020:09:17:05 +0800] "GET /xingrg/all/function/internal_message.html?_=1579223826068&CODE_STATE=getMsg HTTP/1.1" 200 27
114.88.159.93 - - [17/Jan/2020:09:17:06 +0800] "GET /xingrg/all/function/internal_message.html?_=1579223834524&CODE_STATE=getMsg HTTP/1.1" 200 27
222.69.134.68 - - [17/Jan/2020:09:17:07 +0800] "GET /xingrg/kc/buy/cgsh_order_operate.html?command=get_materiel&rest_code=00149&code=00101008041&supplier_code=00100008&order_time=2020-01-17 HTTP/1.1" 200 408
117.184.7.26 - - [17/Jan/2020:09:17:11 +0800] "POST /xingrg/kc/buy/cgsh_order_operate.html HTTP/1.1" 200 37
114.88.170.138 - - [17/Jan/2020:09:17:14 +0800] "GET /xingrg/all/function/internal_message.html?_=1579223832190&CODE_STATE=getMsg HTTP/1.1" 200 27
117.184.7.26 - - [17/Jan/2020:09:17:14 +0800] "POST /xingrg/kc/buy/cgsh_order_operate.html HTTP/1.1" 200 2654
101.81.125.204 - - [17/Jan/2020:09:17:17 +0800] "GET /xingrg/all/function/internal_message.html?_=1579223217064&CODE_STATE=getMsg HTTP/1.1" 200 27
117.184.7.26 - - [17/Jan/2020:09:17:18 +0800] "GET /xingrg/kc/print/load_config.html?kc_code=cgsh HTTP/1.1" 200 1841
117.184.7.26 - - [17/Jan/2020:09:17:18 +0800] "GET /xingrg/kc/print/load_data.html?order_code=212020011708836&kc_code=cgsh&condition= HTTP/1.1" 200 734
222.69.134.68 - - [17/Jan/2020:09:17:19 +0800] "GET /xingrg/kc/buy/cgsh_order_operate.html?command=get_materiel&rest_code=00149&code=00101008183&supplier_code=00100008&order_time=2020-01-17 HTTP/1.1" 200 413
114.88.170.138 - - [17/Jan/2020:09:17:20 +0800] "GET /xingrg/kc/buy/cgsh_order_operate.html?command=get_materiel&rest_code=00111&code=00102009815&supplier_code=00100151&order_time=2020-01-17 HTTP/1.1" 200 416
58.221.95.50 - - [17/Jan/2020:09:17:21 +0800] "GET /xingrg/all/function/internal_message.html?_=1579224149793&CODE_STATE=getMsg HTTP/1.1" 200 27
58.40.7.146 - - [17/Jan/2020:09:17:21 +0800] "GET /xingrg/all/function/internal_message.html?_=1579223837960&CODE_STATE=getMsg HTTP/1.1" 200 27
114.88.170.138 - - [17/Jan/2020:09:17:24 +0800] "GET /xingrg/all/function/internal_message.html?_=1579224066511&CODE_STATE=getMsg HTTP/1.1" 200 27
124.77.241.94 - - [17/Jan/2020:09:17:32 +0800] "GET /xingrg/all/function/internal_message.html?_=1579223853091&CODE_STATE=getMsg HTTP/1.1" 200 27
117.184.7.26 - - [17/Jan/2020:09:17:35 +0800] "GET /xingrg/all/function/internal_message.html?_=1579223841156&CODE_STATE=getMsg HTTP/1.1" 200 27
222.69.134.68 - - [17/Jan/2020:09:17:44 +0800] "GET /xingrg/kc/buy/cgsh_order_operate.html?command=get_materiel&rest_code=00149&code=00101015046&supplier_code=00100008&order_time=2020-01-17 HTTP/1.1" 200 412
58.40.7.146 - - [17/Jan/2020:09:17:44 +0800] "GET /xingrg/check_reg.html?_=1579223860965 HTTP/1.1" 200 22
58.40.7.146 - - [17/Jan/2020:09:17:44 +0800] "GET /xingrg/all/function/internal_message.html?_=1579223860967&CODE_STATE=getMsg HTTP/1.1" 200 27
222.69.134.68 - - [17/Jan/2020:09:17:47 +0800] "GET /xingrg/all/function/internal_message.html?_=1579223858774&CODE_STATE=getMsg HTTP/1.1" 200 27
114.93.75.19 - - [17/Jan/2020:09:17:47 +0800] "GET /xingrg/login.html HTTP/1.1" 200 7639
114.93.75.19 - - [17/Jan/2020:09:17:48 +0800] "GET /favicon.ico HTTP/1.1" 404 -
101.81.125.204 - - [17/Jan/2020:09:17:50 +0800] "GET /xingrg/javascript/easyui/themes/default/tree.css HTTP/1.1" 404 1090
101.81.125.204 - - [17/Jan/2020:09:17:51 +0800] "POST /xingrg/all/common/load_tree.html?tree=supplier_tree_json&isDelete=1 HTTP/1.1" 200 46181
222.69.134.68 - - [17/Jan/2020:09:17:52 +0800] "GET /xingrg/kc/buy/cgsh_order_operate.html?command=get_materiel&rest_code=00149&code=00101008114&supplier_code=00100008&order_time=2020-01-17 HTTP/1.1" 200 412
58.221.95.50 - - [17/Jan/2020:09:17:52 +0800] "GET /xingrg/all/function/internal_message.html?_=1579224043561&CODE_STATE=getMsg HTTP/1.1" 302 -
114.93.75.19 - - [17/Jan/2020:09:17:56 +0800] "POST /xingrg/login.do HTTP/1.1" 302 -
114.93.75.19 - - [17/Jan/2020:09:17:56 +0800] "GET /xingrg/index.html?sysBaseUrl=http%3A%2F%2F117.131.15.22%3A18081%2Fxingrg%2F&costTime=36×tamp=1579223876178 HTTP/1.1" 200 17481
114.93.75.19 - - [17/Jan/2020:09:17:56 +0800] "GET /favicon.ico HTTP/1.1" 404 -
114.93.75.19 - - [17/Jan/2020:09:17:56 +0800] "POST /xingrg/all/common/load_tree.html?tree=area_rest_tree_json&manage=1 HTTP/1.1" 200 3079
114.93.75.19 - - [17/Jan/2020:09:17:57 +0800] "GET /xingrg/all/function/internal_message.html?_=1579223782741&CODE_STATE=count HTTP/1.1" 200 11
114.93.75.19 - - [17/Jan/2020:09:17:57 +0800] "GET /xingrg/check_reg.html?_=1579223782742 HTTP/1.1" 200 22
114.93.75.19 - - [17/Jan/2020:09:17:57 +0800] "POST /xingrg/load_menu.html HTTP/1.1" 200 11429
116.238.35.243 - - [17/Jan/2020:09:17:59 +0800] "POST /xingrg/kc/buy/cgsh_order_operate.html HTTP/1.1" 200 2065
116.238.35.243 - - [17/Jan/2020:09:18:00 +0800] "POST /xingrg/kc/buy/cgsh_order_operate.html HTTP/1.1" 200 2065
101.81.125.204 - - [17/Jan/2020:09:18:02 +0800] "GET /xingrg/all/function/internal_message.html?_=1579223876660&CODE_STATE=getMsg HTTP/1.1" 200 27
124.77.241.94 - - [17/Jan/2020:09:18:03 +0800] "GET /xingrg/all/function/internal_message.html?_=1579223880336&CODE_STATE=getMsg HTTP/1.1" 200 27
116.224.233.159 - - [17/Jan/2020:09:18:05 +0800] "GET /xingrg/all/function/internal_message.html?_=1579224038224&CODE_STATE=getMsg HTTP/1.1" 200 27
116.238.35.243 - - [17/Jan/2020:09:18:05 +0800] "GET /xingrg/all/function/internal_message.html?_=1579223886011&CODE_STATE=getMsg HTTP/1.1" 200 27
114.88.159.93 - - [17/Jan/2020:09:18:06 +0800] "GET /xingrg/all/function/internal_message.html?_=1579223894495&CODE_STATE=getMsg HTTP/1.1" 200 27
114.88.170.138 - - [17/Jan/2020:09:18:06 +0800] "GET /xingrg/kc/buy/cgsh_order_operate.html?command=get_materiel&rest_code=00111&code=00102009816&supplier_code=00100151&order_time=2020-01-17 HTTP/1.1" 200 422
114.88.170.138 - - [17/Jan/2020:09:18:14 +0800] "GET /xingrg/all/function/internal_message.html?_=1579223892203&CODE_STATE=getMsg HTTP/1.1" 200 27
101.81.125.204 - - [17/Jan/2020:09:18:17 +0800] "GET /xingrg/all/function/internal_message.html?_=1579223277078&CODE_STATE=getMsg HTTP/1.1" 200 27
114.88.170.138 - - [17/Jan/2020:09:18:19 +0800] "POST /xingrg/kc/buy/cgsh_order_operate.html HTTP/1.1" 200 37
58.221.95.50 - - [17/Jan/2020:09:18:21 +0800] "GET /xingrg/check_reg.html?_=1579224209837 HTTP/1.1" 200 22
58.221.95.50 - - [17/Jan/2020:09:18:21 +0800] "GET /xingrg/all/function/internal_message.html?_=1579224209838&CODE_STATE=getMsg HTTP/1.1" 200 27
58.40.7.146 - - [17/Jan/2020:09:18:21 +0800] "GET /xingrg/all/function/internal_message.html?_=1579223897963&CODE_STATE=getMsg HTTP/1.1" 200 27
114.88.170.138 - - [17/Jan/2020:09:18:22 +0800] "POST /xingrg/kc/buy/cgsh_order_operate.html HTTP/1.1" 200 3268
114.88.170.138 - - [17/Jan/2020:09:18:24 +0800] "GET /xingrg/check_reg.html?_=1579224126511 HTTP/1.1" 200 22
114.88.170.138 - - [17/Jan/2020:09:18:24 +0800] "GET /xingrg/all/function/internal_message.html?_=1579224126514&CODE_STATE=getMsg HTTP/1.1" 200 27
114.88.170.138 - - [17/Jan/2020:09:18:25 +0800] "GET /xingrg/kc/print/report_design.html?orderType=cgsh HTTP/1.1" 200 8621
114.88.170.138 - - [17/Jan/2020:09:18:25 +0800] "GET /xingrg/css/design.css HTTP/1.1" 200 2477
114.88.170.138 - - [17/Jan/2020:09:18:25 +0800] "GET /xingrg/javascript/print/report.helper.js HTTP/1.1" 200 7208
114.88.170.138 - - [17/Jan/2020:09:18:25 +0800] "GET /xingrg/javascript/easyui/jquery.easyui.min.js HTTP/1.1" 200 272531
114.88.170.138 - - [17/Jan/2020:09:18:25 +0800] "GET /xingrg/javascript/print/report.js HTTP/1.1" 200 10993
222.69.134.68 - - [17/Jan/2020:09:18:25 +0800] "POST /xingrg/kc/buy/cgsh_order_operate.html HTTP/1.1" 200 2065
114.88.170.138 - - [17/Jan/2020:09:18:28 +0800] "GET /xingrg/kc/print/load_data.html?order_code=212020011708837&kc_code=cgsh&condition= HTTP/1.1" 200 882
124.77.241.94 - - [17/Jan/2020:09:18:33 +0800] "GET /xingrg/all/function/internal_message.html?_=1579223913594&CODE_STATE=getMsg HTTP/1.1" 200 27
58.40.7.146 - - [17/Jan/2020:09:18:34 +0800] "GET /xingrg/javascript/jquery_easy_ui/themes/default/images/tabs_active.png HTTP/1.1" 200 2894
117.184.7.26 - - [17/Jan/2020:09:18:35 +0800] "GET /xingrg/all/function/internal_message.html?_=1579223901164&CODE_STATE=getMsg HTTP/1.1" 200 27
124.77.241.94 - - [17/Jan/2020:09:18:38 +0800] "GET /xingrg/check_reg.html?_=1579223918586 HTTP/1.1" 200 22
58.40.7.146 - - [17/Jan/2020:09:18:40 +0800] "GET /xingrg/all/report/report_query.html?isQuery=1&fileName=kc/base/crk_detail_by_small.xml&rh=99999&queryString=&queryText=%25E3%2580%2590%25E4%25BB%2593%25E5%25BA%2593%25E5%2590%258D%25E7%25A7%25B0%253A%25E5%25A4%25A7%25E5%25A0%2582%25E5%2590%25A7%25E3%2580%2591%25E3%2580%2590%25E4%25B8%259A%25E5%258A%25A1%25E7%25B1%25BB%25E5%259E%258B%25EF%25BC%259A%25E9%2587%2587%25E8%25B4%25AD%25E5%2585%25A5%25E5%25BA%2593%25E3%2580%2591%2520%253F%253F%253F%253F%253F2020-01-16%253F%253F2020-01-16&tableQueryString=crk_table%2524sp1%2524order_day%2520between%252020200116%2520and%252020200116%2520and%2520(base_code%253D'0010615')%2520and%2520(src_order_type%2520in%2520(21))%2520and%2520(is_rk%2520in%2520(1)) HTTP/1.1" 200 53736
58.40.7.146 - - [17/Jan/2020:09:18:41 +0800] "GET /xingrg/dwr/interface/AjaxReportQueryService.js HTTP/1.1" 200 13203
58.40.7.146 - - [17/Jan/2020:09:18:41 +0800] "GET /xingrg/dwr/engine.js HTTP/1.1" 200 43631
58.40.7.146 - - [17/Jan/2020:09:18:41 +0800] "POST /xingrg/all/report/load_report_page.html HTTP/1.1" 200 13882
58.40.7.146 - - [17/Jan/2020:09:18:41 +0800] "GET /xingrg/servlets/image?cache=0.5703636519515137&image=px HTTP/1.1" 200 807
222.69.134.68 - - [17/Jan/2020:09:18:42 +0800] "GET /xingrg/kc/buy/cgsh_order_operate.html?command=get_materiel&rest_code=00149&code=00101015038&supplier_code=00100008&order_time=2020-01-17 HTTP/1.1" 200 418
58.40.7.146 - - [17/Jan/2020:09:18:44 +0800] "GET /xingrg/all/function/internal_message.html?_=1579223920954&CODE_STATE=getMsg HTTP/1.1" 200 27
222.69.134.68 - - [17/Jan/2020:09:18:47 +0800] "GET /xingrg/check_reg.html?_=1579223918379 HTTP/1.1" 200 22
222.69.134.68 - - [17/Jan/2020:09:18:47 +0800] "GET /xingrg/all/function/internal_message.html?_=1579223918750&CODE_STATE=getMsg HTTP/1.1" 200 27
116.224.233.159 - - [17/Jan/2020:09:18:50 +0800] "POST /xingrg/services/DataTransmitService HTTP/1.1" 200 524
