114.93.75.19 - - [16/Jan/2020:05:46:43 +0800] "GET /xingrg/all/function/internal_message.html?_=1579124799375&CODE_STATE=getMsg HTTP/1.1" 200 27
114.93.75.19 - - [16/Jan/2020:05:46:50 +0800] "GET /xingrg/check_reg.html?_=1579124806286 HTTP/1.1" 200 22
172.17.2.150 - - [16/Jan/2020:05:47:01 +0800] "GET /xingrg/all/function/internal_message.html?_=1579124794935&CODE_STATE=getMsg HTTP/1.1" 200 27
58.221.95.50 - - [16/Jan/2020:05:47:19 +0800] "GET /xingrg/all/function/internal_message.html?_=1579125147201&CODE_STATE=getMsg HTTP/1.1" 302 -
58.221.95.50 - - [16/Jan/2020:05:47:19 +0800] "GET /xingrg/check_reg.html?_=1579125008965 HTTP/1.1" 302 -
58.221.95.50 - - [16/Jan/2020:05:47:19 +0800] "GET /xingrg/login.html HTTP/1.1" 200 7639
114.88.159.93 - - [16/Jan/2020:05:47:22 +0800] "GET /xingrg/all/function/internal_message.html?_=1579124847792&CODE_STATE=getMsg HTTP/1.1" 200 27
180.162.232.172 - - [16/Jan/2020:05:47:24 +0800] "GET /xingrg/all/function/internal_message.html?_=1579124952885&CODE_STATE=getMsg HTTP/1.1" 200 27
124.77.241.94 - - [16/Jan/2020:05:47:27 +0800] "GET /xingrg/all/function/internal_message.html?_=1579124844120&CODE_STATE=getMsg HTTP/1.1" 200 27
120.253.135.82 - - [16/Jan/2020:05:47:29 +0800] "GET /xingrg/all/function/internal_message.html?_=1579124585891&CODE_STATE=getMsg HTTP/1.1" 200 27
124.77.241.94 - - [16/Jan/2020:05:47:42 +0800] "GET /xingrg/check_reg.html?_=1579124858777 HTTP/1.1" 200 22
114.93.75.19 - - [16/Jan/2020:05:47:43 +0800] "GET /xingrg/all/function/internal_message.html?_=1579124859357&CODE_STATE=getMsg HTTP/1.1" 200 27
120.253.135.82 - - [16/Jan/2020:05:47:56 +0800] "POST /xingrg/kc/pszx/mdps_list_operate.html HTTP/1.1" 200 2772
180.162.232.172 - - [16/Jan/2020:05:47:59 +0800] "GET /xingrg/check_reg.html?_=1579124988402 HTTP/1.1" 200 22
120.253.135.82 - - [16/Jan/2020:05:48:00 +0800] "GET /xingrg/kc/pszx/mdqp_order_list.html?state=10 HTTP/1.1" 200 16203
120.253.135.82 - - [16/Jan/2020:05:48:00 +0800] "GET /xingrg/dwr/interface/AjaxQqpsService.js HTTP/1.1" 200 16326
120.253.135.82 - - [16/Jan/2020:05:48:00 +0800] "GET /xingrg/dwr/interface/AjaxReportQueryService.js HTTP/1.1" 200 13203
120.253.135.82 - - [16/Jan/2020:05:48:00 +0800] "GET /xingrg/dwr/engine.js HTTP/1.1" 200 43631
172.17.2.150 - - [16/Jan/2020:05:48:01 +0800] "GET /xingrg/all/function/internal_message.html?_=1579124854923&CODE_STATE=getMsg HTTP/1.1" 200 27
120.253.135.82 - - [16/Jan/2020:05:48:08 +0800] "GET /xingrg/kc/pszx/mdps_order_list.html?orderType=0 HTTP/1.1" 200 20985
120.253.135.82 - - [16/Jan/2020:05:48:08 +0800] "POST /xingrg/kc/pszx/mdps_list_operate.html HTTP/1.1" 200 5470
120.253.135.82 - - [16/Jan/2020:05:48:10 +0800] "GET /xingrg/kc/pszx/mdqp_order_list.html?state=10 HTTP/1.1" 200 16203
120.253.135.82 - - [16/Jan/2020:05:48:10 +0800] "GET /xingrg/dwr/interface/AjaxQqpsService.js HTTP/1.1" 200 16326
120.253.135.82 - - [16/Jan/2020:05:48:10 +0800] "GET /xingrg/dwr/interface/AjaxReportQueryService.js HTTP/1.1" 200 13203
120.253.135.82 - - [16/Jan/2020:05:48:10 +0800] "GET /xingrg/dwr/engine.js HTTP/1.1" 200 43631
120.253.135.82 - - [16/Jan/2020:05:48:13 +0800] "GET /xingrg/kc/pszx/mdqp_order_list.html?state=10&page_num=2 HTTP/1.1" 200 13835
120.253.135.82 - - [16/Jan/2020:05:48:13 +0800] "GET /xingrg/dwr/interface/AjaxQqpsService.js HTTP/1.1" 200 16326
120.253.135.82 - - [16/Jan/2020:05:48:13 +0800] "GET /xingrg/dwr/interface/AjaxReportQueryService.js HTTP/1.1" 200 13203
120.253.135.82 - - [16/Jan/2020:05:48:13 +0800] "GET /xingrg/dwr/engine.js HTTP/1.1" 200 43631
58.221.95.50 - - [16/Jan/2020:05:48:19 +0800] "GET /xingrg/check_reg.html?_=1579125207223 HTTP/1.1" 302 -
58.221.95.50 - - [16/Jan/2020:05:48:19 +0800] "GET /xingrg/all/function/internal_message.html?_=1579125207224&CODE_STATE=getMsg HTTP/1.1" 302 -
58.221.95.50 - - [16/Jan/2020:05:48:19 +0800] "GET /xingrg/login.html HTTP/1.1" 200 7639
120.253.135.82 - - [16/Jan/2020:05:48:19 +0800] "GET /xingrg/kc/pszx/mdqp_order_list.html?state=10&page_num=1 HTTP/1.1" 200 16203
120.253.135.82 - - [16/Jan/2020:05:48:19 +0800] "GET /xingrg/dwr/interface/AjaxReportQueryService.js HTTP/1.1" 200 13203
120.253.135.82 - - [16/Jan/2020:05:48:19 +0800] "GET /xingrg/dwr/interface/AjaxQqpsService.js HTTP/1.1" 200 16326
120.253.135.82 - - [16/Jan/2020:05:48:19 +0800] "GET /xingrg/dwr/engine.js HTTP/1.1" 200 43631
58.221.95.50 - - [16/Jan/2020:05:48:19 +0800] "GET /xingrg/login.html HTTP/1.1" 200 7639
120.253.135.82 - - [16/Jan/2020:05:48:22 +0800] "GET /xingrg/kc/pszx/mdps_order_list.html?orderType=0 HTTP/1.1" 200 20985
120.253.135.82 - - [16/Jan/2020:05:48:22 +0800] "POST /xingrg/kc/pszx/mdps_list_operate.html HTTP/1.1" 200 5470
114.88.159.93 - - [16/Jan/2020:05:48:22 +0800] "GET /xingrg/all/function/internal_message.html?_=1579124907760&CODE_STATE=getMsg HTTP/1.1" 200 27
180.162.232.172 - - [16/Jan/2020:05:48:24 +0800] "GET /xingrg/all/function/internal_message.html?_=1579125012887&CODE_STATE=getMsg HTTP/1.1" 200 27
120.253.135.82 - - [16/Jan/2020:05:48:26 +0800] "POST /xingrg/kc/pszx/mdps_list_operate.html HTTP/1.1" 200 2772
124.77.241.94 - - [16/Jan/2020:05:48:27 +0800] "GET /xingrg/all/function/internal_message.html?_=1579124904121&CODE_STATE=getMsg HTTP/1.1" 200 27
120.253.135.82 - - [16/Jan/2020:05:48:29 +0800] "POST /xingrg/kc/pszx/mdps_list_operate.html HTTP/1.1" 200 620
120.253.135.82 - - [16/Jan/2020:05:48:29 +0800] "GET /xingrg/all/function/internal_message.html?_=1579124645946&CODE_STATE=getMsg HTTP/1.1" 200 27
120.253.135.82 - - [16/Jan/2020:05:48:33 +0800] "POST /xingrg/kc/pszx/mdps_list_operate.html HTTP/1.1" 200 614
120.253.135.82 - - [16/Jan/2020:05:48:34 +0800] "GET /xingrg/kc/pszx/mdps_order_info.html?code=312020011600454 HTTP/1.1" 200 23829
120.253.135.82 - - [16/Jan/2020:05:48:34 +0800] "POST /xingrg/kc/pszx/mdps_order_operate.html HTTP/1.1" 200 12414
120.253.135.82 - - [16/Jan/2020:05:48:35 +0800] "GET /xingrg/javascript/easyui/themes/default/validatebox.css HTTP/1.1" 404 1104
114.93.75.19 - - [16/Jan/2020:05:48:43 +0800] "GET /xingrg/all/function/internal_message.html?_=1579124919326&CODE_STATE=getMsg HTTP/1.1" 200 27
120.253.135.82 - - [16/Jan/2020:05:48:53 +0800] "POST /xingrg/kc/pszx/mdps_order_operate.html HTTP/1.1" 200 37
120.253.135.82 - - [16/Jan/2020:05:48:54 +0800] "GET /xingrg/kc/pszx/mdps_order_info.html?code=312020011600454 HTTP/1.1" 200 23829
120.253.135.82 - - [16/Jan/2020:05:48:54 +0800] "POST /xingrg/kc/pszx/mdps_order_operate.html HTTP/1.1" 200 12414
120.253.135.82 - - [16/Jan/2020:05:48:54 +0800] "GET /xingrg/javascript/easyui/themes/default/validatebox.css HTTP/1.1" 404 1104
172.17.2.150 - - [16/Jan/2020:05:49:01 +0800] "GET /xingrg/all/function/internal_message.html?_=1579124914938&CODE_STATE=getMsg HTTP/1.1" 200 27
58.221.95.50 - - [16/Jan/2020:05:49:19 +0800] "GET /xingrg/all/function/internal_message.html?_=1579125267215&CODE_STATE=getMsg HTTP/1.1" 302 -
58.221.95.50 - - [16/Jan/2020:05:49:19 +0800] "GET /xingrg/login.html HTTP/1.1" 200 7639
114.88.159.93 - - [16/Jan/2020:05:49:20 +0800] "GET /xingrg/check_reg.html?_=1579124965684 HTTP/1.1" 200 22
114.88.159.93 - - [16/Jan/2020:05:49:22 +0800] "GET /xingrg/all/function/internal_message.html?_=1579124967732&CODE_STATE=getMsg HTTP/1.1" 200 27
180.162.232.172 - - [16/Jan/2020:05:49:24 +0800] "GET /xingrg/all/function/internal_message.html?_=1579125072901&CODE_STATE=getMsg HTTP/1.1" 200 27
124.77.241.94 - - [16/Jan/2020:05:49:27 +0800] "GET /xingrg/all/function/internal_message.html?_=1579124964137&CODE_STATE=getMsg HTTP/1.1" 200 27
120.253.135.82 - - [16/Jan/2020:05:49:29 +0800] "GET /xingrg/all/function/internal_message.html?_=1579124705958&CODE_STATE=getMsg HTTP/1.1" 200 27
114.93.75.19 - - [16/Jan/2020:05:49:43 +0800] "GET /xingrg/all/function/internal_message.html?_=1579124979333&CODE_STATE=getMsg HTTP/1.1" 200 27
172.17.2.150 - - [16/Jan/2020:05:50:01 +0800] "GET /xingrg/all/function/internal_message.html?_=1579124974922&CODE_STATE=getMsg HTTP/1.1" 200 27
180.157.252.250 - - [16/Jan/2020:05:50:14 +0800] "GET /xingrg/check_reg.html?_=1579125001922 HTTP/1.1" 302 -
58.221.95.50 - - [16/Jan/2020:05:50:19 +0800] "GET /xingrg/all/function/internal_message.html?_=1579125327211&CODE_STATE=getMsg HTTP/1.1" 302 -
58.221.95.50 - - [16/Jan/2020:05:50:19 +0800] "GET /xingrg/login.html HTTP/1.1" 200 7639
114.88.159.93 - - [16/Jan/2020:05:50:22 +0800] "GET /xingrg/all/function/internal_message.html?_=1579125027704&CODE_STATE=getMsg HTTP/1.1" 200 27
180.162.232.172 - - [16/Jan/2020:05:50:24 +0800] "GET /xingrg/all/function/internal_message.html?_=1579125132984&CODE_STATE=getMsg HTTP/1.1" 200 27
124.77.241.94 - - [16/Jan/2020:05:50:27 +0800] "GET /xingrg/all/function/internal_message.html?_=1579125024293&CODE_STATE=getMsg HTTP/1.1" 200 27
120.253.135.82 - - [16/Jan/2020:05:50:29 +0800] "GET /xingrg/check_reg.html?_=1579124765769 HTTP/1.1" 200 22
120.253.135.82 - - [16/Jan/2020:05:50:29 +0800] "GET /xingrg/all/function/internal_message.html?_=1579124766007&CODE_STATE=getMsg HTTP/1.1" 200 27
120.253.135.82 - - [16/Jan/2020:05:50:30 +0800] "POST /xingrg/kc/pszx/mdps_order_operate.html HTTP/1.1" 200 37
120.253.135.82 - - [16/Jan/2020:05:50:31 +0800] "GET /xingrg/kc/pszx/mdps_order_info.html?code=312020011600454 HTTP/1.1" 200 23829
120.253.135.82 - - [16/Jan/2020:05:50:31 +0800] "POST /xingrg/kc/pszx/mdps_order_operate.html HTTP/1.1" 200 12414
120.253.135.82 - - [16/Jan/2020:05:50:31 +0800] "GET /xingrg/javascript/easyui/themes/default/validatebox.css HTTP/1.1" 404 1104
120.253.135.82 - - [16/Jan/2020:05:50:36 +0800] "GET /xingrg/kc/pszx/mdps_order_add.html HTTP/1.1" 200 28919
120.253.135.82 - - [16/Jan/2020:05:50:36 +0800] "POST /xingrg/kc/pszx/mdps_order_operate.html HTTP/1.1" 200 7126
120.253.135.82 - - [16/Jan/2020:05:50:36 +0800] "GET /xingrg/javascript/easyui/themes/default/validatebox.css HTTP/1.1" 404 1104
120.253.135.82 - - [16/Jan/2020:05:50:41 +0800] "GET /xingrg/css/images/panel_loading.gif HTTP/1.1" 304 -
120.253.135.82 - - [16/Jan/2020:05:50:41 +0800] "POST /xingrg/all/common/load_combo.html?type=base HTTP/1.1" 200 899
114.93.75.19 - - [16/Jan/2020:05:50:43 +0800] "GET /xingrg/all/function/internal_message.html?_=1579125039303&CODE_STATE=getMsg HTTP/1.1" 200 27
180.157.252.250 - - [16/Jan/2020:05:50:45 +0800] "GET /xingrg/check_reg.html?_=1579125033002 HTTP/1.1" 302 -
120.253.135.82 - - [16/Jan/2020:05:50:49 +0800] "GET /xingrg/kc/pszx/mdps_order_operate.html?command=get_materiel&pszx_code=00101&rest_code=00102&base_code=0010252&code=00101014040 HTTP/1.1" 200 421
120.253.135.82 - - [16/Jan/2020:05:50:57 +0800] "POST /xingrg/kc/pszx/mdps_order_operate.html HTTP/1.1" 200 37
120.253.135.82 - - [16/Jan/2020:05:50:57 +0800] "GET /xingrg/kc/pszx/mdps_order_info.html?code=312020011600458 HTTP/1.1" 200 23829
120.253.135.82 - - [16/Jan/2020:05:50:58 +0800] "POST /xingrg/kc/pszx/mdps_order_operate.html HTTP/1.1" 200 2277
120.253.135.82 - - [16/Jan/2020:05:50:58 +0800] "GET /xingrg/javascript/easyui/themes/default/validatebox.css HTTP/1.1" 404 1104
120.253.135.82 - - [16/Jan/2020:05:51:00 +0800] "POST /xingrg/kc/pszx/mdps_list_operate.html HTTP/1.1" 200 3134
172.17.2.150 - - [16/Jan/2020:05:51:01 +0800] "GET /xingrg/all/function/internal_message.html?_=1579125034938&CODE_STATE=getMsg HTTP/1.1" 200 27
172.17.2.150 - - [16/Jan/2020:05:51:01 +0800] "GET /xingrg/check_reg.html?_=1579125034938 HTTP/1.1" 200 22
58.221.95.50 - - [16/Jan/2020:05:51:19 +0800] "GET /xingrg/all/function/internal_message.html?_=1579125387206&CODE_STATE=getMsg HTTP/1.1" 302 -
58.221.95.50 - - [16/Jan/2020:05:51:19 +0800] "GET /xingrg/login.html HTTP/1.1" 200 7639
114.88.159.93 - - [16/Jan/2020:05:51:22 +0800] "GET /xingrg/all/function/internal_message.html?_=1579125087683&CODE_STATE=getMsg HTTP/1.1" 200 27
101.227.139.194 - - [16/Jan/2020:05:51:23 +0800] "GET /xingrg/all/function/internal_message.html?_=1579125027704&CODE_STATE=getMsg HTTP/1.1" 302 -
101.227.139.194 - - [16/Jan/2020:05:51:23 +0800] "GET /xingrg/login.html HTTP/1.1" 200 7639
180.162.232.172 - - [16/Jan/2020:05:51:24 +0800] "GET /xingrg/all/function/internal_message.html?_=1579125192990&CODE_STATE=getMsg HTTP/1.1" 200 27
124.77.241.94 - - [16/Jan/2020:05:51:27 +0800] "GET /xingrg/all/function/internal_message.html?_=1579125084303&CODE_STATE=getMsg HTTP/1.1" 200 27
120.253.135.82 - - [16/Jan/2020:05:51:29 +0800] "GET /xingrg/all/function/internal_message.html?_=1579124826057&CODE_STATE=getMsg HTTP/1.1" 200 27
120.253.135.82 - - [16/Jan/2020:05:51:36 +0800] "POST /xingrg/kc/pszx/mdps_list_operate.html HTTP/1.1" 200 614
120.253.135.82 - - [16/Jan/2020:05:51:37 +0800] "GET /xingrg/kc/pszx/mdps_order_info.html?code=312020011600454 HTTP/1.1" 200 23829
120.253.135.82 - - [16/Jan/2020:05:51:37 +0800] "POST /xingrg/kc/pszx/mdps_order_operate.html HTTP/1.1" 200 12414
120.253.135.82 - - [16/Jan/2020:05:51:37 +0800] "GET /xingrg/javascript/easyui/themes/default/validatebox.css HTTP/1.1" 404 1104
114.93.75.19 - - [16/Jan/2020:05:51:43 +0800] "GET /xingrg/all/function/internal_message.html?_=1579125099270&CODE_STATE=getMsg HTTP/1.1" 200 27
114.93.75.19 - - [16/Jan/2020:05:51:50 +0800] "GET /xingrg/check_reg.html?_=1579125106307 HTTP/1.1" 200 22
120.253.135.82 - - [16/Jan/2020:05:51:51 +0800] "POST /xingrg/kc/pszx/mdps_order_operate.html HTTP/1.1" 200 37
120.253.135.82 - - [16/Jan/2020:05:51:51 +0800] "GET /xingrg/kc/pszx/mdps_order_info.html?code=312020011600454 HTTP/1.1" 200 23829
120.253.135.82 - - [16/Jan/2020:05:51:52 +0800] "POST /xingrg/kc/pszx/mdps_order_operate.html HTTP/1.1" 200 11922
120.253.135.82 - - [16/Jan/2020:05:51:52 +0800] "GET /xingrg/javascript/easyui/themes/default/validatebox.css HTTP/1.1" 404 1104
172.17.2.150 - - [16/Jan/2020:05:52:01 +0800] "GET /xingrg/all/function/internal_message.html?_=1579125094940&CODE_STATE=getMsg HTTP/1.1" 200 27
58.221.95.50 - - [16/Jan/2020:05:52:19 +0800] "GET /xingrg/all/function/internal_message.html?_=1579125447231&CODE_STATE=getMsg HTTP/1.1" 302 -
58.221.95.50 - - [16/Jan/2020:05:52:19 +0800] "GET /xingrg/check_reg.html?_=1579125308944 HTTP/1.1" 302 -
58.221.95.50 - - [16/Jan/2020:05:52:19 +0800] "GET /xingrg/login.html HTTP/1.1" 200 7639
114.88.159.93 - - [16/Jan/2020:05:52:22 +0800] "GET /xingrg/all/function/internal_message.html?_=1579125147652&CODE_STATE=getMsg HTTP/1.1" 200 27
180.162.232.172 - - [16/Jan/2020:05:52:24 +0800] "GET /xingrg/all/function/internal_message.html?_=1579125253079&CODE_STATE=getMsg HTTP/1.1" 200 27
124.77.241.94 - - [16/Jan/2020:05:52:27 +0800] "GET /xingrg/all/function/internal_message.html?_=1579125144460&CODE_STATE=getMsg HTTP/1.1" 200 27
120.253.135.82 - - [16/Jan/2020:05:52:29 +0800] "GET /xingrg/all/function/internal_message.html?_=1579124886075&CODE_STATE=getMsg HTTP/1.1" 200 27
124.77.241.94 - - [16/Jan/2020:05:52:42 +0800] "GET /xingrg/check_reg.html?_=1579125158779 HTTP/1.1" 200 22
114.93.75.19 - - [16/Jan/2020:05:52:43 +0800] "GET /xingrg/all/function/internal_message.html?_=1579125159247&CODE_STATE=getMsg HTTP/1.1" 200 27
180.162.232.172 - - [16/Jan/2020:05:52:59 +0800] "GET /xingrg/check_reg.html?_=1579125288405 HTTP/1.1" 200 22
172.17.2.150 - - [16/Jan/2020:05:53:01 +0800] "GET /xingrg/all/function/internal_message.html?_=1579125154953&CODE_STATE=getMsg HTTP/1.1" 200 27
58.221.95.50 - - [16/Jan/2020:05:53:19 +0800] "GET /xingrg/check_reg.html?_=1579125507207 HTTP/1.1" 302 -
58.221.95.50 - - [16/Jan/2020:05:53:19 +0800] "GET /xingrg/all/function/internal_message.html?_=1579125507208&CODE_STATE=getMsg HTTP/1.1" 302 -
58.221.95.50 - - [16/Jan/2020:05:53:19 +0800] "GET /xingrg/login.html HTTP/1.1" 200 7639
58.221.95.50 - - [16/Jan/2020:05:53:20 +0800] "GET /xingrg/login.html HTTP/1.1" 200 7639
114.88.159.93 - - [16/Jan/2020:05:53:22 +0800] "GET /xingrg/all/function/internal_message.html?_=1579125207623&CODE_STATE=getMsg HTTP/1.1" 200 27
180.162.232.172 - - [16/Jan/2020:05:53:24 +0800] "GET /xingrg/all/function/internal_message.html?_=1579125313080&CODE_STATE=getMsg HTTP/1.1" 200 27
124.77.241.94 - - [16/Jan/2020:05:53:27 +0800] "GET /xingrg/all/function/internal_message.html?_=1579125204470&CODE_STATE=getMsg HTTP/1.1" 200 27
120.253.135.82 - - [16/Jan/2020:05:53:29 +0800] "GET /xingrg/all/function/internal_message.html?_=1579124946092&CODE_STATE=getMsg HTTP/1.1" 200 27
120.253.135.82 - - [16/Jan/2020:05:53:33 +0800] "POST /xingrg/kc/pszx/mdps_order_operate.html HTTP/1.1" 200 37
120.253.135.82 - - [16/Jan/2020:05:53:35 +0800] "GET /xingrg/kc/pszx/mdps_order_info.html?code=312020011600454 HTTP/1.1" 200 23829
120.253.135.82 - - [16/Jan/2020:05:53:35 +0800] "POST /xingrg/kc/pszx/mdps_order_operate.html HTTP/1.1" 200 11922
120.253.135.82 - - [16/Jan/2020:05:53:35 +0800] "GET /xingrg/javascript/easyui/themes/default/validatebox.css HTTP/1.1" 404 1104
120.253.135.82 - - [16/Jan/2020:05:53:37 +0800] "POST /xingrg/kc/pszx/mdps_list_operate.html HTTP/1.1" 200 3134
120.253.135.82 - - [16/Jan/2020:05:53:40 +0800] "GET /xingrg/kc/pszx/mdps_order_add.html HTTP/1.1" 200 28919
120.253.135.82 - - [16/Jan/2020:05:53:41 +0800] "POST /xingrg/kc/pszx/mdps_order_operate.html HTTP/1.1" 200 7126
120.253.135.82 - - [16/Jan/2020:05:53:41 +0800] "GET /xingrg/javascript/easyui/themes/default/validatebox.css HTTP/1.1" 404 1104
114.93.75.19 - - [16/Jan/2020:05:53:43 +0800] "GET /xingrg/all/function/internal_message.html?_=1579125219216&CODE_STATE=getMsg HTTP/1.1" 200 27
120.253.135.82 - - [16/Jan/2020:05:53:45 +0800] "POST /xingrg/all/common/load_combo.html?type=base HTTP/1.1" 200 899
120.253.135.82 - - [16/Jan/2020:05:53:52 +0800] "GET /xingrg/kc/pszx/mdps_order_operate.html?command=get_materiel&pszx_code=00101&rest_code=00102&base_code=0010246&code=00101016090 HTTP/1.1" 200 415
172.17.2.150 - - [16/Jan/2020:05:54:01 +0800] "GET /xingrg/all/function/internal_message.html?_=1579125214952&CODE_STATE=getMsg HTTP/1.1" 200 27
120.253.135.82 - - [16/Jan/2020:05:54:04 +0800] "GET /xingrg/kc/pszx/mdps_order_operate.html?command=get_materiel&pszx_code=00101&rest_code=00102&base_code=0010246&code=00101010256 HTTP/1.1" 200 428
58.221.95.50 - - [16/Jan/2020:05:54:19 +0800] "GET /xingrg/all/function/internal_message.html?_=1579125567229&CODE_STATE=getMsg HTTP/1.1" 302 -
58.221.95.50 - - [16/Jan/2020:05:54:19 +0800] "GET /xingrg/login.html HTTP/1.1" 200 7639
114.88.159.93 - - [16/Jan/2020:05:54:20 +0800] "GET /xingrg/check_reg.html?_=1579125265687 HTTP/1.1" 200 22
114.88.159.93 - - [16/Jan/2020:05:54:22 +0800] "GET /xingrg/all/function/internal_message.html?_=1579125267599&CODE_STATE=getMsg HTTP/1.1" 200 27
120.253.135.82 - - [16/Jan/2020:05:54:22 +0800] "GET /xingrg/kc/pszx/mdps_order_operate.html?command=get_materiel&pszx_code=00101&rest_code=00102&base_code=0010246&code=00101019269 HTTP/1.1" 200 479
180.162.232.172 - - [16/Jan/2020:05:54:24 +0800] "GET /xingrg/all/function/internal_message.html?_=1579125373093&CODE_STATE=getMsg HTTP/1.1" 200 27
124.77.241.94 - - [16/Jan/2020:05:54:27 +0800] "GET /xingrg/all/function/internal_message.html?_=1579125264485&CODE_STATE=getMsg HTTP/1.1" 200 27
120.253.135.82 - - [16/Jan/2020:05:54:29 +0800] "GET /xingrg/all/function/internal_message.html?_=1579125006098&CODE_STATE=getMsg HTTP/1.1" 200 27
120.253.135.82 - - [16/Jan/2020:05:54:40 +0800] "GET /xingrg/kc/pszx/mdps_order_operate.html?command=get_materiel&pszx_code=00101&rest_code=00102&base_code=0010246&code=00101019201 HTTP/1.1" 200 454
120.253.135.82 - - [16/Jan/2020:05:54:42 +0800] "POST /xingrg/all/common/load_select.html HTTP/1.1" 200 25
114.93.75.19 - - [16/Jan/2020:05:54:43 +0800] "GET /xingrg/all/function/internal_message.html?_=1579125279188&CODE_STATE=getMsg HTTP/1.1" 200 27
120.253.135.82 - - [16/Jan/2020:05:54:44 +0800] "GET /xingrg/kc/pszx/mdps_order_operate.html?command=get_materiel_price&pszx_code=00101&rest_code=00102&base_code=0010246&code=00101019201&unit_code=00100157&order_time=2020-01-16 HTTP/1.1" 200 34
120.253.135.82 - - [16/Jan/2020:05:54:58 +0800] "GET /xingrg/kc/pszx/mdps_order_operate.html?command=get_materiel&pszx_code=00101&rest_code=00102&base_code=0010246&code=00101019061 HTTP/1.1" 200 451
172.17.2.150 - - [16/Jan/2020:05:55:01 +0800] "GET /xingrg/all/function/internal_message.html?_=1579125274936&CODE_STATE=getMsg HTTP/1.1" 200 27
120.253.135.82 - - [16/Jan/2020:05:55:04 +0800] "POST /xingrg/kc/pszx/mdps_order_operate.html HTTP/1.1" 200 37
120.253.135.82 - - [16/Jan/2020:05:55:05 +0800] "GET /xingrg/kc/pszx/mdps_order_info.html?code=312020011600459 HTTP/1.1" 200 23829
120.253.135.82 - - [16/Jan/2020:05:55:05 +0800] "POST /xingrg/kc/pszx/mdps_order_operate.html HTTP/1.1" 200 4297
120.253.135.82 - - [16/Jan/2020:05:55:05 +0800] "GET /xingrg/javascript/easyui/themes/default/validatebox.css HTTP/1.1" 404 1104
120.253.135.82 - - [16/Jan/2020:05:55:09 +0800] "POST /xingrg/kc/pszx/mdps_order_operate.html HTTP/1.1" 200 37
120.253.135.82 - - [16/Jan/2020:05:55:10 +0800] "GET /xingrg/kc/pszx/mdps_order_info.html?code=312020011600459 HTTP/1.1" 200 23829
120.253.135.82 - - [16/Jan/2020:05:55:11 +0800] "POST /xingrg/kc/pszx/mdps_order_operate.html HTTP/1.1" 200 4297
120.253.135.82 - - [16/Jan/2020:05:55:11 +0800] "GET /xingrg/javascript/easyui/themes/default/validatebox.css HTTP/1.1" 404 1104
120.253.135.82 - - [16/Jan/2020:05:55:13 +0800] "POST /xingrg/kc/pszx/mdps_list_operate.html HTTP/1.1" 200 3497
180.157.252.250 - - [16/Jan/2020:05:55:14 +0800] "GET /xingrg/check_reg.html?_=1579125301924 HTTP/1.1" 302 -
120.253.135.82 - - [16/Jan/2020:05:55:17 +0800] "POST /xingrg/kc/pszx/mdps_list_operate.html HTTP/1.1" 200 614
58.221.95.50 - - [16/Jan/2020:05:55:19 +0800] "GET /xingrg/all/function/internal_message.html?_=1579125627242&CODE_STATE=getMsg HTTP/1.1" 302 -
58.221.95.50 - - [16/Jan/2020:05:55:19 +0800] "GET /xingrg/login.html HTTP/1.1" 200 7639
120.253.135.82 - - [16/Jan/2020:05:55:20 +0800] "GET /xingrg/kc/pszx/mdps_order_info.html?code=312020011600454 HTTP/1.1" 200 23829
120.253.135.82 - - [16/Jan/2020:05:55:20 +0800] "POST /xingrg/kc/pszx/mdps_order_operate.html HTTP/1.1" 200 11922
120.253.135.82 - - [16/Jan/2020:05:55:20 +0800] "GET /xingrg/javascript/easyui/themes/default/validatebox.css HTTP/1.1" 404 1104
114.88.159.93 - - [16/Jan/2020:05:55:22 +0800] "GET /xingrg/all/function/internal_message.html?_=1579125327580&CODE_STATE=getMsg HTTP/1.1" 200 27
180.162.232.172 - - [16/Jan/2020:05:55:24 +0800] "GET /xingrg/all/function/internal_message.html?_=1579125433180&CODE_STATE=getMsg HTTP/1.1" 200 27
124.77.241.94 - - [16/Jan/2020:05:55:27 +0800] "GET /xingrg/all/function/internal_message.html?_=1579125324638&CODE_STATE=getMsg HTTP/1.1" 200 27
120.253.135.82 - - [16/Jan/2020:05:55:29 +0800] "GET /xingrg/check_reg.html?_=1579125065766 HTTP/1.1" 200 22
120.253.135.82 - - [16/Jan/2020:05:55:29 +0800] "GET /xingrg/all/function/internal_message.html?_=1579125066113&CODE_STATE=getMsg HTTP/1.1" 200 27
114.93.75.19 - - [16/Jan/2020:05:55:42 +0800] "GET /xingrg/all/function/internal_message.html?_=1579125339191&CODE_STATE=getMsg HTTP/1.1" 200 27
180.157.252.250 - - [16/Jan/2020:05:55:45 +0800] "GET /xingrg/check_reg.html?_=1579125332976 HTTP/1.1" 302 -
172.17.2.150 - - [16/Jan/2020:05:56:01 +0800] "GET /xingrg/all/function/internal_message.html?_=1579125334950&CODE_STATE=getMsg HTTP/1.1" 200 27
172.17.2.150 - - [16/Jan/2020:05:56:01 +0800] "GET /xingrg/check_reg.html?_=1579125334951 HTTP/1.1" 200 22
58.221.95.50 - - [16/Jan/2020:05:56:19 +0800] "GET /xingrg/all/function/internal_message.html?_=1579125687234&CODE_STATE=getMsg HTTP/1.1" 302 -
58.221.95.50 - - [16/Jan/2020:05:56:19 +0800] "GET /xingrg/login.html HTTP/1.1" 200 7639
114.88.159.93 - - [16/Jan/2020:05:56:22 +0800] "GET /xingrg/all/function/internal_message.html?_=1579125387549&CODE_STATE=getMsg HTTP/1.1" 200 27
180.162.232.172 - - [16/Jan/2020:05:56:24 +0800] "GET /xingrg/all/function/internal_message.html?_=1579125493183&CODE_STATE=getMsg HTTP/1.1" 200 27
120.253.135.82 - - [16/Jan/2020:05:56:26 +0800] "POST /xingrg/kc/pszx/mdps_order_operate.html HTTP/1.1" 200 37
120.253.135.82 - - [16/Jan/2020:05:56:27 +0800] "GET /xingrg/kc/pszx/mdps_order_info.html?code=312020011600454 HTTP/1.1" 200 23829
120.253.135.82 - - [16/Jan/2020:05:56:27 +0800] "POST /xingrg/kc/pszx/mdps_order_operate.html HTTP/1.1" 200 8377
124.77.241.94 - - [16/Jan/2020:05:56:27 +0800] "GET /xingrg/all/function/internal_message.html?_=1579125384652&CODE_STATE=getMsg HTTP/1.1" 200 27
120.253.135.82 - - [16/Jan/2020:05:56:27 +0800] "GET /xingrg/javascript/easyui/themes/default/validatebox.css HTTP/1.1" 404 1104
120.253.135.82 - - [16/Jan/2020:05:56:29 +0800] "GET /xingrg/all/function/internal_message.html?_=1579125126132&CODE_STATE=getMsg HTTP/1.1" 200 27
114.93.75.19 - - [16/Jan/2020:05:56:42 +0800] "GET /xingrg/all/function/internal_message.html?_=1579125399172&CODE_STATE=getMsg HTTP/1.1" 200 27
114.93.75.19 - - [16/Jan/2020:05:56:50 +0800] "GET /xingrg/check_reg.html?_=1579125406334 HTTP/1.1" 200 22
120.253.135.82 - - [16/Jan/2020:05:56:57 +0800] "POST /xingrg/kc/pszx/mdps_order_operate.html HTTP/1.1" 200 37
120.253.135.82 - - [16/Jan/2020:05:56:57 +0800] "GET /xingrg/kc/pszx/mdps_order_info.html?code=312020011600454 HTTP/1.1" 200 23829
120.253.135.82 - - [16/Jan/2020:05:56:58 +0800] "POST /xingrg/kc/pszx/mdps_order_operate.html HTTP/1.1" 200 7836
120.253.135.82 - - [16/Jan/2020:05:56:58 +0800] "GET /xingrg/javascript/easyui/themes/default/validatebox.css HTTP/1.1" 404 1104
120.253.135.82 - - [16/Jan/2020:05:57:00 +0800] "POST /xingrg/kc/pszx/mdps_list_operate.html HTTP/1.1" 200 3497
172.17.2.150 - - [16/Jan/2020:05:57:01 +0800] "GET /xingrg/all/function/internal_message.html?_=1579125394938&CODE_STATE=getMsg HTTP/1.1" 200 27
120.253.135.82 - - [16/Jan/2020:05:57:01 +0800] "POST /xingrg/kc/pszx/mdps_list_operate.html HTTP/1.1" 200 540
120.253.135.82 - - [16/Jan/2020:05:57:02 +0800] "GET /xingrg/kc/pszx/mdps_order_info.html?code=312020011600459 HTTP/1.1" 200 23829
120.253.135.82 - - [16/Jan/2020:05:57:02 +0800] "POST /xingrg/kc/pszx/mdps_order_operate.html HTTP/1.1" 200 4297
120.253.135.82 - - [16/Jan/2020:05:57:02 +0800] "GET /xingrg/javascript/easyui/themes/default/validatebox.css HTTP/1.1" 404 1104
120.253.135.82 - - [16/Jan/2020:05:57:12 +0800] "GET /xingrg/kc/pszx/mdps_order_operate.html?command=get_materiel&pszx_code=00101&rest_code=00102&base_code=0010246&code=00101019517 HTTP/1.1" 200 458
58.221.95.50 - - [16/Jan/2020:05:57:19 +0800] "GET /xingrg/check_reg.html?_=1579125608951 HTTP/1.1" 302 -
58.221.95.50 - - [16/Jan/2020:05:57:19 +0800] "GET /xingrg/all/function/internal_message.html?_=1579125747247&CODE_STATE=getMsg HTTP/1.1" 302 -
58.221.95.50 - - [16/Jan/2020:05:57:19 +0800] "GET /xingrg/login.html HTTP/1.1" 200 7639
120.253.135.82 - - [16/Jan/2020:05:57:19 +0800] "POST /xingrg/kc/pszx/mdps_order_operate.html HTTP/1.1" 200 37
120.253.135.82 - - [16/Jan/2020:05:57:20 +0800] "GET /xingrg/kc/pszx/mdps_order_info.html?code=312020011600459 HTTP/1.1" 200 23829
120.253.135.82 - - [16/Jan/2020:05:57:21 +0800] "POST /xingrg/kc/pszx/mdps_order_operate.html HTTP/1.1" 200 4815
120.253.135.82 - - [16/Jan/2020:05:57:21 +0800] "GET /xingrg/javascript/easyui/themes/default/validatebox.css HTTP/1.1" 404 1104
114.88.159.93 - - [16/Jan/2020:05:57:22 +0800] "GET /xingrg/all/function/internal_message.html?_=1579125447525&CODE_STATE=getMsg HTTP/1.1" 200 27
180.162.232.172 - - [16/Jan/2020:05:57:24 +0800] "GET /xingrg/all/function/internal_message.html?_=1579125553280&CODE_STATE=getMsg HTTP/1.1" 200 27
124.77.241.94 - - [16/Jan/2020:05:57:28 +0800] "GET /xingrg/all/function/internal_message.html?_=1579125444793&CODE_STATE=getMsg HTTP/1.1" 200 27
120.253.135.82 - - [16/Jan/2020:05:57:29 +0800] "GET /xingrg/all/function/internal_message.html?_=1579125186151&CODE_STATE=getMsg HTTP/1.1" 200 27
120.253.135.82 - - [16/Jan/2020:05:57:32 +0800] "POST /xingrg/kc/pszx/mdps_order_operate.html HTTP/1.1" 200 37
120.253.135.82 - - [16/Jan/2020:05:57:33 +0800] "GET /xingrg/kc/pszx/mdps_order_info.html?code=312020011600459 HTTP/1.1" 200 23829
120.253.135.82 - - [16/Jan/2020:05:57:33 +0800] "GET /xingrg/javascript/easyui/themes/default/validatebox.css HTTP/1.1" 404 1104
120.253.135.82 - - [16/Jan/2020:05:57:33 +0800] "POST /xingrg/kc/pszx/mdps_order_operate.html HTTP/1.1" 200 4815
120.253.135.82 - - [16/Jan/2020:05:57:34 +0800] "POST /xingrg/kc/pszx/mdps_list_operate.html HTTP/1.1" 200 3497
120.253.135.82 - - [16/Jan/2020:05:57:37 +0800] "POST /xingrg/kc/pszx/mdps_list_operate.html HTTP/1.1" 200 619
120.253.135.82 - - [16/Jan/2020:05:57:39 +0800] "GET /xingrg/kc/pszx/mdps_order_info.html?code=312020011600454 HTTP/1.1" 200 23829
120.253.135.82 - - [16/Jan/2020:05:57:40 +0800] "POST /xingrg/kc/pszx/mdps_order_operate.html HTTP/1.1" 200 7836
120.253.135.82 - - [16/Jan/2020:05:57:40 +0800] "GET /xingrg/javascript/easyui/themes/default/validatebox.css HTTP/1.1" 404 1104
124.77.241.94 - - [16/Jan/2020:05:57:42 +0800] "GET /xingrg/check_reg.html?_=1579125458789 HTTP/1.1" 200 22
114.93.75.19 - - [16/Jan/2020:05:57:42 +0800] "GET /xingrg/all/function/internal_message.html?_=1579125459140&CODE_STATE=getMsg HTTP/1.1" 200 27
180.162.232.172 - - [16/Jan/2020:05:57:59 +0800] "GET /xingrg/check_reg.html?_=1579125588407 HTTP/1.1" 200 22
172.17.2.150 - - [16/Jan/2020:05:58:01 +0800] "GET /xingrg/all/function/internal_message.html?_=1579125454941&CODE_STATE=getMsg HTTP/1.1" 200 27
58.221.95.50 - - [16/Jan/2020:05:58:19 +0800] "GET /xingrg/check_reg.html?_=1579125807219 HTTP/1.1" 302 -
58.221.95.50 - - [16/Jan/2020:05:58:19 +0800] "GET /xingrg/all/function/internal_message.html?_=1579125807219&CODE_STATE=getMsg HTTP/1.1" 302 -
58.221.95.50 - - [16/Jan/2020:05:58:19 +0800] "GET /xingrg/login.html HTTP/1.1" 200 7639
58.221.95.50 - - [16/Jan/2020:05:58:20 +0800] "GET /xingrg/login.html HTTP/1.1" 200 7639
114.88.159.93 - - [16/Jan/2020:05:58:22 +0800] "GET /xingrg/all/function/internal_message.html?_=1579125507496&CODE_STATE=getMsg HTTP/1.1" 200 27
180.162.232.172 - - [16/Jan/2020:05:58:24 +0800] "GET /xingrg/all/function/internal_message.html?_=1579125613288&CODE_STATE=getMsg HTTP/1.1" 200 27
120.253.135.82 - - [16/Jan/2020:05:58:27 +0800] "POST /xingrg/kc/pszx/mdps_order_operate.html HTTP/1.1" 200 37
120.253.135.82 - - [16/Jan/2020:05:58:27 +0800] "GET /xingrg/kc/pszx/mdps_order_info.html?code=312020011600454 HTTP/1.1" 200 23829
124.77.241.94 - - [16/Jan/2020:05:58:28 +0800] "GET /xingrg/all/function/internal_message.html?_=1579125504803&CODE_STATE=getMsg HTTP/1.1" 200 27
120.253.135.82 - - [16/Jan/2020:05:58:28 +0800] "POST /xingrg/kc/pszx/mdps_order_operate.html HTTP/1.1" 200 7836
120.253.135.82 - - [16/Jan/2020:05:58:28 +0800] "GET /xingrg/javascript/easyui/themes/default/validatebox.css HTTP/1.1" 404 1104
120.253.135.82 - - [16/Jan/2020:05:58:29 +0800] "GET /xingrg/all/function/internal_message.html?_=1579125246152&CODE_STATE=getMsg HTTP/1.1" 200 27
120.253.135.82 - - [16/Jan/2020:05:58:41 +0800] "POST /xingrg/kc/pszx/mdps_order_operate.html HTTP/1.1" 200 37
120.253.135.82 - - [16/Jan/2020:05:58:42 +0800] "GET /xingrg/kc/pszx/mdps_order_info.html?code=312020011600454 HTTP/1.1" 200 23829
114.93.75.19 - - [16/Jan/2020:05:58:42 +0800] "GET /xingrg/all/function/internal_message.html?_=1579125519116&CODE_STATE=getMsg HTTP/1.1" 200 27
120.253.135.82 - - [16/Jan/2020:05:58:43 +0800] "POST /xingrg/kc/pszx/mdps_order_operate.html HTTP/1.1" 200 7836
120.253.135.82 - - [16/Jan/2020:05:58:43 +0800] "GET /xingrg/javascript/easyui/themes/default/validatebox.css HTTP/1.1" 404 1104
120.253.135.82 - - [16/Jan/2020:05:58:45 +0800] "POST /xingrg/kc/pszx/mdps_list_operate.html HTTP/1.1" 200 3497
120.253.135.82 - - [16/Jan/2020:05:58:48 +0800] "POST /xingrg/kc/pszx/mdps_list_operate.html HTTP/1.1" 200 619
120.253.135.82 - - [16/Jan/2020:05:58:49 +0800] "GET /xingrg/kc/pszx/mdps_order_info.html?code=312020011600454 HTTP/1.1" 200 23829
120.253.135.82 - - [16/Jan/2020:05:58:49 +0800] "POST /xingrg/kc/pszx/mdps_order_operate.html HTTP/1.1" 200 7836
120.253.135.82 - - [16/Jan/2020:05:58:49 +0800] "GET /xingrg/javascript/easyui/themes/default/validatebox.css HTTP/1.1" 404 1104
120.253.135.82 - - [16/Jan/2020:05:58:53 +0800] "GET /xingrg/kc/print/load_data.html?order_code=312020011600454&kc_code=mdps&condition= HTTP/1.1" 200 3274
172.17.2.150 - - [16/Jan/2020:05:59:01 +0800] "GET /xingrg/all/function/internal_message.html?_=1579125514951&CODE_STATE=getMsg HTTP/1.1" 200 27
120.253.135.82 - - [16/Jan/2020:05:59:02 +0800] "POST /xingrg/kc/pszx/mdps_list_operate.html HTTP/1.1" 200 3497
120.253.135.82 - - [16/Jan/2020:05:59:04 +0800] "POST /xingrg/kc/pszx/mdps_list_operate.html HTTP/1.1" 200 203
120.253.135.82 - - [16/Jan/2020:05:59:05 +0800] "GET /xingrg/kc/pszx/mdps_order_info.html?code=312020011600458 HTTP/1.1" 200 23829
120.253.135.82 - - [16/Jan/2020:05:59:05 +0800] "POST /xingrg/kc/pszx/mdps_order_operate.html HTTP/1.1" 200 2277
120.253.135.82 - - [16/Jan/2020:05:59:05 +0800] "GET /xingrg/javascript/easyui/themes/default/validatebox.css HTTP/1.1" 404 1104
120.253.135.82 - - [16/Jan/2020:05:59:07 +0800] "GET /xingrg/kc/print/load_data.html?order_code=312020011600458&kc_code=mdps&condition= HTTP/1.1" 200 670
120.253.135.82 - - [16/Jan/2020:05:59:13 +0800] "POST /xingrg/kc/pszx/mdps_list_operate.html HTTP/1.1" 200 3497
120.253.135.82 - - [16/Jan/2020:05:59:15 +0800] "POST /xingrg/kc/pszx/mdps_list_operate.html HTTP/1.1" 200 619
120.253.135.82 - - [16/Jan/2020:05:59:16 +0800] "GET /xingrg/kc/pszx/mdps_order_info.html?code=312020011600454 HTTP/1.1" 200 23829
120.253.135.82 - - [16/Jan/2020:05:59:17 +0800] "POST /xingrg/kc/pszx/mdps_order_operate.html HTTP/1.1" 200 7836
120.253.135.82 - - [16/Jan/2020:05:59:17 +0800] "GET /xingrg/javascript/easyui/themes/default/validatebox.css HTTP/1.1" 404 1104
58.221.95.50 - - [16/Jan/2020:05:59:19 +0800] "GET /xingrg/all/function/internal_message.html?_=1579125867230&CODE_STATE=getMsg HTTP/1.1" 302 -
58.221.95.50 - - [16/Jan/2020:05:59:20 +0800] "GET /xingrg/login.html HTTP/1.1" 200 7639
114.88.159.93 - - [16/Jan/2020:05:59:20 +0800] "GET /xingrg/check_reg.html?_=1579125565685 HTTP/1.1" 200 22
114.88.159.93 - - [16/Jan/2020:05:59:22 +0800] "GET /xingrg/all/function/internal_message.html?_=1579125567478&CODE_STATE=getMsg HTTP/1.1" 200 27
120.253.135.82 - - [16/Jan/2020:05:59:23 +0800] "POST /xingrg/kc/pszx/mdps_list_operate.html HTTP/1.1" 200 3497
180.162.232.172 - - [16/Jan/2020:05:59:24 +0800] "GET /xingrg/all/function/internal_message.html?_=1579125673302&CODE_STATE=getMsg HTTP/1.1" 200 27
124.77.241.94 - - [16/Jan/2020:05:59:28 +0800] "GET /xingrg/all/function/internal_message.html?_=1579125564817&CODE_STATE=getMsg HTTP/1.1" 200 27
120.253.135.82 - - [16/Jan/2020:05:59:29 +0800] "GET /xingrg/all/function/internal_message.html?_=1579125306166&CODE_STATE=getMsg HTTP/1.1" 200 27
114.93.75.19 - - [16/Jan/2020:05:59:42 +0800] "GET /xingrg/all/function/internal_message.html?_=1579125579095&CODE_STATE=getMsg HTTP/1.1" 200 27
172.17.2.150 - - [16/Jan/2020:06:00:01 +0800] "GET /xingrg/all/function/internal_message.html?_=1579125574949&CODE_STATE=getMsg HTTP/1.1" 200 27
180.157.252.250 - - [16/Jan/2020:06:00:14 +0800] "GET /xingrg/check_reg.html?_=1579125601900 HTTP/1.1" 302 -
58.221.95.50 - - [16/Jan/2020:06:00:19 +0800] "GET /xingrg/all/function/internal_message.html?_=1579125927236&CODE_STATE=getMsg HTTP/1.1" 302 -
58.221.95.50 - - [16/Jan/2020:06:00:19 +0800] "GET /xingrg/login.html HTTP/1.1" 200 7639
114.88.159.93 - - [16/Jan/2020:06:00:22 +0800] "GET /xingrg/all/function/internal_message.html?_=1579125627449&CODE_STATE=getMsg HTTP/1.1" 200 27
180.162.232.172 - - [16/Jan/2020:06:00:24 +0800] "GET /xingrg/all/function/internal_message.html?_=1579125733378&CODE_STATE=getMsg HTTP/1.1" 200 27
124.77.241.94 - - [16/Jan/2020:06:00:28 +0800] "GET /xingrg/all/function/internal_message.html?_=1579125624984&CODE_STATE=getMsg HTTP/1.1" 200 27
120.253.135.82 - - [16/Jan/2020:06:00:29 +0800] "GET /xingrg/check_reg.html?_=1579125365858 HTTP/1.1" 200 22
120.253.135.82 - - [16/Jan/2020:06:00:29 +0800] "GET /xingrg/all/function/internal_message.html?_=1579125366179&CODE_STATE=getMsg HTTP/1.1" 200 27
114.93.75.19 - - [16/Jan/2020:06:00:42 +0800] "GET /xingrg/all/function/internal_message.html?_=1579125639066&CODE_STATE=getMsg HTTP/1.1" 200 27
180.157.252.250 - - [16/Jan/2020:06:00:45 +0800] "GET /xingrg/check_reg.html?_=1579125632981 HTTP/1.1" 302 -
172.17.2.150 - - [16/Jan/2020:06:01:01 +0800] "GET /xingrg/all/function/internal_message.html?_=1579125634956&CODE_STATE=getMsg HTTP/1.1" 200 27
172.17.2.150 - - [16/Jan/2020:06:01:01 +0800] "GET /xingrg/check_reg.html?_=1579125634957 HTTP/1.1" 200 22
120.253.135.82 - - [16/Jan/2020:06:01:15 +0800] "POST /xingrg/kc/pszx/mdps_list_operate.html HTTP/1.1" 200 3496
120.253.135.82 - - [16/Jan/2020:06:01:17 +0800] "POST /xingrg/kc/pszx/mdps_list_operate.html HTTP/1.1" 200 603
58.221.95.50 - - [16/Jan/2020:06:01:19 +0800] "GET /xingrg/all/function/internal_message.html?_=1579125987238&CODE_STATE=getMsg HTTP/1.1" 302 -
58.221.95.50 - - [16/Jan/2020:06:01:19 +0800] "GET /xingrg/login.html HTTP/1.1" 200 7639
120.253.135.82 - - [16/Jan/2020:06:01:20 +0800] "POST /xingrg/kc/pszx/mdps_list_operate.html HTTP/1.1" 200 203
114.88.159.93 - - [16/Jan/2020:06:01:22 +0800] "GET /xingrg/all/function/internal_message.html?_=1579125687420&CODE_STATE=getMsg HTTP/1.1" 200 27
120.253.135.82 - - [16/Jan/2020:06:01:22 +0800] "POST /xingrg/kc/pszx/mdps_list_operate.html HTTP/1.1" 200 281
180.162.232.172 - - [16/Jan/2020:06:01:24 +0800] "GET /xingrg/all/function/internal_message.html?_=1579125793392&CODE_STATE=getMsg HTTP/1.1" 200 27
124.77.241.94 - - [16/Jan/2020:06:01:28 +0800] "GET /xingrg/all/function/internal_message.html?_=1579125685000&CODE_STATE=getMsg HTTP/1.1" 200 27
120.253.135.82 - - [16/Jan/2020:06:01:29 +0800] "GET /xingrg/all/function/internal_message.html?_=1579125426261&CODE_STATE=getMsg HTTP/1.1" 200 27
114.93.75.19 - - [16/Jan/2020:06:01:42 +0800] "GET /xingrg/all/function/internal_message.html?_=1579125699061&CODE_STATE=getMsg HTTP/1.1" 200 27
114.93.75.19 - - [16/Jan/2020:06:01:50 +0800] "GET /xingrg/check_reg.html?_=1579125706363 HTTP/1.1" 200 22
120.253.135.82 - - [16/Jan/2020:06:01:53 +0800] "POST /xingrg/kc/pszx/mdps_list_operate.html HTTP/1.1" 200 302
120.253.135.82 - - [16/Jan/2020:06:01:55 +0800] "POST /xingrg/kc/pszx/mdps_list_operate.html HTTP/1.1" 200 292
120.253.135.82 - - [16/Jan/2020:06:01:59 +0800] "POST /xingrg/kc/pszx/mdps_list_operate.html HTTP/1.1" 200 631
172.17.2.150 - - [16/Jan/2020:06:02:01 +0800] "GET /xingrg/all/function/internal_message.html?_=1579125694943&CODE_STATE=getMsg HTTP/1.1" 200 27
120.253.135.82 - - [16/Jan/2020:06:02:07 +0800] "GET /xingrg/kc/pszx/mdqp_order_list.html?state=10 HTTP/1.1" 200 16203
120.253.135.82 - - [16/Jan/2020:06:02:07 +0800] "GET /xingrg/dwr/interface/AjaxQqpsService.js HTTP/1.1" 200 16326
120.253.135.82 - - [16/Jan/2020:06:02:07 +0800] "GET /xingrg/dwr/interface/AjaxReportQueryService.js HTTP/1.1" 200 13203
120.253.135.82 - - [16/Jan/2020:06:02:07 +0800] "GET /xingrg/dwr/engine.js HTTP/1.1" 200 43631
120.253.135.82 - - [16/Jan/2020:06:02:10 +0800] "GET /xingrg/kc/pszx/jzcl_make.html HTTP/1.1" 200 11121
120.253.135.82 - - [16/Jan/2020:06:02:10 +0800] "GET /xingrg/dwr/interface/AjaxReportQueryService.js HTTP/1.1" 200 13203
120.253.135.82 - - [16/Jan/2020:06:02:10 +0800] "GET /xingrg/dwr/engine.js HTTP/1.1" 200 43631
120.253.135.82 - - [16/Jan/2020:06:02:10 +0800] "GET /xingrg/javascript/step/images/navBtn.gif HTTP/1.1" 200 361
120.253.135.82 - - [16/Jan/2020:06:02:10 +0800] "POST /xingrg/kc/pszx/jzcl_make_operate.html HTTP/1.1" 200 22733
120.253.135.82 - - [16/Jan/2020:06:02:10 +0800] "POST /xingrg/kc/pszx/jzcl_make_operate.html HTTP/1.1" 200 22733
58.221.95.50 - - [16/Jan/2020:06:02:19 +0800] "GET /xingrg/all/function/internal_message.html?_=1579126047252&CODE_STATE=getMsg HTTP/1.1" 302 -
58.221.95.50 - - [16/Jan/2020:06:02:19 +0800] "GET /xingrg/check_reg.html?_=1579125908922 HTTP/1.1" 302 -
58.221.95.50 - - [16/Jan/2020:06:02:19 +0800] "GET /xingrg/login.html HTTP/1.1" 200 7639
114.88.159.93 - - [16/Jan/2020:06:02:22 +0800] "GET /xingrg/all/function/internal_message.html?_=1579125747397&CODE_STATE=getMsg HTTP/1.1" 200 27
180.162.232.172 - - [16/Jan/2020:06:02:24 +0800] "GET /xingrg/all/function/internal_message.html?_=1579125853472&CODE_STATE=getMsg HTTP/1.1" 200 27
124.77.241.94 - - [16/Jan/2020:06:02:28 +0800] "GET /xingrg/all/function/internal_message.html?_=1579125745163&CODE_STATE=getMsg HTTP/1.1" 200 27
120.253.135.82 - - [16/Jan/2020:06:02:29 +0800] "GET /xingrg/all/function/internal_message.html?_=1579125486274&CODE_STATE=getMsg HTTP/1.1" 200 27
120.253.135.82 - - [16/Jan/2020:06:02:37 +0800] "GET /xingrg/kc/pszx/mdqp_order_info.html?type=look&code=302020011500383 HTTP/1.1" 200 12591
120.253.135.82 - - [16/Jan/2020:06:02:37 +0800] "GET /xingrg/javascript/checkform.js HTTP/1.1" 304 -
120.253.135.82 - - [16/Jan/2020:06:02:37 +0800] "GET /xingrg/dwr/interface/AjaxComOrderService.js HTTP/1.1" 200 18264
120.253.135.82 - - [16/Jan/2020:06:02:37 +0800] "GET /xingrg/javascript/Grid.js HTTP/1.1" 304 -
120.253.135.82 - - [16/Jan/2020:06:02:37 +0800] "GET /xingrg/javascript/ToolTips.js HTTP/1.1" 304 -
120.253.135.82 - - [16/Jan/2020:06:02:37 +0800] "GET /xingrg/javascript/AjaxInfoList.js HTTP/1.1" 304 -
120.253.135.82 - - [16/Jan/2020:06:02:37 +0800] "GET /xingrg/dwr/engine.js HTTP/1.1" 200 43631
120.253.135.82 - - [16/Jan/2020:06:02:37 +0800] "GET /xingrg/javascript/jquery_easy_ui/themes/icons/print.png HTTP/1.1" 304 -
120.253.135.82 - - [16/Jan/2020:06:02:37 +0800] "GET /xingrg/javascript/jquery_easy_ui/themes/default/images/menu_downarrow.png HTTP/1.1" 304 -
120.253.135.82 - - [16/Jan/2020:06:02:37 +0800] "GET /xingrg/images/blue/kc_tab_left.gif HTTP/1.1" 304 -
120.253.135.82 - - [16/Jan/2020:06:02:37 +0800] "GET /xingrg/images/blue/kc_tab_right.gif HTTP/1.1" 304 -
120.253.135.82 - - [16/Jan/2020:06:02:37 +0800] "GET /xingrg/images/blue/kc_tab_mid.gif HTTP/1.1" 304 -
120.253.135.82 - - [16/Jan/2020:06:02:37 +0800] "GET /xingrg/images/blue/wait.gif HTTP/1.1" 304 -
120.253.135.82 - - [16/Jan/2020:06:02:37 +0800] "GET /favicon.ico HTTP/1.1" 404 -
120.253.135.82 - - [16/Jan/2020:06:02:37 +0800] "POST /xingrg/dwr/call/plaincall/AjaxQqpsService.loadMaterielItems.dwr HTTP/1.1" 200 682
180.163.220.4 - - [16/Jan/2020:06:02:41 +0800] "GET /xingrg/kc/pszx/mdqp_order_info.html HTTP/1.1" 302 -
180.163.220.4 - - [16/Jan/2020:06:02:41 +0800] "GET /xingrg/kc/pszx/mdqp_order_info.html HTTP/1.1" 302 -
180.163.220.4 - - [16/Jan/2020:06:02:41 +0800] "GET /xingrg/login.html HTTP/1.1" 200 2139
180.163.220.4 - - [16/Jan/2020:06:02:41 +0800] "GET /xingrg/javascript/mobile/jquery.mobile-1.3.2.min.css HTTP/1.1" 200 94670
180.163.220.68 - - [16/Jan/2020:06:02:41 +0800] "GET /xingrg/javascript/mobile/jquery-1.8.3.min.js HTTP/1.1" 200 93637
180.163.220.68 - - [16/Jan/2020:06:02:41 +0800] "GET /xingrg/javascript/mobile/jquery.mobile-1.3.2.min.js HTTP/1.1" 200 145396
180.163.220.68 - - [16/Jan/2020:06:02:41 +0800] "GET /xingrg/javascript/mobile/images/ajax-loader.gif HTTP/1.1" 200 7825
124.77.241.94 - - [16/Jan/2020:06:02:42 +0800] "GET /xingrg/check_reg.html?_=1579125758791 HTTP/1.1" 200 22
114.93.75.19 - - [16/Jan/2020:06:02:42 +0800] "GET /xingrg/all/function/internal_message.html?_=1579125759037&CODE_STATE=getMsg HTTP/1.1" 200 27
120.253.135.82 - - [16/Jan/2020:06:02:45 +0800] "GET /xingrg/kc/pszx/mdqp_order_info.html?type=look&code=302020011500382 HTTP/1.1" 200 12591
120.253.135.82 - - [16/Jan/2020:06:02:45 +0800] "GET /xingrg/dwr/engine.js HTTP/1.1" 200 43631
120.253.135.82 - - [16/Jan/2020:06:02:45 +0800] "GET /favicon.ico HTTP/1.1" 404 -
120.253.135.82 - - [16/Jan/2020:06:02:45 +0800] "POST /xingrg/dwr/call/plaincall/AjaxQqpsService.loadMaterielItems.dwr HTTP/1.1" 200 2213
180.162.232.172 - - [16/Jan/2020:06:02:59 +0800] "GET /xingrg/check_reg.html?_=1579125888413 HTTP/1.1" 200 22
172.17.2.150 - - [16/Jan/2020:06:03:01 +0800] "GET /xingrg/all/function/internal_message.html?_=1579125754942&CODE_STATE=getMsg HTTP/1.1" 200 27
120.253.135.82 - - [16/Jan/2020:06:03:01 +0800] "GET /xingrg/kc/pszx/mdqp_order_info.html?type=look&code=302020011400342 HTTP/1.1" 200 12591
120.253.135.82 - - [16/Jan/2020:06:03:01 +0800] "GET /xingrg/dwr/engine.js HTTP/1.1" 200 43631
120.253.135.82 - - [16/Jan/2020:06:03:01 +0800] "GET /favicon.ico HTTP/1.1" 404 -
120.253.135.82 - - [16/Jan/2020:06:03:01 +0800] "POST /xingrg/dwr/call/plaincall/AjaxQqpsService.loadMaterielItems.dwr HTTP/1.1" 200 14033
120.253.135.82 - - [16/Jan/2020:06:03:11 +0800] "GET /xingrg/kc/pszx/mdqp_order_info.html?type=look&code=302020011400343 HTTP/1.1" 200 12591
120.253.135.82 - - [16/Jan/2020:06:03:11 +0800] "GET /xingrg/dwr/engine.js HTTP/1.1" 200 43631
120.253.135.82 - - [16/Jan/2020:06:03:12 +0800] "GET /favicon.ico HTTP/1.1" 404 -
120.253.135.82 - - [16/Jan/2020:06:03:12 +0800] "POST /xingrg/dwr/call/plaincall/AjaxQqpsService.loadMaterielItems.dwr HTTP/1.1" 200 331
58.221.95.50 - - [16/Jan/2020:06:03:19 +0800] "GET /xingrg/check_reg.html?_=1579126107243 HTTP/1.1" 302 -
58.221.95.50 - - [16/Jan/2020:06:03:19 +0800] "GET /xingrg/all/function/internal_message.html?_=1579126107243&CODE_STATE=getMsg HTTP/1.1" 302 -
58.221.95.50 - - [16/Jan/2020:06:03:19 +0800] "GET /xingrg/login.html HTTP/1.1" 200 7639
120.253.135.82 - - [16/Jan/2020:06:03:20 +0800] "GET /xingrg/kc/pszx/mdqp_order_info.html?type=look&code=302020011400344 HTTP/1.1" 200 12591
120.253.135.82 - - [16/Jan/2020:06:03:20 +0800] "GET /xingrg/dwr/engine.js HTTP/1.1" 200 43631
120.253.135.82 - - [16/Jan/2020:06:03:20 +0800] "GET /favicon.ico HTTP/1.1" 404 -
120.253.135.82 - - [16/Jan/2020:06:03:20 +0800] "POST /xingrg/dwr/call/plaincall/AjaxQqpsService.loadMaterielItems.dwr HTTP/1.1" 200 357
58.221.95.50 - - [16/Jan/2020:06:03:20 +0800] "GET /xingrg/login.html HTTP/1.1" 200 7639
114.88.159.93 - - [16/Jan/2020:06:03:22 +0800] "GET /xingrg/all/function/internal_message.html?_=1579125807367&CODE_STATE=getMsg HTTP/1.1" 200 27
180.162.232.172 - - [16/Jan/2020:06:03:24 +0800] "GET /xingrg/all/function/internal_message.html?_=1579125913481&CODE_STATE=getMsg HTTP/1.1" 200 27
124.77.241.94 - - [16/Jan/2020:06:03:28 +0800] "GET /xingrg/all/function/internal_message.html?_=1579125805168&CODE_STATE=getMsg HTTP/1.1" 200 27
120.253.135.82 - - [16/Jan/2020:06:03:29 +0800] "GET /xingrg/all/function/internal_message.html?_=1579125546344&CODE_STATE=getMsg HTTP/1.1" 200 27
120.253.135.82 - - [16/Jan/2020:06:03:31 +0800] "GET /xingrg/kc/pszx/mdps_order_list.html?orderType=0 HTTP/1.1" 200 20985
120.253.135.82 - - [16/Jan/2020:06:03:32 +0800] "POST /xingrg/kc/pszx/mdps_list_operate.html HTTP/1.1" 200 5470
120.253.135.82 - - [16/Jan/2020:06:03:37 +0800] "POST /xingrg/kc/pszx/mdps_list_operate.html HTTP/1.1" 200 3496
120.253.135.82 - - [16/Jan/2020:06:03:39 +0800] "POST /xingrg/kc/pszx/mdps_list_operate.html HTTP/1.1" 200 603
120.253.135.82 - - [16/Jan/2020:06:03:40 +0800] "POST /xingrg/kc/pszx/mdps_list_operate.html HTTP/1.1" 200 203
120.253.135.82 - - [16/Jan/2020:06:03:41 +0800] "POST /xingrg/kc/pszx/mdps_list_operate.html HTTP/1.1" 200 281
114.93.75.19 - - [16/Jan/2020:06:03:42 +0800] "GET /xingrg/all/function/internal_message.html?_=1579125819015&CODE_STATE=getMsg HTTP/1.1" 200 27
120.253.135.82 - - [16/Jan/2020:06:03:45 +0800] "POST /xingrg/kc/pszx/mdps_list_operate.html HTTP/1.1" 200 302
120.253.135.82 - - [16/Jan/2020:06:03:48 +0800] "POST /xingrg/kc/pszx/mdps_list_operate.html HTTP/1.1" 200 292
120.253.135.82 - - [16/Jan/2020:06:03:51 +0800] "POST /xingrg/kc/pszx/mdps_list_operate.html HTTP/1.1" 200 631
120.253.135.82 - - [16/Jan/2020:06:03:52 +0800] "GET /xingrg/kc/pszx/mdps_order_info.html?code=312020011600456 HTTP/1.1" 200 23829
120.253.135.82 - - [16/Jan/2020:06:03:53 +0800] "POST /xingrg/kc/pszx/mdps_order_operate.html HTTP/1.1" 200 5310
120.253.135.82 - - [16/Jan/2020:06:03:53 +0800] "GET /xingrg/javascript/easyui/themes/default/validatebox.css HTTP/1.1" 404 1104
120.253.135.82 - - [16/Jan/2020:06:03:57 +0800] "POST /xingrg/kc/pszx/mdps_order_operate.html HTTP/1.1" 200 37
120.253.135.82 - - [16/Jan/2020:06:03:58 +0800] "GET /xingrg/kc/pszx/mdps_order_info.html?code=312020011600456 HTTP/1.1" 200 23829
120.253.135.82 - - [16/Jan/2020:06:03:58 +0800] "POST /xingrg/kc/pszx/mdps_order_operate.html HTTP/1.1" 200 5369
120.253.135.82 - - [16/Jan/2020:06:03:58 +0800] "GET /xingrg/javascript/easyui/themes/default/validatebox.css HTTP/1.1" 404 1104
172.17.2.150 - - [16/Jan/2020:06:04:01 +0800] "GET /xingrg/all/function/internal_message.html?_=1579125814956&CODE_STATE=getMsg HTTP/1.1" 200 27
120.253.135.82 - - [16/Jan/2020:06:04:16 +0800] "GET /xingrg/kc/pszx/mdps_order_operate.html?command=get_materiel&pszx_code=00101&rest_code=00103&base_code=0010246&code=00101019142 HTTP/1.1" 200 450
120.253.135.82 - - [16/Jan/2020:06:04:18 +0800] "POST /xingrg/all/common/load_select.html HTTP/1.1" 200 25
58.221.95.50 - - [16/Jan/2020:06:04:19 +0800] "GET /xingrg/all/function/internal_message.html?_=1579126167249&CODE_STATE=getMsg HTTP/1.1" 302 -
58.221.95.50 - - [16/Jan/2020:06:04:19 +0800] "GET /xingrg/login.html HTTP/1.1" 200 7639
120.253.135.82 - - [16/Jan/2020:06:04:20 +0800] "GET /xingrg/kc/pszx/mdps_order_operate.html?command=get_materiel_price&pszx_code=00101&rest_code=00103&base_code=0010246&code=00101019142&unit_code=00100211&order_time=2020-01-16 HTTP/1.1" 200 35
114.88.159.93 - - [16/Jan/2020:06:04:20 +0800] "GET /xingrg/check_reg.html?_=1579125865697 HTTP/1.1" 200 22
114.88.159.93 - - [16/Jan/2020:06:04:22 +0800] "GET /xingrg/all/function/internal_message.html?_=1579125867348&CODE_STATE=getMsg HTTP/1.1" 200 27
180.162.232.172 - - [16/Jan/2020:06:04:24 +0800] "GET /xingrg/all/function/internal_message.html?_=1579125973495&CODE_STATE=getMsg HTTP/1.1" 200 27
124.77.241.94 - - [16/Jan/2020:06:04:28 +0800] "GET /xingrg/all/function/internal_message.html?_=1579125865181&CODE_STATE=getMsg HTTP/1.1" 200 27
120.253.135.82 - - [16/Jan/2020:06:04:29 +0800] "GET /xingrg/all/function/internal_message.html?_=1579125606358&CODE_STATE=getMsg HTTP/1.1" 200 27
