116.238.35.243 - - [16/Jan/2020:10:52:21 +0800] "GET /xingrg/kc/buy/cgsh_order_operate.html?command=get_materiel&rest_code=00105&code=00101009040&supplier_code=00100024&order_time=2020-01-16 HTTP/1.1" 200 412
117.185.32.26 - - [16/Jan/2020:10:52:22 +0800] "GET /xingrg/all/function/internal_message.html?_=1579143513734&CODE_STATE=getMsg HTTP/1.1" 200 27
120.253.135.82 - - [16/Jan/2020:10:52:24 +0800] "GET /xingrg/all/function/internal_message.html?_=1579142881205&CODE_STATE=getMsg HTTP/1.1" 200 27
114.88.170.138 - - [16/Jan/2020:10:52:25 +0800] "GET /xingrg/kc/base/wldb_order_operate.html?command=get_materiel&rest_code=00111&base_code=0010283&code=00101022065 HTTP/1.1" 200 467
116.238.35.243 - - [16/Jan/2020:10:52:25 +0800] "GET /xingrg/all/function/internal_message.html?_=1579143146347&CODE_STATE=getMsg HTTP/1.1" 200 27
180.157.252.250 - - [16/Jan/2020:10:52:27 +0800] "POST /xingrg/system/rest/edit_item.html HTTP/1.1" 200 4
180.157.252.250 - - [16/Jan/2020:10:52:27 +0800] "GET /xingrg/system/rest/get_item.html?table=menu&target=menu_rest&id=2063&_=1579143134765 HTTP/1.1" 200 571
222.69.138.237 - - [16/Jan/2020:10:52:28 +0800] "POST /xingrg/kc/buy/cgsh_order_operate.html HTTP/1.1" 200 37
101.85.244.242 - - [16/Jan/2020:10:52:28 +0800] "GET /xingrg/check_reg.html?_=1579143130515 HTTP/1.1" 200 22
101.85.244.242 - - [16/Jan/2020:10:52:28 +0800] "GET /xingrg/all/function/internal_message.html?_=1579143130517&CODE_STATE=getMsg HTTP/1.1" 200 27
222.69.138.237 - - [16/Jan/2020:10:52:29 +0800] "POST /xingrg/kc/buy/cgsh_order_operate.html HTTP/1.1" 200 12
180.157.252.250 - - [16/Jan/2020:10:52:29 +0800] "GET /xingrg/system/rest/get_item.html?table=menu&target=menu_rest_detail&id=2063&sid=14&_=1579143136891 HTTP/1.1" 200 439
114.88.170.138 - - [16/Jan/2020:10:52:30 +0800] "POST /xingrg/kc/base/wldb_order_operate.html HTTP/1.1" 200 37
222.69.138.237 - - [16/Jan/2020:10:52:30 +0800] "GET /xingrg/kc/buy/cgsh_order_info.html?code=212020011608340 HTTP/1.1" 200 52328
114.88.170.138 - - [16/Jan/2020:10:52:30 +0800] "POST /xingrg/kc/base/wldb_order_operate.html HTTP/1.1" 200 6201
222.69.138.237 - - [16/Jan/2020:10:52:30 +0800] "GET /xingrg/javascript/easyui/themes/default/validatebox.css HTTP/1.1" 404 1104
222.69.138.237 - - [16/Jan/2020:10:52:30 +0800] "POST /xingrg/kc/buy/cgsh_order_operate.html HTTP/1.1" 200 2395
172.17.2.150 - - [16/Jan/2020:10:52:30 +0800] "GET /xingrg/all/function/internal_message.html?_=1579143123984&CODE_STATE=getMsg HTTP/1.1" 200 27
114.88.170.138 - - [16/Jan/2020:10:52:31 +0800] "GET /xingrg/kc/base/wldb_order_info.html?code=422020011602334 HTTP/1.1" 200 30342
117.184.7.26 - - [16/Jan/2020:10:52:31 +0800] "GET /xingrg/all/function/internal_message.html?_=1579143138281&CODE_STATE=getMsg HTTP/1.1" 200 27
222.69.138.237 - - [16/Jan/2020:10:52:32 +0800] "GET /xingrg/kc/print/load_data.html?order_code=212020011608340&kc_code=cgsh&condition= HTTP/1.1" 200 1490
114.88.170.138 - - [16/Jan/2020:10:52:32 +0800] "GET /xingrg/javascript/easyui/themes/default/validatebox.css HTTP/1.1" 404 1104
114.88.170.138 - - [16/Jan/2020:10:52:32 +0800] "POST /xingrg/kc/base/wldb_order_operate.html HTTP/1.1" 200 6201
117.185.32.26 - - [16/Jan/2020:10:52:32 +0800] "POST /xingrg/dwr/call/plaincall/AjaxReportQueryService.getFixDate.dwr HTTP/1.1" 200 111
114.93.75.19 - - [16/Jan/2020:10:52:37 +0800] "GET /xingrg/all/function/internal_message.html?_=1579143153210&CODE_STATE=getMsg HTTP/1.1" 200 27
222.69.138.237 - - [16/Jan/2020:10:52:40 +0800] "GET /xingrg/all/function/internal_message.html?_=1579143153891&CODE_STATE=getMsg HTTP/1.1" 200 27
180.157.252.250 - - [16/Jan/2020:10:52:43 +0800] "GET /xingrg/system/rest/get_item.html?table=menu&target=menu_rest_detail&id=2063&sid=16&_=1579143150300 HTTP/1.1" 200 441
117.184.7.26 - - [16/Jan/2020:10:52:43 +0800] "GET /xingrg/all/function/internal_message.html?_=1579143493603&CODE_STATE=getMsg HTTP/1.1" 200 27
180.157.252.250 - - [16/Jan/2020:10:52:44 +0800] "GET /xingrg/system/rest/get_item.html?table=menu&target=menu_rest_detail&id=2063&sid=14&_=1579143151090 HTTP/1.1" 200 439
222.69.138.237 - - [16/Jan/2020:10:52:47 +0800] "GET /xingrg/kc/buy/cgsh_order_add.html HTTP/1.1" 200 57422
222.69.138.237 - - [16/Jan/2020:10:52:47 +0800] "POST /xingrg/kc/buy/cgsh_order_operate.html HTTP/1.1" 200 8245
180.162.232.172 - - [16/Jan/2020:10:52:47 +0800] "GET /xingrg/all/function/internal_message.html?_=1579143276265&CODE_STATE=getMsg HTTP/1.1" 200 27
222.69.138.237 - - [16/Jan/2020:10:52:47 +0800] "GET /xingrg/javascript/easyui/themes/default/validatebox.css HTTP/1.1" 404 1104
58.247.201.99 - - [16/Jan/2020:10:52:49 +0800] "GET /xingrg/all/function/internal_message.html?_=1579143140604&CODE_STATE=getMsg HTTP/1.1" 200 27
116.238.35.243 - - [16/Jan/2020:10:52:50 +0800] "POST /xingrg/kc/buy/cgsh_order_operate.html HTTP/1.1" 200 37
116.238.35.243 - - [16/Jan/2020:10:52:50 +0800] "POST /xingrg/kc/buy/cgsh_order_operate.html HTTP/1.1" 200 2657
116.238.35.243 - - [16/Jan/2020:10:52:52 +0800] "GET /xingrg/kc/print/load_data.html?order_code=212020011608341&kc_code=cgsh&condition= HTTP/1.1" 200 684
124.77.241.94 - - [16/Jan/2020:10:52:53 +0800] "GET /xingrg/check_reg.html?_=1579143170575 HTTP/1.1" 200 22
222.69.138.237 - - [16/Jan/2020:10:52:54 +0800] "GET /xingrg/kc/buy/cgsh_order_operate.html?command=get_materiel&rest_code=00149&code=00101002027&supplier_code=00100039&order_time=2020-01-16 HTTP/1.1" 200 413
101.81.125.204 - - [16/Jan/2020:10:52:56 +0800] "GET /xingrg/all/function/internal_message.html?_=1579143172877&CODE_STATE=getMsg HTTP/1.1" 200 27
116.228.172.94 - - [16/Jan/2020:10:52:59 +0800] "GET /xingrg/all/function/internal_message.html?_=1579142560930&CODE_STATE=getMsg HTTP/1.1" 200 27
58.40.221.208 - - [16/Jan/2020:10:53:00 +0800] "GET /xingrg/all/function/internal_message.html?_=1579142380099&CODE_STATE=getMsg HTTP/1.1" 200 27
222.69.138.237 - - [16/Jan/2020:10:53:01 +0800] "GET /xingrg/kc/buy/cgsh_order_operate.html?command=get_materiel&rest_code=00149&code=00101002022&supplier_code=00100039&order_time=2020-01-16 HTTP/1.1" 200 409
116.238.35.243 - - [16/Jan/2020:10:53:02 +0800] "GET /xingrg/kc/buy/cgsh_order_list.html HTTP/1.1" 200 41847
116.238.35.243 - - [16/Jan/2020:10:53:04 +0800] "GET /xingrg/check_reg.html?_=1579143185768 HTTP/1.1" 200 22
116.238.35.243 - - [16/Jan/2020:10:53:04 +0800] "GET /xingrg/all/function/internal_message.html?_=1579143185771&CODE_STATE=getMsg HTTP/1.1" 200 27
116.238.35.243 - - [16/Jan/2020:10:53:05 +0800] "POST /xingrg/kc/buy/cgsh_list_operate.html HTTP/1.1" 200 3491
124.77.241.94 - - [16/Jan/2020:10:53:05 +0800] "GET /xingrg/all/function/internal_message.html?_=1579143183337&CODE_STATE=getMsg HTTP/1.1" 200 27
114.93.75.19 - - [16/Jan/2020:10:53:07 +0800] "GET /xingrg/all/function/internal_message.html?_=1579143093989&CODE_STATE=getMsg HTTP/1.1" 200 27
58.40.7.146 - - [16/Jan/2020:10:53:07 +0800] "GET /xingrg/check_reg.html?_=1579143183980 HTTP/1.1" 200 22
58.40.7.146 - - [16/Jan/2020:10:53:07 +0800] "GET /xingrg/all/function/internal_message.html?_=1579143183983&CODE_STATE=getMsg HTTP/1.1" 200 27
222.69.138.237 - - [16/Jan/2020:10:53:10 +0800] "GET /xingrg/kc/buy/cgsh_order_operate.html?command=get_materiel&rest_code=00149&code=00101002010&supplier_code=00100039&order_time=2020-01-16 HTTP/1.1" 200 415
116.233.72.195 - - [16/Jan/2020:10:53:11 +0800] "GET /xingrg/all/function/internal_message.html?_=1579143218593&CODE_STATE=getMsg HTTP/1.1" 200 27
116.238.181.252 - - [16/Jan/2020:10:53:14 +0800] "GET /xingrg/all/function/internal_message.html?_=1579143192209&CODE_STATE=getMsg HTTP/1.1" 200 27
180.157.252.250 - - [16/Jan/2020:10:53:14 +0800] "GET /xingrg/all/function/internal_message.html?_=1579143181638&CODE_STATE=getMsg HTTP/1.1" 200 27
117.131.5.26 - - [16/Jan/2020:10:53:15 +0800] "GET /xingrg/all/function/internal_message.html?_=1579143201581&CODE_STATE=getMsg HTTP/1.1" 200 27
114.88.170.138 - - [16/Jan/2020:10:53:16 +0800] "GET /xingrg/all/function/internal_message.html?_=1579143418615&CODE_STATE=getMsg HTTP/1.1" 200 27
222.69.138.237 - - [16/Jan/2020:10:53:18 +0800] "GET /xingrg/kc/buy/cgsh_order_operate.html?command=get_materiel&rest_code=00149&code=00101010161&supplier_code=00100039&order_time=2020-01-16 HTTP/1.1" 200 411
58.221.95.50 - - [16/Jan/2020:10:53:19 +0800] "GET /xingrg/check_reg.html?_=1579143507710 HTTP/1.1" 302 -
58.221.95.50 - - [16/Jan/2020:10:53:19 +0800] "GET /xingrg/all/function/internal_message.html?_=1579143507710&CODE_STATE=getMsg HTTP/1.1" 302 -
58.221.95.50 - - [16/Jan/2020:10:53:19 +0800] "GET /xingrg/login.html HTTP/1.1" 200 7639
58.221.95.50 - - [16/Jan/2020:10:53:20 +0800] "GET /xingrg/login.html HTTP/1.1" 200 7639
114.88.159.93 - - [16/Jan/2020:10:53:20 +0800] "GET /xingrg/all/function/internal_message.html?_=1579143205899&CODE_STATE=getMsg HTTP/1.1" 200 27
124.77.241.94 - - [16/Jan/2020:10:53:20 +0800] "GET /xingrg/all/function/internal_message.html?_=1579143195122&CODE_STATE=getMsg HTTP/1.1" 200 27
117.185.32.26 - - [16/Jan/2020:10:53:22 +0800] "GET /xingrg/all/function/internal_message.html?_=1579143573748&CODE_STATE=getMsg HTTP/1.1" 200 27
120.253.135.82 - - [16/Jan/2020:10:53:24 +0800] "GET /xingrg/all/function/internal_message.html?_=1579142941304&CODE_STATE=getMsg HTTP/1.1" 200 27
116.238.35.243 - - [16/Jan/2020:10:53:25 +0800] "GET /xingrg/all/function/internal_message.html?_=1579143206369&CODE_STATE=getMsg HTTP/1.1" 200 27
101.85.244.242 - - [16/Jan/2020:10:53:28 +0800] "GET /xingrg/all/function/internal_message.html?_=1579143190512&CODE_STATE=getMsg HTTP/1.1" 200 27
222.69.138.237 - - [16/Jan/2020:10:53:28 +0800] "GET /xingrg/kc/buy/cgsh_order_operate.html?command=get_materiel&rest_code=00149&code=00101003025&supplier_code=00100039&order_time=2020-01-16 HTTP/1.1" 200 409
117.184.7.26 - - [16/Jan/2020:10:53:30 +0800] "GET /xingrg/check_reg.html?_=1579143196934 HTTP/1.1" 200 22
172.17.2.150 - - [16/Jan/2020:10:53:30 +0800] "GET /xingrg/all/function/internal_message.html?_=1579143183982&CODE_STATE=getMsg HTTP/1.1" 200 27
117.184.7.26 - - [16/Jan/2020:10:53:31 +0800] "GET /xingrg/all/function/internal_message.html?_=1579143198294&CODE_STATE=getMsg HTTP/1.1" 200 27
222.69.138.237 - - [16/Jan/2020:10:53:35 +0800] "GET /xingrg/kc/buy/cgsh_order_operate.html?command=get_materiel&rest_code=00149&code=00101005037&supplier_code=00100039&order_time=2020-01-16 HTTP/1.1" 200 409
114.93.75.19 - - [16/Jan/2020:10:53:37 +0800] "GET /xingrg/all/function/internal_message.html?_=1579143213185&CODE_STATE=getMsg HTTP/1.1" 200 27
222.69.138.237 - - [16/Jan/2020:10:53:40 +0800] "GET /xingrg/all/function/internal_message.html?_=1579143213935&CODE_STATE=getMsg HTTP/1.1" 200 27
222.69.138.237 - - [16/Jan/2020:10:53:41 +0800] "GET /xingrg/kc/buy/cgsh_order_operate.html?command=get_materiel&rest_code=00149&code=00101001111&supplier_code=00100039&order_time=2020-01-16 HTTP/1.1" 200 410
117.184.7.26 - - [16/Jan/2020:10:53:43 +0800] "GET /xingrg/all/function/internal_message.html?_=1579143553618&CODE_STATE=getMsg HTTP/1.1" 200 27
180.162.232.172 - - [16/Jan/2020:10:53:47 +0800] "GET /xingrg/check_reg.html?_=1579143335896 HTTP/1.1" 200 22
180.162.232.172 - - [16/Jan/2020:10:53:47 +0800] "GET /xingrg/all/function/internal_message.html?_=1579143336291&CODE_STATE=getMsg HTTP/1.1" 200 27
58.247.201.99 - - [16/Jan/2020:10:53:49 +0800] "GET /xingrg/all/function/internal_message.html?_=1579143200601&CODE_STATE=getMsg HTTP/1.1" 200 27
222.69.138.237 - - [16/Jan/2020:10:53:54 +0800] "POST /xingrg/kc/buy/cgsh_order_operate.html HTTP/1.1" 200 37
222.69.138.237 - - [16/Jan/2020:10:53:56 +0800] "POST /xingrg/kc/buy/cgsh_order_operate.html HTTP/1.1" 200 12
101.81.125.204 - - [16/Jan/2020:10:53:56 +0800] "GET /xingrg/all/function/internal_message.html?_=1579143232863&CODE_STATE=getMsg HTTP/1.1" 200 27
222.69.138.237 - - [16/Jan/2020:10:53:56 +0800] "GET /xingrg/kc/buy/cgsh_order_info.html?code=212020011608342 HTTP/1.1" 200 52328
222.69.138.237 - - [16/Jan/2020:10:53:57 +0800] "GET /xingrg/javascript/easyui/themes/default/validatebox.css HTTP/1.1" 404 1104
117.185.32.26 - - [16/Jan/2020:10:53:57 +0800] "POST /xingrg/dwr/call/plaincall/AjaxReportQueryService.refreshCache.dwr HTTP/1.1" 200 78
222.69.138.237 - - [16/Jan/2020:10:53:57 +0800] "POST /xingrg/kc/buy/cgsh_order_operate.html HTTP/1.1" 200 4153
117.185.32.26 - - [16/Jan/2020:10:53:57 +0800] "POST /xingrg/all/report/load_report_page.html HTTP/1.1" 200 8933
117.185.32.26 - - [16/Jan/2020:10:53:57 +0800] "GET /xingrg/servlets/image?cache=0.7975013904017607&image=px HTTP/1.1" 200 807
222.69.138.237 - - [16/Jan/2020:10:53:58 +0800] "GET /xingrg/kc/print/load_data.html?order_code=212020011608342&kc_code=cgsh&condition= HTTP/1.1" 200 2076
116.228.172.94 - - [16/Jan/2020:10:53:59 +0800] "GET /xingrg/check_reg.html?_=1579142620669 HTTP/1.1" 200 22
116.228.172.94 - - [16/Jan/2020:10:53:59 +0800] "GET /xingrg/all/function/internal_message.html?_=1579142620943&CODE_STATE=getMsg HTTP/1.1" 200 27
58.40.221.208 - - [16/Jan/2020:10:54:00 +0800] "GET /xingrg/all/function/internal_message.html?_=1579142440124&CODE_STATE=getMsg HTTP/1.1" 200 27
116.238.35.243 - - [16/Jan/2020:10:54:04 +0800] "GET /xingrg/all/function/internal_message.html?_=1579143245771&CODE_STATE=getMsg HTTP/1.1" 200 27
124.77.241.94 - - [16/Jan/2020:10:54:05 +0800] "GET /xingrg/all/function/internal_message.html?_=1579143243350&CODE_STATE=getMsg HTTP/1.1" 200 27
180.157.252.250 - - [16/Jan/2020:10:54:06 +0800] "POST /xingrg/services/DataTransmitService HTTP/1.1" 200 524
180.157.252.250 - - [16/Jan/2020:10:54:06 +0800] "POST /xingrg/services/DataTransmitService HTTP/1.1" 200 2059
180.157.252.250 - - [16/Jan/2020:10:54:06 +0800] "POST /xingrg/services/DataTransmitService HTTP/1.1" 200 2191
180.157.252.250 - - [16/Jan/2020:10:54:06 +0800] "POST /xingrg/services/DataTransmitService HTTP/1.1" 200 1419
180.157.252.250 - - [16/Jan/2020:10:54:07 +0800] "POST /xingrg/services/DataTransmitService HTTP/1.1" 200 122944
114.93.75.19 - - [16/Jan/2020:10:54:07 +0800] "GET /xingrg/all/function/internal_message.html?_=1579143153990&CODE_STATE=getMsg HTTP/1.1" 200 27
58.40.7.146 - - [16/Jan/2020:10:54:07 +0800] "GET /xingrg/all/function/internal_message.html?_=1579143243989&CODE_STATE=getMsg HTTP/1.1" 200 27
116.233.72.195 - - [16/Jan/2020:10:54:08 +0800] "GET /xingrg/check_reg.html?_=1579143276562 HTTP/1.1" 200 22
117.185.32.26 - - [16/Jan/2020:10:54:10 +0800] "GET /xingrg/kc/base/base_main.html HTTP/1.1" 200 12138
116.233.72.195 - - [16/Jan/2020:10:54:10 +0800] "GET /xingrg/all/function/internal_message.html?_=1579143278593&CODE_STATE=getMsg HTTP/1.1" 200 27
117.185.32.26 - - [16/Jan/2020:10:54:13 +0800] "GET /xingrg/login.html HTTP/1.1" 200 7639
180.157.252.250 - - [16/Jan/2020:10:54:14 +0800] "GET /xingrg/check_reg.html?_=1579143241152 HTTP/1.1" 200 22
180.157.252.250 - - [16/Jan/2020:10:54:14 +0800] "GET /xingrg/all/function/internal_message.html?_=1579143241618&CODE_STATE=getMsg HTTP/1.1" 200 27
116.238.181.252 - - [16/Jan/2020:10:54:14 +0800] "GET /xingrg/all/function/internal_message.html?_=1579143252236&CODE_STATE=getMsg HTTP/1.1" 200 27
117.131.5.26 - - [16/Jan/2020:10:54:15 +0800] "GET /xingrg/all/function/internal_message.html?_=1579143261581&CODE_STATE=getMsg HTTP/1.1" 200 27
114.88.170.138 - - [16/Jan/2020:10:54:16 +0800] "GET /xingrg/all/function/internal_message.html?_=1579143478608&CODE_STATE=getMsg HTTP/1.1" 200 27
114.88.170.138 - - [16/Jan/2020:10:54:16 +0800] "GET /xingrg/check_reg.html?_=1579143478611 HTTP/1.1" 200 22
58.221.95.50 - - [16/Jan/2020:10:54:19 +0800] "GET /xingrg/all/function/internal_message.html?_=1579143567698&CODE_STATE=getMsg HTTP/1.1" 302 -
58.221.95.50 - - [16/Jan/2020:10:54:20 +0800] "GET /xingrg/login.html HTTP/1.1" 200 7639
114.88.159.93 - - [16/Jan/2020:10:54:20 +0800] "GET /xingrg/check_reg.html?_=1579143265897 HTTP/1.1" 200 22
114.88.159.93 - - [16/Jan/2020:10:54:20 +0800] "GET /xingrg/all/function/internal_message.html?_=1579143265898&CODE_STATE=getMsg HTTP/1.1" 200 27
124.77.241.94 - - [16/Jan/2020:10:54:20 +0800] "GET /xingrg/all/function/internal_message.html?_=1579143255135&CODE_STATE=getMsg HTTP/1.1" 200 27
120.253.135.82 - - [16/Jan/2020:10:54:21 +0800] "GET /xingrg/check_reg.html?_=1579142997987 HTTP/1.1" 200 22
117.185.32.26 - - [16/Jan/2020:10:54:22 +0800] "GET /xingrg/all/function/internal_message.html?_=1579143633743&CODE_STATE=getMsg HTTP/1.1" 200 27
120.253.135.82 - - [16/Jan/2020:10:54:24 +0800] "GET /xingrg/all/function/internal_message.html?_=1579143001310&CODE_STATE=getMsg HTTP/1.1" 200 27
116.238.35.243 - - [16/Jan/2020:10:54:25 +0800] "GET /xingrg/all/function/internal_message.html?_=1579143266351&CODE_STATE=getMsg HTTP/1.1" 200 27
101.85.244.242 - - [16/Jan/2020:10:54:28 +0800] "GET /xingrg/all/function/internal_message.html?_=1579143250514&CODE_STATE=getMsg HTTP/1.1" 200 27
172.17.2.150 - - [16/Jan/2020:10:54:30 +0800] "GET /xingrg/all/function/internal_message.html?_=1579143243969&CODE_STATE=getMsg HTTP/1.1" 200 27
117.184.7.26 - - [16/Jan/2020:10:54:31 +0800] "GET /xingrg/all/function/internal_message.html?_=1579143258309&CODE_STATE=getMsg HTTP/1.1" 200 27
114.93.75.19 - - [16/Jan/2020:10:54:37 +0800] "GET /xingrg/all/function/internal_message.html?_=1579143273164&CODE_STATE=getMsg HTTP/1.1" 200 27
222.69.138.237 - - [16/Jan/2020:10:54:40 +0800] "GET /xingrg/all/function/internal_message.html?_=1579143273927&CODE_STATE=getMsg HTTP/1.1" 200 27
117.184.7.26 - - [16/Jan/2020:10:54:43 +0800] "GET /xingrg/check_reg.html?_=1579143613605 HTTP/1.1" 200 22
117.184.7.26 - - [16/Jan/2020:10:54:43 +0800] "GET /xingrg/all/function/internal_message.html?_=1579143613606&CODE_STATE=getMsg HTTP/1.1" 200 27
180.162.232.172 - - [16/Jan/2020:10:54:47 +0800] "GET /xingrg/all/function/internal_message.html?_=1579143396295&CODE_STATE=getMsg HTTP/1.1" 200 27
58.247.201.99 - - [16/Jan/2020:10:54:49 +0800] "GET /xingrg/all/function/internal_message.html?_=1579143260599&CODE_STATE=getMsg HTTP/1.1" 200 27
101.81.125.204 - - [16/Jan/2020:10:54:56 +0800] "GET /xingrg/all/function/internal_message.html?_=1579143292850&CODE_STATE=getMsg HTTP/1.1" 200 27
116.228.172.94 - - [16/Jan/2020:10:54:59 +0800] "GET /xingrg/all/function/internal_message.html?_=1579142680959&CODE_STATE=getMsg HTTP/1.1" 200 27
58.40.221.208 - - [16/Jan/2020:10:55:00 +0800] "GET /xingrg/all/function/internal_message.html?_=1579142500124&CODE_STATE=getMsg HTTP/1.1" 200 27
117.131.5.26 - - [16/Jan/2020:10:55:04 +0800] "GET /xingrg/check_reg.html?_=1579143310065 HTTP/1.1" 200 22
116.238.35.243 - - [16/Jan/2020:10:55:04 +0800] "GET /xingrg/all/function/internal_message.html?_=1579143305770&CODE_STATE=getMsg HTTP/1.1" 200 27
116.238.181.252 - - [16/Jan/2020:10:55:05 +0800] "POST /xingrg/kc/buy/cgsh_list_operate.html HTTP/1.1" 200 876
124.77.241.94 - - [16/Jan/2020:10:55:06 +0800] "GET /xingrg/all/function/internal_message.html?_=1579143303516&CODE_STATE=getMsg HTTP/1.1" 200 27
116.238.181.252 - - [16/Jan/2020:10:55:06 +0800] "GET /xingrg/kc/buy/cgsh_order_add.html HTTP/1.1" 200 58042
116.238.181.252 - - [16/Jan/2020:10:55:06 +0800] "GET /xingrg/words/20200116072130_words.js HTTP/1.1" 304 -
116.238.181.252 - - [16/Jan/2020:10:55:06 +0800] "POST /xingrg/kc/buy/cgsh_order_operate.html HTTP/1.1" 200 8245
116.238.181.252 - - [16/Jan/2020:10:55:06 +0800] "GET /xingrg/javascript/easyui/themes/default/validatebox.css HTTP/1.1" 404 1104
114.93.75.19 - - [16/Jan/2020:10:55:07 +0800] "GET /xingrg/all/function/internal_message.html?_=1579143213990&CODE_STATE=getMsg HTTP/1.1" 200 27
58.40.7.146 - - [16/Jan/2020:10:55:07 +0800] "GET /xingrg/all/function/internal_message.html?_=1579143303994&CODE_STATE=getMsg HTTP/1.1" 200 27
116.233.72.195 - - [16/Jan/2020:10:55:10 +0800] "GET /xingrg/all/function/internal_message.html?_=1579143338593&CODE_STATE=getMsg HTTP/1.1" 200 27
180.157.252.250 - - [16/Jan/2020:10:55:14 +0800] "GET /xingrg/check_reg.html?_=1579143301275 HTTP/1.1" 302 -
180.157.252.250 - - [16/Jan/2020:10:55:14 +0800] "GET /xingrg/all/function/internal_message.html?_=1579143301601&CODE_STATE=getMsg HTTP/1.1" 200 27
116.238.181.252 - - [16/Jan/2020:10:55:14 +0800] "GET /xingrg/all/function/internal_message.html?_=1579143312237&CODE_STATE=getMsg HTTP/1.1" 200 27
117.131.5.26 - - [16/Jan/2020:10:55:15 +0800] "GET /xingrg/all/function/internal_message.html?_=1579143321581&CODE_STATE=getMsg HTTP/1.1" 200 27
114.88.170.138 - - [16/Jan/2020:10:55:16 +0800] "GET /xingrg/all/function/internal_message.html?_=1579143538610&CODE_STATE=getMsg HTTP/1.1" 200 27
124.77.241.94 - - [16/Jan/2020:10:55:18 +0800] "GET /xingrg/check_reg.html?_=1579143312706 HTTP/1.1" 200 22
116.238.181.252 - - [16/Jan/2020:10:55:19 +0800] "GET /xingrg/kc/buy/cgsh_order_operate.html?command=get_materiel&rest_code=00150&code=00102002321&supplier_code=00100071&order_time=2020-01-16 HTTP/1.1" 200 446
58.221.95.50 - - [16/Jan/2020:10:55:19 +0800] "GET /xingrg/all/function/internal_message.html?_=1579143627703&CODE_STATE=getMsg HTTP/1.1" 302 -
58.221.95.50 - - [16/Jan/2020:10:55:20 +0800] "GET /xingrg/login.html HTTP/1.1" 200 7639
114.88.159.93 - - [16/Jan/2020:10:55:20 +0800] "GET /xingrg/all/function/internal_message.html?_=1579143325896&CODE_STATE=getMsg HTTP/1.1" 200 27
124.77.241.94 - - [16/Jan/2020:10:55:20 +0800] "GET /xingrg/all/function/internal_message.html?_=1579143315149&CODE_STATE=getMsg HTTP/1.1" 200 27
117.185.32.26 - - [16/Jan/2020:10:55:22 +0800] "GET /xingrg/all/function/internal_message.html?_=1579143693744&CODE_STATE=getMsg HTTP/1.1" 200 27
120.253.135.82 - - [16/Jan/2020:10:55:24 +0800] "GET /xingrg/all/function/internal_message.html?_=1579143061325&CODE_STATE=getMsg HTTP/1.1" 200 27
116.238.35.243 - - [16/Jan/2020:10:55:25 +0800] "GET /xingrg/all/function/internal_message.html?_=1579143326352&CODE_STATE=getMsg HTTP/1.1" 200 27
101.85.244.242 - - [16/Jan/2020:10:55:28 +0800] "GET /xingrg/all/function/internal_message.html?_=1579143310524&CODE_STATE=getMsg HTTP/1.1" 200 27
172.17.2.150 - - [16/Jan/2020:10:55:30 +0800] "GET /xingrg/check_reg.html?_=1579143303892 HTTP/1.1" 200 22
172.17.2.150 - - [16/Jan/2020:10:55:30 +0800] "GET /xingrg/all/function/internal_message.html?_=1579143303953&CODE_STATE=getMsg HTTP/1.1" 200 27
117.184.7.30 - - [16/Jan/2020:10:55:31 +0800] "GET /xingrg/all/function/internal_message.html?_=1579143318322&CODE_STATE=getMsg HTTP/1.1" 200 27
116.238.181.252 - - [16/Jan/2020:10:55:36 +0800] "GET /xingrg/kc/buy/cgsh_order_operate.html?command=get_materiel&rest_code=00150&code=00102002586&supplier_code=00100071&order_time=2020-01-16 HTTP/1.1" 200 439
114.93.75.19 - - [16/Jan/2020:10:55:37 +0800] "GET /xingrg/all/function/internal_message.html?_=1579143333165&CODE_STATE=getMsg HTTP/1.1" 200 27
222.69.138.237 - - [16/Jan/2020:10:55:40 +0800] "GET /xingrg/check_reg.html?_=1579143333915 HTTP/1.1" 200 22
222.69.138.237 - - [16/Jan/2020:10:55:40 +0800] "GET /xingrg/all/function/internal_message.html?_=1579143333918&CODE_STATE=getMsg HTTP/1.1" 200 27
116.238.181.252 - - [16/Jan/2020:10:55:42 +0800] "POST /xingrg/kc/buy/cgsh_order_operate.html HTTP/1.1" 200 37
117.184.7.26 - - [16/Jan/2020:10:55:43 +0800] "GET /xingrg/all/function/internal_message.html?_=1579143673605&CODE_STATE=getMsg HTTP/1.1" 200 27
116.238.181.252 - - [16/Jan/2020:10:55:44 +0800] "POST /xingrg/kc/buy/cgsh_order_operate.html HTTP/1.1" 200 12
116.238.181.252 - - [16/Jan/2020:10:55:45 +0800] "GET /xingrg/kc/buy/cgsh_order_info.html?code=212020011608343 HTTP/1.1" 200 52948
180.157.252.250 - - [16/Jan/2020:10:55:45 +0800] "GET /xingrg/check_reg.html?_=1579143332300 HTTP/1.1" 302 -
116.238.181.252 - - [16/Jan/2020:10:55:45 +0800] "GET /xingrg/javascript/easyui/themes/default/validatebox.css HTTP/1.1" 404 1104
116.238.181.252 - - [16/Jan/2020:10:55:45 +0800] "POST /xingrg/kc/buy/cgsh_order_operate.html HTTP/1.1" 200 1235
116.238.181.252 - - [16/Jan/2020:10:55:47 +0800] "GET /xingrg/kc/print/load_data.html?order_code=212020011608343&kc_code=cgsh&condition= HTTP/1.1" 200 1016
180.162.232.172 - - [16/Jan/2020:10:55:47 +0800] "GET /xingrg/all/function/internal_message.html?_=1579143456309&CODE_STATE=getMsg HTTP/1.1" 200 27
58.247.201.99 - - [16/Jan/2020:10:55:49 +0800] "GET /xingrg/check_reg.html?_=1579143320596 HTTP/1.1" 200 22
58.247.201.99 - - [16/Jan/2020:10:55:49 +0800] "GET /xingrg/all/function/internal_message.html?_=1579143320599&CODE_STATE=getMsg HTTP/1.1" 200 27
124.77.241.94 - - [16/Jan/2020:10:55:55 +0800] "POST /xingrg/kc/buy/cgsh_order_operate.html HTTP/1.1" 200 37
101.81.125.204 - - [16/Jan/2020:10:55:56 +0800] "GET /xingrg/all/function/internal_message.html?_=1579143352841&CODE_STATE=getMsg HTTP/1.1" 200 27
101.81.125.204 - - [16/Jan/2020:10:55:56 +0800] "GET /xingrg/check_reg.html?_=1579143353221 HTTP/1.1" 200 22
124.77.241.94 - - [16/Jan/2020:10:55:57 +0800] "POST /xingrg/kc/buy/cgsh_order_operate.html HTTP/1.1" 200 11585
116.228.172.94 - - [16/Jan/2020:10:55:59 +0800] "GET /xingrg/all/function/internal_message.html?_=1579142740975&CODE_STATE=getMsg HTTP/1.1" 200 27
124.77.241.94 - - [16/Jan/2020:10:56:00 +0800] "GET /xingrg/kc/buy/cgsh_order_add.html HTTP/1.1" 200 57461
124.77.241.94 - - [16/Jan/2020:10:56:00 +0800] "POST /xingrg/kc/buy/cgsh_order_operate.html HTTP/1.1" 200 8245
58.40.221.208 - - [16/Jan/2020:10:56:00 +0800] "GET /xingrg/all/function/internal_message.html?_=1579142560124&CODE_STATE=getMsg HTTP/1.1" 200 27
58.40.221.208 - - [16/Jan/2020:10:56:00 +0800] "GET /xingrg/check_reg.html?_=1579142560126 HTTP/1.1" 200 22
124.77.241.94 - - [16/Jan/2020:10:56:01 +0800] "GET /xingrg/javascript/easyui/themes/default/validatebox.css HTTP/1.1" 404 1104
116.238.35.243 - - [16/Jan/2020:10:56:04 +0800] "GET /xingrg/all/function/internal_message.html?_=1579143365770&CODE_STATE=getMsg HTTP/1.1" 200 27
124.77.241.94 - - [16/Jan/2020:10:56:06 +0800] "GET /xingrg/all/function/internal_message.html?_=1579143363517&CODE_STATE=getMsg HTTP/1.1" 200 27
114.93.75.19 - - [16/Jan/2020:10:56:07 +0800] "GET /xingrg/check_reg.html?_=1579143274020 HTTP/1.1" 200 22
114.93.75.19 - - [16/Jan/2020:10:56:07 +0800] "GET /xingrg/all/function/internal_message.html?_=1579143274023&CODE_STATE=getMsg HTTP/1.1" 200 27
58.40.7.146 - - [16/Jan/2020:10:56:07 +0800] "GET /xingrg/all/function/internal_message.html?_=1579143363981&CODE_STATE=getMsg HTTP/1.1" 200 27
116.233.72.195 - - [16/Jan/2020:10:56:09 +0800] "GET /xingrg/all/function/internal_message.html?_=1579143398593&CODE_STATE=getMsg HTTP/1.1" 200 27
124.77.241.94 - - [16/Jan/2020:10:56:13 +0800] "GET /xingrg/kc/buy/cgsh_order_operate.html?command=get_materiel&rest_code=00146&code=00101001032&supplier_code=00100041&order_time=2020-01-16 HTTP/1.1" 200 413
180.157.252.250 - - [16/Jan/2020:10:56:14 +0800] "GET /xingrg/all/function/internal_message.html?_=1579143361584&CODE_STATE=getMsg HTTP/1.1" 200 27
116.238.181.252 - - [16/Jan/2020:10:56:14 +0800] "GET /xingrg/all/function/internal_message.html?_=1579143372247&CODE_STATE=getMsg HTTP/1.1" 200 27
117.131.5.26 - - [16/Jan/2020:10:56:15 +0800] "GET /xingrg/all/function/internal_message.html?_=1579143381581&CODE_STATE=getMsg HTTP/1.1" 200 27
114.88.170.138 - - [16/Jan/2020:10:56:16 +0800] "GET /xingrg/all/function/internal_message.html?_=1579143598615&CODE_STATE=getMsg HTTP/1.1" 200 27
116.238.181.252 - - [16/Jan/2020:10:56:18 +0800] "GET /xingrg/kc/buy/cgsh_order_add.html HTTP/1.1" 200 58042
116.238.181.252 - - [16/Jan/2020:10:56:19 +0800] "GET /xingrg/javascript/easyui/themes/default/validatebox.css HTTP/1.1" 404 1104
116.238.181.252 - - [16/Jan/2020:10:56:19 +0800] "POST /xingrg/kc/buy/cgsh_order_operate.html HTTP/1.1" 200 8245
58.221.95.50 - - [16/Jan/2020:10:56:19 +0800] "GET /xingrg/all/function/internal_message.html?_=1579143687701&CODE_STATE=getMsg HTTP/1.1" 302 -
58.221.95.50 - - [16/Jan/2020:10:56:20 +0800] "GET /xingrg/login.html HTTP/1.1" 200 7639
114.88.159.93 - - [16/Jan/2020:10:56:20 +0800] "GET /xingrg/all/function/internal_message.html?_=1579143385895&CODE_STATE=getMsg HTTP/1.1" 200 27
124.77.241.94 - - [16/Jan/2020:10:56:20 +0800] "GET /xingrg/all/function/internal_message.html?_=1579143375232&CODE_STATE=getMsg HTTP/1.1" 200 27
117.185.32.26 - - [16/Jan/2020:10:56:22 +0800] "GET /xingrg/check_reg.html?_=1579143753743 HTTP/1.1" 200 22
117.185.32.26 - - [16/Jan/2020:10:56:22 +0800] "GET /xingrg/all/function/internal_message.html?_=1579143753744&CODE_STATE=getMsg HTTP/1.1" 200 27
124.77.241.94 - - [16/Jan/2020:10:56:23 +0800] "GET /xingrg/kc/buy/cgsh_order_operate.html?command=get_materiel&rest_code=00146&code=00101010161&supplier_code=00100041&order_time=2020-01-16 HTTP/1.1" 200 409
120.253.135.82 - - [16/Jan/2020:10:56:24 +0800] "GET /xingrg/all/function/internal_message.html?_=1579143121430&CODE_STATE=getMsg HTTP/1.1" 200 27
116.238.35.243 - - [16/Jan/2020:10:56:25 +0800] "GET /xingrg/all/function/internal_message.html?_=1579143386356&CODE_STATE=getMsg HTTP/1.1" 200 27
116.238.35.243 - - [16/Jan/2020:10:56:25 +0800] "GET /xingrg/check_reg.html?_=1579143386359 HTTP/1.1" 200 22
116.238.181.252 - - [16/Jan/2020:10:56:26 +0800] "GET /xingrg/kc/buy/cgsh_order_operate.html?command=get_materiel&rest_code=00150&code=00101028012&supplier_code=00100017&order_time=2020-01-16 HTTP/1.1" 200 456
101.85.244.242 - - [16/Jan/2020:10:56:28 +0800] "GET /xingrg/all/function/internal_message.html?_=1579143370524&CODE_STATE=getMsg HTTP/1.1" 200 27
172.17.2.150 - - [16/Jan/2020:10:56:30 +0800] "GET /xingrg/all/function/internal_message.html?_=1579143363957&CODE_STATE=getMsg HTTP/1.1" 200 27
117.184.7.30 - - [16/Jan/2020:10:56:32 +0800] "GET /xingrg/all/function/internal_message.html?_=1579143378501&CODE_STATE=getMsg HTTP/1.1" 200 27
124.77.241.94 - - [16/Jan/2020:10:56:33 +0800] "GET /xingrg/kc/buy/cgsh_order_operate.html?command=get_materiel&rest_code=00146&code=00101005037&supplier_code=00100041&order_time=2020-01-16 HTTP/1.1" 200 409
114.93.75.19 - - [16/Jan/2020:10:56:37 +0800] "GET /xingrg/all/function/internal_message.html?_=1579143393132&CODE_STATE=getMsg HTTP/1.1" 200 27
117.185.32.26 - - [16/Jan/2020:10:56:38 +0800] "GET /xingrg/kc/base/base_main.html HTTP/1.1" 200 12138
222.69.138.237 - - [16/Jan/2020:10:56:40 +0800] "GET /xingrg/all/function/internal_message.html?_=1579143393898&CODE_STATE=getMsg HTTP/1.1" 200 27
117.185.32.26 - - [16/Jan/2020:10:56:41 +0800] "GET /xingrg/kc/base/wldb_order_list.html HTTP/1.1" 200 19282
117.185.32.26 - - [16/Jan/2020:10:56:41 +0800] "POST /xingrg/kc/base/wldb_list_operate.html HTTP/1.1" 200 928
117.184.7.26 - - [16/Jan/2020:10:56:43 +0800] "GET /xingrg/all/function/internal_message.html?_=1579143733604&CODE_STATE=getMsg HTTP/1.1" 200 27
124.77.241.94 - - [16/Jan/2020:10:56:44 +0800] "GET /xingrg/kc/buy/cgsh_order_operate.html?command=get_materiel&rest_code=00146&code=00101001111&supplier_code=00100041&order_time=2020-01-16 HTTP/1.1" 200 408
180.157.252.250 - - [16/Jan/2020:10:56:44 +0800] "GET /favicon.ico HTTP/1.1" 404 -
180.162.232.172 - - [16/Jan/2020:10:56:47 +0800] "GET /xingrg/all/function/internal_message.html?_=1579143516338&CODE_STATE=getMsg HTTP/1.1" 200 27
58.247.201.99 - - [16/Jan/2020:10:56:49 +0800] "GET /xingrg/all/function/internal_message.html?_=1579143380593&CODE_STATE=getMsg HTTP/1.1" 200 27
116.238.181.252 - - [16/Jan/2020:10:56:49 +0800] "GET /xingrg/kc/buy/cgsh_order_operate.html?command=get_materiel&rest_code=00150&code=00101029011&supplier_code=00100017&order_time=2020-01-16 HTTP/1.1" 200 459
114.93.75.19 - - [16/Jan/2020:10:56:51 +0800] "GET /xingrg/check_reg.html?_=1579143407702 HTTP/1.1" 200 22
101.81.125.204 - - [16/Jan/2020:10:56:56 +0800] "GET /xingrg/all/function/internal_message.html?_=1579143412818&CODE_STATE=getMsg HTTP/1.1" 200 27
116.238.181.252 - - [16/Jan/2020:10:56:59 +0800] "GET /xingrg/kc/buy/cgsh_order_operate.html?command=get_materiel&rest_code=00150&code=00101029022&supplier_code=00100017&order_time=2020-01-16 HTTP/1.1" 200 452
116.228.172.94 - - [16/Jan/2020:10:56:59 +0800] "GET /xingrg/all/function/internal_message.html?_=1579142800996&CODE_STATE=getMsg HTTP/1.1" 200 27
58.40.221.208 - - [16/Jan/2020:10:57:00 +0800] "GET /xingrg/all/function/internal_message.html?_=1579142620124&CODE_STATE=getMsg HTTP/1.1" 200 27
116.238.35.243 - - [16/Jan/2020:10:57:04 +0800] "GET /xingrg/all/function/internal_message.html?_=1579143425770&CODE_STATE=getMsg HTTP/1.1" 200 27
124.77.241.94 - - [16/Jan/2020:10:57:05 +0800] "POST /xingrg/kc/buy/cgsh_order_operate.html HTTP/1.1" 200 37
116.238.181.252 - - [16/Jan/2020:10:57:05 +0800] "GET /xingrg/kc/buy/cgsh_order_operate.html?command=get_materiel&rest_code=00150&code=00101029002&supplier_code=00100017&order_time=2020-01-16 HTTP/1.1" 200 450
124.77.241.94 - - [16/Jan/2020:10:57:06 +0800] "GET /xingrg/all/function/internal_message.html?_=1579143423686&CODE_STATE=getMsg HTTP/1.1" 200 27
114.93.75.19 - - [16/Jan/2020:10:57:07 +0800] "GET /xingrg/all/function/internal_message.html?_=1579143334023&CODE_STATE=getMsg HTTP/1.1" 200 27
58.40.7.146 - - [16/Jan/2020:10:57:07 +0800] "GET /xingrg/all/function/internal_message.html?_=1579143423989&CODE_STATE=getMsg HTTP/1.1" 200 27
116.233.72.195 - - [16/Jan/2020:10:57:07 +0800] "GET /xingrg/all/function/internal_message.html?_=1579143458593&CODE_STATE=getMsg HTTP/1.1" 200 27
124.77.241.94 - - [16/Jan/2020:10:57:08 +0800] "POST /xingrg/kc/buy/cgsh_order_operate.html HTTP/1.1" 200 4425
124.77.241.94 - - [16/Jan/2020:10:57:10 +0800] "GET /xingrg/kc/buy/cgsh_order_add.html HTTP/1.1" 200 57461
124.77.241.94 - - [16/Jan/2020:10:57:10 +0800] "POST /xingrg/kc/buy/cgsh_order_operate.html HTTP/1.1" 200 8245
124.77.241.94 - - [16/Jan/2020:10:57:10 +0800] "GET /xingrg/javascript/easyui/themes/default/validatebox.css HTTP/1.1" 404 1104
180.157.252.250 - - [16/Jan/2020:10:57:14 +0800] "GET /xingrg/all/function/internal_message.html?_=1579143421566&CODE_STATE=getMsg HTTP/1.1" 200 27
116.238.181.252 - - [16/Jan/2020:10:57:14 +0800] "GET /xingrg/check_reg.html?_=1579143432254 HTTP/1.1" 200 22
116.238.181.252 - - [16/Jan/2020:10:57:14 +0800] "GET /xingrg/all/function/internal_message.html?_=1579143432260&CODE_STATE=getMsg HTTP/1.1" 200 27
117.131.5.26 - - [16/Jan/2020:10:57:15 +0800] "GET /xingrg/all/function/internal_message.html?_=1579143441581&CODE_STATE=getMsg HTTP/1.1" 200 27
114.88.170.138 - - [16/Jan/2020:10:57:16 +0800] "GET /xingrg/all/function/internal_message.html?_=1579143658616&CODE_STATE=getMsg HTTP/1.1" 200 27
58.221.95.50 - - [16/Jan/2020:10:57:18 +0800] "GET /xingrg/check_reg.html?_=1579143608051 HTTP/1.1" 302 -
58.221.95.50 - - [16/Jan/2020:10:57:19 +0800] "GET /xingrg/all/function/internal_message.html?_=1579143747702&CODE_STATE=getMsg HTTP/1.1" 302 -
58.221.95.50 - - [16/Jan/2020:10:57:20 +0800] "GET /xingrg/login.html HTTP/1.1" 200 7639
114.88.159.93 - - [16/Jan/2020:10:57:20 +0800] "GET /xingrg/all/function/internal_message.html?_=1579143445894&CODE_STATE=getMsg HTTP/1.1" 200 27
124.77.241.94 - - [16/Jan/2020:10:57:20 +0800] "GET /xingrg/all/function/internal_message.html?_=1579143435238&CODE_STATE=getMsg HTTP/1.1" 200 27
117.185.32.26 - - [16/Jan/2020:10:57:22 +0800] "GET /xingrg/all/function/internal_message.html?_=1579143813762&CODE_STATE=getMsg HTTP/1.1" 200 27
120.253.135.82 - - [16/Jan/2020:10:57:24 +0800] "GET /xingrg/all/function/internal_message.html?_=1579143181429&CODE_STATE=getMsg HTTP/1.1" 200 27
116.238.181.252 - - [16/Jan/2020:10:57:25 +0800] "POST /xingrg/kc/buy/cgsh_order_operate.html HTTP/1.1" 200 37
116.238.35.243 - - [16/Jan/2020:10:57:25 +0800] "GET /xingrg/all/function/internal_message.html?_=1579143446344&CODE_STATE=getMsg HTTP/1.1" 200 27
116.238.181.252 - - [16/Jan/2020:10:57:26 +0800] "POST /xingrg/kc/buy/cgsh_order_operate.html HTTP/1.1" 200 12
116.238.181.252 - - [16/Jan/2020:10:57:27 +0800] "GET /xingrg/kc/buy/cgsh_order_info.html?code=212020011608346 HTTP/1.1" 200 52944
116.238.181.252 - - [16/Jan/2020:10:57:28 +0800] "GET /xingrg/javascript/easyui/themes/default/validatebox.css HTTP/1.1" 404 1104
116.238.181.252 - - [16/Jan/2020:10:57:28 +0800] "POST /xingrg/kc/buy/cgsh_order_operate.html HTTP/1.1" 200 2532
101.85.244.242 - - [16/Jan/2020:10:57:28 +0800] "GET /xingrg/check_reg.html?_=1579143430516 HTTP/1.1" 200 22
101.85.244.242 - - [16/Jan/2020:10:57:28 +0800] "GET /xingrg/all/function/internal_message.html?_=1579143430519&CODE_STATE=getMsg HTTP/1.1" 200 27
116.238.181.252 - - [16/Jan/2020:10:57:29 +0800] "GET /xingrg/kc/print/load_data.html?order_code=212020011608346&kc_code=cgsh&condition= HTTP/1.1" 200 1597
124.77.241.94 - - [16/Jan/2020:10:57:30 +0800] "GET /xingrg/kc/buy/cgsh_order_operate.html?command=get_materiel&rest_code=00146&code=00101011005&supplier_code=00100049&order_time=2020-01-16 HTTP/1.1" 200 429
172.17.2.150 - - [16/Jan/2020:10:57:30 +0800] "GET /xingrg/all/function/internal_message.html?_=1579143423941&CODE_STATE=getMsg HTTP/1.1" 200 27
117.184.7.26 - - [16/Jan/2020:10:57:32 +0800] "GET /xingrg/all/function/internal_message.html?_=1579143438505&CODE_STATE=getMsg HTTP/1.1" 200 27
114.93.75.19 - - [16/Jan/2020:10:57:37 +0800] "GET /xingrg/all/function/internal_message.html?_=1579143453107&CODE_STATE=getMsg HTTP/1.1" 200 27
222.69.138.237 - - [16/Jan/2020:10:57:40 +0800] "GET /xingrg/all/function/internal_message.html?_=1579143453903&CODE_STATE=getMsg HTTP/1.1" 200 27
117.184.7.26 - - [16/Jan/2020:10:57:43 +0800] "GET /xingrg/all/function/internal_message.html?_=1579143793604&CODE_STATE=getMsg HTTP/1.1" 200 27
124.77.241.94 - - [16/Jan/2020:10:57:43 +0800] "POST /xingrg/kc/buy/cgsh_order_operate.html HTTP/1.1" 200 37
124.77.241.94 - - [16/Jan/2020:10:57:45 +0800] "POST /xingrg/kc/buy/cgsh_order_operate.html HTTP/1.1" 200 2657
180.162.232.172 - - [16/Jan/2020:10:57:47 +0800] "GET /xingrg/all/function/internal_message.html?_=1579143576351&CODE_STATE=getMsg HTTP/1.1" 200 27
58.247.201.99 - - [16/Jan/2020:10:57:49 +0800] "GET /xingrg/all/function/internal_message.html?_=1579143440608&CODE_STATE=getMsg HTTP/1.1" 200 27
124.77.241.94 - - [16/Jan/2020:10:57:53 +0800] "GET /xingrg/check_reg.html?_=1579143470586 HTTP/1.1" 200 22
101.81.125.204 - - [16/Jan/2020:10:57:56 +0800] "GET /xingrg/all/function/internal_message.html?_=1579143472793&CODE_STATE=getMsg HTTP/1.1" 200 27
116.228.172.94 - - [16/Jan/2020:10:57:59 +0800] "GET /xingrg/all/function/internal_message.html?_=1579142861027&CODE_STATE=getMsg HTTP/1.1" 200 27
58.40.221.208 - - [16/Jan/2020:10:58:00 +0800] "GET /xingrg/all/function/internal_message.html?_=1579142680123&CODE_STATE=getMsg HTTP/1.1" 200 27
124.77.241.94 - - [16/Jan/2020:10:58:03 +0800] "POST /xingrg/kc/buy/cgsh_order_operate.html HTTP/1.1" 200 37
124.77.241.94 - - [16/Jan/2020:10:58:04 +0800] "POST /xingrg/kc/buy/cgsh_order_operate.html HTTP/1.1" 200 2657
116.238.35.243 - - [16/Jan/2020:10:58:04 +0800] "GET /xingrg/check_reg.html?_=1579143485770 HTTP/1.1" 200 22
116.238.35.243 - - [16/Jan/2020:10:58:04 +0800] "GET /xingrg/all/function/internal_message.html?_=1579143485773&CODE_STATE=getMsg HTTP/1.1" 200 27
124.77.241.94 - - [16/Jan/2020:10:58:06 +0800] "GET /xingrg/all/function/internal_message.html?_=1579143483701&CODE_STATE=getMsg HTTP/1.1" 200 27
116.233.72.195 - - [16/Jan/2020:10:58:06 +0800] "GET /xingrg/all/function/internal_message.html?_=1579143518593&CODE_STATE=getMsg HTTP/1.1" 200 27
114.93.75.19 - - [16/Jan/2020:10:58:07 +0800] "GET /xingrg/all/function/internal_message.html?_=1579143394009&CODE_STATE=getMsg HTTP/1.1" 200 27
58.40.7.146 - - [16/Jan/2020:10:58:07 +0800] "GET /xingrg/check_reg.html?_=1579143483993 HTTP/1.1" 200 22
58.40.7.146 - - [16/Jan/2020:10:58:07 +0800] "GET /xingrg/all/function/internal_message.html?_=1579143483994&CODE_STATE=getMsg HTTP/1.1" 200 27
180.157.252.250 - - [16/Jan/2020:10:58:14 +0800] "GET /xingrg/all/function/internal_message.html?_=1579143481551&CODE_STATE=getMsg HTTP/1.1" 200 27
116.238.181.252 - - [16/Jan/2020:10:58:14 +0800] "GET /xingrg/all/function/internal_message.html?_=1579143492256&CODE_STATE=getMsg HTTP/1.1" 200 27
117.131.5.26 - - [16/Jan/2020:10:58:15 +0800] "GET /xingrg/all/function/internal_message.html?_=1579143501581&CODE_STATE=getMsg HTTP/1.1" 200 27
114.88.170.138 - - [16/Jan/2020:10:58:16 +0800] "GET /xingrg/all/function/internal_message.html?_=1579143718618&CODE_STATE=getMsg HTTP/1.1" 200 27
172.17.2.150 - - [16/Jan/2020:10:58:16 +0800] "GET /xingrg/kc/buy/cgsh_order_list.html HTTP/1.1" 200 41835
172.17.2.150 - - [16/Jan/2020:10:58:17 +0800] "POST /xingrg/kc/buy/cgsh_list_operate.html HTTP/1.1" 200 1690
58.221.95.50 - - [16/Jan/2020:10:58:19 +0800] "GET /xingrg/check_reg.html?_=1579143807702 HTTP/1.1" 302 -
58.221.95.50 - - [16/Jan/2020:10:58:19 +0800] "GET /xingrg/all/function/internal_message.html?_=1579143807702&CODE_STATE=getMsg HTTP/1.1" 302 -
58.221.95.50 - - [16/Jan/2020:10:58:20 +0800] "GET /xingrg/login.html HTTP/1.1" 200 7639
58.221.95.50 - - [16/Jan/2020:10:58:20 +0800] "GET /xingrg/login.html HTTP/1.1" 200 7639
114.88.159.93 - - [16/Jan/2020:10:58:20 +0800] "GET /xingrg/all/function/internal_message.html?_=1579143505893&CODE_STATE=getMsg HTTP/1.1" 200 27
124.77.241.94 - - [16/Jan/2020:10:58:20 +0800] "GET /xingrg/all/function/internal_message.html?_=1579143495252&CODE_STATE=getMsg HTTP/1.1" 200 27
117.185.32.26 - - [16/Jan/2020:10:58:22 +0800] "GET /xingrg/all/function/internal_message.html?_=1579143873760&CODE_STATE=getMsg HTTP/1.1" 200 27
120.253.135.82 - - [16/Jan/2020:10:58:25 +0800] "GET /xingrg/all/function/internal_message.html?_=1579143241532&CODE_STATE=getMsg HTTP/1.1" 200 27
116.238.35.243 - - [16/Jan/2020:10:58:25 +0800] "GET /xingrg/all/function/internal_message.html?_=1579143506355&CODE_STATE=getMsg HTTP/1.1" 200 27
101.85.244.242 - - [16/Jan/2020:10:58:28 +0800] "GET /xingrg/all/function/internal_message.html?_=1579143490525&CODE_STATE=getMsg HTTP/1.1" 200 27
117.184.7.30 - - [16/Jan/2020:10:58:30 +0800] "GET /xingrg/check_reg.html?_=1579143497085 HTTP/1.1" 200 22
172.17.2.150 - - [16/Jan/2020:10:58:30 +0800] "GET /xingrg/all/function/internal_message.html?_=1579143483931&CODE_STATE=getMsg HTTP/1.1" 200 27
117.184.7.30 - - [16/Jan/2020:10:58:32 +0800] "GET /xingrg/all/function/internal_message.html?_=1579143498517&CODE_STATE=getMsg HTTP/1.1" 200 27
114.93.75.19 - - [16/Jan/2020:10:58:37 +0800] "GET /xingrg/all/function/internal_message.html?_=1579143513083&CODE_STATE=getMsg HTTP/1.1" 200 27
222.69.138.237 - - [16/Jan/2020:10:58:40 +0800] "GET /xingrg/all/function/internal_message.html?_=1579143513904&CODE_STATE=getMsg HTTP/1.1" 200 27
117.184.7.26 - - [16/Jan/2020:10:58:43 +0800] "GET /xingrg/all/function/internal_message.html?_=1579143853643&CODE_STATE=getMsg HTTP/1.1" 200 27
180.162.232.172 - - [16/Jan/2020:10:58:47 +0800] "GET /xingrg/check_reg.html?_=1579143635916 HTTP/1.1" 200 22
180.162.232.172 - - [16/Jan/2020:10:58:47 +0800] "GET /xingrg/all/function/internal_message.html?_=1579143636365&CODE_STATE=getMsg HTTP/1.1" 200 27
101.81.125.204 - - [16/Jan/2020:10:58:56 +0800] "GET /xingrg/all/function/internal_message.html?_=1579143532785&CODE_STATE=getMsg HTTP/1.1" 200 27
116.228.172.94 - - [16/Jan/2020:10:58:59 +0800] "GET /xingrg/check_reg.html?_=1579142920679 HTTP/1.1" 200 22
116.228.172.94 - - [16/Jan/2020:10:58:59 +0800] "GET /xingrg/all/function/internal_message.html?_=1579142921052&CODE_STATE=getMsg HTTP/1.1" 200 27
58.40.221.208 - - [16/Jan/2020:10:59:00 +0800] "GET /xingrg/all/function/internal_message.html?_=1579142740122&CODE_STATE=getMsg HTTP/1.1" 200 27
116.233.72.195 - - [16/Jan/2020:10:59:01 +0800] "GET /xingrg/check_reg.html?_=1579143576562 HTTP/1.1" 200 22
116.233.72.195 - - [16/Jan/2020:10:59:03 +0800] "GET /xingrg/all/function/internal_message.html?_=1579143578593&CODE_STATE=getMsg HTTP/1.1" 200 27
116.238.35.243 - - [16/Jan/2020:10:59:04 +0800] "GET /xingrg/all/function/internal_message.html?_=1579143545774&CODE_STATE=getMsg HTTP/1.1" 200 27
124.77.241.94 - - [16/Jan/2020:10:59:06 +0800] "GET /xingrg/all/function/internal_message.html?_=1579143543715&CODE_STATE=getMsg HTTP/1.1" 200 27
114.93.75.19 - - [16/Jan/2020:10:59:07 +0800] "GET /xingrg/all/function/internal_message.html?_=1579143454011&CODE_STATE=getMsg HTTP/1.1" 200 27
58.40.7.146 - - [16/Jan/2020:10:59:07 +0800] "GET /xingrg/all/function/internal_message.html?_=1579143543996&CODE_STATE=getMsg HTTP/1.1" 200 27
180.157.252.250 - - [16/Jan/2020:10:59:14 +0800] "GET /xingrg/check_reg.html?_=1579143541152 HTTP/1.1" 200 22
180.157.252.250 - - [16/Jan/2020:10:59:14 +0800] "GET /xingrg/all/function/internal_message.html?_=1579143541594&CODE_STATE=getMsg HTTP/1.1" 200 27
116.238.181.252 - - [16/Jan/2020:10:59:14 +0800] "GET /xingrg/all/function/internal_message.html?_=1579143552249&CODE_STATE=getMsg HTTP/1.1" 200 27
117.131.5.26 - - [16/Jan/2020:10:59:15 +0800] "GET /xingrg/all/function/internal_message.html?_=1579143561581&CODE_STATE=getMsg HTTP/1.1" 200 27
114.88.170.138 - - [16/Jan/2020:10:59:16 +0800] "GET /xingrg/check_reg.html?_=1579143778619 HTTP/1.1" 200 22
114.88.170.138 - - [16/Jan/2020:10:59:16 +0800] "GET /xingrg/all/function/internal_message.html?_=1579143778624&CODE_STATE=getMsg HTTP/1.1" 200 27
58.221.95.50 - - [16/Jan/2020:10:59:19 +0800] "GET /xingrg/all/function/internal_message.html?_=1579143867688&CODE_STATE=getMsg HTTP/1.1" 302 -
58.221.95.50 - - [16/Jan/2020:10:59:20 +0800] "GET /xingrg/login.html HTTP/1.1" 200 7639
114.88.159.93 - - [16/Jan/2020:10:59:20 +0800] "GET /xingrg/all/function/internal_message.html?_=1579143565890&CODE_STATE=getMsg HTTP/1.1" 200 27
114.88.159.93 - - [16/Jan/2020:10:59:20 +0800] "GET /xingrg/check_reg.html?_=1579143565892 HTTP/1.1" 200 22
124.77.241.94 - - [16/Jan/2020:10:59:20 +0800] "GET /xingrg/all/function/internal_message.html?_=1579143555266&CODE_STATE=getMsg HTTP/1.1" 200 27
120.253.135.82 - - [16/Jan/2020:10:59:21 +0800] "GET /xingrg/check_reg.html?_=1579143297997 HTTP/1.1" 200 22
117.185.32.26 - - [16/Jan/2020:10:59:22 +0800] "GET /xingrg/all/function/internal_message.html?_=1579143933761&CODE_STATE=getMsg HTTP/1.1" 200 27
120.253.135.82 - - [16/Jan/2020:10:59:25 +0800] "GET /xingrg/all/function/internal_message.html?_=1579143301534&CODE_STATE=getMsg HTTP/1.1" 200 27
116.238.35.243 - - [16/Jan/2020:10:59:25 +0800] "GET /xingrg/all/function/internal_message.html?_=1579143566355&CODE_STATE=getMsg HTTP/1.1" 200 27
101.85.244.242 - - [16/Jan/2020:10:59:28 +0800] "GET /xingrg/all/function/internal_message.html?_=1579143550522&CODE_STATE=getMsg HTTP/1.1" 200 27
172.17.2.150 - - [16/Jan/2020:10:59:30 +0800] "GET /xingrg/all/function/internal_message.html?_=1579143543922&CODE_STATE=getMsg HTTP/1.1" 200 27
117.184.7.30 - - [16/Jan/2020:10:59:32 +0800] "GET /xingrg/all/function/internal_message.html?_=1579143558532&CODE_STATE=getMsg HTTP/1.1" 200 27
114.93.75.19 - - [16/Jan/2020:10:59:37 +0800] "GET /xingrg/all/function/internal_message.html?_=1579143573064&CODE_STATE=getMsg HTTP/1.1" 200 27
117.184.7.26 - - [16/Jan/2020:10:59:40 +0800] "GET /xingrg/kc/base/base_main.html HTTP/1.1" 200 12138
222.69.138.237 - - [16/Jan/2020:10:59:40 +0800] "GET /xingrg/all/function/internal_message.html?_=1579143573906&CODE_STATE=getMsg HTTP/1.1" 200 27
117.184.7.26 - - [16/Jan/2020:10:59:40 +0800] "GET /xingrg/images/blue/button/wlsy.gif HTTP/1.1" 200 2536
117.184.7.26 - - [16/Jan/2020:10:59:40 +0800] "GET /xingrg/images/blue/button/ckpd.gif HTTP/1.1" 200 2051
117.184.7.26 - - [16/Jan/2020:10:59:40 +0800] "GET /xingrg/images/blue/button/ckdb.gif HTTP/1.1" 200 1950
117.184.7.26 - - [16/Jan/2020:10:59:40 +0800] "GET /xingrg/images/blue/button/yddb.gif HTTP/1.1" 200 2040
117.184.7.26 - - [16/Jan/2020:10:59:40 +0800] "GET /xingrg/images/blue/button/top_left.jpg HTTP/1.1" 200 1632
117.184.7.26 - - [16/Jan/2020:10:59:40 +0800] "GET /xingrg/images/blue/button/top_right.jpg HTTP/1.1" 200 1708
117.184.7.26 - - [16/Jan/2020:10:59:40 +0800] "GET /xingrg/images/blue/button/down.jpg HTTP/1.1" 200 1560
117.184.7.26 - - [16/Jan/2020:10:59:40 +0800] "GET /xingrg/images/blue/button/bottom_left.jpg HTTP/1.1" 200 1524
117.184.7.26 - - [16/Jan/2020:10:59:40 +0800] "GET /xingrg/images/blue/button/bottom_right.jpg HTTP/1.1" 200 1436
117.184.7.26 - - [16/Jan/2020:10:59:40 +0800] "GET /xingrg/images/blue/button/left_ah.jpg HTTP/1.1" 200 1643
117.184.7.26 - - [16/Jan/2020:10:59:42 +0800] "GET /xingrg/kc/buy/buy_main.html HTTP/1.1" 200 12398
117.184.7.26 - - [16/Jan/2020:10:59:42 +0800] "GET /xingrg/css/new_ie.css HTTP/1.1" 404 1036
117.184.7.26 - - [16/Jan/2020:10:59:42 +0800] "GET /xingrg/images/yd/bt.gif HTTP/1.1" 404 1040
117.184.7.26 - - [16/Jan/2020:10:59:43 +0800] "GET /xingrg/kc/buy/cgsh_order_list.html HTTP/1.1" 200 41847
117.184.7.26 - - [16/Jan/2020:10:59:43 +0800] "GET /xingrg/check_reg.html?_=1579143913643 HTTP/1.1" 200 22
117.184.7.26 - - [16/Jan/2020:10:59:43 +0800] "GET /xingrg/all/function/internal_message.html?_=1579143913644&CODE_STATE=getMsg HTTP/1.1" 200 27
117.184.7.26 - - [16/Jan/2020:10:59:44 +0800] "POST /xingrg/kc/buy/cgsh_list_operate.html HTTP/1.1" 200 1682
180.162.232.172 - - [16/Jan/2020:10:59:47 +0800] "GET /xingrg/all/function/internal_message.html?_=1579143696378&CODE_STATE=getMsg HTTP/1.1" 200 27
101.81.125.204 - - [16/Jan/2020:10:59:56 +0800] "GET /xingrg/all/function/internal_message.html?_=1579143592775&CODE_STATE=getMsg HTTP/1.1" 200 27
116.233.72.195 - - [16/Jan/2020:10:59:58 +0800] "GET /xingrg/kc/buy/cgsh_order_add.html HTTP/1.1" 200 57449
116.233.72.195 - - [16/Jan/2020:10:59:58 +0800] "GET /xingrg/javascript/jquery_tools/order_manager.js HTTP/1.1" 200 11183
116.233.72.195 - - [16/Jan/2020:10:59:58 +0800] "GET /xingrg/javascript/convert.js HTTP/1.1" 200 1239
116.233.72.195 - - [16/Jan/2020:10:59:58 +0800] "GET /xingrg/javascript/json2.js HTTP/1.1" 200 11259
116.233.72.195 - - [16/Jan/2020:10:59:59 +0800] "GET /xingrg/javascript/easyui/themes/icons/copy_new.png HTTP/1.1" 200 815
116.233.72.195 - - [16/Jan/2020:10:59:59 +0800] "GET /xingrg/javascript/easyui/themes/icons/template_new.png HTTP/1.1" 200 3956
116.233.72.195 - - [16/Jan/2020:10:59:59 +0800] "GET /xingrg/javascript/easyui/themes/icons/ok.png HTTP/1.1" 200 883
116.233.72.195 - - [16/Jan/2020:10:59:59 +0800] "GET /xingrg/javascript/easyui/themes/icons/print.png HTTP/1.1" 200 1057
