117.131.5.26 - - [16/Jan/2020:10:25:50 +0800] "GET /xingrg/system/rest/get_item.html?table=menu&target=menu_rest_detail&id=1931&sid=5&_=1579141556253 HTTP/1.1" 200 440
180.162.232.172 - - [16/Jan/2020:10:25:50 +0800] "GET /xingrg/javascript/easyui/themes/default/validatebox.css HTTP/1.1" 404 1104
180.162.232.172 - - [16/Jan/2020:10:25:50 +0800] "POST /xingrg/kc/buy/cgsh_order_operate.html HTTP/1.1" 200 34610
116.228.172.94 - - [16/Jan/2020:10:25:52 +0800] "GET /xingrg/all/function/internal_message.html?_=1579140933510&CODE_STATE=getMsg HTTP/1.1" 200 27
114.88.159.93 - - [16/Jan/2020:10:25:54 +0800] "GET /xingrg/system/rest/query_items.html?_=1579141519209&table=menu&page=1&rows=20&categoryId=&key=%25E8%258D%2589%25E8%2599%25BE HTTP/1.1" 200 1006
114.88.159.93 - - [16/Jan/2020:10:25:56 +0800] "GET /xingrg/system/rest/query_items.html?_=1579141520567&table=menu&page=1&rows=20&categoryId=&key=%25E8%258D%2589%25E8%2599%25BE HTTP/1.1" 200 1006
101.81.125.204 - - [16/Jan/2020:10:25:56 +0800] "GET /xingrg/all/function/internal_message.html?_=1579141553189&CODE_STATE=getMsg HTTP/1.1" 200 27
101.81.125.204 - - [16/Jan/2020:10:25:56 +0800] "GET /xingrg/check_reg.html?_=1579141553191 HTTP/1.1" 200 22
101.81.125.204 - - [16/Jan/2020:10:25:57 +0800] "POST /xingrg/kc/base/wldb_order_operate.html HTTP/1.1" 200 37
101.81.125.204 - - [16/Jan/2020:10:25:57 +0800] "POST /xingrg/kc/base/wldb_order_operate.html HTTP/1.1" 200 8214
101.81.125.204 - - [16/Jan/2020:10:25:57 +0800] "GET /xingrg/kc/base/wldb_order_info.html?code=422020011602331 HTTP/1.1" 200 30339
114.88.159.93 - - [16/Jan/2020:10:25:58 +0800] "GET /xingrg/system/rest/get_item.html?table=menu&id=1998&_=1579141522697 HTTP/1.1" 200 963
114.88.159.93 - - [16/Jan/2020:10:25:58 +0800] "GET /xingrg/system/rest/get_item.html?table=menu&target=cook_mode&id=1998&_=1579141522718 HTTP/1.1" 200 11442
114.88.159.93 - - [16/Jan/2020:10:25:58 +0800] "GET /xingrg/system/rest/get_item.html?table=menu&target=menu_rest&id=1998&_=1579141522720 HTTP/1.1" 200 949
101.81.125.204 - - [16/Jan/2020:10:25:58 +0800] "GET /xingrg/javascript/easyui/themes/default/validatebox.css HTTP/1.1" 404 1104
101.81.125.204 - - [16/Jan/2020:10:25:58 +0800] "POST /xingrg/kc/base/wldb_order_operate.html HTTP/1.1" 200 8214
114.88.159.93 - - [16/Jan/2020:10:25:59 +0800] "GET /xingrg/system/rest/get_infos.html?command=menu_img_show&id=1998 HTTP/1.1" 200 5
58.40.221.208 - - [16/Jan/2020:10:25:59 +0800] "POST /xingrg/login.do HTTP/1.1" 302 -
117.131.5.26 - - [16/Jan/2020:10:25:59 +0800] "POST /xingrg/system/rest/edit_item.html HTTP/1.1" 200 4
117.131.5.26 - - [16/Jan/2020:10:25:59 +0800] "GET /xingrg/system/rest/get_item.html?table=menu&target=menu_rest&id=1931&_=1579141565347 HTTP/1.1" 200 975
58.40.221.208 - - [16/Jan/2020:10:25:59 +0800] "GET /xingrg/javascript/jquery_easy_ui/themes/icon.css HTTP/1.1" 200 3949
58.40.221.208 - - [16/Jan/2020:10:25:59 +0800] "GET /xingrg/css/form.css HTTP/1.1" 200 893
58.40.221.208 - - [16/Jan/2020:10:25:59 +0800] "GET /xingrg/javascript/jquery-1.4.2.min.js HTTP/1.1" 200 72205
58.40.221.208 - - [16/Jan/2020:10:25:59 +0800] "GET /xingrg/javascript/jquery_easy_ui/easyui-lang-zh_CN.js HTTP/1.1" 200 1900
58.40.221.208 - - [16/Jan/2020:10:25:59 +0800] "GET /xingrg/javascript/jquery_easy_ui/jquery.easyui.min.js HTTP/1.1" 200 213662
58.40.221.208 - - [16/Jan/2020:10:25:59 +0800] "GET /xingrg/javascript/jquery.timers.js HTTP/1.1" 200 3532
58.40.221.208 - - [16/Jan/2020:10:25:59 +0800] "GET /xingrg/javascript/jquery.form.js HTTP/1.1" 200 23110
58.40.221.208 - - [16/Jan/2020:10:25:59 +0800] "GET /xingrg/javascript/jquery.utils.js HTTP/1.1" 200 11805
114.88.170.138 - - [16/Jan/2020:10:26:00 +0800] "GET /xingrg/all/function/internal_message.html?_=1579141781946&CODE_STATE=getMsg HTTP/1.1" 200 27
58.40.221.208 - - [16/Jan/2020:10:26:00 +0800] "GET /favicon.ico HTTP/1.1" 404 -
58.40.221.208 - - [16/Jan/2020:10:26:00 +0800] "GET /xingrg/javascript/jquery_easy_ui/themes/default/easyui.css HTTP/1.1" 200 26500
58.40.221.208 - - [16/Jan/2020:10:26:00 +0800] "GET /xingrg/javascript/jquery_easy_ui/themes/icons/settle_new.png HTTP/1.1" 200 826
58.40.221.208 - - [16/Jan/2020:10:26:00 +0800] "GET /xingrg/images/blue/navBackgound.jpg HTTP/1.1" 200 12378
58.40.221.208 - - [16/Jan/2020:10:26:00 +0800] "GET /xingrg/index.html?sysBaseUrl=http%3A%2F%2F117.131.15.22%3A18081%2Fxingrg%2F&costTime=35×tamp=1579141559673 HTTP/1.1" 200 17157
58.40.221.208 - - [16/Jan/2020:10:26:00 +0800] "POST /xingrg/all/common/load_tree.html?tree=area_rest_tree_json&manage=1 HTTP/1.1" 200 351
58.40.221.208 - - [16/Jan/2020:10:26:00 +0800] "GET /xingrg/all/function/internal_message.html?_=1579140760084&CODE_STATE=count HTTP/1.1" 200 11
58.40.221.208 - - [16/Jan/2020:10:26:00 +0800] "GET /xingrg/images/blue/pingpu.png HTTP/1.1" 200 231
58.40.221.208 - - [16/Jan/2020:10:26:00 +0800] "GET /xingrg/check_reg.html?_=1579140760085 HTTP/1.1" 200 22
58.40.221.208 - - [16/Jan/2020:10:26:00 +0800] "GET /xingrg/javascript/jquery_easy_ui/themes/default/images/tabs_rightarrow.png HTTP/1.1" 200 395
58.40.221.208 - - [16/Jan/2020:10:26:00 +0800] "GET /xingrg/javascript/jquery_easy_ui/themes/default/images/tabs_leftarrow.png HTTP/1.1" 200 389
58.40.221.208 - - [16/Jan/2020:10:26:00 +0800] "GET /xingrg/javascript/jquery_easy_ui/themes/default/images/panel_tool_collapse.gif HTTP/1.1" 200 246
58.40.221.208 - - [16/Jan/2020:10:26:00 +0800] "POST /xingrg/load_menu.html HTTP/1.1" 200 5124
58.40.221.208 - - [16/Jan/2020:10:26:01 +0800] "GET /xingrg/javascript/jquery_easy_ui/themes/default/images/tree_arrows.gif HTTP/1.1" 200 1043
58.40.221.208 - - [16/Jan/2020:10:26:01 +0800] "GET /xingrg/javascript/jquery_easy_ui/themes/default/images/tree_folder_open.gif HTTP/1.1" 200 956
58.40.221.208 - - [16/Jan/2020:10:26:01 +0800] "GET /xingrg/javascript/jquery_easy_ui/themes/icons/search_new.png HTTP/1.1" 200 586
58.40.221.208 - - [16/Jan/2020:10:26:01 +0800] "GET /xingrg/javascript/jquery_easy_ui/themes/icons/storage_new.png HTTP/1.1" 200 853
58.40.221.208 - - [16/Jan/2020:10:26:01 +0800] "GET /xingrg/javascript/jquery_easy_ui/themes/default/images/tree_folder.gif HTTP/1.1" 200 952
58.40.221.208 - - [16/Jan/2020:10:26:01 +0800] "GET /xingrg/javascript/jquery_easy_ui/themes/icons/forms_new.png HTTP/1.1" 200 350
58.40.221.208 - - [16/Jan/2020:10:26:01 +0800] "GET /xingrg/javascript/jquery_easy_ui/themes/default/images/tree_file.gif HTTP/1.1" 200 118
124.77.241.94 - - [16/Jan/2020:10:26:04 +0800] "GET /xingrg/all/function/internal_message.html?_=1579141561394&CODE_STATE=getMsg HTTP/1.1" 200 27
117.131.5.26 - - [16/Jan/2020:10:26:04 +0800] "GET /xingrg/all/function/internal_message.html?_=1579141570065&CODE_STATE=getMsg HTTP/1.1" 200 27
114.88.159.93 - - [16/Jan/2020:10:26:05 +0800] "GET /xingrg/all/function/internal_message.html?_=1579141529994&CODE_STATE=getMsg HTTP/1.1" 200 27
114.93.75.19 - - [16/Jan/2020:10:26:06 +0800] "GET /xingrg/all/function/internal_message.html?_=1579141473853&CODE_STATE=getMsg HTTP/1.1" 200 27
114.93.75.19 - - [16/Jan/2020:10:26:06 +0800] "GET /xingrg/check_reg.html?_=1579141473856 HTTP/1.1" 200 22
117.131.5.26 - - [16/Jan/2020:10:26:07 +0800] "GET /xingrg/system/rest/query_items.html?_=1579141572612&table=menu&page=1&rows=20&categoryId=&key=dy HTTP/1.1" 200 4815
58.40.7.146 - - [16/Jan/2020:10:26:07 +0800] "GET /xingrg/all/function/internal_message.html?_=1579141563970&CODE_STATE=getMsg HTTP/1.1" 200 27
114.88.159.93 - - [16/Jan/2020:10:26:08 +0800] "GET /xingrg/system/rest/query_items.html?_=1579141533535&table=menu&page=1&rows=20&categoryId=&key=2059 HTTP/1.1" 200 264
114.88.159.93 - - [16/Jan/2020:10:26:09 +0800] "GET /xingrg/system/rest/query_items.html?_=1579141534526&table=menu&page=1&rows=20&categoryId=&key=2059 HTTP/1.1" 200 264
114.88.159.93 - - [16/Jan/2020:10:26:10 +0800] "GET /xingrg/system/rest/get_item.html?table=menu&id=2059&_=1579141535054 HTTP/1.1" 200 952
114.88.159.93 - - [16/Jan/2020:10:26:10 +0800] "GET /xingrg/system/rest/get_item.html?table=menu&target=menu_rest&id=2059&_=1579141535074 HTTP/1.1" 200 663
114.88.159.93 - - [16/Jan/2020:10:26:10 +0800] "GET /xingrg/system/rest/get_item.html?table=menu&target=cook_mode&id=2059&_=1579141535072 HTTP/1.1" 200 11447
114.88.159.93 - - [16/Jan/2020:10:26:11 +0800] "GET /xingrg/system/rest/get_infos.html?command=menu_img_show&id=2059 HTTP/1.1" 200 5
117.131.5.26 - - [16/Jan/2020:10:26:13 +0800] "GET /xingrg/system/rest/get_item.html?table=menu&id=1932&_=1579141579065 HTTP/1.1" 200 938
117.131.5.26 - - [16/Jan/2020:10:26:13 +0800] "GET /xingrg/system/rest/get_item.html?table=menu&target=menu_rest&id=1932&_=1579141579081 HTTP/1.1" 200 849
117.131.5.26 - - [16/Jan/2020:10:26:13 +0800] "GET /xingrg/system/rest/get_item.html?table=menu&target=cook_mode&id=1932&_=1579141579081 HTTP/1.1" 200 14725
116.238.181.252 - - [16/Jan/2020:10:26:14 +0800] "GET /xingrg/all/function/internal_message.html?_=1579141572097&CODE_STATE=getMsg HTTP/1.1" 200 27
117.131.5.26 - - [16/Jan/2020:10:26:15 +0800] "GET /xingrg/system/rest/get_infos.html?command=menu_img_show&id=1932 HTTP/1.1" 200 5
116.233.72.195 - - [16/Jan/2020:10:26:16 +0800] "GET /xingrg/all/function/internal_message.html?_=1579141584984&CODE_STATE=getMsg HTTP/1.1" 200 27
114.88.159.93 - - [16/Jan/2020:10:26:18 +0800] "GET /xingrg/system/rest/get_item.html?table=menu&target=menu_rest_detail&id=2059&sid=11&_=1579141542690 HTTP/1.1" 200 426
117.131.5.26 - - [16/Jan/2020:10:26:18 +0800] "GET /xingrg/system/rest/get_item.html?table=menu&target=menu_rest_detail&id=1932&sid=5&_=1579141584347 HTTP/1.1" 200 425
58.221.95.50 - - [16/Jan/2020:10:26:19 +0800] "GET /xingrg/all/function/internal_message.html?_=1579141887637&CODE_STATE=getMsg HTTP/1.1" 302 -
124.77.241.94 - - [16/Jan/2020:10:26:19 +0800] "GET /xingrg/all/function/internal_message.html?_=1579141574006&CODE_STATE=getMsg HTTP/1.1" 200 27
58.221.95.50 - - [16/Jan/2020:10:26:19 +0800] "GET /xingrg/login.html HTTP/1.1" 200 7639
114.88.159.93 - - [16/Jan/2020:10:26:20 +0800] "GET /xingrg/all/function/internal_message.html?_=1579141585875&CODE_STATE=getMsg HTTP/1.1" 200 27
117.185.32.26 - - [16/Jan/2020:10:26:22 +0800] "GET /xingrg/all/function/internal_message.html?_=1579141953609&CODE_STATE=getMsg HTTP/1.1" 200 27
117.185.32.26 - - [16/Jan/2020:10:26:22 +0800] "GET /xingrg/check_reg.html?_=1579141953611 HTTP/1.1" 200 22
120.253.135.82 - - [16/Jan/2020:10:26:23 +0800] "GET /xingrg/all/function/internal_message.html?_=1579141320322&CODE_STATE=getMsg HTTP/1.1" 200 27
114.88.159.93 - - [16/Jan/2020:10:26:25 +0800] "POST /xingrg/system/rest/edit_item.html HTTP/1.1" 200 4
114.88.159.93 - - [16/Jan/2020:10:26:25 +0800] "GET /xingrg/system/rest/get_item.html?table=menu&target=menu_rest&id=2059&_=1579141549675 HTTP/1.1" 200 664
116.238.35.243 - - [16/Jan/2020:10:26:25 +0800] "GET /xingrg/check_reg.html?_=1579141586333 HTTP/1.1" 200 22
116.238.35.243 - - [16/Jan/2020:10:26:25 +0800] "GET /xingrg/all/function/internal_message.html?_=1579141586327&CODE_STATE=getMsg HTTP/1.1" 200 27
116.233.72.195 - - [16/Jan/2020:10:26:27 +0800] "GET /xingrg/kc/buy/buy_main.html HTTP/1.1" 200 12398
116.233.72.195 - - [16/Jan/2020:10:26:27 +0800] "GET /xingrg/css/new_ie.css HTTP/1.1" 404 1036
116.233.72.195 - - [16/Jan/2020:10:26:28 +0800] "GET /xingrg/kc/buy/cgsh_order_list.html HTTP/1.1" 200 41847
58.40.221.208 - - [16/Jan/2020:10:26:28 +0800] "GET /xingrg/javascript/jquery_easy_ui/themes/default/images/tabs_close.gif HTTP/1.1" 200 829
58.40.221.208 - - [16/Jan/2020:10:26:28 +0800] "GET /xingrg/css/new_ie.css HTTP/1.1" 404 1036
58.40.221.208 - - [16/Jan/2020:10:26:28 +0800] "GET /xingrg/javascript/pic_change.js HTTP/1.1" 200 4739
58.40.221.208 - - [16/Jan/2020:10:26:28 +0800] "GET /xingrg/javascript/ToolTips.js HTTP/1.1" 200 5615
58.40.221.208 - - [16/Jan/2020:10:26:28 +0800] "GET /xingrg/css/blue.css HTTP/1.1" 200 15949
58.40.221.208 - - [16/Jan/2020:10:26:28 +0800] "GET /xingrg/javascript/myfunction.js HTTP/1.1" 200 24559
116.233.72.195 - - [16/Jan/2020:10:26:28 +0800] "POST /xingrg/kc/buy/cgsh_list_operate.html HTTP/1.1" 200 876
58.40.221.208 - - [16/Jan/2020:10:26:28 +0800] "GET /xingrg/javascript/jquery_ui/jquery-ui.min.js HTTP/1.1" 200 186181
58.40.221.208 - - [16/Jan/2020:10:26:28 +0800] "GET /xingrg/kc/buy/buy_main.html HTTP/1.1" 200 12398
58.40.221.208 - - [16/Jan/2020:10:26:28 +0800] "GET /xingrg/images/blue/button/cgxqd.gif HTTP/1.1" 200 2619
58.40.221.208 - - [16/Jan/2020:10:26:28 +0800] "GET /xingrg/images/blue/button/cgydd.gif HTTP/1.1" 200 2712
58.40.221.208 - - [16/Jan/2020:10:26:28 +0800] "GET /xingrg/images/blue/button/cgshd.gif HTTP/1.1" 200 2618
58.40.221.208 - - [16/Jan/2020:10:26:28 +0800] "GET /xingrg/images/blue/button/cgfkd.gif HTTP/1.1" 200 2075
58.40.221.208 - - [16/Jan/2020:10:26:28 +0800] "GET /xingrg/images/blue/button/kc.gif HTTP/1.1" 200 2160
58.40.221.208 - - [16/Jan/2020:10:26:28 +0800] "GET /xingrg/images/blue/button/ckthd.gif HTTP/1.1" 200 2045
58.40.221.208 - - [16/Jan/2020:10:26:28 +0800] "GET /xingrg/images/blue/pic_form2.gif HTTP/1.1" 200 1853
58.40.221.208 - - [16/Jan/2020:10:26:28 +0800] "GET /xingrg/javascript/jquery_ui/themes/humanity/humanity.css HTTP/1.1" 200 27801
58.40.221.208 - - [16/Jan/2020:10:26:29 +0800] "GET /xingrg/javascript/jquery_ui/themes/humanity/images/ui-bg_inset-soft_100_f4f0ec_1x100.png HTTP/1.1" 200 141
58.40.221.208 - - [16/Jan/2020:10:26:29 +0800] "GET /xingrg/images/blue/bg_dotted.jpg HTTP/1.1" 200 319
58.40.221.208 - - [16/Jan/2020:10:26:29 +0800] "GET /xingrg/images/blue/button/right_ah.jpg HTTP/1.1" 200 1744
58.40.221.208 - - [16/Jan/2020:10:26:29 +0800] "GET /xingrg/images/blue/button/down_ah.jpg HTTP/1.1" 200 1732
58.40.221.208 - - [16/Jan/2020:10:26:29 +0800] "GET /xingrg/javascript/jquery_ui/themes/humanity/images/ui-iconsnew.jpg HTTP/1.1" 200 337
58.40.221.208 - - [16/Jan/2020:10:26:29 +0800] "GET /xingrg/javascript/jquery_ui/themes/humanity/images/ui-icons_ffffff_256x240.png HTTP/1.1" 200 4369
58.40.221.208 - - [16/Jan/2020:10:26:29 +0800] "GET /xingrg/javascript/jquery_ui/themes/humanity/images/ui-icons_c47a23_256x240.png HTTP/1.1" 200 5355
58.40.221.208 - - [16/Jan/2020:10:26:29 +0800] "GET /xingrg/javascript/jquery_ui/themes/humanity/images/ui-bg_glass_70_ede4d4_1x400.png HTTP/1.1" 200 161
58.40.221.208 - - [16/Jan/2020:10:26:30 +0800] "GET /xingrg/images/yd/bt.gif HTTP/1.1" 404 1040
117.131.5.26 - - [16/Jan/2020:10:26:30 +0800] "POST /xingrg/system/rest/edit_item.html HTTP/1.1" 200 4
117.131.5.26 - - [16/Jan/2020:10:26:30 +0800] "GET /xingrg/system/rest/get_item.html?table=menu&target=menu_rest&id=1932&_=1579141596534 HTTP/1.1" 200 849
58.40.221.208 - - [16/Jan/2020:10:26:31 +0800] "GET /xingrg/css/base.css HTTP/1.1" 200 2811
58.40.221.208 - - [16/Jan/2020:10:26:31 +0800] "GET /xingrg/css/site.css HTTP/1.1" 200 7541
58.40.221.208 - - [16/Jan/2020:10:26:31 +0800] "GET /xingrg/javascript/jquery_tools/datebox.css HTTP/1.1" 200 2597
58.40.221.208 - - [16/Jan/2020:10:26:31 +0800] "GET /xingrg/javascript/easyui/themes/icon.css HTTP/1.1" 200 4483
58.40.221.208 - - [16/Jan/2020:10:26:31 +0800] "GET /xingrg/javascript/auto/jquery.autocomplete.css HTTP/1.1" 200 587
58.40.221.208 - - [16/Jan/2020:10:26:31 +0800] "GET /xingrg/javascript/jquery_tools/fix.css HTTP/1.1" 200 1702
58.40.221.208 - - [16/Jan/2020:10:26:31 +0800] "GET /xingrg/kc/buy/cgsh_order_list.html HTTP/1.1" 200 41853
58.40.221.208 - - [16/Jan/2020:10:26:31 +0800] "GET /xingrg/javascript/jquery_tools/table.css HTTP/1.1" 200 1032
58.40.221.208 - - [16/Jan/2020:10:26:31 +0800] "GET /xingrg/javascript/jquery_tools/jquery.tools.min.js HTTP/1.1" 200 138801
58.40.221.208 - - [16/Jan/2020:10:26:31 +0800] "GET /xingrg/javascript/easyui/themes/default/easyui.css HTTP/1.1" 200 30432
117.184.7.30 - - [16/Jan/2020:10:26:31 +0800] "GET /xingrg/all/function/internal_message.html?_=1579141577400&CODE_STATE=getMsg HTTP/1.1" 200 27
58.40.221.208 - - [16/Jan/2020:10:26:31 +0800] "GET /xingrg/javascript/jquery_tools/jquery.tools.hotkey.js HTTP/1.1" 200 3242
58.40.221.208 - - [16/Jan/2020:10:26:31 +0800] "GET /xingrg/javascript/jquery_tools/jquery.tools.table.js HTTP/1.1" 200 6994
58.40.221.208 - - [16/Jan/2020:10:26:31 +0800] "GET /xingrg/javascript/jquery_tools/list_manager.js HTTP/1.1" 200 3652
58.40.221.208 - - [16/Jan/2020:10:26:31 +0800] "GET /xingrg/javascript/jquery_tools/jquery.tools.extend.js HTTP/1.1" 200 15385
58.40.221.208 - - [16/Jan/2020:10:26:31 +0800] "GET /xingrg/javascript/easyui/easyloader.js HTTP/1.1" 200 5975
58.40.221.208 - - [16/Jan/2020:10:26:31 +0800] "GET /xingrg/javascript/jquery.cookie.js HTTP/1.1" 200 5513
58.40.221.208 - - [16/Jan/2020:10:26:31 +0800] "GET /xingrg/javascript/print/LodopFuncs.js HTTP/1.1" 200 5121
58.40.221.208 - - [16/Jan/2020:10:26:31 +0800] "GET /xingrg/javascript/auto/jquery.autocomplete.js HTTP/1.1" 200 21624
116.233.72.195 - - [16/Jan/2020:10:26:31 +0800] "GET /xingrg/all/function/internal_message.html?_=1579141618196&CODE_STATE=getMsg HTTP/1.1" 200 27
114.88.159.93 - - [16/Jan/2020:10:26:32 +0800] "GET /xingrg/system/rest/query_items.html?_=1579141556710&table=menu&page=1&rows=20&categoryId=&key=%25E7%25AC%258B%25E5%25A3%25B3%25E9%25B1%25BC HTTP/1.1" 200 2225
58.40.221.208 - - [16/Jan/2020:10:26:32 +0800] "GET /xingrg/javascript/easyui/themes/icons/import_new.png HTTP/1.1" 200 1247
58.40.221.208 - - [16/Jan/2020:10:26:32 +0800] "GET /xingrg/javascript/easyui/themes/icons/field_new.png HTTP/1.1" 200 1097
58.40.221.208 - - [16/Jan/2020:10:26:32 +0800] "GET /xingrg/javascript/easyui/themes/icons/check_new.png HTTP/1.1" 200 3224
58.40.221.208 - - [16/Jan/2020:10:26:32 +0800] "GET /xingrg/javascript/easyui/themes/icons/cance_new.png HTTP/1.1" 200 3986
58.40.221.208 - - [16/Jan/2020:10:26:32 +0800] "GET /xingrg/javascript/easyui/themes/icons/edit_add_new.png HTTP/1.1" 200 2997
58.40.221.208 - - [16/Jan/2020:10:26:32 +0800] "GET /xingrg/javascript/easyui/plugins/jquery.parser.js HTTP/1.1" 200 1142
58.40.221.208 - - [16/Jan/2020:10:26:32 +0800] "GET /xingrg/images/control/ajaxLoader.gif HTTP/1.1" 200 4659
58.40.221.208 - - [16/Jan/2020:10:26:32 +0800] "POST /xingrg/kc/buy/cgsh_list_operate.html HTTP/1.1" 200 876
114.88.159.93 - - [16/Jan/2020:10:26:33 +0800] "GET /xingrg/system/rest/query_items.html?_=1579141558431&table=menu&page=1&rows=20&categoryId=&key=%25E7%25AC%258B%25E5%25A3%25B3%25E9%25B1%25BC HTTP/1.1" 200 2225
114.88.159.93 - - [16/Jan/2020:10:26:36 +0800] "GET /xingrg/system/rest/get_item.html?table=menu&id=1940&_=1579141560961 HTTP/1.1" 200 966
114.88.159.93 - - [16/Jan/2020:10:26:36 +0800] "GET /xingrg/system/rest/get_item.html?table=menu&target=menu_rest&id=1940&_=1579141560980 HTTP/1.1" 200 868
114.88.159.93 - - [16/Jan/2020:10:26:36 +0800] "GET /xingrg/system/rest/get_item.html?table=menu&target=cook_mode&id=1940&_=1579141560978 HTTP/1.1" 200 21264
116.233.72.195 - - [16/Jan/2020:10:26:36 +0800] "GET /xingrg/kc/base/base_main.html HTTP/1.1" 200 12138
114.88.159.93 - - [16/Jan/2020:10:26:37 +0800] "GET /xingrg/system/rest/get_infos.html?command=menu_img_show&id=1940 HTTP/1.1" 200 5
114.93.75.19 - - [16/Jan/2020:10:26:37 +0800] "GET /xingrg/all/function/internal_message.html?_=1579141593720&CODE_STATE=getMsg HTTP/1.1" 200 27
116.233.72.195 - - [16/Jan/2020:10:26:37 +0800] "GET /xingrg/kc/buy/buy_main.html HTTP/1.1" 200 12398
116.233.72.195 - - [16/Jan/2020:10:26:37 +0800] "GET /xingrg/css/new_ie.css HTTP/1.1" 404 1036
117.131.5.26 - - [16/Jan/2020:10:26:38 +0800] "GET /xingrg/system/rest/query_items.html?_=1579141604425&table=menu&page=1&rows=20&categoryId=&key=fzmj HTTP/1.1" 200 530
180.162.232.172 - - [16/Jan/2020:10:26:39 +0800] "GET /xingrg/all/function/internal_message.html?_=1579141707811&CODE_STATE=getMsg HTTP/1.1" 200 27
116.233.72.195 - - [16/Jan/2020:10:26:39 +0800] "GET /xingrg/kc/buy/cgsh_order_list.html HTTP/1.1" 200 41847
116.233.72.195 - - [16/Jan/2020:10:26:39 +0800] "POST /xingrg/kc/buy/cgsh_list_operate.html HTTP/1.1" 200 876
222.69.138.237 - - [16/Jan/2020:10:26:40 +0800] "GET /xingrg/all/function/internal_message.html?_=1579141593850&CODE_STATE=getMsg HTTP/1.1" 200 27
117.131.5.26 - - [16/Jan/2020:10:26:41 +0800] "GET /xingrg/system/rest/get_item.html?table=menu&id=2084&_=1579141606909 HTTP/1.1" 200 971
117.131.5.26 - - [16/Jan/2020:10:26:41 +0800] "GET /xingrg/system/rest/get_item.html?table=menu&target=menu_rest&id=2084&_=1579141606925 HTTP/1.1" 200 1236
117.131.5.26 - - [16/Jan/2020:10:26:41 +0800] "GET /xingrg/system/rest/get_item.html?table=menu&target=cook_mode&id=2084&_=1579141606925 HTTP/1.1" 200 9370
114.88.159.93 - - [16/Jan/2020:10:26:42 +0800] "GET /xingrg/system/rest/get_item.html?table=menu&target=menu_rest_detail&id=1940&sid=11&_=1579141567025 HTTP/1.1" 200 426
58.40.221.208 - - [16/Jan/2020:10:26:43 +0800] "GET /xingrg/javascript/easyui/themes/default/images/button_plain_hover.png HTTP/1.1" 200 144
117.131.5.26 - - [16/Jan/2020:10:26:44 +0800] "GET /xingrg/system/rest/get_infos.html?command=menu_img_show&id=2084 HTTP/1.1" 200 5
58.40.221.208 - - [16/Jan/2020:10:26:44 +0800] "GET /xingrg/kc/buy/cgsh_order_add.html HTTP/1.1" 200 56653
58.40.221.208 - - [16/Jan/2020:10:26:44 +0800] "GET /xingrg/javascript/convert.js HTTP/1.1" 200 1239
58.40.221.208 - - [16/Jan/2020:10:26:44 +0800] "GET /xingrg/javascript/jquery_tools/order_manager.js HTTP/1.1" 200 11183
58.40.221.208 - - [16/Jan/2020:10:26:44 +0800] "GET /xingrg/javascript/print/kc_print.js HTTP/1.1" 200 11415
101.81.125.204 - - [16/Jan/2020:10:26:45 +0800] "POST /xingrg/kc/base/wldb_order_operate.html HTTP/1.1" 200 37
101.81.125.204 - - [16/Jan/2020:10:26:46 +0800] "POST /xingrg/kc/base/wldb_order_operate.html HTTP/1.1" 200 8214
58.40.221.208 - - [16/Jan/2020:10:26:46 +0800] "GET /xingrg/javascript/json2.js HTTP/1.1" 200 11259
58.40.221.208 - - [16/Jan/2020:10:26:46 +0800] "GET /xingrg/words/20200116072130_words.js HTTP/1.1" 200 713794
58.40.221.208 - - [16/Jan/2020:10:26:46 +0800] "GET /xingrg/javascript/easyui/themes/icons/template_new.png HTTP/1.1" 200 3956
58.40.221.208 - - [16/Jan/2020:10:26:46 +0800] "GET /xingrg/javascript/easyui/themes/icons/ok.png HTTP/1.1" 200 883
58.40.221.208 - - [16/Jan/2020:10:26:46 +0800] "GET /xingrg/javascript/easyui/themes/icons/print.png HTTP/1.1" 200 1057
58.40.221.208 - - [16/Jan/2020:10:26:46 +0800] "GET /xingrg/javascript/easyui/themes/icons/copy_new.png HTTP/1.1" 200 815
58.40.221.208 - - [16/Jan/2020:10:26:46 +0800] "GET /xingrg/javascript/easyui/themes/default/images/menu_downarrow.png HTTP/1.1" 200 173
58.40.221.208 - - [16/Jan/2020:10:26:46 +0800] "GET /xingrg/javascript/easyui/themes/icons/cancel.png HTTP/1.1" 200 1133
101.81.125.204 - - [16/Jan/2020:10:26:47 +0800] "GET /xingrg/kc/base/wldb_order_info.html?code=422020011602331 HTTP/1.1" 200 30339
101.81.125.204 - - [16/Jan/2020:10:26:47 +0800] "GET /xingrg/javascript/easyui/themes/default/validatebox.css HTTP/1.1" 404 1104
101.81.125.204 - - [16/Jan/2020:10:26:48 +0800] "POST /xingrg/kc/base/wldb_order_operate.html HTTP/1.1" 200 8214
114.88.159.93 - - [16/Jan/2020:10:26:50 +0800] "POST /xingrg/system/rest/edit_item.html HTTP/1.1" 200 4
114.88.159.93 - - [16/Jan/2020:10:26:50 +0800] "GET /xingrg/system/rest/get_item.html?table=menu&target=menu_rest&id=1940&_=1579141574705 HTTP/1.1" 200 869
117.131.5.26 - - [16/Jan/2020:10:26:50 +0800] "GET /xingrg/javascript/jquery_easy_ui/themes/default/images/button_plain_hover.png HTTP/1.1" 200 252
117.184.7.26 - - [16/Jan/2020:10:26:50 +0800] "GET /xingrg/all/function/internal_message.html?_=1579141598926&CODE_STATE=getMsg HTTP/1.1" 200 27
114.93.75.19 - - [16/Jan/2020:10:26:51 +0800] "GET /xingrg/check_reg.html?_=1579141607558 HTTP/1.1" 200 22
116.228.172.94 - - [16/Jan/2020:10:26:51 +0800] "GET /xingrg/check_reg.html?_=1579140993091 HTTP/1.1" 200 22
116.228.172.94 - - [16/Jan/2020:10:26:52 +0800] "GET /xingrg/all/function/internal_message.html?_=1579140993563&CODE_STATE=getMsg HTTP/1.1" 200 27
117.131.5.26 - - [16/Jan/2020:10:26:52 +0800] "GET /xingrg/system/rest/get_item.html?table=menu&target=menu_rest_detail&id=2084&sid=5&_=1579141618206 HTTP/1.1" 200 425
58.40.221.208 - - [16/Jan/2020:10:26:53 +0800] "POST /xingrg/kc/buy/cgsh_order_operate.html HTTP/1.1" 200 8245
58.40.221.208 - - [16/Jan/2020:10:26:53 +0800] "GET /xingrg/all/common/auto_word.html?type=employee&rest_code=00143 HTTP/1.1" 200 55
58.40.221.208 - - [16/Jan/2020:10:26:53 +0800] "GET /xingrg/javascript/easyui/themes/default/validatebox.css HTTP/1.1" 404 1104
58.40.221.208 - - [16/Jan/2020:10:26:53 +0800] "GET /xingrg/javascript/easyui/plugins/jquery.validatebox.js HTTP/1.1" 200 6103
58.40.221.208 - - [16/Jan/2020:10:26:53 +0800] "GET /xingrg/all/common/auto_word.html?type=employee&rest_code=00143 HTTP/1.1" 200 55
58.40.221.208 - - [16/Jan/2020:10:26:53 +0800] "GET /xingrg/javascript/easyui/plugins/jquery.numberbox.js HTTP/1.1" 200 5213
58.40.221.208 - - [16/Jan/2020:10:26:53 +0800] "GET /xingrg/javascript/easyui/themes/icons/edit_remove.png HTTP/1.1" 200 625
58.40.221.208 - - [16/Jan/2020:10:26:56 +0800] "GET /xingrg/javascript/easyui/plugins/jquery.draggable.js HTTP/1.1" 200 6121
58.40.221.208 - - [16/Jan/2020:10:26:56 +0800] "GET /xingrg/css/images/panel_loading.gif HTTP/1.1" 200 1737
58.40.221.208 - - [16/Jan/2020:10:26:56 +0800] "GET /xingrg/javascript/easyui/plugins/jquery.droppable.js HTTP/1.1" 200 1167
101.81.125.204 - - [16/Jan/2020:10:26:56 +0800] "GET /xingrg/all/function/internal_message.html?_=1579141613179&CODE_STATE=getMsg HTTP/1.1" 200 27
58.40.221.208 - - [16/Jan/2020:10:26:56 +0800] "GET /xingrg/javascript/easyui/themes/default/tree.css HTTP/1.1" 404 1090
58.40.221.208 - - [16/Jan/2020:10:26:56 +0800] "GET /xingrg/javascript/easyui/plugins/jquery.tree.js HTTP/1.1" 200 20874
58.40.221.208 - - [16/Jan/2020:10:26:56 +0800] "POST /xingrg/all/common/load_tree.html?tree=supplier_tree_json&isDelete=1 HTTP/1.1" 200 46062
58.40.221.208 - - [16/Jan/2020:10:26:57 +0800] "GET /xingrg/javascript/easyui/themes/default/images/tree_arrows.gif HTTP/1.1" 200 617
58.40.221.208 - - [16/Jan/2020:10:26:57 +0800] "GET /xingrg/javascript/easyui/themes/default/images/tree_folder_open.gif HTTP/1.1" 200 956
58.40.221.208 - - [16/Jan/2020:10:26:57 +0800] "GET /xingrg/javascript/easyui/themes/default/images/tree_file.gif HTTP/1.1" 200 118
58.40.221.208 - - [16/Jan/2020:10:26:57 +0800] "GET /xingrg/javascript/easyui/themes/default/images/tree_folder.gif HTTP/1.1" 200 952
114.88.159.93 - - [16/Jan/2020:10:26:58 +0800] "GET /xingrg/system/rest/query_items.html?_=1579141582962&table=menu&page=1&rows=20&categoryId=&key=%25E5%2585%25AB%25E7%2588%25AA%25E9%25B1%25BC HTTP/1.1" 200 1219
114.88.170.138 - - [16/Jan/2020:10:27:00 +0800] "GET /xingrg/check_reg.html?_=1579141841953 HTTP/1.1" 200 22
114.88.170.138 - - [16/Jan/2020:10:27:00 +0800] "GET /xingrg/all/function/internal_message.html?_=1579141841949&CODE_STATE=getMsg HTTP/1.1" 200 27
114.88.159.93 - - [16/Jan/2020:10:27:00 +0800] "GET /xingrg/system/rest/query_items.html?_=1579141585137&table=menu&page=1&rows=20&categoryId=&key=%25E5%2585%25AB%25E7%2588%25AA%25E9%25B1%25BC HTTP/1.1" 200 1219
58.40.221.208 - - [16/Jan/2020:10:27:00 +0800] "GET /xingrg/all/function/internal_message.html?_=1579140820092&CODE_STATE=getMsg HTTP/1.1" 200 27
114.88.159.93 - - [16/Jan/2020:10:27:01 +0800] "GET /xingrg/system/rest/get_item.html?table=menu&id=2097&_=1579141585686 HTTP/1.1" 200 954
114.88.159.93 - - [16/Jan/2020:10:27:01 +0800] "GET /xingrg/system/rest/get_item.html?table=menu&target=menu_rest&id=2097&_=1579141585708 HTTP/1.1" 200 650
114.88.159.93 - - [16/Jan/2020:10:27:01 +0800] "GET /xingrg/system/rest/get_item.html?table=menu&target=cook_mode&id=2097&_=1579141585707 HTTP/1.1" 200 15165
114.88.159.93 - - [16/Jan/2020:10:27:01 +0800] "GET /xingrg/system/rest/get_infos.html?command=menu_img_show&id=2097 HTTP/1.1" 200 5
117.184.7.26 - - [16/Jan/2020:10:27:02 +0800] "GET /favicon.ico HTTP/1.1" 404 -
117.131.5.26 - - [16/Jan/2020:10:27:03 +0800] "POST /xingrg/system/rest/edit_item.html HTTP/1.1" 200 4
117.131.5.26 - - [16/Jan/2020:10:27:03 +0800] "GET /xingrg/system/rest/get_item.html?table=menu&target=menu_rest&id=2084&_=1579141629112 HTTP/1.1" 200 1236
124.77.241.94 - - [16/Jan/2020:10:27:04 +0800] "GET /xingrg/all/function/internal_message.html?_=1579141621560&CODE_STATE=getMsg HTTP/1.1" 200 27
114.88.159.93 - - [16/Jan/2020:10:27:04 +0800] "GET /xingrg/system/rest/get_item.html?table=menu&target=menu_rest_detail&id=2097&sid=11&_=1579141588821 HTTP/1.1" 200 426
114.88.159.93 - - [16/Jan/2020:10:27:05 +0800] "GET /xingrg/all/function/internal_message.html?_=1579141589967&CODE_STATE=getMsg HTTP/1.1" 200 27
114.93.75.19 - - [16/Jan/2020:10:27:06 +0800] "GET /xingrg/all/function/internal_message.html?_=1579141533857&CODE_STATE=getMsg HTTP/1.1" 200 27
58.40.7.146 - - [16/Jan/2020:10:27:07 +0800] "GET /xingrg/all/function/internal_message.html?_=1579141623972&CODE_STATE=getMsg HTTP/1.1" 200 27
117.131.5.26 - - [16/Jan/2020:10:27:12 +0800] "GET /xingrg/system/rest/query_items.html?_=1579141637894&table=menu&page=1&rows=20&categoryId=&key=mzy HTTP/1.1" 200 1035
58.40.221.208 - - [16/Jan/2020:10:27:12 +0800] "GET /xingrg/javascript/auto/indicator.gif HTTP/1.1" 404 1066
114.88.159.93 - - [16/Jan/2020:10:27:12 +0800] "POST /xingrg/system/rest/edit_item.html HTTP/1.1" 200 4
114.88.159.93 - - [16/Jan/2020:10:27:12 +0800] "GET /xingrg/system/rest/get_item.html?table=menu&target=menu_rest&id=2097&_=1579141597363 HTTP/1.1" 200 650
117.131.5.26 - - [16/Jan/2020:10:27:13 +0800] "GET /xingrg/all/function/internal_message.html?_=1579141638862&CODE_STATE=getMsg HTTP/1.1" 200 27
116.238.181.252 - - [16/Jan/2020:10:27:14 +0800] "GET /xingrg/all/function/internal_message.html?_=1579141632102&CODE_STATE=getMsg HTTP/1.1" 200 27
116.238.181.252 - - [16/Jan/2020:10:27:14 +0800] "GET /xingrg/check_reg.html?_=1579141632104 HTTP/1.1" 200 22
116.233.72.195 - - [16/Jan/2020:10:27:15 +0800] "GET /xingrg/all/function/internal_message.html?_=1579141644976&CODE_STATE=getMsg HTTP/1.1" 200 27
58.40.221.208 - - [16/Jan/2020:10:27:16 +0800] "GET /xingrg/kc/buy/cgsh_order_operate.html?command=get_materiel&rest_code=00143&code=00101012065&supplier_code=00100166&order_time=2020-01-16 HTTP/1.1" 200 418
117.131.5.26 - - [16/Jan/2020:10:27:17 +0800] "GET /xingrg/system/rest/get_item.html?table=menu&id=1954&_=1579141643222 HTTP/1.1" 200 1026
117.131.5.26 - - [16/Jan/2020:10:27:17 +0800] "GET /xingrg/system/rest/get_item.html?table=menu&target=cook_mode&id=1954&_=1579141643237 HTTP/1.1" 200 6954
117.131.5.26 - - [16/Jan/2020:10:27:17 +0800] "GET /xingrg/system/rest/get_item.html?table=menu&target=menu_rest&id=1954&_=1579141643237 HTTP/1.1" 200 954
58.221.95.50 - - [16/Jan/2020:10:27:18 +0800] "GET /xingrg/check_reg.html?_=1579141808147 HTTP/1.1" 302 -
58.221.95.50 - - [16/Jan/2020:10:27:19 +0800] "GET /xingrg/all/function/internal_message.html?_=1579141947653&CODE_STATE=getMsg HTTP/1.1" 302 -
58.221.95.50 - - [16/Jan/2020:10:27:19 +0800] "GET /xingrg/login.html HTTP/1.1" 200 7639
124.77.241.94 - - [16/Jan/2020:10:27:19 +0800] "GET /xingrg/all/function/internal_message.html?_=1579141634020&CODE_STATE=getMsg HTTP/1.1" 200 27
117.131.5.26 - - [16/Jan/2020:10:27:20 +0800] "GET /xingrg/system/rest/get_infos.html?command=menu_img_show&id=1954 HTTP/1.1" 200 5
114.88.159.93 - - [16/Jan/2020:10:27:20 +0800] "GET /xingrg/all/function/internal_message.html?_=1579141645874&CODE_STATE=getMsg HTTP/1.1" 200 27
117.185.32.26 - - [16/Jan/2020:10:27:22 +0800] "GET /xingrg/all/function/internal_message.html?_=1579142013610&CODE_STATE=getMsg HTTP/1.1" 200 27
117.131.5.26 - - [16/Jan/2020:10:27:23 +0800] "GET /xingrg/system/rest/get_item.html?table=menu&target=menu_rest_detail&id=1954&sid=5&_=1579141648675 HTTP/1.1" 200 425
114.88.159.93 - - [16/Jan/2020:10:27:23 +0800] "GET /xingrg/system/rest/query_items.html?_=1579141608237&table=menu&page=1&rows=20&categoryId=&key=%25E9%25B2%259C%25E9%25B2%258D%25E9%25B1%25BC HTTP/1.1" 200 4677
120.253.135.82 - - [16/Jan/2020:10:27:23 +0800] "GET /xingrg/all/function/internal_message.html?_=1579141380427&CODE_STATE=getMsg HTTP/1.1" 200 27
114.88.159.93 - - [16/Jan/2020:10:27:25 +0800] "GET /xingrg/system/rest/query_items.html?_=1579141609958&table=menu&page=1&rows=20&categoryId=&key=%25E9%25B2%259C%25E9%25B2%258D%25E9%25B1%25BC HTTP/1.1" 200 4677
116.238.35.243 - - [16/Jan/2020:10:27:25 +0800] "GET /xingrg/all/function/internal_message.html?_=1579141646318&CODE_STATE=getMsg HTTP/1.1" 200 27
114.88.159.93 - - [16/Jan/2020:10:27:26 +0800] "GET /xingrg/system/rest/get_item.html?table=menu&id=2041&_=1579141610804 HTTP/1.1" 200 939
114.88.159.93 - - [16/Jan/2020:10:27:26 +0800] "GET /xingrg/system/rest/get_item.html?table=menu&target=menu_rest&id=2041&_=1579141610824 HTTP/1.1" 200 744
114.88.159.93 - - [16/Jan/2020:10:27:26 +0800] "GET /xingrg/system/rest/get_item.html?table=menu&target=cook_mode&id=2041&_=1579141610823 HTTP/1.1" 200 11041
114.88.159.93 - - [16/Jan/2020:10:27:27 +0800] "GET /xingrg/system/rest/get_infos.html?command=menu_img_show&id=2041 HTTP/1.1" 200 5
116.233.72.195 - - [16/Jan/2020:10:27:29 +0800] "GET /xingrg/all/function/internal_message.html?_=1579141678187&CODE_STATE=getMsg HTTP/1.1" 200 27
117.184.7.26 - - [16/Jan/2020:10:27:31 +0800] "GET /xingrg/all/function/internal_message.html?_=1579141637410&CODE_STATE=getMsg HTTP/1.1" 200 27
117.131.5.26 - - [16/Jan/2020:10:27:33 +0800] "POST /xingrg/system/rest/edit_item.html HTTP/1.1" 200 4
117.131.5.26 - - [16/Jan/2020:10:27:33 +0800] "GET /xingrg/system/rest/get_item.html?table=menu&target=menu_rest&id=1954&_=1579141658737 HTTP/1.1" 200 954
114.88.159.93 - - [16/Jan/2020:10:27:37 +0800] "GET /xingrg/system/rest/query_items.html?_=1579141622146&table=menu&page=1&rows=20&categoryId=&key=%25E8%2586%258F%25E8%259F%25B9 HTTP/1.1" 200 1503
114.93.75.19 - - [16/Jan/2020:10:27:37 +0800] "GET /xingrg/all/function/internal_message.html?_=1579141653698&CODE_STATE=getMsg HTTP/1.1" 200 27
114.88.159.93 - - [16/Jan/2020:10:27:38 +0800] "GET /xingrg/system/rest/query_items.html?_=1579141623467&table=menu&page=1&rows=20&categoryId=&key=%25E8%2586%258F%25E8%259F%25B9 HTTP/1.1" 200 1503
180.162.232.172 - - [16/Jan/2020:10:27:39 +0800] "GET /xingrg/all/function/internal_message.html?_=1579141767816&CODE_STATE=getMsg HTTP/1.1" 200 27
114.88.159.93 - - [16/Jan/2020:10:27:39 +0800] "GET /xingrg/system/rest/get_item.html?table=menu&id=2013&_=1579141623899 HTTP/1.1" 200 970
114.88.159.93 - - [16/Jan/2020:10:27:39 +0800] "GET /xingrg/system/rest/get_item.html?table=menu&target=menu_rest&id=2013&_=1579141623920 HTTP/1.1" 200 874
114.88.159.93 - - [16/Jan/2020:10:27:39 +0800] "GET /xingrg/system/rest/get_item.html?table=menu&target=cook_mode&id=2013&_=1579141623918 HTTP/1.1" 200 15971
114.88.159.93 - - [16/Jan/2020:10:27:40 +0800] "GET /xingrg/system/rest/get_infos.html?command=menu_img_show&id=2013 HTTP/1.1" 200 5
222.69.138.237 - - [16/Jan/2020:10:27:40 +0800] "GET /xingrg/all/function/internal_message.html?_=1579141653855&CODE_STATE=getMsg HTTP/1.1" 200 27
117.131.5.26 - - [16/Jan/2020:10:27:42 +0800] "GET /xingrg/system/rest/query_items.html?_=1579141667628&table=menu&page=1&rows=20&categoryId=&key=lhb HTTP/1.1" 200 4144
114.88.159.93 - - [16/Jan/2020:10:27:43 +0800] "GET /xingrg/system/rest/get_item.html?table=menu&target=menu_rest_detail&id=2013&sid=11&_=1579141627768 HTTP/1.1" 200 429
117.131.5.26 - - [16/Jan/2020:10:27:44 +0800] "GET /xingrg/system/rest/get_item.html?table=menu&id=1909&_=1579141669675 HTTP/1.1" 200 941
117.131.5.26 - - [16/Jan/2020:10:27:44 +0800] "GET /xingrg/system/rest/get_item.html?table=menu&target=menu_rest&id=1909&_=1579141669690 HTTP/1.1" 200 856
117.131.5.26 - - [16/Jan/2020:10:27:44 +0800] "GET /xingrg/system/rest/get_item.html?table=menu&target=cook_mode&id=1909&_=1579141669690 HTTP/1.1" 200 14801
117.131.5.26 - - [16/Jan/2020:10:27:46 +0800] "GET /xingrg/system/rest/get_infos.html?command=menu_img_show&id=1909 HTTP/1.1" 200 5
114.88.159.93 - - [16/Jan/2020:10:27:49 +0800] "POST /xingrg/system/rest/edit_item.html HTTP/1.1" 200 4
114.88.159.93 - - [16/Jan/2020:10:27:49 +0800] "GET /xingrg/system/rest/get_item.html?table=menu&target=menu_rest&id=2013&_=1579141634075 HTTP/1.1" 200 874
117.131.5.26 - - [16/Jan/2020:10:27:49 +0800] "GET /xingrg/system/rest/get_item.html?table=menu&target=menu_rest_detail&id=1909&sid=5&_=1579141675190 HTTP/1.1" 200 427
117.184.7.26 - - [16/Jan/2020:10:27:50 +0800] "GET /xingrg/check_reg.html?_=1579141658926 HTTP/1.1" 200 22
117.184.7.26 - - [16/Jan/2020:10:27:50 +0800] "GET /xingrg/all/function/internal_message.html?_=1579141658929&CODE_STATE=getMsg HTTP/1.1" 200 27
124.77.241.94 - - [16/Jan/2020:10:27:53 +0800] "GET /xingrg/check_reg.html?_=1579141670554 HTTP/1.1" 200 22
114.88.159.93 - - [16/Jan/2020:10:27:53 +0800] "GET /xingrg/system/rest/query_items.html?_=1579141638509&table=menu&page=1&rows=20&categoryId=&key=%25E9%259D%2592%25E8%259F%25B9 HTTP/1.1" 200 284
180.162.232.172 - - [16/Jan/2020:10:27:54 +0800] "GET /xingrg/javascript/auto/indicator.gif HTTP/1.1" 404 1066
114.88.159.93 - - [16/Jan/2020:10:27:55 +0800] "GET /xingrg/system/rest/query_items.html?_=1579141639860&table=menu&page=1&rows=20&categoryId=&key=%25E9%259D%2592%25E8%259F%25B9 HTTP/1.1" 200 284
114.88.159.93 - - [16/Jan/2020:10:27:55 +0800] "GET /xingrg/system/rest/get_item.html?table=menu&id=2014&_=1579141640367 HTTP/1.1" 200 970
114.88.159.93 - - [16/Jan/2020:10:27:55 +0800] "GET /xingrg/system/rest/get_item.html?table=menu&target=menu_rest&id=2014&_=1579141640387 HTTP/1.1" 200 874
114.88.159.93 - - [16/Jan/2020:10:27:55 +0800] "GET /xingrg/system/rest/get_item.html?table=menu&target=cook_mode&id=2014&_=1579141640385 HTTP/1.1" 200 14780
101.81.125.204 - - [16/Jan/2020:10:27:56 +0800] "GET /xingrg/all/function/internal_message.html?_=1579141673171&CODE_STATE=getMsg HTTP/1.1" 200 27
114.88.159.93 - - [16/Jan/2020:10:27:56 +0800] "GET /xingrg/system/rest/get_infos.html?command=menu_img_show&id=2014 HTTP/1.1" 200 5
180.162.232.172 - - [16/Jan/2020:10:27:57 +0800] "GET /xingrg/kc/buy/cgsh_order_operate.html?command=get_materiel&rest_code=00150&code=00101008136&supplier_code=00100007&order_time=2020-01-16 HTTP/1.1" 200 413
117.131.5.26 - - [16/Jan/2020:10:27:59 +0800] "GET /xingrg/system/rest/query_items.html?_=1579141684847&table=menu&page=1&rows=20&categoryId=&key=gx HTTP/1.1" 200 4858
114.88.159.93 - - [16/Jan/2020:10:27:59 +0800] "GET /xingrg/system/rest/get_item.html?table=menu&target=menu_rest_detail&id=2014&sid=11&_=1579141644372 HTTP/1.1" 200 429
114.88.170.138 - - [16/Jan/2020:10:27:59 +0800] "GET /xingrg/all/function/internal_message.html?_=1579141901952&CODE_STATE=getMsg HTTP/1.1" 200 27
58.40.221.208 - - [16/Jan/2020:10:28:00 +0800] "GET /xingrg/all/function/internal_message.html?_=1579140880107&CODE_STATE=getMsg HTTP/1.1" 200 27
117.131.5.26 - - [16/Jan/2020:10:28:01 +0800] "GET /xingrg/system/rest/get_item.html?table=menu&id=2013&_=1579141687378 HTTP/1.1" 200 970
117.131.5.26 - - [16/Jan/2020:10:28:01 +0800] "GET /xingrg/system/rest/get_item.html?table=menu&target=menu_rest&id=2013&_=1579141687378 HTTP/1.1" 200 874
117.131.5.26 - - [16/Jan/2020:10:28:01 +0800] "GET /xingrg/system/rest/get_item.html?table=menu&target=cook_mode&id=2013&_=1579141687378 HTTP/1.1" 200 15971
58.40.221.208 - - [16/Jan/2020:10:28:03 +0800] "GET /xingrg/kc/buy/cgsh_order_operate.html?command=get_materiel&rest_code=00143&code=00101012024&supplier_code=00100166&order_time=2020-01-16 HTTP/1.1" 200 408
117.184.7.26 - - [16/Jan/2020:10:28:03 +0800] "POST /xingrg/kc/buy/cgsh_order_operate.html HTTP/1.1" 200 37
117.131.5.26 - - [16/Jan/2020:10:28:04 +0800] "GET /xingrg/system/rest/get_infos.html?command=menu_img_show&id=2013 HTTP/1.1" 200 5
124.77.241.94 - - [16/Jan/2020:10:28:04 +0800] "GET /xingrg/all/function/internal_message.html?_=1579141681561&CODE_STATE=getMsg HTTP/1.1" 200 27
117.184.7.26 - - [16/Jan/2020:10:28:04 +0800] "POST /xingrg/kc/buy/cgsh_order_operate.html HTTP/1.1" 200 36389
114.88.159.93 - - [16/Jan/2020:10:28:05 +0800] "GET /xingrg/check_reg.html?_=1579141649962 HTTP/1.1" 200 22
114.88.159.93 - - [16/Jan/2020:10:28:05 +0800] "GET /xingrg/all/function/internal_message.html?_=1579141649965&CODE_STATE=getMsg HTTP/1.1" 200 27
114.93.75.19 - - [16/Jan/2020:10:28:06 +0800] "GET /xingrg/all/function/internal_message.html?_=1579141593843&CODE_STATE=getMsg HTTP/1.1" 200 27
58.40.7.146 - - [16/Jan/2020:10:28:07 +0800] "GET /xingrg/all/function/internal_message.html?_=1579141683979&CODE_STATE=getMsg HTTP/1.1" 200 27
58.40.7.146 - - [16/Jan/2020:10:28:07 +0800] "GET /xingrg/check_reg.html?_=1579141683981 HTTP/1.1" 200 22
117.131.5.26 - - [16/Jan/2020:10:28:07 +0800] "GET /xingrg/system/rest/get_item.html?table=menu&target=menu_rest_detail&id=2013&sid=5&_=1579141693050 HTTP/1.1" 200 428
114.88.159.93 - - [16/Jan/2020:10:28:07 +0800] "POST /xingrg/system/rest/edit_item.html HTTP/1.1" 200 4
114.88.159.93 - - [16/Jan/2020:10:28:07 +0800] "GET /xingrg/system/rest/get_item.html?table=menu&target=menu_rest&id=2014&_=1579141652151 HTTP/1.1" 200 874
117.184.7.26 - - [16/Jan/2020:10:28:08 +0800] "GET /xingrg/kc/mdqp/qp_main.html HTTP/1.1" 200 10625
117.184.7.26 - - [16/Jan/2020:10:28:09 +0800] "GET /xingrg/images/yd/bt.gif HTTP/1.1" 404 1040
117.184.7.26 - - [16/Jan/2020:10:28:09 +0800] "GET /xingrg/kc/mdqp/qqps_order_list.html HTTP/1.1" 200 9210
117.184.7.26 - - [16/Jan/2020:10:28:10 +0800] "GET /xingrg/dwr/interface/AjaxQqpsService.js HTTP/1.1" 200 16326
117.184.7.26 - - [16/Jan/2020:10:28:10 +0800] "GET /xingrg/dwr/interface/AjaxReportQueryService.js HTTP/1.1" 200 13203
117.184.7.26 - - [16/Jan/2020:10:28:10 +0800] "GET /xingrg/javascript/Calendar.js HTTP/1.1" 200 31561
117.184.7.30 - - [16/Jan/2020:10:28:10 +0800] "GET /xingrg/dwr/util.js HTTP/1.1" 200 35990
117.184.7.30 - - [16/Jan/2020:10:28:10 +0800] "GET /xingrg/dwr/engine.js HTTP/1.1" 200 43631
180.162.232.172 - - [16/Jan/2020:10:28:11 +0800] "POST /xingrg/kc/buy/cgsh_order_operate.html HTTP/1.1" 200 37
117.184.7.30 - - [16/Jan/2020:10:28:12 +0800] "GET /xingrg/kc/mdqp/qqps_order_add.html HTTP/1.1" 200 27906
117.184.7.30 - - [16/Jan/2020:10:28:12 +0800] "GET /xingrg/dwr/interface/AjaxComOrderService.js HTTP/1.1" 200 18264
117.184.7.26 - - [16/Jan/2020:10:28:12 +0800] "GET /xingrg/javascript/AjaxInfoList.js HTTP/1.1" 200 3774
117.184.7.26 - - [16/Jan/2020:10:28:12 +0800] "GET /xingrg/javascript/tools/jquery.qtip-1.0.0-rc3.min.js HTTP/1.1" 200 38404
117.184.7.26 - - [16/Jan/2020:10:28:12 +0800] "GET /xingrg/javascript/Grid.js HTTP/1.1" 200 58908
117.184.7.26 - - [16/Jan/2020:10:28:12 +0800] "GET /xingrg/dwr/interface/AjaxQqpsService.js HTTP/1.1" 200 16326
117.184.7.26 - - [16/Jan/2020:10:28:12 +0800] "GET /xingrg/dwr/engine.js HTTP/1.1" 200 43631
180.162.232.172 - - [16/Jan/2020:10:28:12 +0800] "POST /xingrg/kc/buy/cgsh_order_operate.html HTTP/1.1" 200 35202
117.131.5.26 - - [16/Jan/2020:10:28:13 +0800] "GET /xingrg/all/function/internal_message.html?_=1579141698862&CODE_STATE=getMsg HTTP/1.1" 200 27
116.238.181.252 - - [16/Jan/2020:10:28:14 +0800] "GET /xingrg/all/function/internal_message.html?_=1579141692103&CODE_STATE=getMsg HTTP/1.1" 200 27
116.233.72.195 - - [16/Jan/2020:10:28:14 +0800] "GET /xingrg/all/function/internal_message.html?_=1579141704996&CODE_STATE=getMsg HTTP/1.1" 200 27
114.88.159.93 - - [16/Jan/2020:10:28:16 +0800] "GET /xingrg/system/rest/query_items.html?_=1579141660737&table=menu&page=1&rows=20&categoryId=&key=7015 HTTP/1.1" 200 256
58.221.95.50 - - [16/Jan/2020:10:28:19 +0800] "GET /xingrg/check_reg.html?_=1579142007668 HTTP/1.1" 302 -
58.221.95.50 - - [16/Jan/2020:10:28:19 +0800] "GET /xingrg/all/function/internal_message.html?_=1579142007669&CODE_STATE=getMsg HTTP/1.1" 302 -
58.221.95.50 - - [16/Jan/2020:10:28:19 +0800] "GET /xingrg/login.html HTTP/1.1" 200 7639
124.77.241.94 - - [16/Jan/2020:10:28:19 +0800] "GET /xingrg/all/function/internal_message.html?_=1579141694229&CODE_STATE=getMsg HTTP/1.1" 200 27
58.221.95.50 - - [16/Jan/2020:10:28:20 +0800] "GET /xingrg/login.html HTTP/1.1" 200 7639
114.88.159.93 - - [16/Jan/2020:10:28:20 +0800] "GET /xingrg/all/function/internal_message.html?_=1579141705873&CODE_STATE=getMsg HTTP/1.1" 200 27
117.131.5.26 - - [16/Jan/2020:10:28:20 +0800] "POST /xingrg/system/rest/edit_item.html HTTP/1.1" 200 4
117.131.5.26 - - [16/Jan/2020:10:28:20 +0800] "GET /xingrg/system/rest/get_item.html?table=menu&target=menu_rest&id=2013&_=1579141706300 HTTP/1.1" 200 874
117.184.7.26 - - [16/Jan/2020:10:28:21 +0800] "POST /xingrg/dwr/call/plaincall/AjaxQqpsService.saveOrder.dwr HTTP/1.1" 200 78
117.185.32.26 - - [16/Jan/2020:10:28:22 +0800] "GET /xingrg/all/function/internal_message.html?_=1579142073608&CODE_STATE=getMsg HTTP/1.1" 200 27
114.88.159.93 - - [16/Jan/2020:10:28:22 +0800] "GET /xingrg/system/rest/query_items.html?_=1579141667188&table=menu&page=1&rows=20&categoryId=&key=%25E9%25BB%2584%25E9%25B1%25BC HTTP/1.1" 200 4896
120.253.135.82 - - [16/Jan/2020:10:28:23 +0800] "GET /xingrg/all/function/internal_message.html?_=1579141440443&CODE_STATE=getMsg HTTP/1.1" 200 27
114.88.159.93 - - [16/Jan/2020:10:28:25 +0800] "GET /xingrg/system/rest/query_items.html?_=1579141669952&table=menu&page=1&rows=20&categoryId=&key=%25E9%25BB%2584%25E9%25B1%25BC HTTP/1.1" 200 4896
116.238.35.243 - - [16/Jan/2020:10:28:25 +0800] "GET /xingrg/all/function/internal_message.html?_=1579141706331&CODE_STATE=getMsg HTTP/1.1" 200 27
114.88.159.93 - - [16/Jan/2020:10:28:26 +0800] "GET /xingrg/system/rest/get_item.html?table=menu&id=1915&_=1579141670875 HTTP/1.1" 200 945
114.88.159.93 - - [16/Jan/2020:10:28:26 +0800] "GET /xingrg/system/rest/get_item.html?table=menu&target=menu_rest&id=1915&_=1579141670896 HTTP/1.1" 200 670
114.88.159.93 - - [16/Jan/2020:10:28:26 +0800] "GET /xingrg/system/rest/get_item.html?table=menu&target=cook_mode&id=1915&_=1579141670895 HTTP/1.1" 200 10025
117.184.7.26 - - [16/Jan/2020:10:28:27 +0800] "POST /xingrg/dwr/call/plaincall/AjaxQqpsService.getMaterielByCode.dwr HTTP/1.1" 200 2460
116.233.72.195 - - [16/Jan/2020:10:28:27 +0800] "GET /xingrg/all/function/internal_message.html?_=1579141738203&CODE_STATE=getMsg HTTP/1.1" 200 27
114.88.159.93 - - [16/Jan/2020:10:28:27 +0800] "GET /xingrg/system/rest/get_infos.html?command=menu_img_show&id=1915 HTTP/1.1" 200 5
117.131.5.26 - - [16/Jan/2020:10:28:28 +0800] "GET /xingrg/system/rest/query_items.html?_=1579141714050&table=menu&page=1&rows=20&categoryId=&key=qx HTTP/1.1" 200 4864
58.40.221.208 - - [16/Jan/2020:10:28:29 +0800] "GET /xingrg/kc/buy/cgsh_order_operate.html?command=get_materiel&rest_code=00143&code=00101012059&supplier_code=00100166&order_time=2020-01-16 HTTP/1.1" 200 412
117.184.7.26 - - [16/Jan/2020:10:28:30 +0800] "GET /xingrg/check_reg.html?_=1579141696397 HTTP/1.1" 200 22
114.88.159.93 - - [16/Jan/2020:10:28:30 +0800] "GET /xingrg/system/rest/get_item.html?table=menu&target=menu_rest_detail&id=1915&sid=11&_=1579141674670 HTTP/1.1" 200 428
117.184.7.26 - - [16/Jan/2020:10:28:31 +0800] "GET /xingrg/all/function/internal_message.html?_=1579141697424&CODE_STATE=getMsg HTTP/1.1" 200 27
117.131.5.26 - - [16/Jan/2020:10:28:31 +0800] "GET /xingrg/system/rest/get_item.html?table=menu&id=2014&_=1579141716769 HTTP/1.1" 200 970
117.131.5.26 - - [16/Jan/2020:10:28:31 +0800] "GET /xingrg/system/rest/get_item.html?table=menu&target=menu_rest&id=2014&_=1579141716784 HTTP/1.1" 200 874
117.131.5.26 - - [16/Jan/2020:10:28:31 +0800] "GET /xingrg/system/rest/get_item.html?table=menu&target=cook_mode&id=2014&_=1579141716769 HTTP/1.1" 200 14780
180.162.232.172 - - [16/Jan/2020:10:28:32 +0800] "POST /xingrg/kc/buy/cgsh_order_operate.html HTTP/1.1" 200 37
117.131.5.26 - - [16/Jan/2020:10:28:33 +0800] "GET /xingrg/system/rest/get_infos.html?command=menu_img_show&id=2014 HTTP/1.1" 200 5
180.162.232.172 - - [16/Jan/2020:10:28:34 +0800] "POST /xingrg/kc/buy/cgsh_order_operate.html HTTP/1.1" 200 12
180.162.232.172 - - [16/Jan/2020:10:28:35 +0800] "GET /xingrg/kc/buy/cgsh_order_info.html?code=212020011608304 HTTP/1.1" 200 52950
180.162.232.172 - - [16/Jan/2020:10:28:36 +0800] "GET /xingrg/javascript/easyui/themes/default/validatebox.css HTTP/1.1" 404 1104
180.162.232.172 - - [16/Jan/2020:10:28:36 +0800] "POST /xingrg/kc/buy/cgsh_order_operate.html HTTP/1.1" 200 33147
117.131.5.26 - - [16/Jan/2020:10:28:36 +0800] "GET /xingrg/system/rest/get_item.html?table=menu&target=menu_rest_detail&id=2014&sid=5&_=1579141721831 HTTP/1.1" 200 428
116.233.72.195 - - [16/Jan/2020:10:28:37 +0800] "POST /xingrg/kc/buy/cgsh_list_operate.html HTTP/1.1" 200 876
114.93.75.19 - - [16/Jan/2020:10:28:37 +0800] "GET /xingrg/all/function/internal_message.html?_=1579141713677&CODE_STATE=getMsg HTTP/1.1" 200 27
114.88.159.93 - - [16/Jan/2020:10:28:37 +0800] "POST /xingrg/system/rest/edit_item.html HTTP/1.1" 200 4
114.88.159.93 - - [16/Jan/2020:10:28:37 +0800] "GET /xingrg/system/rest/get_item.html?table=menu&target=menu_rest&id=1915&_=1579141682482 HTTP/1.1" 200 670
180.162.232.172 - - [16/Jan/2020:10:28:38 +0800] "GET /xingrg/kc/print/load_data.html?order_code=212020011608304&kc_code=cgsh&condition= HTTP/1.1" 200 13070
117.184.7.26 - - [16/Jan/2020:10:28:38 +0800] "POST /xingrg/dwr/call/plaincall/AjaxQqpsService.saveMaterielItem.dwr HTTP/1.1" 200 78
116.233.72.195 - - [16/Jan/2020:10:28:39 +0800] "GET /xingrg/kc/mdqp/qp_main.html HTTP/1.1" 200 10625
180.162.232.172 - - [16/Jan/2020:10:28:39 +0800] "GET /xingrg/all/function/internal_message.html?_=1579141827833&CODE_STATE=getMsg HTTP/1.1" 200 27
116.233.72.195 - - [16/Jan/2020:10:28:39 +0800] "GET /xingrg/kc/base/base_main.html HTTP/1.1" 200 12138
222.69.138.237 - - [16/Jan/2020:10:28:40 +0800] "GET /xingrg/all/function/internal_message.html?_=1579141713854&CODE_STATE=getMsg HTTP/1.1" 200 27
58.40.221.208 - - [16/Jan/2020:10:28:42 +0800] "GET /xingrg/kc/buy/cgsh_order_operate.html?command=get_materiel&rest_code=00143&code=00101012066&supplier_code=00100166&order_time=2020-01-16 HTTP/1.1" 200 418
114.88.159.93 - - [16/Jan/2020:10:28:43 +0800] "GET /xingrg/system/rest/query_items.html?_=1579141688279&table=menu&page=1&rows=20&categoryId=&key=1970 HTTP/1.1" 200 264
