58.40.7.146 - - [16/Jan/2020:09:18:06 +0800] "POST /xingrg/all/user/operate.html HTTP/1.1" 200 36
58.40.7.146 - - [16/Jan/2020:09:18:06 +0800] "GET /xingrg/index.html?sysBaseUrl=http%3A%2F%2F117.131.15.22%3A18081%2Fxingrg%2F&costTime=36×tamp=1579137476741 HTTP/1.1" 200 17485
58.40.7.146 - - [16/Jan/2020:09:18:06 +0800] "GET /xingrg/javascript/jquery_easy_ui/themes/default/easyui.css HTTP/1.1" 304 -
58.40.7.146 - - [16/Jan/2020:09:18:06 +0800] "GET /xingrg/javascript/jquery_easy_ui/themes/icon.css HTTP/1.1" 304 -
58.40.7.146 - - [16/Jan/2020:09:18:06 +0800] "GET /xingrg/css/form.css HTTP/1.1" 304 -
58.40.7.146 - - [16/Jan/2020:09:18:06 +0800] "GET /xingrg/javascript/jquery-1.4.2.min.js HTTP/1.1" 304 -
58.40.7.146 - - [16/Jan/2020:09:18:06 +0800] "GET /xingrg/javascript/jquery_easy_ui/jquery.easyui.min.js HTTP/1.1" 304 -
58.40.7.146 - - [16/Jan/2020:09:18:06 +0800] "GET /xingrg/javascript/jquery_easy_ui/easyui-lang-zh_CN.js HTTP/1.1" 304 -
58.40.7.146 - - [16/Jan/2020:09:18:06 +0800] "GET /xingrg/javascript/jquery.form.js HTTP/1.1" 304 -
58.40.7.146 - - [16/Jan/2020:09:18:06 +0800] "GET /xingrg/javascript/jquery.utils.js HTTP/1.1" 304 -
58.40.7.146 - - [16/Jan/2020:09:18:06 +0800] "GET /xingrg/javascript/jquery.timers.js HTTP/1.1" 304 -
58.40.7.146 - - [16/Jan/2020:09:18:07 +0800] "GET /xingrg/images/blue/jxLogo.png HTTP/1.1" 304 -
58.40.7.146 - - [16/Jan/2020:09:18:07 +0800] "GET /xingrg/images/blue/navBackgound.jpg HTTP/1.1" 304 -
58.40.7.146 - - [16/Jan/2020:09:18:07 +0800] "GET /xingrg/javascript/jquery_easy_ui/themes/icons/settle_new.png HTTP/1.1" 304 -
58.40.7.146 - - [16/Jan/2020:09:18:07 +0800] "POST /xingrg/all/common/load_tree.html?tree=area_rest_tree_json&manage=1 HTTP/1.1" 200 3079
58.40.7.146 - - [16/Jan/2020:09:18:07 +0800] "GET /xingrg/all/function/internal_message.html?_=1579137483940&CODE_STATE=count HTTP/1.1" 200 11
58.40.7.146 - - [16/Jan/2020:09:18:07 +0800] "GET /xingrg/check_reg.html?_=1579137483942 HTTP/1.1" 200 22
58.40.7.146 - - [16/Jan/2020:09:18:07 +0800] "GET /xingrg/javascript/jquery_easy_ui/themes/default/images/tabs_rightarrow.png HTTP/1.1" 304 -
58.40.7.146 - - [16/Jan/2020:09:18:07 +0800] "GET /xingrg/javascript/jquery_easy_ui/themes/default/images/panel_tool_expand.gif HTTP/1.1" 304 -
58.40.7.146 - - [16/Jan/2020:09:18:07 +0800] "GET /xingrg/javascript/jquery_easy_ui/themes/default/images/panel_tool_collapse.gif HTTP/1.1" 304 -
58.40.7.146 - - [16/Jan/2020:09:18:07 +0800] "GET /xingrg/images/blue/pingpu.png HTTP/1.1" 304 -
58.40.7.146 - - [16/Jan/2020:09:18:07 +0800] "GET /xingrg/javascript/jquery_easy_ui/themes/default/images/tabs_leftarrow.png HTTP/1.1" 304 -
58.40.7.146 - - [16/Jan/2020:09:18:07 +0800] "POST /xingrg/load_menu.html HTTP/1.1" 200 9945
58.40.7.146 - - [16/Jan/2020:09:18:08 +0800] "GET /xingrg/kc/report/report_main.html HTTP/1.1" 200 7337
58.40.7.146 - - [16/Jan/2020:09:18:08 +0800] "GET /xingrg/javascript/jquery_easy_ui/themes/default/images/tabs_close.gif HTTP/1.1" 200 829
58.40.7.146 - - [16/Jan/2020:09:18:08 +0800] "GET /xingrg/javascript/pic_change.js HTTP/1.1" 200 4739
58.40.7.146 - - [16/Jan/2020:09:18:08 +0800] "GET /xingrg/css/blue.css HTTP/1.1" 200 15949
58.40.7.146 - - [16/Jan/2020:09:18:08 +0800] "GET /xingrg/javascript/json2.js HTTP/1.1" 200 11259
58.40.7.146 - - [16/Jan/2020:09:18:08 +0800] "GET /xingrg/javascript/jquery_ui/themes/humanity/humanity.css HTTP/1.1" 200 27801
58.40.7.146 - - [16/Jan/2020:09:18:08 +0800] "GET /xingrg/javascript/myfunction.js HTTP/1.1" 200 24559
58.40.7.146 - - [16/Jan/2020:09:18:08 +0800] "GET /xingrg/javascript/jquery_easy_ui/themes/icons/back_new.png HTTP/1.1" 200 3414
116.238.35.243 - - [16/Jan/2020:09:18:09 +0800] "GET /xingrg/kc/buy/cgsh_order_operate.html?command=get_materiel&rest_code=00105&code=00101008229&supplier_code=00100005&order_time=2020-01-16 HTTP/1.1" 200 420
58.40.7.146 - - [16/Jan/2020:09:18:09 +0800] "GET /xingrg/kc/base/crk_hz.html HTTP/1.1" 200 11239
58.40.7.146 - - [16/Jan/2020:09:18:09 +0800] "GET /xingrg/css/table.css HTTP/1.1" 200 3684
58.40.7.146 - - [16/Jan/2020:09:18:09 +0800] "GET /xingrg/javascript/step/step.css HTTP/1.1" 200 999
58.40.7.146 - - [16/Jan/2020:09:18:09 +0800] "POST /xingrg/kc/cost/cost_operate.html?command=get_base_tree HTTP/1.1" 200 1686
58.40.7.146 - - [16/Jan/2020:09:18:09 +0800] "POST /xingrg/all/common/load_tree.html?tree=materiel_sort_tree_json HTTP/1.1" 200 8666
58.40.7.146 - - [16/Jan/2020:09:18:09 +0800] "GET /xingrg/javascript/jquery_easy_ui/themes/default/images/menu.gif HTTP/1.1" 200 834
58.40.7.146 - - [16/Jan/2020:09:18:09 +0800] "GET /xingrg/javascript/jquery_easy_ui/themes/icons/print.png HTTP/1.1" 200 1057
58.40.7.146 - - [16/Jan/2020:09:18:09 +0800] "GET /xingrg/javascript/jquery_easy_ui/themes/default/images/combo_arrow_dot.gif HTTP/1.1" 200 79
58.40.7.146 - - [16/Jan/2020:09:18:09 +0800] "GET /xingrg/javascript/jquery_easy_ui/themes/icons/search.png HTTP/1.1" 200 813
58.40.7.146 - - [16/Jan/2020:09:18:09 +0800] "GET /xingrg/javascript/jquery_easy_ui/themes/default/images/menu_downarrow.png HTTP/1.1" 200 173
58.40.7.146 - - [16/Jan/2020:09:18:09 +0800] "GET /xingrg/javascript/jquery_easy_ui/themes/default/images/calendar_prevmonth.gif HTTP/1.1" 200 66
58.40.7.146 - - [16/Jan/2020:09:18:09 +0800] "GET /xingrg/javascript/jquery_easy_ui/themes/default/images/calendar_prevyear.gif HTTP/1.1" 200 76
58.40.7.146 - - [16/Jan/2020:09:18:09 +0800] "GET /xingrg/javascript/jquery_easy_ui/themes/default/images/calendar_nextmonth.gif HTTP/1.1" 200 64
58.40.7.146 - - [16/Jan/2020:09:18:09 +0800] "GET /xingrg/javascript/jquery_easy_ui/themes/default/images/calendar_nextyear.gif HTTP/1.1" 200 75
58.40.7.146 - - [16/Jan/2020:09:18:09 +0800] "GET /xingrg/javascript/jquery_easy_ui/themes/default/images/tree_checkbox_0.gif HTTP/1.1" 200 168
58.40.7.146 - - [16/Jan/2020:09:18:11 +0800] "GET /xingrg/all/common/get_data_part.html?part=yesterday&_=1579137488003 HTTP/1.1" 200 41
116.238.181.252 - - [16/Jan/2020:09:18:12 +0800] "GET /xingrg/kc/buy/cgsh_order_operate.html?command=get_materiel&rest_code=00150&code=00101008118&supplier_code=00100007&order_time=2020-01-16 HTTP/1.1" 200 418
58.40.7.146 - - [16/Jan/2020:09:18:12 +0800] "GET /xingrg/javascript/jquery_easy_ui/themes/default/images/tree_checkbox_1.gif HTTP/1.1" 200 174
58.40.7.146 - - [16/Jan/2020:09:18:12 +0800] "GET /xingrg/javascript/jquery_easy_ui/themes/default/images/tree_checkbox_2.gif HTTP/1.1" 200 181
58.40.7.146 - - [16/Jan/2020:09:18:13 +0800] "GET /xingrg/kc/base/crk_hz.html?_=1579137490205&command=get_cost_id&end_date=2020-01-15&start_date=2020-01-15 HTTP/1.1" 200 51
58.40.7.146 - - [16/Jan/2020:09:18:13 +0800] "GET /xingrg/javascript/multi_select/jqueryMultiSelect.css HTTP/1.1" 200 951
58.40.7.146 - - [16/Jan/2020:09:18:13 +0800] "GET /xingrg/all/report/report_query.html?isQuery=1&onlyBody=1&rh=99999&rw=1800&varString=start:20200115,cost_id:2484,mid:20200101&fileName=kc/base/crk_hz_type_by_base.xml&queryString=%20m.sort_code%20in%20('00101001','00101002','00101003','00101004','00101005','00101006','00101007','00101008','00101009','00101010','00101011','00101012','00101013','00101014','00101015','00101016','00101017','00101018','00101019','00101020','00101021','00101022','00101023','00101024','00101025','00101026','00101027','00101028','00101029','00101030','00101031','00101032','00101033','00101034','00101036','00101037','00101038','00101039')%20&queryText=ÈÕÆÚ£º2020-01-15ÖÁ2020-01-15&tableQueryString=materiel_table$sp1$$sp$before_table$sp1$$sp$crk_table$sp1$order_day%20between%2020200115%20and%2020200115 HTTP/1.1" 200 49770
58.40.7.146 - - [16/Jan/2020:09:18:13 +0800] "GET /xingrg/javascript/calendar/timePicker.css HTTP/1.1" 200 523
58.40.7.146 - - [16/Jan/2020:09:18:13 +0800] "GET /xingrg/javascript/bigrid/fix.css HTTP/1.1" 200 1702
58.40.7.146 - - [16/Jan/2020:09:18:13 +0800] "GET /xingrg/dwr/interface/AjaxReportQueryService.js HTTP/1.1" 200 13203
58.40.7.146 - - [16/Jan/2020:09:18:13 +0800] "GET /xingrg/javascript/calendar/jquery.timePicker.min.js HTTP/1.1" 200 2997
58.40.7.146 - - [16/Jan/2020:09:18:13 +0800] "GET /xingrg/dwr/util.js HTTP/1.1" 200 35990
58.40.7.146 - - [16/Jan/2020:09:18:13 +0800] "GET /xingrg/javascript/bigrid/fix.js HTTP/1.1" 200 6439
58.40.7.146 - - [16/Jan/2020:09:18:13 +0800] "GET /xingrg/javascript/jqueryMultiSelect.js HTTP/1.1" 200 11866
58.40.7.146 - - [16/Jan/2020:09:18:13 +0800] "GET /xingrg/dwr/engine.js HTTP/1.1" 200 43631
58.40.7.146 - - [16/Jan/2020:09:18:13 +0800] "GET /xingrg/javascript/Calendar.js HTTP/1.1" 200 31561
58.40.7.146 - - [16/Jan/2020:09:18:13 +0800] "GET /xingrg/images/blue/button/advanceover.gif HTTP/1.1" 200 1347
58.40.7.146 - - [16/Jan/2020:09:18:13 +0800] "GET /xingrg/images/blue/button/advance2over.gif HTTP/1.1" 200 1336
58.40.7.146 - - [16/Jan/2020:09:18:13 +0800] "GET /xingrg/images/blue/button/backover.gif HTTP/1.1" 200 1348
58.40.7.146 - - [16/Jan/2020:09:18:13 +0800] "GET /xingrg/images/blue/button/back2over.gif HTTP/1.1" 200 1335
58.40.7.146 - - [16/Jan/2020:09:18:13 +0800] "GET /xingrg/images/control/loading.gif HTTP/1.1" 200 13463
58.40.7.146 - - [16/Jan/2020:09:18:13 +0800] "GET /xingrg/javascript/jquery_easy_ui/themes/icons/help.png HTTP/1.1" 200 1187
116.238.181.252 - - [16/Jan/2020:09:18:14 +0800] "POST /xingrg/kc/buy/cgsh_order_operate.html HTTP/1.1" 200 2065
58.40.7.146 - - [16/Jan/2020:09:18:15 +0800] "POST /xingrg/all/report/load_report_page.html HTTP/1.1" 200 381231
58.40.7.146 - - [16/Jan/2020:09:18:15 +0800] "GET /xingrg/servlets/image?cache=0.27368549593458213&image=px HTTP/1.1" 200 807
116.238.35.243 - - [16/Jan/2020:09:18:15 +0800] "GET /xingrg/kc/buy/cgsh_order_operate.html?command=get_materiel&rest_code=00105&code=00101015074&supplier_code=00100005&order_time=2020-01-16 HTTP/1.1" 200 408
124.77.241.94 - - [16/Jan/2020:09:18:16 +0800] "GET /xingrg/all/function/internal_message.html?_=1579137490361&CODE_STATE=getMsg HTTP/1.1" 200 27
58.40.7.146 - - [16/Jan/2020:09:18:18 +0800] "GET /xingrg/all/report/report_query.html?isQuery=1&fileName=kc/base/crk_detail_by_small.xml&rh=99999&queryString=&queryText=%25E3%2580%2590%25E4%25BB%2593%25E5%25BA%2593%25E5%2590%258D%25E7%25A7%25B0%253A%25E9%25A4%2590%25E9%25A5%25AE%25E5%258E%25A8%25E6%2588%25BF%25E9%2583%25A8%25E3%2580%2591%25E3%2580%2590%25E4%25B8%259A%25E5%258A%25A1%25E7%25B1%25BB%25E5%259E%258B%25EF%25BC%259A%25E9%2587%2587%25E8%25B4%25AD%25E5%2585%25A5%25E5%25BA%2593%25E3%2580%2591%2520%253F%253F%253F%253F%253F2020-01-15%253F%253F2020-01-15&tableQueryString=crk_table%2524sp1%2524order_day%2520between%252020200115%2520and%252020200115%2520and%2520(base_code%253D'0010610')%2520and%2520(src_order_type%2520in%2520(21))%2520and%2520(is_rk%2520in%2520(1)) HTTP/1.1" 200 53744
58.40.7.146 - - [16/Jan/2020:09:18:18 +0800] "GET /xingrg/dwr/interface/AjaxReportQueryService.js HTTP/1.1" 200 13203
58.40.7.146 - - [16/Jan/2020:09:18:18 +0800] "GET /xingrg/dwr/engine.js HTTP/1.1" 200 43631
58.40.7.146 - - [16/Jan/2020:09:18:19 +0800] "GET /xingrg/javascript/jquery_easy_ui/themes/icons/pencil.png HTTP/1.1" 200 713
58.40.7.146 - - [16/Jan/2020:09:18:19 +0800] "GET /xingrg/javascript/jquery_easy_ui/themes/default/images/menu_rightarrow.png HTTP/1.1" 200 3617
58.221.95.50 - - [16/Jan/2020:09:18:19 +0800] "GET /xingrg/check_reg.html?_=1579137807548 HTTP/1.1" 302 -
58.221.95.50 - - [16/Jan/2020:09:18:19 +0800] "GET /xingrg/all/function/internal_message.html?_=1579137807548&CODE_STATE=getMsg HTTP/1.1" 302 -
58.40.7.146 - - [16/Jan/2020:09:18:19 +0800] "POST /xingrg/all/report/load_report_page.html HTTP/1.1" 200 35731
58.40.7.146 - - [16/Jan/2020:09:18:19 +0800] "GET /xingrg/servlets/image?cache=0.22806928058442055&image=px HTTP/1.1" 200 807
58.221.95.50 - - [16/Jan/2020:09:18:19 +0800] "GET /xingrg/login.html HTTP/1.1" 200 7639
58.221.95.50 - - [16/Jan/2020:09:18:20 +0800] "GET /xingrg/login.html HTTP/1.1" 200 7639
114.88.159.93 - - [16/Jan/2020:09:18:20 +0800] "GET /xingrg/all/function/internal_message.html?_=1579137505825&CODE_STATE=getMsg HTTP/1.1" 200 27
120.253.135.82 - - [16/Jan/2020:09:18:21 +0800] "GET /xingrg/all/function/internal_message.html?_=1579137238323&CODE_STATE=getMsg HTTP/1.1" 200 27
116.238.35.243 - - [16/Jan/2020:09:18:22 +0800] "GET /xingrg/kc/buy/cgsh_order_operate.html?command=get_materiel&rest_code=00105&code=00101015026&supplier_code=00100005&order_time=2020-01-16 HTTP/1.1" 200 412
116.238.35.243 - - [16/Jan/2020:09:18:25 +0800] "GET /xingrg/all/function/internal_message.html?_=1579137505692&CODE_STATE=getMsg HTTP/1.1" 200 27
116.238.181.252 - - [16/Jan/2020:09:18:26 +0800] "GET /xingrg/all/function/internal_message.html?_=1579137504479&CODE_STATE=getMsg HTTP/1.1" 200 27
116.238.181.252 - - [16/Jan/2020:09:18:27 +0800] "GET /xingrg/kc/buy/cgsh_order_operate.html?command=get_materiel&rest_code=00150&code=00101008272&supplier_code=00100007&order_time=2020-01-16 HTTP/1.1" 200 412
116.228.172.94 - - [16/Jan/2020:09:18:33 +0800] "GET /xingrg/all/function/internal_message.html?_=1579136895550&CODE_STATE=getMsg HTTP/1.1" 200 27
116.238.181.252 - - [16/Jan/2020:09:18:36 +0800] "GET /xingrg/kc/buy/cgsh_order_operate.html?command=get_materiel&rest_code=00150&code=00101008137&supplier_code=00100007&order_time=2020-01-16 HTTP/1.1" 200 408
114.93.75.19 - - [16/Jan/2020:09:18:39 +0800] "GET /xingrg/all/function/internal_message.html?_=1579137515036&CODE_STATE=getMsg HTTP/1.1" 200 27
180.162.232.172 - - [16/Jan/2020:09:18:39 +0800] "GET /xingrg/all/function/internal_message.html?_=1579137628438&CODE_STATE=getMsg HTTP/1.1" 200 27
116.238.181.252 - - [16/Jan/2020:09:18:41 +0800] "GET /xingrg/kc/buy/cgsh_order_operate.html?command=get_materiel&rest_code=00150&code=00101008360&supplier_code=00100007&order_time=2020-01-16 HTTP/1.1" 200 413
116.224.233.159 - - [16/Jan/2020:09:18:54 +0800] "GET /xingrg/all/function/internal_message.html?_=1579137687824&CODE_STATE=getMsg HTTP/1.1" 200 27
116.238.181.252 - - [16/Jan/2020:09:18:57 +0800] "GET /xingrg/kc/buy/cgsh_order_operate.html?command=get_materiel&rest_code=00150&code=00101008069&supplier_code=00100007&order_time=2020-01-16 HTTP/1.1" 200 412
222.69.138.237 - - [16/Jan/2020:09:18:59 +0800] "GET /xingrg/all/function/internal_message.html?_=1579137532704&CODE_STATE=getMsg HTTP/1.1" 200 27
124.77.241.94 - - [16/Jan/2020:09:18:59 +0800] "GET /xingrg/all/function/internal_message.html?_=1579137536537&CODE_STATE=getMsg HTTP/1.1" 200 27
114.88.170.138 - - [16/Jan/2020:09:18:59 +0800] "GET /xingrg/all/function/internal_message.html?_=1579137761869&CODE_STATE=getMsg HTTP/1.1" 200 27
116.238.35.243 - - [16/Jan/2020:09:19:00 +0800] "GET /xingrg/kc/buy/cgsh_order_operate.html?command=get_materiel&rest_code=00105&code=00101008131&supplier_code=00100005&order_time=2020-01-16 HTTP/1.1" 200 408
101.81.125.204 - - [16/Jan/2020:09:19:01 +0800] "GET /xingrg/login.html HTTP/1.1" 200 7639
172.17.2.150 - - [16/Jan/2020:09:19:01 +0800] "GET /xingrg/all/function/internal_message.html?_=1579137515231&CODE_STATE=getMsg HTTP/1.1" 200 27
116.238.181.252 - - [16/Jan/2020:09:19:02 +0800] "GET /xingrg/kc/buy/cgsh_order_operate.html?command=get_materiel&rest_code=00150&code=00101008286&supplier_code=00100007&order_time=2020-01-16 HTTP/1.1" 200 408
116.238.181.252 - - [16/Jan/2020:09:19:05 +0800] "POST /xingrg/kc/buy/cgsh_order_operate.html HTTP/1.1" 200 2065
58.40.7.146 - - [16/Jan/2020:09:19:07 +0800] "GET /xingrg/all/function/internal_message.html?_=1579137543952&CODE_STATE=getMsg HTTP/1.1" 200 27
116.238.181.252 - - [16/Jan/2020:09:19:09 +0800] "GET /xingrg/kc/buy/cgsh_order_operate.html?command=get_materiel&rest_code=00150&code=00101008036&supplier_code=00100007&order_time=2020-01-16 HTTP/1.1" 200 408
58.40.7.146 - - [16/Jan/2020:09:19:13 +0800] "GET /xingrg/javascript/jquery_easy_ui/themes/default/images/tabs_active.png HTTP/1.1" 200 2894
116.238.35.243 - - [16/Jan/2020:09:19:13 +0800] "GET /xingrg/kc/buy/cgsh_order_operate.html?command=get_materiel&rest_code=00105&code=00101009054&supplier_code=00100005&order_time=2020-01-16 HTTP/1.1" 200 412
124.77.241.94 - - [16/Jan/2020:09:19:16 +0800] "GET /xingrg/all/function/internal_message.html?_=1579137550379&CODE_STATE=getMsg HTTP/1.1" 200 27
58.221.95.50 - - [16/Jan/2020:09:19:19 +0800] "GET /xingrg/all/function/internal_message.html?_=1579137867538&CODE_STATE=getMsg HTTP/1.1" 302 -
58.221.95.50 - - [16/Jan/2020:09:19:19 +0800] "GET /xingrg/login.html HTTP/1.1" 200 7639
120.253.135.82 - - [16/Jan/2020:09:19:19 +0800] "GET /xingrg/check_reg.html?_=1579137296367 HTTP/1.1" 200 22
114.88.159.93 - - [16/Jan/2020:09:19:20 +0800] "GET /xingrg/check_reg.html?_=1579137565824 HTTP/1.1" 200 22
114.88.159.93 - - [16/Jan/2020:09:19:20 +0800] "GET /xingrg/all/function/internal_message.html?_=1579137565825&CODE_STATE=getMsg HTTP/1.1" 200 27
120.253.135.82 - - [16/Jan/2020:09:19:21 +0800] "GET /xingrg/all/function/internal_message.html?_=1579137298336&CODE_STATE=getMsg HTTP/1.1" 200 27
116.238.35.243 - - [16/Jan/2020:09:19:22 +0800] "GET /xingrg/kc/buy/cgsh_order_operate.html?command=get_materiel&rest_code=00105&code=00101008168&supplier_code=00100005&order_time=2020-01-16 HTTP/1.1" 200 412
116.238.35.243 - - [16/Jan/2020:09:19:25 +0800] "GET /xingrg/all/function/internal_message.html?_=1579137565612&CODE_STATE=getMsg HTTP/1.1" 200 27
124.77.241.94 - - [16/Jan/2020:09:19:26 +0800] "GET /xingrg/kc/buy/cgsh_order_operate.html?command=get_materiel&rest_code=00146&code=00101008357&supplier_code=00100005&order_time=2020-01-16 HTTP/1.1" 200 408
116.238.181.252 - - [16/Jan/2020:09:19:26 +0800] "GET /xingrg/all/function/internal_message.html?_=1579137564455&CODE_STATE=getMsg HTTP/1.1" 200 27
116.224.233.159 - - [16/Jan/2020:09:19:29 +0800] "POST /xingrg/services/DataTransmitService HTTP/1.1" 200 524
116.238.35.243 - - [16/Jan/2020:09:19:29 +0800] "GET /xingrg/kc/buy/cgsh_order_operate.html?command=get_materiel&rest_code=00105&code=00101020152&supplier_code=00100005&order_time=2020-01-16 HTTP/1.1" 200 416
116.224.233.159 - - [16/Jan/2020:09:19:29 +0800] "POST /xingrg/services/DataTransmitService HTTP/1.1" 200 501
116.224.233.159 - - [16/Jan/2020:09:19:29 +0800] "POST /xingrg/services/DataTransmitService HTTP/1.1" 200 501
116.224.233.159 - - [16/Jan/2020:09:19:29 +0800] "POST /xingrg/services/DataTransmitService HTTP/1.1" 200 501
116.224.233.159 - - [16/Jan/2020:09:19:29 +0800] "POST /xingrg/services/DataTransmitService HTTP/1.1" 200 501
116.224.233.159 - - [16/Jan/2020:09:19:29 +0800] "POST /xingrg/services/DataTransmitService HTTP/1.1" 200 501
116.224.233.159 - - [16/Jan/2020:09:19:30 +0800] "POST /xingrg/services/DataTransmitService HTTP/1.1" 200 501
116.224.233.159 - - [16/Jan/2020:09:19:31 +0800] "POST /xingrg/services/DataTransmitService HTTP/1.1" 200 501
116.224.233.159 - - [16/Jan/2020:09:19:31 +0800] "POST /xingrg/services/DataTransmitService HTTP/1.1" 200 412
116.228.172.94 - - [16/Jan/2020:09:19:33 +0800] "GET /xingrg/all/function/internal_message.html?_=1579136955573&CODE_STATE=getMsg HTTP/1.1" 200 27
116.238.35.243 - - [16/Jan/2020:09:19:36 +0800] "GET /xingrg/kc/buy/cgsh_order_operate.html?command=get_materiel&rest_code=00105&code=00101015006&supplier_code=00100005&order_time=2020-01-16 HTTP/1.1" 200 413
124.77.241.94 - - [16/Jan/2020:09:19:37 +0800] "GET /xingrg/kc/buy/cgsh_order_operate.html?command=get_materiel&rest_code=00146&code=00101008006&supplier_code=00100005&order_time=2020-01-16 HTTP/1.1" 200 416
114.93.75.19 - - [16/Jan/2020:09:19:39 +0800] "GET /xingrg/all/function/internal_message.html?_=1579137575045&CODE_STATE=getMsg HTTP/1.1" 200 27
180.162.232.172 - - [16/Jan/2020:09:19:39 +0800] "GET /xingrg/all/function/internal_message.html?_=1579137688452&CODE_STATE=getMsg HTTP/1.1" 200 27
116.238.181.252 - - [16/Jan/2020:09:19:41 +0800] "GET /xingrg/kc/buy/cgsh_order_operate.html?command=get_materiel&rest_code=00150&code=00101008131&supplier_code=00100007&order_time=2020-01-16 HTTP/1.1" 200 408
116.238.35.243 - - [16/Jan/2020:09:19:42 +0800] "POST /xingrg/kc/buy/cgsh_order_operate.html HTTP/1.1" 200 2065
116.238.35.243 - - [16/Jan/2020:09:19:47 +0800] "GET /xingrg/kc/buy/cgsh_order_operate.html?command=get_materiel&rest_code=00105&code=00101008114&supplier_code=00100005&order_time=2020-01-16 HTTP/1.1" 200 412
116.238.181.252 - - [16/Jan/2020:09:19:48 +0800] "GET /xingrg/kc/buy/cgsh_order_operate.html?command=get_materiel&rest_code=00150&code=00101008296&supplier_code=00100007&order_time=2020-01-16 HTTP/1.1" 200 416
124.77.241.94 - - [16/Jan/2020:09:19:51 +0800] "GET /xingrg/kc/buy/cgsh_order_operate.html?command=get_materiel&rest_code=00146&code=00101008131&supplier_code=00100005&order_time=2020-01-16 HTTP/1.1" 200 408
116.238.181.252 - - [16/Jan/2020:09:19:54 +0800] "GET /xingrg/kc/buy/cgsh_order_operate.html?command=get_materiel&rest_code=00150&code=00101008318&supplier_code=00100007&order_time=2020-01-16 HTTP/1.1" 200 408
116.224.233.159 - - [16/Jan/2020:09:19:54 +0800] "GET /xingrg/all/function/internal_message.html?_=1579137747840&CODE_STATE=getMsg HTTP/1.1" 200 27
116.238.181.252 - - [16/Jan/2020:09:19:56 +0800] "POST /xingrg/kc/buy/cgsh_order_operate.html HTTP/1.1" 200 2065
116.238.35.243 - - [16/Jan/2020:09:19:57 +0800] "POST /xingrg/kc/buy/cgsh_order_operate.html HTTP/1.1" 200 2065
124.77.241.94 - - [16/Jan/2020:09:19:58 +0800] "GET /xingrg/kc/buy/cgsh_order_operate.html?command=get_materiel&rest_code=00146&code=00101008296&supplier_code=00100005&order_time=2020-01-16 HTTP/1.1" 200 416
124.77.241.94 - - [16/Jan/2020:09:19:59 +0800] "GET /xingrg/all/function/internal_message.html?_=1579137596703&CODE_STATE=getMsg HTTP/1.1" 200 27
222.69.138.237 - - [16/Jan/2020:09:19:59 +0800] "GET /xingrg/all/function/internal_message.html?_=1579137592726&CODE_STATE=getMsg HTTP/1.1" 200 27
114.88.170.138 - - [16/Jan/2020:09:19:59 +0800] "GET /xingrg/all/function/internal_message.html?_=1579137821869&CODE_STATE=getMsg HTTP/1.1" 200 27
116.238.181.252 - - [16/Jan/2020:09:20:00 +0800] "GET /xingrg/kc/buy/cgsh_order_operate.html?command=get_materiel&rest_code=00150&code=00101015070&supplier_code=00100007&order_time=2020-01-16 HTTP/1.1" 200 412
116.238.181.252 - - [16/Jan/2020:09:20:01 +0800] "GET /xingrg/javascript/jquery_tools/images/next.gif HTTP/1.1" 404 1086
116.238.181.252 - - [16/Jan/2020:09:20:01 +0800] "GET /xingrg/javascript/jquery_tools/images/prev.gif HTTP/1.1" 404 1086
172.17.2.150 - - [16/Jan/2020:09:20:01 +0800] "GET /xingrg/all/function/internal_message.html?_=1579137575244&CODE_STATE=getMsg HTTP/1.1" 200 27
58.40.7.146 - - [16/Jan/2020:09:20:07 +0800] "GET /xingrg/all/function/internal_message.html?_=1579137603947&CODE_STATE=getMsg HTTP/1.1" 200 27
124.77.241.94 - - [16/Jan/2020:09:20:09 +0800] "POST /xingrg/kc/buy/cgsh_order_operate.html HTTP/1.1" 200 2065
116.238.181.252 - - [16/Jan/2020:09:20:10 +0800] "GET /xingrg/kc/buy/cgsh_order_operate.html?command=get_materiel&rest_code=00150&code=00101008352&supplier_code=00100007&order_time=2020-01-16 HTTP/1.1" 200 412
180.157.252.250 - - [16/Jan/2020:09:20:14 +0800] "GET /xingrg/check_reg.html?_=1579137601430 HTTP/1.1" 302 -
124.77.241.94 - - [16/Jan/2020:09:20:15 +0800] "GET /xingrg/kc/buy/cgsh_order_operate.html?command=get_materiel&rest_code=00146&code=00101008353&supplier_code=00100005&order_time=2020-01-16 HTTP/1.1" 200 408
124.77.241.94 - - [16/Jan/2020:09:20:16 +0800] "GET /xingrg/check_reg.html?_=1579137610258 HTTP/1.1" 200 22
124.77.241.94 - - [16/Jan/2020:09:20:16 +0800] "GET /xingrg/all/function/internal_message.html?_=1579137610383&CODE_STATE=getMsg HTTP/1.1" 200 27
116.238.35.243 - - [16/Jan/2020:09:20:16 +0800] "GET /xingrg/kc/buy/cgsh_order_operate.html?command=get_materiel&rest_code=00105&code=00101008358&supplier_code=00100005&order_time=2020-01-16 HTTP/1.1" 200 412
116.238.181.252 - - [16/Jan/2020:09:20:19 +0800] "GET /xingrg/kc/buy/cgsh_order_operate.html?command=get_materiel&rest_code=00150&code=00101008098&supplier_code=00100007&order_time=2020-01-16 HTTP/1.1" 200 412
58.221.95.50 - - [16/Jan/2020:09:20:19 +0800] "GET /xingrg/all/function/internal_message.html?_=1579137927550&CODE_STATE=getMsg HTTP/1.1" 302 -
58.221.95.50 - - [16/Jan/2020:09:20:19 +0800] "GET /xingrg/login.html HTTP/1.1" 200 7639
114.88.159.93 - - [16/Jan/2020:09:20:20 +0800] "GET /xingrg/all/function/internal_message.html?_=1579137625825&CODE_STATE=getMsg HTTP/1.1" 200 27
120.253.135.82 - - [16/Jan/2020:09:20:21 +0800] "GET /xingrg/all/function/internal_message.html?_=1579137358349&CODE_STATE=getMsg HTTP/1.1" 200 27
124.77.241.94 - - [16/Jan/2020:09:20:22 +0800] "GET /xingrg/kc/buy/cgsh_order_operate.html?command=get_materiel&rest_code=00146&code=00101008213&supplier_code=00100005&order_time=2020-01-16 HTTP/1.1" 200 412
116.238.181.252 - - [16/Jan/2020:09:20:25 +0800] "GET /xingrg/kc/buy/cgsh_order_operate.html?command=get_materiel&rest_code=00150&code=00101008005&supplier_code=00100007&order_time=2020-01-16 HTTP/1.1" 200 412
116.238.35.243 - - [16/Jan/2020:09:20:25 +0800] "GET /xingrg/all/function/internal_message.html?_=1579137625742&CODE_STATE=getMsg HTTP/1.1" 200 27
116.238.181.252 - - [16/Jan/2020:09:20:26 +0800] "GET /xingrg/check_reg.html?_=1579137624453 HTTP/1.1" 200 22
116.238.181.252 - - [16/Jan/2020:09:20:26 +0800] "GET /xingrg/all/function/internal_message.html?_=1579137624457&CODE_STATE=getMsg HTTP/1.1" 200 27
116.238.181.252 - - [16/Jan/2020:09:20:33 +0800] "GET /xingrg/kc/buy/cgsh_order_operate.html?command=get_materiel&rest_code=00150&code=00101008271&supplier_code=00100007&order_time=2020-01-16 HTTP/1.1" 200 408
116.228.172.94 - - [16/Jan/2020:09:20:33 +0800] "GET /xingrg/all/function/internal_message.html?_=1579137015582&CODE_STATE=getMsg HTTP/1.1" 200 27
124.77.241.94 - - [16/Jan/2020:09:20:35 +0800] "GET /xingrg/kc/buy/cgsh_order_operate.html?command=get_materiel&rest_code=00146&code=00101008305&supplier_code=00100005&order_time=2020-01-16 HTTP/1.1" 200 412
116.238.181.252 - - [16/Jan/2020:09:20:35 +0800] "POST /xingrg/kc/buy/cgsh_order_operate.html HTTP/1.1" 200 2065
116.238.35.243 - - [16/Jan/2020:09:20:36 +0800] "GET /xingrg/kc/buy/cgsh_order_operate.html?command=get_materiel&rest_code=00105&code=00101008067&supplier_code=00100005&order_time=2020-01-16 HTTP/1.1" 200 416
114.93.75.19 - - [16/Jan/2020:09:20:39 +0800] "GET /xingrg/all/function/internal_message.html?_=1579137635027&CODE_STATE=getMsg HTTP/1.1" 200 27
180.162.232.172 - - [16/Jan/2020:09:20:39 +0800] "GET /xingrg/all/function/internal_message.html?_=1579137748522&CODE_STATE=getMsg HTTP/1.1" 200 27
116.238.181.252 - - [16/Jan/2020:09:20:41 +0800] "GET /xingrg/kc/buy/cgsh_order_operate.html?command=get_materiel&rest_code=00150&code=00101008092&supplier_code=00100007&order_time=2020-01-16 HTTP/1.1" 200 412
180.157.252.250 - - [16/Jan/2020:09:20:45 +0800] "GET /xingrg/check_reg.html?_=1579137632527 HTTP/1.1" 302 -
124.77.241.94 - - [16/Jan/2020:09:20:47 +0800] "GET /xingrg/kc/buy/cgsh_order_operate.html?command=get_materiel&rest_code=00146&code=00101008242&supplier_code=00100005&order_time=2020-01-16 HTTP/1.1" 200 408
116.238.181.252 - - [16/Jan/2020:09:20:47 +0800] "GET /xingrg/kc/buy/cgsh_order_operate.html?command=get_materiel&rest_code=00150&code=00101008353&supplier_code=00100007&order_time=2020-01-16 HTTP/1.1" 200 408
116.224.233.159 - - [16/Jan/2020:09:20:54 +0800] "GET /xingrg/all/function/internal_message.html?_=1579137807853&CODE_STATE=getMsg HTTP/1.1" 200 27
114.93.75.19 - - [16/Jan/2020:09:20:55 +0800] "GET /xingrg/login.html HTTP/1.1" 200 7639
116.238.181.252 - - [16/Jan/2020:09:20:55 +0800] "GET /xingrg/kc/buy/cgsh_order_operate.html?command=get_materiel&rest_code=00150&code=00101008359&supplier_code=00100007&order_time=2020-01-16 HTTP/1.1" 200 408
114.93.75.19 - - [16/Jan/2020:09:20:57 +0800] "GET /favicon.ico HTTP/1.1" 404 -
124.77.241.94 - - [16/Jan/2020:09:20:57 +0800] "GET /xingrg/kc/buy/cgsh_order_operate.html?command=get_materiel&rest_code=00146&code=00101008125&supplier_code=00100005&order_time=2020-01-16 HTTP/1.1" 200 413
124.77.241.94 - - [16/Jan/2020:09:20:59 +0800] "GET /xingrg/all/function/internal_message.html?_=1579137656705&CODE_STATE=getMsg HTTP/1.1" 200 27
222.69.138.237 - - [16/Jan/2020:09:20:59 +0800] "GET /xingrg/all/function/internal_message.html?_=1579137652717&CODE_STATE=getMsg HTTP/1.1" 200 27
114.88.170.138 - - [16/Jan/2020:09:20:59 +0800] "GET /xingrg/all/function/internal_message.html?_=1579137881868&CODE_STATE=getMsg HTTP/1.1" 200 27
116.238.35.243 - - [16/Jan/2020:09:21:01 +0800] "GET /xingrg/kc/buy/cgsh_order_operate.html?command=get_materiel&rest_code=00105&code=00101008291&supplier_code=00100005&order_time=2020-01-16 HTTP/1.1" 200 408
116.238.181.252 - - [16/Jan/2020:09:21:01 +0800] "GET /xingrg/kc/buy/cgsh_order_operate.html?command=get_materiel&rest_code=00150&code=00101008213&supplier_code=00100007&order_time=2020-01-16 HTTP/1.1" 200 412
172.17.2.150 - - [16/Jan/2020:09:21:01 +0800] "GET /xingrg/check_reg.html?_=1579137635251 HTTP/1.1" 200 22
172.17.2.150 - - [16/Jan/2020:09:21:01 +0800] "GET /xingrg/all/function/internal_message.html?_=1579137635253&CODE_STATE=getMsg HTTP/1.1" 200 27
124.77.241.94 - - [16/Jan/2020:09:21:02 +0800] "POST /xingrg/kc/buy/cgsh_order_operate.html HTTP/1.1" 200 2065
114.93.75.19 - - [16/Jan/2020:09:21:05 +0800] "POST /xingrg/login.do HTTP/1.1" 302 -
114.93.75.19 - - [16/Jan/2020:09:21:05 +0800] "GET /xingrg/index.html?sysBaseUrl=http%3A%2F%2F117.131.15.22%3A18081%2Fxingrg%2F&costTime=35×tamp=1579137665350 HTTP/1.1" 200 17481
114.93.75.19 - - [16/Jan/2020:09:21:06 +0800] "GET /favicon.ico HTTP/1.1" 404 -
114.93.75.19 - - [16/Jan/2020:09:21:06 +0800] "POST /xingrg/all/common/load_tree.html?tree=area_rest_tree_json&manage=1 HTTP/1.1" 200 3079
114.93.75.19 - - [16/Jan/2020:09:21:06 +0800] "GET /xingrg/check_reg.html?_=1579137573477 HTTP/1.1" 200 22
114.93.75.19 - - [16/Jan/2020:09:21:06 +0800] "GET /xingrg/all/function/internal_message.html?_=1579137573477&CODE_STATE=count HTTP/1.1" 200 11
114.93.75.19 - - [16/Jan/2020:09:21:06 +0800] "POST /xingrg/load_menu.html HTTP/1.1" 200 11429
58.40.7.146 - - [16/Jan/2020:09:21:07 +0800] "GET /xingrg/all/function/internal_message.html?_=1579137663954&CODE_STATE=getMsg HTTP/1.1" 200 27
116.238.35.243 - - [16/Jan/2020:09:21:07 +0800] "GET /xingrg/kc/buy/cgsh_order_operate.html?command=get_materiel&rest_code=00105&code=00101008166&supplier_code=00100005&order_time=2020-01-16 HTTP/1.1" 200 412
116.238.181.252 - - [16/Jan/2020:09:21:08 +0800] "GET /xingrg/kc/buy/cgsh_order_operate.html?command=get_materiel&rest_code=00150&code=00101008312&supplier_code=00100007&order_time=2020-01-16 HTTP/1.1" 200 412
114.93.75.19 - - [16/Jan/2020:09:21:10 +0800] "GET /xingrg/kc/report/report_main.html HTTP/1.1" 200 9362
116.238.181.252 - - [16/Jan/2020:09:21:10 +0800] "POST /xingrg/kc/buy/cgsh_order_operate.html HTTP/1.1" 200 2065
114.93.75.19 - - [16/Jan/2020:09:21:12 +0800] "GET /xingrg/all/report/report_query.html?fileName=kc/buy/gys_amount_base_rest.xml HTTP/1.1" 200 51634
114.93.75.19 - - [16/Jan/2020:09:21:12 +0800] "GET /xingrg/dwr/interface/AjaxReportQueryService.js HTTP/1.1" 200 13203
114.93.75.19 - - [16/Jan/2020:09:21:12 +0800] "GET /xingrg/dwr/engine.js HTTP/1.1" 200 43631
114.93.75.19 - - [16/Jan/2020:09:21:13 +0800] "GET /xingrg/dwr/util.js HTTP/1.1" 200 35990
114.93.75.19 - - [16/Jan/2020:09:21:13 +0800] "POST /xingrg/all/common/load_tree.html?tree=area_rest_tree_json&manage=1 HTTP/1.1" 200 3079
114.93.75.19 - - [16/Jan/2020:09:21:13 +0800] "POST /xingrg/dwr/call/plaincall/AjaxReportQueryService.getFixDate.dwr HTTP/1.1" 200 111
114.93.75.19 - - [16/Jan/2020:09:21:14 +0800] "POST /xingrg/all/common/load_tree.html?tree=supplier_tree_json&manage=1 HTTP/1.1" 200 46669
124.77.241.94 - - [16/Jan/2020:09:21:16 +0800] "GET /xingrg/all/function/internal_message.html?_=1579137670402&CODE_STATE=getMsg HTTP/1.1" 200 27
116.238.181.252 - - [16/Jan/2020:09:21:16 +0800] "GET /xingrg/kc/buy/cgsh_order_operate.html?command=get_materiel&rest_code=00150&code=00101008221&supplier_code=00100007&order_time=2020-01-16 HTTP/1.1" 200 412
114.93.75.19 - - [16/Jan/2020:09:21:16 +0800] "POST /xingrg/dwr/call/plaincall/AjaxReportQueryService.getFixDate.dwr HTTP/1.1" 200 111
124.77.241.94 - - [16/Jan/2020:09:21:19 +0800] "GET /xingrg/kc/buy/cgsh_order_operate.html?command=get_materiel&rest_code=00146&code=00101008201&supplier_code=00100005&order_time=2020-01-16 HTTP/1.1" 200 412
58.221.95.50 - - [16/Jan/2020:09:21:19 +0800] "GET /xingrg/all/function/internal_message.html?_=1579137987544&CODE_STATE=getMsg HTTP/1.1" 302 -
58.221.95.50 - - [16/Jan/2020:09:21:19 +0800] "GET /xingrg/login.html HTTP/1.1" 200 7639
114.93.75.19 - - [16/Jan/2020:09:21:20 +0800] "POST /xingrg/dwr/call/plaincall/AjaxReportQueryService.getFixDate.dwr HTTP/1.1" 200 111
114.88.159.93 - - [16/Jan/2020:09:21:20 +0800] "GET /xingrg/all/function/internal_message.html?_=1579137685824&CODE_STATE=getMsg HTTP/1.1" 200 27
120.253.135.82 - - [16/Jan/2020:09:21:21 +0800] "GET /xingrg/all/function/internal_message.html?_=1579137418362&CODE_STATE=getMsg HTTP/1.1" 200 27
116.238.181.252 - - [16/Jan/2020:09:21:23 +0800] "GET /xingrg/kc/buy/cgsh_order_operate.html?command=get_materiel&rest_code=00150&code=00101008110&supplier_code=00100007&order_time=2020-01-16 HTTP/1.1" 200 409
116.238.35.243 - - [16/Jan/2020:09:21:25 +0800] "GET /xingrg/all/function/internal_message.html?_=1579137685562&CODE_STATE=getMsg HTTP/1.1" 200 27
124.77.241.94 - - [16/Jan/2020:09:21:26 +0800] "GET /xingrg/kc/buy/cgsh_order_operate.html?command=get_materiel&rest_code=00146&code=00101008037&supplier_code=00100005&order_time=2020-01-16 HTTP/1.1" 200 413
116.238.181.252 - - [16/Jan/2020:09:21:26 +0800] "GET /xingrg/all/function/internal_message.html?_=1579137684468&CODE_STATE=getMsg HTTP/1.1" 200 27
116.238.35.243 - - [16/Jan/2020:09:21:30 +0800] "POST /xingrg/kc/buy/cgsh_order_operate.html HTTP/1.1" 200 37
116.238.181.252 - - [16/Jan/2020:09:21:30 +0800] "GET /xingrg/kc/buy/cgsh_order_operate.html?command=get_materiel&rest_code=00150&code=00101008229&supplier_code=00100007&order_time=2020-01-16 HTTP/1.1" 200 420
116.238.35.243 - - [16/Jan/2020:09:21:31 +0800] "POST /xingrg/kc/buy/cgsh_order_operate.html HTTP/1.1" 200 46403
116.228.172.94 - - [16/Jan/2020:09:21:33 +0800] "GET /xingrg/all/function/internal_message.html?_=1579137075596&CODE_STATE=getMsg HTTP/1.1" 200 27
116.238.181.252 - - [16/Jan/2020:09:21:36 +0800] "GET /xingrg/kc/buy/cgsh_order_operate.html?command=get_materiel&rest_code=00150&code=00101008150&supplier_code=00100007&order_time=2020-01-16 HTTP/1.1" 200 409
114.93.75.19 - - [16/Jan/2020:09:21:39 +0800] "GET /xingrg/all/function/internal_message.html?_=1579137694995&CODE_STATE=getMsg HTTP/1.1" 200 27
180.162.232.172 - - [16/Jan/2020:09:21:39 +0800] "GET /xingrg/all/function/internal_message.html?_=1579137808526&CODE_STATE=getMsg HTTP/1.1" 200 27
116.238.181.252 - - [16/Jan/2020:09:21:43 +0800] "GET /xingrg/kc/buy/cgsh_order_operate.html?command=get_materiel&rest_code=00150&code=00101008010&supplier_code=00100007&order_time=2020-01-16 HTTP/1.1" 200 412
116.238.181.252 - - [16/Jan/2020:09:21:45 +0800] "POST /xingrg/kc/buy/cgsh_order_operate.html HTTP/1.1" 200 2065
114.93.75.19 - - [16/Jan/2020:09:21:47 +0800] "POST /xingrg/dwr/call/plaincall/AjaxReportQueryService.refreshCache.dwr HTTP/1.1" 200 78
114.93.75.19 - - [16/Jan/2020:09:21:48 +0800] "POST /xingrg/all/report/load_report_page.html HTTP/1.1" 200 45107
114.93.75.19 - - [16/Jan/2020:09:21:48 +0800] "GET /xingrg/servlets/image?cache=0.4495735056755563&image=px HTTP/1.1" 200 807
124.77.241.94 - - [16/Jan/2020:09:21:49 +0800] "GET /xingrg/kc/buy/cgsh_order_operate.html?command=get_materiel&rest_code=00146&code=00101008257&supplier_code=00100005&order_time=2020-01-16 HTTP/1.1" 200 416
116.238.181.252 - - [16/Jan/2020:09:21:49 +0800] "GET /xingrg/kc/buy/cgsh_order_operate.html?command=get_materiel&rest_code=00150&code=00101008283&supplier_code=00100007&order_time=2020-01-16 HTTP/1.1" 200 408
114.93.75.19 - - [16/Jan/2020:09:21:51 +0800] "GET /xingrg/check_reg.html?_=1579137707258 HTTP/1.1" 200 22
116.238.181.252 - - [16/Jan/2020:09:21:54 +0800] "POST /xingrg/kc/buy/cgsh_order_operate.html HTTP/1.1" 200 37
116.224.233.159 - - [16/Jan/2020:09:21:54 +0800] "GET /xingrg/check_reg.html?_=1579137867432 HTTP/1.1" 200 22
116.224.233.159 - - [16/Jan/2020:09:21:54 +0800] "GET /xingrg/all/function/internal_message.html?_=1579137867866&CODE_STATE=getMsg HTTP/1.1" 200 27
116.238.181.252 - - [16/Jan/2020:09:21:55 +0800] "POST /xingrg/kc/buy/cgsh_order_operate.html HTTP/1.1" 200 29264
222.69.138.237 - - [16/Jan/2020:09:21:59 +0800] "GET /xingrg/all/function/internal_message.html?_=1579137712732&CODE_STATE=getMsg HTTP/1.1" 200 27
222.69.138.237 - - [16/Jan/2020:09:21:59 +0800] "GET /xingrg/check_reg.html?_=1579137712722 HTTP/1.1" 200 22
124.77.241.94 - - [16/Jan/2020:09:21:59 +0800] "GET /xingrg/all/function/internal_message.html?_=1579137716865&CODE_STATE=getMsg HTTP/1.1" 200 27
114.88.170.138 - - [16/Jan/2020:09:21:59 +0800] "GET /xingrg/all/function/internal_message.html?_=1579137941872&CODE_STATE=getMsg HTTP/1.1" 200 27
114.88.170.138 - - [16/Jan/2020:09:21:59 +0800] "GET /xingrg/check_reg.html?_=1579137941875 HTTP/1.1" 200 22
172.17.2.150 - - [16/Jan/2020:09:22:01 +0800] "GET /xingrg/all/function/internal_message.html?_=1579137695239&CODE_STATE=getMsg HTTP/1.1" 200 27
124.77.241.94 - - [16/Jan/2020:09:22:05 +0800] "POST /xingrg/kc/buy/cgsh_order_operate.html HTTP/1.1" 200 2065
114.93.75.19 - - [16/Jan/2020:09:22:06 +0800] "GET /xingrg/all/function/internal_message.html?_=1579137633483&CODE_STATE=getMsg HTTP/1.1" 200 27
58.40.7.146 - - [16/Jan/2020:09:22:07 +0800] "GET /xingrg/all/function/internal_message.html?_=1579137723958&CODE_STATE=getMsg HTTP/1.1" 200 27
124.77.241.94 - - [16/Jan/2020:09:22:16 +0800] "GET /xingrg/all/function/internal_message.html?_=1579137730420&CODE_STATE=getMsg HTTP/1.1" 200 27
58.221.95.50 - - [16/Jan/2020:09:22:18 +0800] "GET /xingrg/check_reg.html?_=1579137908333 HTTP/1.1" 302 -
58.221.95.50 - - [16/Jan/2020:09:22:19 +0800] "GET /xingrg/all/function/internal_message.html?_=1579138047552&CODE_STATE=getMsg HTTP/1.1" 302 -
58.221.95.50 - - [16/Jan/2020:09:22:19 +0800] "GET /xingrg/login.html HTTP/1.1" 200 7639
114.88.159.93 - - [16/Jan/2020:09:22:20 +0800] "GET /xingrg/all/function/internal_message.html?_=1579137745822&CODE_STATE=getMsg HTTP/1.1" 200 27
120.253.135.82 - - [16/Jan/2020:09:22:21 +0800] "GET /xingrg/all/function/internal_message.html?_=1579137478468&CODE_STATE=getMsg HTTP/1.1" 200 27
116.238.35.243 - - [16/Jan/2020:09:22:25 +0800] "GET /xingrg/check_reg.html?_=1579137745662 HTTP/1.1" 200 22
116.238.35.243 - - [16/Jan/2020:09:22:25 +0800] "GET /xingrg/all/function/internal_message.html?_=1579137745663&CODE_STATE=getMsg HTTP/1.1" 200 27
116.238.181.252 - - [16/Jan/2020:09:22:26 +0800] "GET /xingrg/all/function/internal_message.html?_=1579137744465&CODE_STATE=getMsg HTTP/1.1" 200 27
180.162.232.172 - - [16/Jan/2020:09:22:32 +0800] "GET /xingrg/kc/buy/cgsh_order_operate.html?command=get_materiel&rest_code=00150&code=00101016025&supplier_code=00100036&order_time=2020-01-16 HTTP/1.1" 200 408
116.228.172.94 - - [16/Jan/2020:09:22:33 +0800] "GET /xingrg/check_reg.html?_=1579137134759 HTTP/1.1" 200 22
116.228.172.94 - - [16/Jan/2020:09:22:33 +0800] "GET /xingrg/all/function/internal_message.html?_=1579137135612&CODE_STATE=getMsg HTTP/1.1" 200 27
114.93.75.19 - - [16/Jan/2020:09:22:39 +0800] "GET /xingrg/all/function/internal_message.html?_=1579137754969&CODE_STATE=getMsg HTTP/1.1" 200 27
180.162.232.172 - - [16/Jan/2020:09:22:39 +0800] "GET /xingrg/check_reg.html?_=1579137868276 HTTP/1.1" 200 22
180.162.232.172 - - [16/Jan/2020:09:22:39 +0800] "GET /xingrg/all/function/internal_message.html?_=1579137868539&CODE_STATE=getMsg HTTP/1.1" 200 27
180.162.232.172 - - [16/Jan/2020:09:22:43 +0800] "POST /xingrg/kc/buy/cgsh_order_operate.html HTTP/1.1" 200 37
124.77.241.94 - - [16/Jan/2020:09:22:46 +0800] "GET /xingrg/kc/buy/cgsh_order_operate.html?command=get_materiel&rest_code=00146&code=00101008112&supplier_code=00100005&order_time=2020-01-16 HTTP/1.1" 200 412
180.162.232.172 - - [16/Jan/2020:09:22:46 +0800] "POST /xingrg/kc/buy/cgsh_order_operate.html HTTP/1.1" 200 12
180.162.232.172 - - [16/Jan/2020:09:22:47 +0800] "GET /xingrg/kc/buy/cgsh_order_info.html?code=212020011608305 HTTP/1.1" 200 52964
180.162.232.172 - - [16/Jan/2020:09:22:48 +0800] "GET /xingrg/javascript/easyui/themes/default/validatebox.css HTTP/1.1" 404 1104
180.162.232.172 - - [16/Jan/2020:09:22:48 +0800] "POST /xingrg/kc/buy/cgsh_order_operate.html HTTP/1.1" 200 1188
180.162.232.172 - - [16/Jan/2020:09:22:52 +0800] "GET /xingrg/kc/print/load_data.html?order_code=212020011608305&kc_code=cgsh&condition= HTTP/1.1" 200 1022
124.77.241.94 - - [16/Jan/2020:09:22:53 +0800] "GET /xingrg/check_reg.html?_=1579137770477 HTTP/1.1" 200 22
116.224.233.159 - - [16/Jan/2020:09:22:54 +0800] "GET /xingrg/all/function/internal_message.html?_=1579137927882&CODE_STATE=getMsg HTTP/1.1" 200 27
222.69.138.237 - - [16/Jan/2020:09:22:59 +0800] "GET /xingrg/all/function/internal_message.html?_=1579137772726&CODE_STATE=getMsg HTTP/1.1" 200 27
124.77.241.94 - - [16/Jan/2020:09:22:59 +0800] "GET /xingrg/all/function/internal_message.html?_=1579137776872&CODE_STATE=getMsg HTTP/1.1" 200 27
114.88.170.138 - - [16/Jan/2020:09:22:59 +0800] "GET /xingrg/all/function/internal_message.html?_=1579138001874&CODE_STATE=getMsg HTTP/1.1" 200 27
114.93.75.19 - - [16/Jan/2020:09:23:00 +0800] "POST /xingrg/dwr/call/plaincall/AjaxReportQueryService.getFixDate.dwr HTTP/1.1" 200 111
124.77.241.94 - - [16/Jan/2020:09:23:01 +0800] "GET /xingrg/kc/buy/cgsh_order_operate.html?command=get_materiel&rest_code=00146&code=00101008034&supplier_code=00100005&order_time=2020-01-16 HTTP/1.1" 200 408
172.17.2.150 - - [16/Jan/2020:09:23:01 +0800] "GET /xingrg/all/function/internal_message.html?_=1579137755240&CODE_STATE=getMsg HTTP/1.1" 200 27
180.162.232.172 - - [16/Jan/2020:09:23:04 +0800] "POST /xingrg/all/user/operate.html HTTP/1.1" 200 36
180.162.232.172 - - [16/Jan/2020:09:23:04 +0800] "GET /xingrg/javascript/jquery_easy_ui/themes/default/easyui.css HTTP/1.1" 304 -
180.162.232.172 - - [16/Jan/2020:09:23:04 +0800] "GET /xingrg/index.html?sysBaseUrl=http%3A%2F%2F117.131.15.22%3A18081%2Fxingrg%2F&costTime=44×tamp=1579136859300 HTTP/1.1" 200 17155
180.162.232.172 - - [16/Jan/2020:09:23:04 +0800] "GET /xingrg/javascript/jquery_easy_ui/themes/icon.css HTTP/1.1" 304 -
180.162.232.172 - - [16/Jan/2020:09:23:04 +0800] "GET /xingrg/css/form.css HTTP/1.1" 304 -
180.162.232.172 - - [16/Jan/2020:09:23:04 +0800] "GET /xingrg/javascript/jquery-1.4.2.min.js HTTP/1.1" 304 -
180.162.232.172 - - [16/Jan/2020:09:23:04 +0800] "GET /xingrg/javascript/jquery_easy_ui/jquery.easyui.min.js HTTP/1.1" 304 -
180.162.232.172 - - [16/Jan/2020:09:23:04 +0800] "GET /xingrg/javascript/jquery_easy_ui/easyui-lang-zh_CN.js HTTP/1.1" 304 -
180.162.232.172 - - [16/Jan/2020:09:23:04 +0800] "GET /xingrg/javascript/jquery.form.js HTTP/1.1" 304 -
180.162.232.172 - - [16/Jan/2020:09:23:04 +0800] "GET /xingrg/javascript/jquery.utils.js HTTP/1.1" 304 -
180.162.232.172 - - [16/Jan/2020:09:23:04 +0800] "GET /xingrg/javascript/jquery.timers.js HTTP/1.1" 304 -
180.162.232.172 - - [16/Jan/2020:09:23:04 +0800] "GET /xingrg/images/blue/jxLogo.png HTTP/1.1" 304 -
180.162.232.172 - - [16/Jan/2020:09:23:04 +0800] "GET /xingrg/images/blue/navBackgound.jpg HTTP/1.1" 304 -
180.162.232.172 - - [16/Jan/2020:09:23:04 +0800] "GET /xingrg/javascript/jquery_easy_ui/themes/icons/settle_new.png HTTP/1.1" 304 -
180.162.232.172 - - [16/Jan/2020:09:23:04 +0800] "POST /xingrg/all/common/load_tree.html?tree=area_rest_tree_json&manage=1 HTTP/1.1" 200 476
180.162.232.172 - - [16/Jan/2020:09:23:04 +0800] "GET /xingrg/images/blue/pingpu.png HTTP/1.1" 304 -
180.162.232.172 - - [16/Jan/2020:09:23:04 +0800] "GET /xingrg/javascript/jquery_easy_ui/themes/default/images/tabs_leftarrow.png HTTP/1.1" 304 -
180.162.232.172 - - [16/Jan/2020:09:23:04 +0800] "GET /xingrg/javascript/jquery_easy_ui/themes/default/images/tabs_rightarrow.png HTTP/1.1" 304 -
180.162.232.172 - - [16/Jan/2020:09:23:04 +0800] "GET /xingrg/javascript/jquery_easy_ui/themes/default/images/panel_tool_collapse.gif HTTP/1.1" 304 -
180.162.232.172 - - [16/Jan/2020:09:23:04 +0800] "GET /xingrg/all/function/internal_message.html?_=1579137893461&CODE_STATE=count HTTP/1.1" 200 11
180.162.232.172 - - [16/Jan/2020:09:23:04 +0800] "GET /xingrg/check_reg.html?_=1579137893462 HTTP/1.1" 200 22
180.162.232.172 - - [16/Jan/2020:09:23:04 +0800] "POST /xingrg/load_menu.html HTTP/1.1" 200 5124
114.93.75.19 - - [16/Jan/2020:09:23:06 +0800] "GET /xingrg/all/function/internal_message.html?_=1579137693483&CODE_STATE=getMsg HTTP/1.1" 200 27
58.40.7.146 - - [16/Jan/2020:09:23:07 +0800] "GET /xingrg/check_reg.html?_=1579137783944 HTTP/1.1" 200 22
58.40.7.146 - - [16/Jan/2020:09:23:07 +0800] "GET /xingrg/all/function/internal_message.html?_=1579137783946&CODE_STATE=getMsg HTTP/1.1" 200 27
114.93.75.19 - - [16/Jan/2020:09:23:07 +0800] "POST /xingrg/dwr/call/plaincall/AjaxReportQueryService.getFixDate.dwr HTTP/1.1" 200 111
180.162.232.172 - - [16/Jan/2020:09:23:08 +0800] "GET /xingrg/kc/buy/cgsh_order_list.html HTTP/1.1" 200 41851
180.162.232.172 - - [16/Jan/2020:09:23:08 +0800] "POST /xingrg/kc/buy/cgsh_list_operate.html HTTP/1.1" 200 1690
180.162.232.172 - - [16/Jan/2020:09:23:10 +0800] "GET /xingrg/kc/buy/cgsh_order_add.html HTTP/1.1" 200 57150
180.162.232.172 - - [16/Jan/2020:09:23:10 +0800] "POST /xingrg/kc/buy/cgsh_order_operate.html HTTP/1.1" 200 8245
180.162.232.172 - - [16/Jan/2020:09:23:10 +0800] "GET /xingrg/all/common/auto_word.html?type=employee&rest_code=00151 HTTP/1.1" 200 243
180.162.232.172 - - [16/Jan/2020:09:23:10 +0800] "GET /xingrg/all/common/auto_word.html?type=employee&rest_code=00151 HTTP/1.1" 200 243
180.162.232.172 - - [16/Jan/2020:09:23:11 +0800] "GET /xingrg/javascript/easyui/themes/default/validatebox.css HTTP/1.1" 404 1104
114.93.75.19 - - [16/Jan/2020:09:23:13 +0800] "POST /xingrg/dwr/call/plaincall/AjaxReportQueryService.refreshCache.dwr HTTP/1.1" 200 78
180.162.232.172 - - [16/Jan/2020:09:23:13 +0800] "GET /xingrg/javascript/auto/indicator.gif HTTP/1.1" 404 1066
114.93.75.19 - - [16/Jan/2020:09:23:15 +0800] "POST /xingrg/all/report/load_report_page.html HTTP/1.1" 200 45112
114.93.75.19 - - [16/Jan/2020:09:23:15 +0800] "GET /xingrg/servlets/image?cache=0.1477861100277723&image=px HTTP/1.1" 200 807
124.77.241.94 - - [16/Jan/2020:09:23:16 +0800] "GET /xingrg/all/function/internal_message.html?_=1579137790478&CODE_STATE=getMsg HTTP/1.1" 200 27
58.221.95.50 - - [16/Jan/2020:09:23:19 +0800] "GET /xingrg/check_reg.html?_=1579138107548 HTTP/1.1" 302 -
58.221.95.50 - - [16/Jan/2020:09:23:19 +0800] "GET /xingrg/all/function/internal_message.html?_=1579138107548&CODE_STATE=getMsg HTTP/1.1" 302 -
58.221.95.50 - - [16/Jan/2020:09:23:19 +0800] "GET /xingrg/login.html HTTP/1.1" 200 7639
58.221.95.50 - - [16/Jan/2020:09:23:20 +0800] "GET /xingrg/login.html HTTP/1.1" 200 7639
114.88.159.93 - - [16/Jan/2020:09:23:20 +0800] "GET /xingrg/all/function/internal_message.html?_=1579137805826&CODE_STATE=getMsg HTTP/1.1" 200 27
180.162.232.172 - - [16/Jan/2020:09:23:20 +0800] "GET /xingrg/kc/buy/cgsh_order_operate.html?command=get_materiel&rest_code=00151&code=00101011005&supplier_code=00100047&order_time=2020-01-16 HTTP/1.1" 200 429
124.77.241.94 - - [16/Jan/2020:09:23:21 +0800] "GET /xingrg/kc/buy/cgsh_order_operate.html?command=get_materiel&rest_code=00146&code=00101008085&supplier_code=00100005&order_time=2020-01-16 HTTP/1.1" 200 413
120.253.135.82 - - [16/Jan/2020:09:23:21 +0800] "GET /xingrg/all/function/internal_message.html?_=1579137538483&CODE_STATE=getMsg HTTP/1.1" 200 27
116.238.35.243 - - [16/Jan/2020:09:23:25 +0800] "GET /xingrg/all/function/internal_message.html?_=1579137805647&CODE_STATE=getMsg HTTP/1.1" 200 27
116.238.181.252 - - [16/Jan/2020:09:23:26 +0800] "GET /xingrg/all/function/internal_message.html?_=1579137804463&CODE_STATE=getMsg HTTP/1.1" 200 27
116.238.35.243 - - [16/Jan/2020:09:23:28 +0800] "POST /xingrg/services/DataTransmitService HTTP/1.1" 401 565
116.238.35.243 - - [16/Jan/2020:09:23:28 +0800] "POST /xingrg/services/DataTransmitService HTTP/1.1" 200 478
116.238.35.243 - - [16/Jan/2020:09:23:28 +0800] "POST /xingrg/services/DataTransmitService HTTP/1.1" 200 1320
116.238.35.243 - - [16/Jan/2020:09:23:28 +0800] "POST /xingrg/services/DataTransmitService HTTP/1.1" 200 478
116.238.35.243 - - [16/Jan/2020:09:23:28 +0800] "POST /xingrg/services/DataTransmitService HTTP/1.1" 200 1320
116.238.35.243 - - [16/Jan/2020:09:23:28 +0800] "POST /xingrg/services/DataTransmitService HTTP/1.1" 200 524
116.238.35.243 - - [16/Jan/2020:09:23:28 +0800] "POST /xingrg/services/DataTransmitService HTTP/1.1" 200 2407
116.238.35.243 - - [16/Jan/2020:09:23:28 +0800] "POST /xingrg/services/DataTransmitService HTTP/1.1" 200 2215
116.238.35.243 - - [16/Jan/2020:09:23:29 +0800] "POST /xingrg/services/DataTransmitService HTTP/1.1" 200 1459
180.162.232.172 - - [16/Jan/2020:09:23:29 +0800] "POST /xingrg/kc/buy/cgsh_order_operate.html HTTP/1.1" 200 37
116.238.35.243 - - [16/Jan/2020:09:23:29 +0800] "POST /xingrg/services/DataTransmitService HTTP/1.1" 200 134387
124.77.241.94 - - [16/Jan/2020:09:23:30 +0800] "GET /xingrg/kc/buy/cgsh_order_operate.html?command=get_materiel&rest_code=00146&code=00101008351&supplier_code=00100005&order_time=2020-01-16 HTTP/1.1" 200 408
180.162.232.172 - - [16/Jan/2020:09:23:31 +0800] "POST /xingrg/kc/buy/cgsh_order_operate.html HTTP/1.1" 200 12
180.162.232.172 - - [16/Jan/2020:09:23:32 +0800] "GET /xingrg/kc/buy/cgsh_order_info.html?code=212020011608306 HTTP/1.1" 200 52065
180.162.232.172 - - [16/Jan/2020:09:23:32 +0800] "GET /xingrg/javascript/easyui/themes/default/validatebox.css HTTP/1.1" 404 1104
180.162.232.172 - - [16/Jan/2020:09:23:32 +0800] "POST /xingrg/kc/buy/cgsh_order_operate.html HTTP/1.1" 200 604
116.228.172.94 - - [16/Jan/2020:09:23:33 +0800] "GET /xingrg/all/function/internal_message.html?_=1579137195615&CODE_STATE=getMsg HTTP/1.1" 200 27
