124.77.241.94 - - [16/Jan/2020:08:32:53 +0800] "GET /xingrg/check_reg.html?_=1579134770426 HTTP/1.1" 200 22
124.77.241.94 - - [16/Jan/2020:08:32:56 +0800] "GET /xingrg/all/function/internal_message.html?_=1579134773431&CODE_STATE=getMsg HTTP/1.1" 200 27
172.17.2.150 - - [16/Jan/2020:08:33:01 +0800] "GET /xingrg/all/function/internal_message.html?_=1579134755160&CODE_STATE=getMsg HTTP/1.1" 200 27
58.221.95.50 - - [16/Jan/2020:08:33:19 +0800] "GET /xingrg/check_reg.html?_=1579135107462 HTTP/1.1" 302 -
58.221.95.50 - - [16/Jan/2020:08:33:19 +0800] "GET /xingrg/all/function/internal_message.html?_=1579135107463&CODE_STATE=getMsg HTTP/1.1" 302 -
58.221.95.50 - - [16/Jan/2020:08:33:19 +0800] "GET /xingrg/login.html HTTP/1.1" 200 7639
58.221.95.50 - - [16/Jan/2020:08:33:20 +0800] "GET /xingrg/login.html HTTP/1.1" 200 7639
120.253.135.82 - - [16/Jan/2020:08:33:20 +0800] "GET /xingrg/all/function/internal_message.html?_=1579134536931&CODE_STATE=getMsg HTTP/1.1" 200 27
114.88.159.93 - - [16/Jan/2020:08:33:20 +0800] "GET /xingrg/all/function/internal_message.html?_=1579134805793&CODE_STATE=getMsg HTTP/1.1" 200 27
114.93.75.19 - - [16/Jan/2020:08:33:40 +0800] "GET /xingrg/all/function/internal_message.html?_=1579134815997&CODE_STATE=getMsg HTTP/1.1" 200 27
124.77.241.94 - - [16/Jan/2020:08:33:56 +0800] "GET /xingrg/all/function/internal_message.html?_=1579134833445&CODE_STATE=getMsg HTTP/1.1" 200 27
172.17.2.150 - - [16/Jan/2020:08:34:01 +0800] "GET /xingrg/all/function/internal_message.html?_=1579134815160&CODE_STATE=getMsg HTTP/1.1" 200 27
120.253.135.82 - - [16/Jan/2020:08:34:19 +0800] "GET /xingrg/check_reg.html?_=1579134595715 HTTP/1.1" 200 22
58.221.95.50 - - [16/Jan/2020:08:34:19 +0800] "GET /xingrg/all/function/internal_message.html?_=1579135167461&CODE_STATE=getMsg HTTP/1.1" 302 -
58.221.95.50 - - [16/Jan/2020:08:34:19 +0800] "GET /xingrg/login.html HTTP/1.1" 200 7639
120.253.135.82 - - [16/Jan/2020:08:34:20 +0800] "GET /xingrg/all/function/internal_message.html?_=1579134596944&CODE_STATE=getMsg HTTP/1.1" 200 27
114.88.159.93 - - [16/Jan/2020:08:34:20 +0800] "GET /xingrg/all/function/internal_message.html?_=1579134865792&CODE_STATE=getMsg HTTP/1.1" 200 27
114.88.159.93 - - [16/Jan/2020:08:34:20 +0800] "GET /xingrg/check_reg.html?_=1579134865793 HTTP/1.1" 200 22
114.93.75.19 - - [16/Jan/2020:08:34:39 +0800] "GET /xingrg/all/function/internal_message.html?_=1579134875975&CODE_STATE=getMsg HTTP/1.1" 200 27
124.77.241.94 - - [16/Jan/2020:08:34:56 +0800] "GET /xingrg/all/function/internal_message.html?_=1579134893459&CODE_STATE=getMsg HTTP/1.1" 200 27
172.17.2.150 - - [16/Jan/2020:08:35:01 +0800] "GET /xingrg/all/function/internal_message.html?_=1579134875176&CODE_STATE=getMsg HTTP/1.1" 200 27
180.157.252.250 - - [16/Jan/2020:08:35:14 +0800] "GET /xingrg/check_reg.html?_=1579134901551 HTTP/1.1" 302 -
58.221.95.50 - - [16/Jan/2020:08:35:19 +0800] "GET /xingrg/all/function/internal_message.html?_=1579135227491&CODE_STATE=getMsg HTTP/1.1" 302 -
58.221.95.50 - - [16/Jan/2020:08:35:19 +0800] "GET /xingrg/login.html HTTP/1.1" 200 7639
120.253.135.82 - - [16/Jan/2020:08:35:20 +0800] "GET /xingrg/all/function/internal_message.html?_=1579134656958&CODE_STATE=getMsg HTTP/1.1" 200 27
114.88.159.93 - - [16/Jan/2020:08:35:20 +0800] "GET /xingrg/all/function/internal_message.html?_=1579134925791&CODE_STATE=getMsg HTTP/1.1" 200 27
114.93.75.19 - - [16/Jan/2020:08:35:39 +0800] "GET /xingrg/all/function/internal_message.html?_=1579134935951&CODE_STATE=getMsg HTTP/1.1" 200 27
180.157.252.250 - - [16/Jan/2020:08:35:45 +0800] "GET /xingrg/check_reg.html?_=1579134932615 HTTP/1.1" 302 -
124.77.241.94 - - [16/Jan/2020:08:35:56 +0800] "GET /xingrg/all/function/internal_message.html?_=1579134953472&CODE_STATE=getMsg HTTP/1.1" 200 27
172.17.2.150 - - [16/Jan/2020:08:36:01 +0800] "GET /xingrg/check_reg.html?_=1579134935173 HTTP/1.1" 200 22
172.17.2.150 - - [16/Jan/2020:08:36:01 +0800] "GET /xingrg/all/function/internal_message.html?_=1579134935175&CODE_STATE=getMsg HTTP/1.1" 200 27
58.221.95.50 - - [16/Jan/2020:08:36:19 +0800] "GET /xingrg/all/function/internal_message.html?_=1579135287521&CODE_STATE=getMsg HTTP/1.1" 302 -
58.221.95.50 - - [16/Jan/2020:08:36:19 +0800] "GET /xingrg/login.html HTTP/1.1" 200 7639
120.253.135.82 - - [16/Jan/2020:08:36:20 +0800] "GET /xingrg/all/function/internal_message.html?_=1579134716970&CODE_STATE=getMsg HTTP/1.1" 200 27
114.88.159.93 - - [16/Jan/2020:08:36:20 +0800] "GET /xingrg/all/function/internal_message.html?_=1579134985788&CODE_STATE=getMsg HTTP/1.1" 200 27
120.253.135.82 - - [16/Jan/2020:08:36:26 +0800] "GET /xingrg/kc/pszx/mdqp_order_list.html?state=10 HTTP/1.1" 200 10061
120.253.135.82 - - [16/Jan/2020:08:36:26 +0800] "GET /xingrg/dwr/interface/AjaxQqpsService.js HTTP/1.1" 200 16326
120.253.135.82 - - [16/Jan/2020:08:36:26 +0800] "GET /xingrg/dwr/interface/AjaxReportQueryService.js HTTP/1.1" 200 13203
120.253.135.82 - - [16/Jan/2020:08:36:26 +0800] "GET /xingrg/dwr/engine.js HTTP/1.1" 200 43631
120.253.135.82 - - [16/Jan/2020:08:36:26 +0800] "GET /xingrg/javascript/jquery_easy_ui/themes/icons/check_new.png HTTP/1.1" 200 3224
120.253.135.82 - - [16/Jan/2020:08:36:26 +0800] "GET /xingrg/javascript/jquery_easy_ui/themes/icons/uncheck_new.png HTTP/1.1" 200 3197
120.253.135.82 - - [16/Jan/2020:08:36:29 +0800] "GET /xingrg/kc/pszx/mdps_order_list.html?orderType=0 HTTP/1.1" 200 20985
120.253.135.82 - - [16/Jan/2020:08:36:29 +0800] "POST /xingrg/kc/pszx/mdps_list_operate.html HTTP/1.1" 200 5589
120.253.135.82 - - [16/Jan/2020:08:36:37 +0800] "POST /xingrg/kc/pszx/mdps_list_operate.html HTTP/1.1" 200 2814
120.253.135.82 - - [16/Jan/2020:08:36:39 +0800] "POST /xingrg/kc/pszx/mdps_list_operate.html HTTP/1.1" 200 614
114.93.75.19 - - [16/Jan/2020:08:36:39 +0800] "GET /xingrg/all/function/internal_message.html?_=1579134995931&CODE_STATE=getMsg HTTP/1.1" 200 27
120.253.135.82 - - [16/Jan/2020:08:36:45 +0800] "POST /xingrg/kc/pszx/mdps_list_operate.html HTTP/1.1" 200 478
120.253.135.82 - - [16/Jan/2020:08:36:47 +0800] "GET /xingrg/kc/pszx/mdps_order_info.html?code=312020011600481 HTTP/1.1" 200 23835
120.253.135.82 - - [16/Jan/2020:08:36:48 +0800] "POST /xingrg/kc/pszx/mdps_order_operate.html HTTP/1.1" 200 12898
120.253.135.82 - - [16/Jan/2020:08:36:48 +0800] "GET /xingrg/javascript/easyui/themes/default/validatebox.css HTTP/1.1" 404 1104
114.93.75.19 - - [16/Jan/2020:08:36:51 +0800] "GET /xingrg/check_reg.html?_=1579135007040 HTTP/1.1" 200 22
124.77.241.94 - - [16/Jan/2020:08:36:56 +0800] "GET /xingrg/all/function/internal_message.html?_=1579135013486&CODE_STATE=getMsg HTTP/1.1" 200 27
172.17.2.150 - - [16/Jan/2020:08:37:01 +0800] "GET /xingrg/all/function/internal_message.html?_=1579134995182&CODE_STATE=getMsg HTTP/1.1" 200 27
120.253.135.82 - - [16/Jan/2020:08:37:07 +0800] "POST /xingrg/kc/pszx/mdps_list_operate.html HTTP/1.1" 200 614
120.253.135.82 - - [16/Jan/2020:08:37:08 +0800] "GET /xingrg/kc/pszx/mdps_order_info.html?code=312020011600482 HTTP/1.1" 200 23835
120.253.135.82 - - [16/Jan/2020:08:37:08 +0800] "GET /xingrg/javascript/easyui/themes/default/validatebox.css HTTP/1.1" 404 1104
120.253.135.82 - - [16/Jan/2020:08:37:08 +0800] "POST /xingrg/kc/pszx/mdps_order_operate.html HTTP/1.1" 200 41044
58.221.95.50 - - [16/Jan/2020:08:37:18 +0800] "GET /xingrg/check_reg.html?_=1579135208459 HTTP/1.1" 302 -
58.221.95.50 - - [16/Jan/2020:08:37:19 +0800] "GET /xingrg/all/function/internal_message.html?_=1579135347481&CODE_STATE=getMsg HTTP/1.1" 302 -
58.221.95.50 - - [16/Jan/2020:08:37:19 +0800] "GET /xingrg/login.html HTTP/1.1" 200 7639
120.253.135.82 - - [16/Jan/2020:08:37:20 +0800] "GET /xingrg/all/function/internal_message.html?_=1579134776984&CODE_STATE=getMsg HTTP/1.1" 200 27
114.88.159.93 - - [16/Jan/2020:08:37:20 +0800] "GET /xingrg/all/function/internal_message.html?_=1579135045786&CODE_STATE=getMsg HTTP/1.1" 200 27
114.93.75.19 - - [16/Jan/2020:08:37:39 +0800] "GET /xingrg/all/function/internal_message.html?_=1579135055928&CODE_STATE=getMsg HTTP/1.1" 200 27
124.77.241.94 - - [16/Jan/2020:08:37:53 +0800] "GET /xingrg/check_reg.html?_=1579135070427 HTTP/1.1" 200 22
124.77.241.94 - - [16/Jan/2020:08:37:56 +0800] "GET /xingrg/all/function/internal_message.html?_=1579135073588&CODE_STATE=getMsg HTTP/1.1" 200 27
172.17.2.150 - - [16/Jan/2020:08:38:01 +0800] "GET /xingrg/all/function/internal_message.html?_=1579135055176&CODE_STATE=getMsg HTTP/1.1" 200 27
58.221.95.50 - - [16/Jan/2020:08:38:19 +0800] "GET /xingrg/check_reg.html?_=1579135407496 HTTP/1.1" 302 -
58.221.95.50 - - [16/Jan/2020:08:38:19 +0800] "GET /xingrg/all/function/internal_message.html?_=1579135407497&CODE_STATE=getMsg HTTP/1.1" 302 -
58.221.95.50 - - [16/Jan/2020:08:38:19 +0800] "GET /xingrg/login.html HTTP/1.1" 200 7639
58.221.95.50 - - [16/Jan/2020:08:38:19 +0800] "GET /xingrg/login.html HTTP/1.1" 200 7639
120.253.135.82 - - [16/Jan/2020:08:38:20 +0800] "GET /xingrg/all/function/internal_message.html?_=1579134837071&CODE_STATE=getMsg HTTP/1.1" 200 27
114.88.159.93 - - [16/Jan/2020:08:38:20 +0800] "GET /xingrg/all/function/internal_message.html?_=1579135105800&CODE_STATE=getMsg HTTP/1.1" 200 27
114.93.75.19 - - [16/Jan/2020:08:38:39 +0800] "GET /xingrg/all/function/internal_message.html?_=1579135115898&CODE_STATE=getMsg HTTP/1.1" 200 27
124.77.241.94 - - [16/Jan/2020:08:38:56 +0800] "GET /xingrg/all/function/internal_message.html?_=1579135133592&CODE_STATE=getMsg HTTP/1.1" 200 27
172.17.2.150 - - [16/Jan/2020:08:39:01 +0800] "GET /xingrg/all/function/internal_message.html?_=1579135115173&CODE_STATE=getMsg HTTP/1.1" 200 27
120.253.135.82 - - [16/Jan/2020:08:39:19 +0800] "GET /xingrg/check_reg.html?_=1579134895717 HTTP/1.1" 200 22
58.221.95.50 - - [16/Jan/2020:08:39:19 +0800] "GET /xingrg/all/function/internal_message.html?_=1579135467478&CODE_STATE=getMsg HTTP/1.1" 302 -
58.221.95.50 - - [16/Jan/2020:08:39:19 +0800] "GET /xingrg/login.html HTTP/1.1" 200 7639
120.253.135.82 - - [16/Jan/2020:08:39:20 +0800] "GET /xingrg/all/function/internal_message.html?_=1579134897149&CODE_STATE=getMsg HTTP/1.1" 200 27
114.88.159.93 - - [16/Jan/2020:08:39:20 +0800] "GET /xingrg/check_reg.html?_=1579135165799 HTTP/1.1" 200 22
114.88.159.93 - - [16/Jan/2020:08:39:20 +0800] "GET /xingrg/all/function/internal_message.html?_=1579135165800&CODE_STATE=getMsg HTTP/1.1" 200 27
114.93.75.19 - - [16/Jan/2020:08:39:39 +0800] "GET /xingrg/all/function/internal_message.html?_=1579135175867&CODE_STATE=getMsg HTTP/1.1" 200 27
124.77.241.94 - - [16/Jan/2020:08:39:56 +0800] "GET /xingrg/all/function/internal_message.html?_=1579135193761&CODE_STATE=getMsg HTTP/1.1" 200 27
172.17.2.150 - - [16/Jan/2020:08:40:01 +0800] "GET /xingrg/all/function/internal_message.html?_=1579135175179&CODE_STATE=getMsg HTTP/1.1" 200 27
114.88.159.93 - - [16/Jan/2020:08:40:03 +0800] "POST /xingrg/services/DataTransmitService HTTP/1.1" 200 524
180.157.252.250 - - [16/Jan/2020:08:40:14 +0800] "GET /xingrg/check_reg.html?_=1579135201527 HTTP/1.1" 302 -
58.221.95.50 - - [16/Jan/2020:08:40:19 +0800] "GET /xingrg/all/function/internal_message.html?_=1579135527490&CODE_STATE=getMsg HTTP/1.1" 302 -
58.221.95.50 - - [16/Jan/2020:08:40:19 +0800] "GET /xingrg/login.html HTTP/1.1" 200 7639
120.253.135.82 - - [16/Jan/2020:08:40:20 +0800] "GET /xingrg/all/function/internal_message.html?_=1579134957150&CODE_STATE=getMsg HTTP/1.1" 200 27
114.88.159.93 - - [16/Jan/2020:08:40:20 +0800] "GET /xingrg/all/function/internal_message.html?_=1579135225798&CODE_STATE=getMsg HTTP/1.1" 200 27
114.93.75.19 - - [16/Jan/2020:08:40:39 +0800] "GET /xingrg/all/function/internal_message.html?_=1579135235840&CODE_STATE=getMsg HTTP/1.1" 200 27
180.157.252.250 - - [16/Jan/2020:08:40:45 +0800] "GET /xingrg/check_reg.html?_=1579135232616 HTTP/1.1" 302 -
124.77.241.94 - - [16/Jan/2020:08:40:56 +0800] "GET /xingrg/all/function/internal_message.html?_=1579135253774&CODE_STATE=getMsg HTTP/1.1" 200 27
120.253.135.82 - - [16/Jan/2020:08:40:57 +0800] "POST /xingrg/kc/pszx/mdps_list_operate.html HTTP/1.1" 200 2814
120.253.135.82 - - [16/Jan/2020:08:41:00 +0800] "GET /xingrg/kc/pszx/mdps_order_add.html HTTP/1.1" 200 28919
120.253.135.82 - - [16/Jan/2020:08:41:00 +0800] "POST /xingrg/kc/pszx/mdps_order_operate.html HTTP/1.1" 200 7126
120.253.135.82 - - [16/Jan/2020:08:41:00 +0800] "GET /xingrg/javascript/easyui/themes/default/validatebox.css HTTP/1.1" 404 1104
172.17.2.150 - - [16/Jan/2020:08:41:01 +0800] "GET /xingrg/check_reg.html?_=1579135235182 HTTP/1.1" 200 22
172.17.2.150 - - [16/Jan/2020:08:41:01 +0800] "GET /xingrg/all/function/internal_message.html?_=1579135235184&CODE_STATE=getMsg HTTP/1.1" 200 27
120.253.135.82 - - [16/Jan/2020:08:41:07 +0800] "POST /xingrg/all/common/load_combo.html?type=base HTTP/1.1" 200 899
120.253.135.82 - - [16/Jan/2020:08:41:19 +0800] "GET /xingrg/kc/pszx/mdps_order_operate.html?command=get_materiel&pszx_code=00101&rest_code=00109&base_code=0010246&code=00101006002 HTTP/1.1" 200 429
58.221.95.50 - - [16/Jan/2020:08:41:19 +0800] "GET /xingrg/all/function/internal_message.html?_=1579135587494&CODE_STATE=getMsg HTTP/1.1" 302 -
58.221.95.50 - - [16/Jan/2020:08:41:19 +0800] "GET /xingrg/login.html HTTP/1.1" 200 7639
120.253.135.82 - - [16/Jan/2020:08:41:20 +0800] "GET /xingrg/all/function/internal_message.html?_=1579135017165&CODE_STATE=getMsg HTTP/1.1" 200 27
114.88.159.93 - - [16/Jan/2020:08:41:20 +0800] "GET /xingrg/all/function/internal_message.html?_=1579135285796&CODE_STATE=getMsg HTTP/1.1" 200 27
114.93.75.19 - - [16/Jan/2020:08:41:39 +0800] "GET /xingrg/all/function/internal_message.html?_=1579135295809&CODE_STATE=getMsg HTTP/1.1" 200 27
120.253.135.82 - - [16/Jan/2020:08:41:43 +0800] "POST /xingrg/kc/pszx/mdps_order_operate.html HTTP/1.1" 200 37
120.253.135.82 - - [16/Jan/2020:08:41:44 +0800] "GET /xingrg/kc/pszx/mdps_order_info.html?code=312020011600485 HTTP/1.1" 200 23829
120.253.135.82 - - [16/Jan/2020:08:41:44 +0800] "POST /xingrg/kc/pszx/mdps_order_operate.html HTTP/1.1" 200 2283
120.253.135.82 - - [16/Jan/2020:08:41:44 +0800] "GET /xingrg/javascript/easyui/themes/default/validatebox.css HTTP/1.1" 404 1104
114.93.75.19 - - [16/Jan/2020:08:41:51 +0800] "GET /xingrg/check_reg.html?_=1579135307074 HTTP/1.1" 200 22
120.253.135.82 - - [16/Jan/2020:08:41:51 +0800] "POST /xingrg/kc/pszx/mdps_order_operate.html HTTP/1.1" 200 37
120.253.135.82 - - [16/Jan/2020:08:41:52 +0800] "GET /xingrg/kc/pszx/mdps_order_info.html?code=312020011600485 HTTP/1.1" 200 23829
120.253.135.82 - - [16/Jan/2020:08:41:53 +0800] "POST /xingrg/kc/pszx/mdps_order_operate.html HTTP/1.1" 200 2283
120.253.135.82 - - [16/Jan/2020:08:41:53 +0800] "GET /xingrg/javascript/easyui/themes/default/validatebox.css HTTP/1.1" 404 1104
114.88.170.138 - - [16/Jan/2020:08:41:53 +0800] "GET /xingrg/index.html?timestamp=1551517598852&sysBaseUrl=http%3A%2F%2F117.131.15.22%3A18081%2Fxingrg%2F&costTime=12 HTTP/1.1" 302 -
114.88.170.138 - - [16/Jan/2020:08:41:53 +0800] "GET /xingrg/login.html HTTP/1.1" 200 7639
114.88.170.138 - - [16/Jan/2020:08:41:53 +0800] "GET /favicon.ico HTTP/1.1" 404 -
114.88.170.138 - - [16/Jan/2020:08:41:54 +0800] "GET /favicon.ico HTTP/1.1" 404 -
124.77.241.94 - - [16/Jan/2020:08:41:56 +0800] "GET /xingrg/all/function/internal_message.html?_=1579135313942&CODE_STATE=getMsg HTTP/1.1" 200 27
114.88.170.138 - - [16/Jan/2020:08:41:59 +0800] "POST /xingrg/login.do HTTP/1.1" 302 -
114.88.170.138 - - [16/Jan/2020:08:41:59 +0800] "GET /xingrg/index.html?sysBaseUrl=http%3A%2F%2F117.131.15.22%3A18081%2Fxingrg%2F&costTime=35×tamp=1579135319476 HTTP/1.1" 200 17151
114.88.170.138 - - [16/Jan/2020:08:41:59 +0800] "GET /favicon.ico HTTP/1.1" 404 -
114.88.170.138 - - [16/Jan/2020:08:41:59 +0800] "POST /xingrg/all/common/load_tree.html?tree=area_rest_tree_json&manage=1 HTTP/1.1" 200 342
114.88.170.138 - - [16/Jan/2020:08:41:59 +0800] "GET /xingrg/all/function/internal_message.html?_=1579135541816&CODE_STATE=count HTTP/1.1" 200 11
114.88.170.138 - - [16/Jan/2020:08:41:59 +0800] "GET /xingrg/check_reg.html?_=1579135541816 HTTP/1.1" 200 22
114.88.170.138 - - [16/Jan/2020:08:41:59 +0800] "POST /xingrg/load_menu.html HTTP/1.1" 200 5124
172.17.2.150 - - [16/Jan/2020:08:42:01 +0800] "GET /xingrg/all/function/internal_message.html?_=1579135295184&CODE_STATE=getMsg HTTP/1.1" 200 27
120.253.135.82 - - [16/Jan/2020:08:42:05 +0800] "POST /xingrg/kc/pszx/mdps_order_operate.html HTTP/1.1" 200 37
120.253.135.82 - - [16/Jan/2020:08:42:06 +0800] "GET /xingrg/kc/pszx/mdps_order_info.html?code=312020011600485 HTTP/1.1" 200 23829
120.253.135.82 - - [16/Jan/2020:08:42:06 +0800] "POST /xingrg/kc/pszx/mdps_order_operate.html HTTP/1.1" 200 2283
120.253.135.82 - - [16/Jan/2020:08:42:06 +0800] "GET /xingrg/javascript/easyui/themes/default/validatebox.css HTTP/1.1" 404 1104
120.253.135.82 - - [16/Jan/2020:08:42:12 +0800] "GET /xingrg/kc/print/load_config.html?kc_code=mdps HTTP/1.1" 200 2396
120.253.135.82 - - [16/Jan/2020:08:42:12 +0800] "GET /xingrg/kc/print/load_data.html?order_code=312020011600485&kc_code=mdps&condition= HTTP/1.1" 200 690
58.221.95.50 - - [16/Jan/2020:08:42:18 +0800] "GET /xingrg/check_reg.html?_=1579135508463 HTTP/1.1" 302 -
58.221.95.50 - - [16/Jan/2020:08:42:19 +0800] "GET /xingrg/all/function/internal_message.html?_=1579135647477&CODE_STATE=getMsg HTTP/1.1" 302 -
58.221.95.50 - - [16/Jan/2020:08:42:19 +0800] "GET /xingrg/login.html HTTP/1.1" 200 7639
120.253.135.82 - - [16/Jan/2020:08:42:20 +0800] "GET /xingrg/all/function/internal_message.html?_=1579135077178&CODE_STATE=getMsg HTTP/1.1" 200 27
114.88.159.93 - - [16/Jan/2020:08:42:20 +0800] "GET /xingrg/all/function/internal_message.html?_=1579135345794&CODE_STATE=getMsg HTTP/1.1" 200 27
114.93.75.19 - - [16/Jan/2020:08:42:39 +0800] "GET /xingrg/all/function/internal_message.html?_=1579135355783&CODE_STATE=getMsg HTTP/1.1" 200 27
124.77.241.94 - - [16/Jan/2020:08:42:53 +0800] "GET /xingrg/check_reg.html?_=1579135370436 HTTP/1.1" 200 22
124.77.241.94 - - [16/Jan/2020:08:42:56 +0800] "GET /xingrg/all/function/internal_message.html?_=1579135373957&CODE_STATE=getMsg HTTP/1.1" 200 27
114.88.170.138 - - [16/Jan/2020:08:42:59 +0800] "GET /xingrg/all/function/internal_message.html?_=1579135601822&CODE_STATE=getMsg HTTP/1.1" 200 27
172.17.2.150 - - [16/Jan/2020:08:43:01 +0800] "GET /xingrg/all/function/internal_message.html?_=1579135355195&CODE_STATE=getMsg HTTP/1.1" 200 27
58.221.95.50 - - [16/Jan/2020:08:43:19 +0800] "GET /xingrg/check_reg.html?_=1579135707484 HTTP/1.1" 302 -
58.221.95.50 - - [16/Jan/2020:08:43:19 +0800] "GET /xingrg/all/function/internal_message.html?_=1579135707484&CODE_STATE=getMsg HTTP/1.1" 302 -
58.221.95.50 - - [16/Jan/2020:08:43:19 +0800] "GET /xingrg/login.html HTTP/1.1" 200 7639
58.221.95.50 - - [16/Jan/2020:08:43:20 +0800] "GET /xingrg/login.html HTTP/1.1" 200 7639
114.88.159.93 - - [16/Jan/2020:08:43:20 +0800] "GET /xingrg/all/function/internal_message.html?_=1579135405792&CODE_STATE=getMsg HTTP/1.1" 200 27
120.253.135.82 - - [16/Jan/2020:08:43:20 +0800] "GET /xingrg/all/function/internal_message.html?_=1579135137278&CODE_STATE=getMsg HTTP/1.1" 200 27
116.224.233.159 - - [16/Jan/2020:08:43:24 +0800] "GET /favicon.ico HTTP/1.1" 404 -
116.224.233.159 - - [16/Jan/2020:08:43:27 +0800] "GET /xingrg/login.html HTTP/1.1" 200 7639
116.224.233.159 - - [16/Jan/2020:08:43:27 +0800] "GET /favicon.ico HTTP/1.1" 404 -
116.224.233.159 - - [16/Jan/2020:08:43:29 +0800] "POST /xingrg/login.do HTTP/1.1" 302 -
116.224.233.159 - - [16/Jan/2020:08:43:29 +0800] "GET /xingrg/index.html?sysBaseUrl=http%3A%2F%2F117.131.15.22%3A18081%2Fxingrg%2F&costTime=35×tamp=1579135409246 HTTP/1.1" 200 17151
116.224.233.159 - - [16/Jan/2020:08:43:29 +0800] "GET /xingrg/javascript/jquery_easy_ui/themes/icon.css HTTP/1.1" 304 -
116.224.233.159 - - [16/Jan/2020:08:43:29 +0800] "GET /xingrg/javascript/jquery_easy_ui/themes/default/easyui.css HTTP/1.1" 304 -
116.224.233.159 - - [16/Jan/2020:08:43:29 +0800] "GET /xingrg/javascript/jquery-1.4.2.min.js HTTP/1.1" 304 -
116.224.233.159 - - [16/Jan/2020:08:43:29 +0800] "GET /xingrg/javascript/jquery_easy_ui/jquery.easyui.min.js HTTP/1.1" 304 -
116.224.233.159 - - [16/Jan/2020:08:43:29 +0800] "GET /xingrg/css/form.css HTTP/1.1" 304 -
116.224.233.159 - - [16/Jan/2020:08:43:29 +0800] "GET /xingrg/javascript/jquery_easy_ui/easyui-lang-zh_CN.js HTTP/1.1" 304 -
116.224.233.159 - - [16/Jan/2020:08:43:29 +0800] "GET /xingrg/javascript/jquery.form.js HTTP/1.1" 304 -
116.224.233.159 - - [16/Jan/2020:08:43:29 +0800] "GET /xingrg/javascript/jquery.utils.js HTTP/1.1" 304 -
116.224.233.159 - - [16/Jan/2020:08:43:29 +0800] "GET /xingrg/javascript/jquery.timers.js HTTP/1.1" 304 -
116.224.233.159 - - [16/Jan/2020:08:43:29 +0800] "GET /favicon.ico HTTP/1.1" 404 -
116.224.233.159 - - [16/Jan/2020:08:43:30 +0800] "POST /xingrg/all/common/load_tree.html?tree=area_rest_tree_json&manage=1 HTTP/1.1" 200 342
116.224.233.159 - - [16/Jan/2020:08:43:30 +0800] "GET /xingrg/all/function/internal_message.html?_=1579135563191&CODE_STATE=count HTTP/1.1" 200 11
116.224.233.159 - - [16/Jan/2020:08:43:30 +0800] "GET /xingrg/check_reg.html?_=1579135563193 HTTP/1.1" 200 22
116.224.233.159 - - [16/Jan/2020:08:43:30 +0800] "POST /xingrg/load_menu.html HTTP/1.1" 200 5124
114.93.75.19 - - [16/Jan/2020:08:43:39 +0800] "GET /xingrg/all/function/internal_message.html?_=1579135415778&CODE_STATE=getMsg HTTP/1.1" 200 27
116.224.233.159 - - [16/Jan/2020:08:43:40 +0800] "GET /xingrg/kc/mdqp/qqps_order_list.html HTTP/1.1" 200 9210
116.224.233.159 - - [16/Jan/2020:08:43:40 +0800] "GET /xingrg/css/blue.css HTTP/1.1" 304 -
116.224.233.159 - - [16/Jan/2020:08:43:40 +0800] "GET /xingrg/javascript/pic_change.js HTTP/1.1" 304 -
116.224.233.159 - - [16/Jan/2020:08:43:40 +0800] "GET /xingrg/dwr/interface/AjaxQqpsService.js HTTP/1.1" 200 16326
116.224.233.159 - - [16/Jan/2020:08:43:40 +0800] "GET /xingrg/dwr/util.js HTTP/1.1" 304 -
116.224.233.159 - - [16/Jan/2020:08:43:40 +0800] "GET /xingrg/javascript/Calendar.js HTTP/1.1" 304 -
116.224.233.159 - - [16/Jan/2020:08:43:40 +0800] "GET /xingrg/javascript/myfunction.js HTTP/1.1" 304 -
116.224.233.159 - - [16/Jan/2020:08:43:40 +0800] "GET /xingrg/dwr/interface/AjaxReportQueryService.js HTTP/1.1" 200 13203
116.224.233.159 - - [16/Jan/2020:08:43:40 +0800] "GET /xingrg/javascript/ToolTips.js HTTP/1.1" 304 -
116.224.233.159 - - [16/Jan/2020:08:43:40 +0800] "GET /xingrg/dwr/engine.js HTTP/1.1" 200 43631
116.224.233.159 - - [16/Jan/2020:08:43:40 +0800] "GET /xingrg/javascript/jquery_easy_ui/themes/icons/edit_add_new.png HTTP/1.1" 304 -
116.224.233.159 - - [16/Jan/2020:08:43:40 +0800] "GET /xingrg/javascript/jquery_easy_ui/themes/icons/uncheck_new.png HTTP/1.1" 304 -
116.224.233.159 - - [16/Jan/2020:08:43:40 +0800] "GET /xingrg/javascript/jquery_easy_ui/themes/icons/cance_new.png HTTP/1.1" 304 -
116.224.233.159 - - [16/Jan/2020:08:43:46 +0800] "GET /xingrg/kc/mdqp/qqps_order_list.html?isQuery=1&timeSelect=1&orderTime=day&startTime=2020-01-15&endTime=2020-01-15&state=all&query=%C8%B7++%B6%A8 HTTP/1.1" 200 9753
116.224.233.159 - - [16/Jan/2020:08:43:46 +0800] "GET /xingrg/dwr/engine.js HTTP/1.1" 200 43631
116.224.233.159 - - [16/Jan/2020:08:43:47 +0800] "GET /xingrg/dwr/interface/AjaxReportQueryService.js HTTP/1.1" 200 13203
116.224.233.159 - - [16/Jan/2020:08:43:47 +0800] "GET /xingrg/dwr/interface/AjaxQqpsService.js HTTP/1.1" 200 16326
116.224.233.159 - - [16/Jan/2020:08:43:50 +0800] "GET /xingrg/javascript/auto/jquery.autocomplete.css HTTP/1.1" 304 -
116.224.233.159 - - [16/Jan/2020:08:43:50 +0800] "GET /xingrg/javascript/auto/jquery.autocomplete.js HTTP/1.1" 304 -
116.224.233.159 - - [16/Jan/2020:08:43:50 +0800] "GET /xingrg/javascript/tools/jquery.qtip-1.0.0-rc3.min.js HTTP/1.1" 304 -
116.224.233.159 - - [16/Jan/2020:08:43:50 +0800] "GET /xingrg/kc/mdqp/qqps_order_info.html?code=302020011500376 HTTP/1.1" 200 26122
116.224.233.159 - - [16/Jan/2020:08:43:50 +0800] "GET /xingrg/javascript/AjaxInfoList.js HTTP/1.1" 304 -
116.224.233.159 - - [16/Jan/2020:08:43:50 +0800] "GET /xingrg/javascript/Grid.js HTTP/1.1" 304 -
116.224.233.159 - - [16/Jan/2020:08:43:50 +0800] "GET /xingrg/javascript/print/kc_print.js HTTP/1.1" 304 -
116.224.233.159 - - [16/Jan/2020:08:43:50 +0800] "GET /xingrg/javascript/print/LodopFuncs.js HTTP/1.1" 304 -
116.224.233.159 - - [16/Jan/2020:08:43:50 +0800] "GET /xingrg/dwr/engine.js HTTP/1.1" 200 43631
116.224.233.159 - - [16/Jan/2020:08:43:51 +0800] "GET /xingrg/dwr/interface/AjaxComOrderService.js HTTP/1.1" 200 18264
116.224.233.159 - - [16/Jan/2020:08:43:51 +0800] "GET /xingrg/dwr/interface/AjaxQqpsService.js HTTP/1.1" 200 16326
116.224.233.159 - - [16/Jan/2020:08:43:51 +0800] "GET /xingrg/words/20200116072130_words.js HTTP/1.1" 200 713794
116.224.233.159 - - [16/Jan/2020:08:43:51 +0800] "GET /xingrg/javascript/jquery_easy_ui/themes/icons/template_new.png HTTP/1.1" 304 -
116.224.233.159 - - [16/Jan/2020:08:43:51 +0800] "GET /xingrg/javascript/jquery_easy_ui/themes/icons/copy_new.png HTTP/1.1" 304 -
116.224.233.159 - - [16/Jan/2020:08:43:51 +0800] "GET /xingrg/javascript/jquery_easy_ui/themes/icons/print.png HTTP/1.1" 304 -
116.224.233.159 - - [16/Jan/2020:08:43:51 +0800] "GET /xingrg/javascript/jquery_easy_ui/themes/default/images/menu_downarrow.png HTTP/1.1" 304 -
116.224.233.159 - - [16/Jan/2020:08:43:51 +0800] "GET /xingrg/javascript/jquery_easy_ui/themes/icons/back_new.png HTTP/1.1" 304 -
124.77.241.94 - - [16/Jan/2020:08:43:56 +0800] "GET /xingrg/all/function/internal_message.html?_=1579135433971&CODE_STATE=getMsg HTTP/1.1" 200 27
114.88.170.138 - - [16/Jan/2020:08:43:59 +0800] "GET /xingrg/all/function/internal_message.html?_=1579135661823&CODE_STATE=getMsg HTTP/1.1" 200 27
172.17.2.150 - - [16/Jan/2020:08:44:01 +0800] "GET /xingrg/all/function/internal_message.html?_=1579135415199&CODE_STATE=getMsg HTTP/1.1" 200 27
116.224.233.159 - - [16/Jan/2020:08:44:03 +0800] "GET /xingrg/javascript/jquery_easy_ui/themes/default/images/combo_arrow_dot.gif HTTP/1.1" 304 -
116.224.233.159 - - [16/Jan/2020:08:44:04 +0800] "GET /xingrg/images/blue/kc_tab_left.gif HTTP/1.1" 304 -
116.224.233.159 - - [16/Jan/2020:08:44:04 +0800] "GET /xingrg/images/blue/kc_tab_mid.gif HTTP/1.1" 304 -
116.224.233.159 - - [16/Jan/2020:08:44:04 +0800] "GET /xingrg/images/blue/kc_tab_right.gif HTTP/1.1" 304 -
116.224.233.159 - - [16/Jan/2020:08:44:04 +0800] "GET /xingrg/images/blue/wait.gif HTTP/1.1" 304 -
116.224.233.159 - - [16/Jan/2020:08:44:04 +0800] "POST /xingrg/dwr/call/plaincall/AjaxQqpsService.loadMaterielItems.dwr HTTP/1.1" 200 6366
116.224.233.159 - - [16/Jan/2020:08:44:05 +0800] "GET /xingrg/images/yd/bt.gif HTTP/1.1" 404 1040
116.224.233.159 - - [16/Jan/2020:08:44:05 +0800] "GET /xingrg/images/yd/bt2.gif HTTP/1.1" 404 1042
120.253.135.82 - - [16/Jan/2020:08:44:19 +0800] "GET /xingrg/check_reg.html?_=1579135195722 HTTP/1.1" 200 22
58.221.95.50 - - [16/Jan/2020:08:44:19 +0800] "GET /xingrg/all/function/internal_message.html?_=1579135767486&CODE_STATE=getMsg HTTP/1.1" 302 -
58.221.95.50 - - [16/Jan/2020:08:44:19 +0800] "GET /xingrg/login.html HTTP/1.1" 200 7639
114.88.159.93 - - [16/Jan/2020:08:44:20 +0800] "GET /xingrg/all/function/internal_message.html?_=1579135465791&CODE_STATE=getMsg HTTP/1.1" 200 27
114.88.159.93 - - [16/Jan/2020:08:44:20 +0800] "GET /xingrg/check_reg.html?_=1579135465792 HTTP/1.1" 200 22
120.253.135.82 - - [16/Jan/2020:08:44:20 +0800] "GET /xingrg/all/function/internal_message.html?_=1579135197282&CODE_STATE=getMsg HTTP/1.1" 200 27
117.184.7.30 - - [16/Jan/2020:08:44:28 +0800] "POST /xingrg/services/DataTransmitService HTTP/1.1" 200 524
116.224.233.159 - - [16/Jan/2020:08:44:30 +0800] "GET /xingrg/all/function/internal_message.html?_=1579135623198&CODE_STATE=getMsg HTTP/1.1" 200 27
114.93.75.19 - - [16/Jan/2020:08:44:39 +0800] "GET /xingrg/all/function/internal_message.html?_=1579135475750&CODE_STATE=getMsg HTTP/1.1" 200 27
124.77.241.94 - - [16/Jan/2020:08:44:57 +0800] "GET /xingrg/all/function/internal_message.html?_=1579135494136&CODE_STATE=getMsg HTTP/1.1" 200 27
114.88.170.138 - - [16/Jan/2020:08:44:59 +0800] "GET /xingrg/all/function/internal_message.html?_=1579135721827&CODE_STATE=getMsg HTTP/1.1" 200 27
172.17.2.150 - - [16/Jan/2020:08:45:01 +0800] "GET /xingrg/all/function/internal_message.html?_=1579135475183&CODE_STATE=getMsg HTTP/1.1" 200 27
180.157.252.250 - - [16/Jan/2020:08:45:14 +0800] "GET /xingrg/check_reg.html?_=1579135501529 HTTP/1.1" 302 -
58.221.95.50 - - [16/Jan/2020:08:45:19 +0800] "GET /xingrg/all/function/internal_message.html?_=1579135827493&CODE_STATE=getMsg HTTP/1.1" 302 -
58.221.95.50 - - [16/Jan/2020:08:45:19 +0800] "GET /xingrg/login.html HTTP/1.1" 200 7639
114.88.159.93 - - [16/Jan/2020:08:45:20 +0800] "GET /xingrg/all/function/internal_message.html?_=1579135525789&CODE_STATE=getMsg HTTP/1.1" 200 27
120.253.135.82 - - [16/Jan/2020:08:45:20 +0800] "GET /xingrg/all/function/internal_message.html?_=1579135257295&CODE_STATE=getMsg HTTP/1.1" 200 27
116.224.233.159 - - [16/Jan/2020:08:45:30 +0800] "GET /xingrg/all/function/internal_message.html?_=1579135683220&CODE_STATE=getMsg HTTP/1.1" 200 27
114.93.75.19 - - [16/Jan/2020:08:45:39 +0800] "GET /xingrg/all/function/internal_message.html?_=1579135535729&CODE_STATE=getMsg HTTP/1.1" 200 27
180.157.252.250 - - [16/Jan/2020:08:45:45 +0800] "GET /xingrg/check_reg.html?_=1579135532590 HTTP/1.1" 302 -
124.77.241.94 - - [16/Jan/2020:08:45:57 +0800] "GET /xingrg/all/function/internal_message.html?_=1579135554138&CODE_STATE=getMsg HTTP/1.1" 200 27
114.88.170.138 - - [16/Jan/2020:08:45:59 +0800] "GET /xingrg/all/function/internal_message.html?_=1579135781827&CODE_STATE=getMsg HTTP/1.1" 200 27
172.17.2.150 - - [16/Jan/2020:08:46:01 +0800] "GET /xingrg/all/function/internal_message.html?_=1579135535183&CODE_STATE=getMsg HTTP/1.1" 200 27
172.17.2.150 - - [16/Jan/2020:08:46:01 +0800] "GET /xingrg/check_reg.html?_=1579135535183 HTTP/1.1" 200 22
58.221.95.50 - - [16/Jan/2020:08:46:19 +0800] "GET /xingrg/all/function/internal_message.html?_=1579135887503&CODE_STATE=getMsg HTTP/1.1" 302 -
58.221.95.50 - - [16/Jan/2020:08:46:19 +0800] "GET /xingrg/login.html HTTP/1.1" 200 7639
114.88.159.93 - - [16/Jan/2020:08:46:20 +0800] "GET /xingrg/all/function/internal_message.html?_=1579135585787&CODE_STATE=getMsg HTTP/1.1" 200 27
120.253.135.82 - - [16/Jan/2020:08:46:20 +0800] "GET /xingrg/all/function/internal_message.html?_=1579135317310&CODE_STATE=getMsg HTTP/1.1" 200 27
116.224.233.159 - - [16/Jan/2020:08:46:30 +0800] "GET /xingrg/all/function/internal_message.html?_=1579135743226&CODE_STATE=getMsg HTTP/1.1" 200 27
114.93.75.19 - - [16/Jan/2020:08:46:39 +0800] "GET /xingrg/all/function/internal_message.html?_=1579135595698&CODE_STATE=getMsg HTTP/1.1" 200 27
116.224.233.159 - - [16/Jan/2020:08:46:50 +0800] "GET /favicon.ico HTTP/1.1" 404 -
114.93.75.19 - - [16/Jan/2020:08:46:51 +0800] "GET /xingrg/check_reg.html?_=1579135607102 HTTP/1.1" 200 22
116.224.233.159 - - [16/Jan/2020:08:46:51 +0800] "GET /xingrg/login.html HTTP/1.1" 200 7639
116.224.233.159 - - [16/Jan/2020:08:46:51 +0800] "GET /favicon.ico HTTP/1.1" 404 -
116.224.233.159 - - [16/Jan/2020:08:46:54 +0800] "POST /xingrg/login.do HTTP/1.1" 302 -
116.224.233.159 - - [16/Jan/2020:08:46:54 +0800] "GET /xingrg/index.html?sysBaseUrl=http%3A%2F%2F117.131.15.22%3A18081%2Fxingrg%2F&costTime=35×tamp=1579135614081 HTTP/1.1" 200 17151
116.224.233.159 - - [16/Jan/2020:08:46:54 +0800] "GET /xingrg/javascript/jquery_easy_ui/themes/default/easyui.css HTTP/1.1" 304 -
116.224.233.159 - - [16/Jan/2020:08:46:54 +0800] "GET /xingrg/css/form.css HTTP/1.1" 304 -
116.224.233.159 - - [16/Jan/2020:08:46:54 +0800] "GET /xingrg/javascript/jquery_easy_ui/themes/icon.css HTTP/1.1" 304 -
116.224.233.159 - - [16/Jan/2020:08:46:54 +0800] "GET /xingrg/javascript/jquery.timers.js HTTP/1.1" 304 -
116.224.233.159 - - [16/Jan/2020:08:46:54 +0800] "GET /xingrg/javascript/jquery-1.4.2.min.js HTTP/1.1" 304 -
116.224.233.159 - - [16/Jan/2020:08:46:54 +0800] "GET /xingrg/javascript/jquery_easy_ui/jquery.easyui.min.js HTTP/1.1" 304 -
116.224.233.159 - - [16/Jan/2020:08:46:54 +0800] "GET /xingrg/javascript/jquery_easy_ui/easyui-lang-zh_CN.js HTTP/1.1" 304 -
116.224.233.159 - - [16/Jan/2020:08:46:54 +0800] "GET /xingrg/javascript/jquery.utils.js HTTP/1.1" 304 -
116.224.233.159 - - [16/Jan/2020:08:46:54 +0800] "GET /xingrg/javascript/jquery.form.js HTTP/1.1" 304 -
116.224.233.159 - - [16/Jan/2020:08:46:54 +0800] "POST /xingrg/all/common/load_tree.html?tree=area_rest_tree_json&manage=1 HTTP/1.1" 200 342
116.224.233.159 - - [16/Jan/2020:08:46:54 +0800] "GET /xingrg/all/function/internal_message.html?_=1579135767391&CODE_STATE=count HTTP/1.1" 200 11
116.224.233.159 - - [16/Jan/2020:08:46:54 +0800] "GET /xingrg/check_reg.html?_=1579135767392 HTTP/1.1" 200 22
116.224.233.159 - - [16/Jan/2020:08:46:54 +0800] "POST /xingrg/load_menu.html HTTP/1.1" 200 5124
116.224.233.159 - - [16/Jan/2020:08:46:54 +0800] "GET /favicon.ico HTTP/1.1" 404 -
124.77.241.94 - - [16/Jan/2020:08:46:57 +0800] "GET /xingrg/all/function/internal_message.html?_=1579135614274&CODE_STATE=getMsg HTTP/1.1" 200 27
114.88.170.138 - - [16/Jan/2020:08:46:59 +0800] "GET /xingrg/check_reg.html?_=1579135841831 HTTP/1.1" 200 22
114.88.170.138 - - [16/Jan/2020:08:46:59 +0800] "GET /xingrg/all/function/internal_message.html?_=1579135841833&CODE_STATE=getMsg HTTP/1.1" 200 27
172.17.2.150 - - [16/Jan/2020:08:47:01 +0800] "GET /xingrg/all/function/internal_message.html?_=1579135595183&CODE_STATE=getMsg HTTP/1.1" 200 27
58.221.95.50 - - [16/Jan/2020:08:47:18 +0800] "GET /xingrg/check_reg.html?_=1579135808438 HTTP/1.1" 302 -
58.221.95.50 - - [16/Jan/2020:08:47:19 +0800] "GET /xingrg/all/function/internal_message.html?_=1579135947487&CODE_STATE=getMsg HTTP/1.1" 302 -
58.221.95.50 - - [16/Jan/2020:08:47:19 +0800] "GET /xingrg/login.html HTTP/1.1" 200 7639
114.88.159.93 - - [16/Jan/2020:08:47:20 +0800] "GET /xingrg/all/function/internal_message.html?_=1579135645785&CODE_STATE=getMsg HTTP/1.1" 200 27
120.253.135.82 - - [16/Jan/2020:08:47:20 +0800] "GET /xingrg/all/function/internal_message.html?_=1579135377417&CODE_STATE=getMsg HTTP/1.1" 200 27
114.93.75.19 - - [16/Jan/2020:08:47:39 +0800] "GET /xingrg/all/function/internal_message.html?_=1579135655674&CODE_STATE=getMsg HTTP/1.1" 200 27
124.77.241.94 - - [16/Jan/2020:08:47:53 +0800] "GET /xingrg/check_reg.html?_=1579135670440 HTTP/1.1" 200 22
116.224.233.159 - - [16/Jan/2020:08:47:54 +0800] "GET /xingrg/all/function/internal_message.html?_=1579135827405&CODE_STATE=getMsg HTTP/1.1" 200 27
124.77.241.94 - - [16/Jan/2020:08:47:57 +0800] "GET /xingrg/all/function/internal_message.html?_=1579135674275&CODE_STATE=getMsg HTTP/1.1" 200 27
114.88.170.138 - - [16/Jan/2020:08:47:59 +0800] "GET /xingrg/all/function/internal_message.html?_=1579135901819&CODE_STATE=getMsg HTTP/1.1" 200 27
172.17.2.150 - - [16/Jan/2020:08:48:01 +0800] "GET /xingrg/all/function/internal_message.html?_=1579135655185&CODE_STATE=getMsg HTTP/1.1" 200 27
58.221.95.50 - - [16/Jan/2020:08:48:19 +0800] "GET /xingrg/check_reg.html?_=1579136007497 HTTP/1.1" 302 -
58.221.95.50 - - [16/Jan/2020:08:48:19 +0800] "GET /xingrg/all/function/internal_message.html?_=1579136007499&CODE_STATE=getMsg HTTP/1.1" 302 -
58.221.95.50 - - [16/Jan/2020:08:48:20 +0800] "GET /xingrg/login.html HTTP/1.1" 200 7639
114.88.159.93 - - [16/Jan/2020:08:48:20 +0800] "GET /xingrg/all/function/internal_message.html?_=1579135705800&CODE_STATE=getMsg HTTP/1.1" 200 27
58.221.95.50 - - [16/Jan/2020:08:48:20 +0800] "GET /xingrg/login.html HTTP/1.1" 200 7639
120.253.135.82 - - [16/Jan/2020:08:48:20 +0800] "GET /xingrg/all/function/internal_message.html?_=1579135437431&CODE_STATE=getMsg HTTP/1.1" 200 27
116.238.35.243 - - [16/Jan/2020:08:48:30 +0800] "GET /xingrg/index.html?timestamp=1551521350387&sysBaseUrl=http%3A%2F%2F117.131.15.22%3A18081%2Fxingrg%2F&costTime=13 HTTP/1.1" 302 -
116.238.35.243 - - [16/Jan/2020:08:48:30 +0800] "GET /xingrg/login.html HTTP/1.1" 200 7639
116.238.35.243 - - [16/Jan/2020:08:48:31 +0800] "GET /favicon.ico HTTP/1.1" 404 -
116.238.35.243 - - [16/Jan/2020:08:48:33 +0800] "POST /xingrg/login.do HTTP/1.1" 302 -
116.238.35.243 - - [16/Jan/2020:08:48:33 +0800] "GET /xingrg/index.html?sysBaseUrl=http%3A%2F%2F117.131.15.22%3A18081%2Fxingrg%2F&costTime=39×tamp=1579135713171 HTTP/1.1" 200 17151
116.238.35.243 - - [16/Jan/2020:08:48:33 +0800] "GET /favicon.ico HTTP/1.1" 404 -
116.238.35.243 - - [16/Jan/2020:08:48:33 +0800] "POST /xingrg/all/common/load_tree.html?tree=area_rest_tree_json&manage=1 HTTP/1.1" 200 3079
116.238.35.243 - - [16/Jan/2020:08:48:33 +0800] "GET /xingrg/all/function/internal_message.html?_=1579135714694&CODE_STATE=count HTTP/1.1" 200 11
116.238.35.243 - - [16/Jan/2020:08:48:33 +0800] "GET /xingrg/check_reg.html?_=1579135714695 HTTP/1.1" 200 22
116.238.35.243 - - [16/Jan/2020:08:48:33 +0800] "POST /xingrg/load_menu.html HTTP/1.1" 200 5124
116.238.35.243 - - [16/Jan/2020:08:48:39 +0800] "GET /xingrg/kc/buy/cgsh_order_list.html HTTP/1.1" 200 41847
114.93.75.19 - - [16/Jan/2020:08:48:39 +0800] "GET /xingrg/all/function/internal_message.html?_=1579135715653&CODE_STATE=getMsg HTTP/1.1" 200 27
116.238.35.243 - - [16/Jan/2020:08:48:39 +0800] "POST /xingrg/kc/buy/cgsh_list_operate.html HTTP/1.1" 200 876
116.224.233.159 - - [16/Jan/2020:08:48:54 +0800] "GET /xingrg/all/function/internal_message.html?_=1579135887418&CODE_STATE=getMsg HTTP/1.1" 200 27
124.77.241.94 - - [16/Jan/2020:08:48:57 +0800] "GET /xingrg/all/function/internal_message.html?_=1579135734289&CODE_STATE=getMsg HTTP/1.1" 200 27
114.88.170.138 - - [16/Jan/2020:08:48:59 +0800] "GET /xingrg/all/function/internal_message.html?_=1579135961819&CODE_STATE=getMsg HTTP/1.1" 200 27
172.17.2.150 - - [16/Jan/2020:08:49:01 +0800] "GET /xingrg/all/function/internal_message.html?_=1579135715184&CODE_STATE=getMsg HTTP/1.1" 200 27
120.253.135.82 - - [16/Jan/2020:08:49:19 +0800] "GET /xingrg/check_reg.html?_=1579135495822 HTTP/1.1" 200 22
58.221.95.50 - - [16/Jan/2020:08:49:19 +0800] "GET /xingrg/all/function/internal_message.html?_=1579136067493&CODE_STATE=getMsg HTTP/1.1" 302 -
58.221.95.50 - - [16/Jan/2020:08:49:19 +0800] "GET /xingrg/login.html HTTP/1.1" 200 7639
114.88.159.93 - - [16/Jan/2020:08:49:20 +0800] "GET /xingrg/check_reg.html?_=1579135765799 HTTP/1.1" 200 22
114.88.159.93 - - [16/Jan/2020:08:49:20 +0800] "GET /xingrg/all/function/internal_message.html?_=1579135765801&CODE_STATE=getMsg HTTP/1.1" 200 27
120.253.135.82 - - [16/Jan/2020:08:49:20 +0800] "GET /xingrg/all/function/internal_message.html?_=1579135497444&CODE_STATE=getMsg HTTP/1.1" 200 27
116.238.35.243 - - [16/Jan/2020:08:49:33 +0800] "GET /xingrg/all/function/internal_message.html?_=1579135774713&CODE_STATE=getMsg HTTP/1.1" 200 27
114.93.75.19 - - [16/Jan/2020:08:49:39 +0800] "GET /xingrg/all/function/internal_message.html?_=1579135775655&CODE_STATE=getMsg HTTP/1.1" 200 27
116.224.233.159 - - [16/Jan/2020:08:49:54 +0800] "GET /xingrg/all/function/internal_message.html?_=1579135947434&CODE_STATE=getMsg HTTP/1.1" 200 27
124.77.241.94 - - [16/Jan/2020:08:49:57 +0800] "GET /xingrg/all/function/internal_message.html?_=1579135794466&CODE_STATE=getMsg HTTP/1.1" 200 27
114.88.170.138 - - [16/Jan/2020:08:49:59 +0800] "GET /xingrg/all/function/internal_message.html?_=1579136021819&CODE_STATE=getMsg HTTP/1.1" 200 27
172.17.2.150 - - [16/Jan/2020:08:50:01 +0800] "GET /xingrg/all/function/internal_message.html?_=1579135775191&CODE_STATE=getMsg HTTP/1.1" 200 27
180.157.252.250 - - [16/Jan/2020:08:50:14 +0800] "GET /xingrg/check_reg.html?_=1579135801501 HTTP/1.1" 302 -
116.238.35.243 - - [16/Jan/2020:08:50:18 +0800] "GET /xingrg/kc/buy/cgsh_order_add.html HTTP/1.1" 200 57455
116.238.35.243 - - [16/Jan/2020:08:50:18 +0800] "GET /xingrg/words/20200116072130_words.js HTTP/1.1" 200 713794
116.238.35.243 - - [16/Jan/2020:08:50:18 +0800] "POST /xingrg/kc/buy/cgsh_order_operate.html HTTP/1.1" 200 8245
116.238.35.243 - - [16/Jan/2020:08:50:18 +0800] "GET /xingrg/all/common/auto_word.html?type=employee&rest_code=00105 HTTP/1.1" 200 193
116.238.35.243 - - [16/Jan/2020:08:50:18 +0800] "GET /xingrg/all/common/auto_word.html?type=employee&rest_code=00105 HTTP/1.1" 200 193
116.238.35.243 - - [16/Jan/2020:08:50:18 +0800] "GET /xingrg/javascript/easyui/themes/default/validatebox.css HTTP/1.1" 404 1104
58.221.95.50 - - [16/Jan/2020:08:50:19 +0800] "GET /xingrg/all/function/internal_message.html?_=1579136127518&CODE_STATE=getMsg HTTP/1.1" 302 -
116.238.35.243 - - [16/Jan/2020:08:50:19 +0800] "GET /xingrg/javascript/easyui/themes/default/tree.css HTTP/1.1" 404 1090
58.221.95.50 - - [16/Jan/2020:08:50:19 +0800] "GET /xingrg/login.html HTTP/1.1" 200 7639
116.238.35.243 - - [16/Jan/2020:08:50:19 +0800] "POST /xingrg/all/common/load_tree.html?tree=supplier_tree_json&isDelete=1 HTTP/1.1" 200 46062
114.88.159.93 - - [16/Jan/2020:08:50:20 +0800] "GET /xingrg/all/function/internal_message.html?_=1579135825800&CODE_STATE=getMsg HTTP/1.1" 200 27
120.253.135.82 - - [16/Jan/2020:08:50:20 +0800] "GET /xingrg/all/function/internal_message.html?_=1579135557458&CODE_STATE=getMsg HTTP/1.1" 200 27
116.238.35.243 - - [16/Jan/2020:08:50:23 +0800] "GET /xingrg/javascript/auto/indicator.gif HTTP/1.1" 404 1066
116.238.35.243 - - [16/Jan/2020:08:50:34 +0800] "GET /xingrg/all/function/internal_message.html?_=1579135834748&CODE_STATE=getMsg HTTP/1.1" 200 27
116.238.35.243 - - [16/Jan/2020:08:50:37 +0800] "GET /xingrg/kc/buy/cgsh_order_operate.html?command=get_materiel&rest_code=00105&code=00101012026&supplier_code=00100034&order_time=2020-01-16 HTTP/1.1" 200 408
114.93.75.19 - - [16/Jan/2020:08:50:39 +0800] "GET /xingrg/all/function/internal_message.html?_=1579135835629&CODE_STATE=getMsg HTTP/1.1" 200 27
180.157.252.250 - - [16/Jan/2020:08:50:45 +0800] "GET /xingrg/check_reg.html?_=1579135832591 HTTP/1.1" 302 -
116.238.35.243 - - [16/Jan/2020:08:50:53 +0800] "GET /xingrg/kc/buy/cgsh_order_operate.html?command=get_materiel&rest_code=00105&code=00101012051&supplier_code=00100034&order_time=2020-01-16 HTTP/1.1" 200 408
116.224.233.159 - - [16/Jan/2020:08:50:54 +0800] "GET /xingrg/all/function/internal_message.html?_=1579136007444&CODE_STATE=getMsg HTTP/1.1" 200 27
124.77.241.94 - - [16/Jan/2020:08:50:57 +0800] "GET /xingrg/all/function/internal_message.html?_=1579135854472&CODE_STATE=getMsg HTTP/1.1" 200 27
114.88.170.138 - - [16/Jan/2020:08:50:59 +0800] "GET /xingrg/all/function/internal_message.html?_=1579136081819&CODE_STATE=getMsg HTTP/1.1" 200 27
172.17.2.150 - - [16/Jan/2020:08:51:01 +0800] "GET /xingrg/all/function/internal_message.html?_=1579135835192&CODE_STATE=getMsg HTTP/1.1" 200 27
172.17.2.150 - - [16/Jan/2020:08:51:01 +0800] "GET /xingrg/check_reg.html?_=1579135835194 HTTP/1.1" 200 22
58.221.95.50 - - [16/Jan/2020:08:51:19 +0800] "GET /xingrg/all/function/internal_message.html?_=1579136187489&CODE_STATE=getMsg HTTP/1.1" 302 -
58.221.95.50 - - [16/Jan/2020:08:51:19 +0800] "GET /xingrg/login.html HTTP/1.1" 200 7639
114.88.159.93 - - [16/Jan/2020:08:51:20 +0800] "GET /xingrg/all/function/internal_message.html?_=1579135885825&CODE_STATE=getMsg HTTP/1.1" 200 27
120.253.135.82 - - [16/Jan/2020:08:51:20 +0800] "GET /xingrg/all/function/internal_message.html?_=1579135617472&CODE_STATE=getMsg HTTP/1.1" 200 27
116.238.35.243 - - [16/Jan/2020:08:51:27 +0800] "GET /xingrg/kc/buy/cgsh_order_operate.html?command=get_materiel&rest_code=00105&code=00101016100&supplier_code=00100034&order_time=2020-01-16 HTTP/1.1" 200 412
116.238.35.243 - - [16/Jan/2020:08:51:33 +0800] "GET /xingrg/all/function/internal_message.html?_=1579135894716&CODE_STATE=getMsg HTTP/1.1" 200 27
114.93.75.19 - - [16/Jan/2020:08:51:39 +0800] "GET /xingrg/all/function/internal_message.html?_=1579135895606&CODE_STATE=getMsg HTTP/1.1" 200 27
114.93.75.19 - - [16/Jan/2020:08:51:51 +0800] "GET /xingrg/check_reg.html?_=1579135907128 HTTP/1.1" 200 22
116.238.35.243 - - [16/Jan/2020:08:51:52 +0800] "GET /xingrg/kc/buy/cgsh_order_operate.html?command=get_materiel&rest_code=00105&code=00101020153&supplier_code=00100034&order_time=2020-01-16 HTTP/1.1" 200 408
116.224.233.159 - - [16/Jan/2020:08:51:54 +0800] "GET /xingrg/check_reg.html?_=1579136067398 HTTP/1.1" 200 22
116.224.233.159 - - [16/Jan/2020:08:51:54 +0800] "GET /xingrg/all/function/internal_message.html?_=1579136067459&CODE_STATE=getMsg HTTP/1.1" 200 27
124.77.241.94 - - [16/Jan/2020:08:51:57 +0800] "GET /xingrg/all/function/internal_message.html?_=1579135914643&CODE_STATE=getMsg HTTP/1.1" 200 27
222.69.138.237 - - [16/Jan/2020:08:51:59 +0800] "POST /xingrg/services/DataTransmitService HTTP/1.1" 200 524
114.88.170.138 - - [16/Jan/2020:08:51:59 +0800] "GET /xingrg/check_reg.html?_=1579136141822 HTTP/1.1" 200 22
114.88.170.138 - - [16/Jan/2020:08:51:59 +0800] "GET /xingrg/all/function/internal_message.html?_=1579136141819&CODE_STATE=getMsg HTTP/1.1" 200 27
172.17.2.150 - - [16/Jan/2020:08:52:01 +0800] "GET /xingrg/all/function/internal_message.html?_=1579135895191&CODE_STATE=getMsg HTTP/1.1" 200 27
116.238.35.243 - - [16/Jan/2020:08:52:07 +0800] "GET /xingrg/kc/buy/cgsh_order_operate.html?command=get_materiel&rest_code=00105&code=00101012025&supplier_code=00100034&order_time=2020-01-16 HTTP/1.1" 200 412
58.221.95.50 - - [16/Jan/2020:08:52:18 +0800] "GET /xingrg/check_reg.html?_=1579136108407 HTTP/1.1" 302 -
116.238.35.243 - - [16/Jan/2020:08:52:18 +0800] "GET /xingrg/kc/buy/cgsh_order_operate.html?command=get_materiel&rest_code=00105&code=00101016071&supplier_code=00100034&order_time=2020-01-16 HTTP/1.1" 200 416
58.221.95.50 - - [16/Jan/2020:08:52:19 +0800] "GET /xingrg/all/function/internal_message.html?_=1579136247516&CODE_STATE=getMsg HTTP/1.1" 302 -
58.221.95.50 - - [16/Jan/2020:08:52:19 +0800] "GET /xingrg/login.html HTTP/1.1" 200 7639
114.88.159.93 - - [16/Jan/2020:08:52:20 +0800] "GET /xingrg/all/function/internal_message.html?_=1579135945823&CODE_STATE=getMsg HTTP/1.1" 200 27
120.253.135.82 - - [16/Jan/2020:08:52:21 +0800] "GET /xingrg/all/function/internal_message.html?_=1579135677567&CODE_STATE=getMsg HTTP/1.1" 200 27
116.238.35.243 - - [16/Jan/2020:08:52:29 +0800] "GET /xingrg/kc/buy/cgsh_order_operate.html?command=get_materiel&rest_code=00105&code=00101020089&supplier_code=00100034&order_time=2020-01-16 HTTP/1.1" 200 412
116.238.35.243 - - [16/Jan/2020:08:52:34 +0800] "GET /xingrg/all/function/internal_message.html?_=1579135954743&CODE_STATE=getMsg HTTP/1.1" 200 27
116.238.35.243 - - [16/Jan/2020:08:52:37 +0800] "GET /xingrg/kc/buy/cgsh_order_operate.html?command=get_materiel&rest_code=00105&code=00101016017&supplier_code=00100034&order_time=2020-01-16 HTTP/1.1" 200 408
114.93.75.19 - - [16/Jan/2020:08:52:39 +0800] "GET /xingrg/all/function/internal_message.html?_=1579135955579&CODE_STATE=getMsg HTTP/1.1" 200 27
116.238.35.243 - - [16/Jan/2020:08:52:46 +0800] "GET /xingrg/kc/buy/cgsh_order_operate.html?command=get_materiel&rest_code=00105&code=00101012010&supplier_code=00100034&order_time=2020-01-16 HTTP/1.1" 200 409
116.228.172.94 - - [16/Jan/2020:08:52:52 +0800] "GET /xingrg/index.html?sysBaseUrl=http%3A%2F%2F117.131.15.22%3A18081%2Fxingrg%2F&costTime=10×tamp=1570860225636 HTTP/1.1" 302 -
116.228.172.94 - - [16/Jan/2020:08:52:52 +0800] "GET /xingrg/login.html HTTP/1.1" 200 7639
124.77.241.94 - - [16/Jan/2020:08:52:53 +0800] "GET /xingrg/check_reg.html?_=1579135970447 HTTP/1.1" 200 22
116.224.233.159 - - [16/Jan/2020:08:52:54 +0800] "GET /xingrg/all/function/internal_message.html?_=1579136127471&CODE_STATE=getMsg HTTP/1.1" 200 27
116.228.172.94 - - [16/Jan/2020:08:52:54 +0800] "GET /favicon.ico HTTP/1.1" 404 -
116.228.172.94 - - [16/Jan/2020:08:52:54 +0800] "GET /xingrg/images/blue/jxLogo.png HTTP/1.1" 304 -
116.238.35.243 - - [16/Jan/2020:08:52:57 +0800] "POST /xingrg/kc/buy/cgsh_order_operate.html HTTP/1.1" 200 37
124.77.241.94 - - [16/Jan/2020:08:52:57 +0800] "GET /xingrg/all/function/internal_message.html?_=1579135974655&CODE_STATE=getMsg HTTP/1.1" 200 27
116.238.35.243 - - [16/Jan/2020:08:52:58 +0800] "POST /xingrg/kc/buy/cgsh_order_operate.html HTTP/1.1" 200 7369
116.228.172.94 - - [16/Jan/2020:08:52:59 +0800] "POST /xingrg/login.do HTTP/1.1" 302 -
116.238.35.243 - - [16/Jan/2020:08:52:59 +0800] "GET /xingrg/kc/print/load_config.html?kc_code=cgsh HTTP/1.1" 200 1841
116.228.172.94 - - [16/Jan/2020:08:52:59 +0800] "GET /xingrg/index.html?sysBaseUrl=http%3A%2F%2F117.131.15.22%3A18081%2Fxingrg%2F&costTime=34×tamp=1579135979416 HTTP/1.1" 200 17151
116.228.172.94 - - [16/Jan/2020:08:52:59 +0800] "GET /xingrg/javascript/jquery_easy_ui/themes/default/easyui.css HTTP/1.1" 304 -
116.228.172.94 - - [16/Jan/2020:08:52:59 +0800] "GET /xingrg/javascript/jquery_easy_ui/themes/icon.css HTTP/1.1" 304 -
116.228.172.94 - - [16/Jan/2020:08:52:59 +0800] "GET /xingrg/css/form.css HTTP/1.1" 304 -
116.228.172.94 - - [16/Jan/2020:08:52:59 +0800] "GET /xingrg/javascript/jquery-1.4.2.min.js HTTP/1.1" 304 -
116.228.172.94 - - [16/Jan/2020:08:52:59 +0800] "GET /xingrg/javascript/jquery_easy_ui/jquery.easyui.min.js HTTP/1.1" 304 -
116.228.172.94 - - [16/Jan/2020:08:52:59 +0800] "GET /xingrg/javascript/jquery_easy_ui/easyui-lang-zh_CN.js HTTP/1.1" 304 -
116.228.172.94 - - [16/Jan/2020:08:52:59 +0800] "GET /xingrg/javascript/jquery.form.js HTTP/1.1" 304 -
116.228.172.94 - - [16/Jan/2020:08:52:59 +0800] "GET /xingrg/javascript/jquery.timers.js HTTP/1.1" 304 -
116.228.172.94 - - [16/Jan/2020:08:52:59 +0800] "GET /xingrg/javascript/jquery.utils.js HTTP/1.1" 304 -
116.238.35.243 - - [16/Jan/2020:08:52:59 +0800] "GET /xingrg/kc/print/load_data.html?order_code=212020011608294&kc_code=cgsh&condition= HTTP/1.1" 200 2493
116.228.172.94 - - [16/Jan/2020:08:52:59 +0800] "GET /favicon.ico HTTP/1.1" 404 -
114.88.170.138 - - [16/Jan/2020:08:52:59 +0800] "GET /xingrg/all/function/internal_message.html?_=1579136201821&CODE_STATE=getMsg HTTP/1.1" 200 27
116.228.172.94 - - [16/Jan/2020:08:52:59 +0800] "GET /xingrg/images/blue/navBackgound.jpg HTTP/1.1" 304 -
116.228.172.94 - - [16/Jan/2020:08:52:59 +0800] "GET /xingrg/javascript/jquery_easy_ui/themes/icons/settle_new.png HTTP/1.1" 304 -
