117.184.7.26 - - [16/Jan/2020:10:14:30 +0800] "GET /xingrg/all/function/internal_message.html?_=1579140856470&CODE_STATE=getMsg HTTP/1.1" 200 27
116.224.233.159 - - [16/Jan/2020:10:14:36 +0800] "GET /xingrg/kc/buy/cgsh_order_operate.html?command=get_materiel&rest_code=00102&code=00101006019&supplier_code=00100011&order_time=2020-01-16 HTTP/1.1" 200 417
114.93.75.19 - - [16/Jan/2020:10:14:38 +0800] "GET /xingrg/all/function/internal_message.html?_=1579140873962&CODE_STATE=getMsg HTTP/1.1" 200 27
180.162.232.172 - - [16/Jan/2020:10:14:38 +0800] "GET /xingrg/check_reg.html?_=1579140987514 HTTP/1.1" 200 22
180.162.232.172 - - [16/Jan/2020:10:14:39 +0800] "GET /xingrg/all/function/internal_message.html?_=1579140987639&CODE_STATE=getMsg HTTP/1.1" 200 27
222.69.138.237 - - [16/Jan/2020:10:14:40 +0800] "GET /xingrg/all/function/internal_message.html?_=1579140873849&CODE_STATE=getMsg HTTP/1.1" 200 27
116.224.233.159 - - [16/Jan/2020:10:14:41 +0800] "GET /xingrg/kc/buy/cgsh_order_operate.html?command=get_materiel&rest_code=00102&code=00101006133&supplier_code=00100011&order_time=2020-01-16 HTTP/1.1" 200 413
114.93.75.19 - - [16/Jan/2020:10:14:46 +0800] "GET /favicon.ico HTTP/1.1" 404 -
116.228.172.94 - - [16/Jan/2020:10:14:52 +0800] "GET /xingrg/all/function/internal_message.html?_=1579140273296&CODE_STATE=getMsg HTTP/1.1" 200 27
116.224.233.159 - - [16/Jan/2020:10:14:53 +0800] "GET /xingrg/kc/buy/cgsh_order_operate.html?command=get_materiel&rest_code=00102&code=00101006039&supplier_code=00100011&order_time=2020-01-16 HTTP/1.1" 200 413
116.233.72.195 - - [16/Jan/2020:10:14:55 +0800] "GET /xingrg/all/function/internal_message.html?_=1579140898192&CODE_STATE=getMsg HTTP/1.1" 200 27
101.81.125.204 - - [16/Jan/2020:10:14:56 +0800] "GET /xingrg/all/function/internal_message.html?_=1579140893162&CODE_STATE=getMsg HTTP/1.1" 200 27
114.88.170.138 - - [16/Jan/2020:10:15:00 +0800] "GET /xingrg/all/function/internal_message.html?_=1579141122108&CODE_STATE=getMsg HTTP/1.1" 200 27
116.224.233.159 - - [16/Jan/2020:10:15:00 +0800] "GET /xingrg/kc/buy/cgsh_order_operate.html?command=get_materiel&rest_code=00102&code=00101006110&supplier_code=00100011&order_time=2020-01-16 HTTP/1.1" 200 408
124.77.241.94 - - [16/Jan/2020:10:15:03 +0800] "GET /xingrg/all/function/internal_message.html?_=1579140900661&CODE_STATE=getMsg HTTP/1.1" 200 27
180.162.232.172 - - [16/Jan/2020:10:15:05 +0800] "POST /xingrg/dwr/call/plaincall/AjaxQqpsService.saveMaterielItem.dwr HTTP/1.1" 200 79
114.93.75.19 - - [16/Jan/2020:10:15:06 +0800] "GET /xingrg/all/function/internal_message.html?_=1579140813767&CODE_STATE=getMsg HTTP/1.1" 200 27
58.40.7.146 - - [16/Jan/2020:10:15:07 +0800] "GET /xingrg/all/function/internal_message.html?_=1579140903963&CODE_STATE=getMsg HTTP/1.1" 200 27
116.224.233.159 - - [16/Jan/2020:10:15:12 +0800] "GET /xingrg/kc/buy/cgsh_order_operate.html?command=get_materiel&rest_code=00102&code=00101006166&supplier_code=00100011&order_time=2020-01-16 HTTP/1.1" 200 423
180.157.252.250 - - [16/Jan/2020:10:15:14 +0800] "GET /xingrg/check_reg.html?_=1579140901316 HTTP/1.1" 302 -
116.238.181.252 - - [16/Jan/2020:10:15:14 +0800] "GET /xingrg/all/function/internal_message.html?_=1579140912063&CODE_STATE=getMsg HTTP/1.1" 200 27
180.162.232.172 - - [16/Jan/2020:10:15:16 +0800] "POST /xingrg/dwr/call/plaincall/AjaxQqpsService.getMaterielByCode.dwr HTTP/1.1" 200 3468
124.77.241.94 - - [16/Jan/2020:10:15:16 +0800] "GET /xingrg/check_reg.html?_=1579140911192 HTTP/1.1" 200 22
180.162.232.172 - - [16/Jan/2020:10:15:17 +0800] "POST /xingrg/dwr/call/plaincall/AjaxQqpsService.saveMaterielItem.dwr HTTP/1.1" 200 79
124.77.241.94 - - [16/Jan/2020:10:15:19 +0800] "GET /xingrg/all/function/internal_message.html?_=1579140913373&CODE_STATE=getMsg HTTP/1.1" 200 27
58.221.95.50 - - [16/Jan/2020:10:15:19 +0800] "GET /xingrg/all/function/internal_message.html?_=1579141227635&CODE_STATE=getMsg HTTP/1.1" 302 -
58.221.95.50 - - [16/Jan/2020:10:15:19 +0800] "GET /xingrg/login.html HTTP/1.1" 200 7639
114.88.159.93 - - [16/Jan/2020:10:15:20 +0800] "GET /xingrg/all/function/internal_message.html?_=1579140925865&CODE_STATE=getMsg HTTP/1.1" 200 27
180.162.232.172 - - [16/Jan/2020:10:15:21 +0800] "POST /xingrg/dwr/call/plaincall/AjaxQqpsService.getMaterielByCode.dwr HTTP/1.1" 200 3478
117.185.32.26 - - [16/Jan/2020:10:15:22 +0800] "GET /xingrg/all/function/internal_message.html?_=1579141293550&CODE_STATE=getMsg HTTP/1.1" 200 27
120.253.135.82 - - [16/Jan/2020:10:15:23 +0800] "GET /xingrg/all/function/internal_message.html?_=1579140660001&CODE_STATE=getMsg HTTP/1.1" 200 27
116.238.35.243 - - [16/Jan/2020:10:15:25 +0800] "GET /xingrg/all/function/internal_message.html?_=1579140926307&CODE_STATE=getMsg HTTP/1.1" 200 27
117.184.7.26 - - [16/Jan/2020:10:15:30 +0800] "GET /xingrg/all/function/internal_message.html?_=1579140916483&CODE_STATE=getMsg HTTP/1.1" 200 27
114.93.75.19 - - [16/Jan/2020:10:15:38 +0800] "GET /xingrg/all/function/internal_message.html?_=1579140933933&CODE_STATE=getMsg HTTP/1.1" 200 27
180.162.232.172 - - [16/Jan/2020:10:15:39 +0800] "GET /xingrg/all/function/internal_message.html?_=1579141047653&CODE_STATE=getMsg HTTP/1.1" 200 27
222.69.138.237 - - [16/Jan/2020:10:15:40 +0800] "GET /xingrg/check_reg.html?_=1579140933834 HTTP/1.1" 200 22
222.69.138.237 - - [16/Jan/2020:10:15:40 +0800] "GET /xingrg/all/function/internal_message.html?_=1579140933837&CODE_STATE=getMsg HTTP/1.1" 200 27
116.224.233.159 - - [16/Jan/2020:10:15:41 +0800] "GET /xingrg/kc/buy/cgsh_order_operate.html?command=get_materiel&rest_code=00102&code=00101006052&supplier_code=00100011&order_time=2020-01-16 HTTP/1.1" 200 409
180.162.232.172 - - [16/Jan/2020:10:15:42 +0800] "POST /xingrg/dwr/call/plaincall/AjaxQqpsService.saveMaterielItem.dwr HTTP/1.1" 200 79
180.157.252.250 - - [16/Jan/2020:10:15:45 +0800] "GET /xingrg/check_reg.html?_=1579140932390 HTTP/1.1" 302 -
180.162.232.172 - - [16/Jan/2020:10:15:50 +0800] "POST /xingrg/dwr/call/plaincall/AjaxQqpsService.getMaterielByCode.dwr HTTP/1.1" 200 3492
180.162.232.172 - - [16/Jan/2020:10:15:51 +0800] "POST /xingrg/dwr/call/plaincall/AjaxQqpsService.saveMaterielItem.dwr HTTP/1.1" 200 79
116.228.172.94 - - [16/Jan/2020:10:15:52 +0800] "GET /xingrg/all/function/internal_message.html?_=1579140333313&CODE_STATE=getMsg HTTP/1.1" 200 27
116.233.72.195 - - [16/Jan/2020:10:15:53 +0800] "GET /xingrg/check_reg.html?_=1579140958190 HTTP/1.1" 200 22
116.233.72.195 - - [16/Jan/2020:10:15:53 +0800] "GET /xingrg/all/function/internal_message.html?_=1579140958190&CODE_STATE=getMsg HTTP/1.1" 200 27
101.81.125.204 - - [16/Jan/2020:10:15:56 +0800] "GET /xingrg/check_reg.html?_=1579140953171 HTTP/1.1" 200 22
101.81.125.204 - - [16/Jan/2020:10:15:56 +0800] "GET /xingrg/all/function/internal_message.html?_=1579140953173&CODE_STATE=getMsg HTTP/1.1" 200 27
114.88.170.138 - - [16/Jan/2020:10:16:00 +0800] "GET /xingrg/all/function/internal_message.html?_=1579141182087&CODE_STATE=getMsg HTTP/1.1" 200 27
124.77.241.94 - - [16/Jan/2020:10:16:03 +0800] "GET /xingrg/all/function/internal_message.html?_=1579140960665&CODE_STATE=getMsg HTTP/1.1" 200 27
180.162.232.172 - - [16/Jan/2020:10:16:05 +0800] "POST /xingrg/dwr/call/plaincall/AjaxQqpsService.getMaterielByCode.dwr HTTP/1.1" 200 3473
116.224.233.159 - - [16/Jan/2020:10:16:06 +0800] "POST /xingrg/kc/buy/cgsh_order_operate.html HTTP/1.1" 200 37
114.93.75.19 - - [16/Jan/2020:10:16:06 +0800] "GET /xingrg/check_reg.html?_=1579140873795 HTTP/1.1" 200 22
114.93.75.19 - - [16/Jan/2020:10:16:06 +0800] "GET /xingrg/all/function/internal_message.html?_=1579140873796&CODE_STATE=getMsg HTTP/1.1" 200 27
58.40.7.146 - - [16/Jan/2020:10:16:07 +0800] "GET /xingrg/all/function/internal_message.html?_=1579140963967&CODE_STATE=getMsg HTTP/1.1" 200 27
116.224.233.159 - - [16/Jan/2020:10:16:08 +0800] "POST /xingrg/kc/buy/cgsh_order_operate.html HTTP/1.1" 200 12
116.224.233.159 - - [16/Jan/2020:10:16:08 +0800] "GET /xingrg/kc/buy/cgsh_order_info.html?code=212020011608332 HTTP/1.1" 200 52270
116.224.233.159 - - [16/Jan/2020:10:16:09 +0800] "GET /xingrg/javascript/easyui/themes/default/validatebox.css HTTP/1.1" 404 1104
116.224.233.159 - - [16/Jan/2020:10:16:10 +0800] "POST /xingrg/kc/buy/cgsh_order_operate.html HTTP/1.1" 200 6604
116.224.233.159 - - [16/Jan/2020:10:16:11 +0800] "GET /xingrg/kc/print/load_data.html?order_code=212020011608332&kc_code=cgsh&condition= HTTP/1.1" 200 3093
116.238.181.252 - - [16/Jan/2020:10:16:14 +0800] "GET /xingrg/all/function/internal_message.html?_=1579140972060&CODE_STATE=getMsg HTTP/1.1" 200 27
124.77.241.94 - - [16/Jan/2020:10:16:19 +0800] "GET /xingrg/all/function/internal_message.html?_=1579140973388&CODE_STATE=getMsg HTTP/1.1" 200 27
58.221.95.50 - - [16/Jan/2020:10:16:19 +0800] "GET /xingrg/all/function/internal_message.html?_=1579141287652&CODE_STATE=getMsg HTTP/1.1" 302 -
116.224.233.159 - - [16/Jan/2020:10:16:19 +0800] "GET /xingrg/kc/buy/cgsh_order_add.html HTTP/1.1" 200 57361
58.221.95.50 - - [16/Jan/2020:10:16:19 +0800] "GET /xingrg/login.html HTTP/1.1" 200 7639
180.162.232.172 - - [16/Jan/2020:10:16:20 +0800] "POST /xingrg/dwr/call/plaincall/AjaxQqpsService.saveMaterielItem.dwr HTTP/1.1" 200 79
114.88.159.93 - - [16/Jan/2020:10:16:20 +0800] "GET /xingrg/all/function/internal_message.html?_=1579140985864&CODE_STATE=getMsg HTTP/1.1" 200 27
116.224.233.159 - - [16/Jan/2020:10:16:20 +0800] "POST /xingrg/kc/buy/cgsh_order_operate.html HTTP/1.1" 200 8245
116.224.233.159 - - [16/Jan/2020:10:16:20 +0800] "GET /xingrg/javascript/easyui/themes/default/validatebox.css HTTP/1.1" 404 1104
117.185.32.26 - - [16/Jan/2020:10:16:22 +0800] "GET /xingrg/all/function/internal_message.html?_=1579141353549&CODE_STATE=getMsg HTTP/1.1" 200 27
117.185.32.26 - - [16/Jan/2020:10:16:22 +0800] "GET /xingrg/check_reg.html?_=1579141353550 HTTP/1.1" 200 22
120.253.135.82 - - [16/Jan/2020:10:16:23 +0800] "GET /xingrg/all/function/internal_message.html?_=1579140720014&CODE_STATE=getMsg HTTP/1.1" 200 27
180.162.232.172 - - [16/Jan/2020:10:16:23 +0800] "POST /xingrg/dwr/call/plaincall/AjaxQqpsService.getMaterielByCode.dwr HTTP/1.1" 200 3491
116.238.35.243 - - [16/Jan/2020:10:16:25 +0800] "GET /xingrg/check_reg.html?_=1579140986304 HTTP/1.1" 200 22
116.238.35.243 - - [16/Jan/2020:10:16:25 +0800] "GET /xingrg/all/function/internal_message.html?_=1579140986307&CODE_STATE=getMsg HTTP/1.1" 200 27
180.162.232.172 - - [16/Jan/2020:10:16:27 +0800] "POST /xingrg/dwr/call/plaincall/AjaxQqpsService.saveMaterielItem.dwr HTTP/1.1" 200 79
116.224.233.159 - - [16/Jan/2020:10:16:30 +0800] "GET /xingrg/javascript/easyui/themes/default/tree.css HTTP/1.1" 404 1090
117.184.7.30 - - [16/Jan/2020:10:16:30 +0800] "GET /xingrg/all/function/internal_message.html?_=1579140976660&CODE_STATE=getMsg HTTP/1.1" 200 27
116.224.233.159 - - [16/Jan/2020:10:16:30 +0800] "POST /xingrg/all/common/load_tree.html?tree=supplier_tree_json&isDelete=1 HTTP/1.1" 200 46062
180.162.232.172 - - [16/Jan/2020:10:16:34 +0800] "POST /xingrg/dwr/call/plaincall/AjaxQqpsService.getMaterielByCode.dwr HTTP/1.1" 200 3497
114.93.75.19 - - [16/Jan/2020:10:16:38 +0800] "GET /xingrg/all/function/internal_message.html?_=1579140993911&CODE_STATE=getMsg HTTP/1.1" 200 27
180.162.232.172 - - [16/Jan/2020:10:16:39 +0800] "GET /xingrg/all/function/internal_message.html?_=1579141107667&CODE_STATE=getMsg HTTP/1.1" 200 27
222.69.138.237 - - [16/Jan/2020:10:16:40 +0800] "GET /xingrg/all/function/internal_message.html?_=1579140993832&CODE_STATE=getMsg HTTP/1.1" 200 27
116.224.233.159 - - [16/Jan/2020:10:16:41 +0800] "GET /xingrg/kc/buy/cgsh_order_operate.html?command=get_materiel&rest_code=00102&code=00101012026&supplier_code=00100031&order_time=2020-01-16 HTTP/1.1" 200 408
180.162.232.172 - - [16/Jan/2020:10:16:42 +0800] "POST /xingrg/dwr/call/plaincall/AjaxQqpsService.saveMaterielItem.dwr HTTP/1.1" 200 79
180.162.232.172 - - [16/Jan/2020:10:16:47 +0800] "POST /xingrg/dwr/call/plaincall/AjaxQqpsService.getMaterielByCode.dwr HTTP/1.1" 200 3423
180.162.232.172 - - [16/Jan/2020:10:16:49 +0800] "POST /xingrg/dwr/call/plaincall/AjaxQqpsService.saveMaterielItem.dwr HTTP/1.1" 200 79
114.93.75.19 - - [16/Jan/2020:10:16:51 +0800] "GET /xingrg/check_reg.html?_=1579141007499 HTTP/1.1" 200 22
116.233.72.195 - - [16/Jan/2020:10:16:51 +0800] "GET /xingrg/all/function/internal_message.html?_=1579141018203&CODE_STATE=getMsg HTTP/1.1" 200 27
116.228.172.94 - - [16/Jan/2020:10:16:51 +0800] "GET /xingrg/check_reg.html?_=1579140393034 HTTP/1.1" 200 22
116.228.172.94 - - [16/Jan/2020:10:16:52 +0800] "GET /xingrg/all/function/internal_message.html?_=1579140393325&CODE_STATE=getMsg HTTP/1.1" 200 27
180.162.232.172 - - [16/Jan/2020:10:16:56 +0800] "POST /xingrg/dwr/call/plaincall/AjaxQqpsService.getMaterielByCode.dwr HTTP/1.1" 200 3481
101.81.125.204 - - [16/Jan/2020:10:16:56 +0800] "GET /xingrg/all/function/internal_message.html?_=1579141013174&CODE_STATE=getMsg HTTP/1.1" 200 27
180.162.232.172 - - [16/Jan/2020:10:16:59 +0800] "POST /xingrg/dwr/call/plaincall/AjaxQqpsService.saveMaterielItem.dwr HTTP/1.1" 200 79
114.88.170.138 - - [16/Jan/2020:10:17:00 +0800] "GET /xingrg/check_reg.html?_=1579141241995 HTTP/1.1" 200 22
114.88.170.138 - - [16/Jan/2020:10:17:00 +0800] "GET /xingrg/all/function/internal_message.html?_=1579141242055&CODE_STATE=getMsg HTTP/1.1" 200 27
124.77.241.94 - - [16/Jan/2020:10:17:03 +0800] "GET /xingrg/all/function/internal_message.html?_=1579141020826&CODE_STATE=getMsg HTTP/1.1" 200 27
116.224.233.159 - - [16/Jan/2020:10:17:03 +0800] "GET /xingrg/kc/buy/cgsh_order_operate.html?command=get_materiel&rest_code=00102&code=00101018014&supplier_code=00100031&order_time=2020-01-16 HTTP/1.1" 200 439
180.162.232.172 - - [16/Jan/2020:10:17:04 +0800] "POST /xingrg/dwr/call/plaincall/AjaxQqpsService.getMaterielByCode.dwr HTTP/1.1" 200 3495
180.162.232.172 - - [16/Jan/2020:10:17:06 +0800] "POST /xingrg/dwr/call/plaincall/AjaxQqpsService.saveMaterielItem.dwr HTTP/1.1" 200 79
114.93.75.19 - - [16/Jan/2020:10:17:06 +0800] "GET /xingrg/all/function/internal_message.html?_=1579140933794&CODE_STATE=getMsg HTTP/1.1" 200 27
58.40.7.146 - - [16/Jan/2020:10:17:07 +0800] "GET /xingrg/all/function/internal_message.html?_=1579141023980&CODE_STATE=getMsg HTTP/1.1" 200 27
180.162.232.172 - - [16/Jan/2020:10:17:12 +0800] "POST /xingrg/dwr/call/plaincall/AjaxQqpsService.getMaterielByCode.dwr HTTP/1.1" 200 3423
116.238.181.252 - - [16/Jan/2020:10:17:14 +0800] "GET /xingrg/check_reg.html?_=1579141032067 HTTP/1.1" 200 22
116.238.181.252 - - [16/Jan/2020:10:17:14 +0800] "GET /xingrg/all/function/internal_message.html?_=1579141032072&CODE_STATE=getMsg HTTP/1.1" 200 27
180.162.232.172 - - [16/Jan/2020:10:17:14 +0800] "POST /xingrg/dwr/call/plaincall/AjaxQqpsService.saveMaterielItem.dwr HTTP/1.1" 200 79
58.221.95.50 - - [16/Jan/2020:10:17:18 +0800] "GET /xingrg/check_reg.html?_=1579141208173 HTTP/1.1" 302 -
124.77.241.94 - - [16/Jan/2020:10:17:19 +0800] "GET /xingrg/all/function/internal_message.html?_=1579141033400&CODE_STATE=getMsg HTTP/1.1" 200 27
58.221.95.50 - - [16/Jan/2020:10:17:19 +0800] "GET /xingrg/all/function/internal_message.html?_=1579141347623&CODE_STATE=getMsg HTTP/1.1" 302 -
58.221.95.50 - - [16/Jan/2020:10:17:19 +0800] "GET /xingrg/login.html HTTP/1.1" 200 7639
114.88.159.93 - - [16/Jan/2020:10:17:20 +0800] "GET /xingrg/all/function/internal_message.html?_=1579141045864&CODE_STATE=getMsg HTTP/1.1" 200 27
180.162.232.172 - - [16/Jan/2020:10:17:20 +0800] "POST /xingrg/dwr/call/plaincall/AjaxQqpsService.getMaterielByCode.dwr HTTP/1.1" 200 3510
180.162.232.172 - - [16/Jan/2020:10:17:22 +0800] "POST /xingrg/dwr/call/plaincall/AjaxQqpsService.saveMaterielItem.dwr HTTP/1.1" 200 79
117.185.32.26 - - [16/Jan/2020:10:17:22 +0800] "GET /xingrg/all/function/internal_message.html?_=1579141413549&CODE_STATE=getMsg HTTP/1.1" 200 27
120.253.135.82 - - [16/Jan/2020:10:17:23 +0800] "GET /xingrg/all/function/internal_message.html?_=1579140780107&CODE_STATE=getMsg HTTP/1.1" 200 27
116.238.35.243 - - [16/Jan/2020:10:17:25 +0800] "GET /xingrg/all/function/internal_message.html?_=1579141046302&CODE_STATE=getMsg HTTP/1.1" 200 27
180.162.232.172 - - [16/Jan/2020:10:17:27 +0800] "POST /xingrg/dwr/call/plaincall/AjaxQqpsService.getMaterielByCode.dwr HTTP/1.1" 200 3423
117.184.7.26 - - [16/Jan/2020:10:17:30 +0800] "GET /xingrg/all/function/internal_message.html?_=1579141036668&CODE_STATE=getMsg HTTP/1.1" 200 27
114.93.75.19 - - [16/Jan/2020:10:17:38 +0800] "GET /xingrg/all/function/internal_message.html?_=1579141053884&CODE_STATE=getMsg HTTP/1.1" 200 27
180.162.232.172 - - [16/Jan/2020:10:17:39 +0800] "GET /xingrg/all/function/internal_message.html?_=1579141167680&CODE_STATE=getMsg HTTP/1.1" 200 27
222.69.138.237 - - [16/Jan/2020:10:17:40 +0800] "GET /xingrg/all/function/internal_message.html?_=1579141053839&CODE_STATE=getMsg HTTP/1.1" 200 27
116.233.72.195 - - [16/Jan/2020:10:17:49 +0800] "GET /xingrg/all/function/internal_message.html?_=1579141078180&CODE_STATE=getMsg HTTP/1.1" 200 27
116.228.172.94 - - [16/Jan/2020:10:17:52 +0800] "GET /xingrg/all/function/internal_message.html?_=1579140453341&CODE_STATE=getMsg HTTP/1.1" 200 27
124.77.241.94 - - [16/Jan/2020:10:17:53 +0800] "GET /xingrg/check_reg.html?_=1579141070538 HTTP/1.1" 200 22
101.81.125.204 - - [16/Jan/2020:10:17:56 +0800] "GET /xingrg/all/function/internal_message.html?_=1579141073173&CODE_STATE=getMsg HTTP/1.1" 200 27
117.131.5.26 - - [16/Jan/2020:10:17:57 +0800] "POST /xingrg/services/DataTransmitService HTTP/1.1" 200 524
117.131.5.26 - - [16/Jan/2020:10:17:59 +0800] "POST /xingrg/services/DataTransmitService HTTP/1.1" 200 501
117.131.5.26 - - [16/Jan/2020:10:17:59 +0800] "POST /xingrg/services/DataTransmitService HTTP/1.1" 200 501
114.88.170.138 - - [16/Jan/2020:10:18:00 +0800] "GET /xingrg/all/function/internal_message.html?_=1579141302035&CODE_STATE=getMsg HTTP/1.1" 200 27
124.77.241.94 - - [16/Jan/2020:10:18:03 +0800] "GET /xingrg/all/function/internal_message.html?_=1579141080834&CODE_STATE=getMsg HTTP/1.1" 200 27
114.93.75.19 - - [16/Jan/2020:10:18:06 +0800] "GET /xingrg/all/function/internal_message.html?_=1579140993794&CODE_STATE=getMsg HTTP/1.1" 200 27
117.131.5.26 - - [16/Jan/2020:10:18:07 +0800] "POST /xingrg/services/DataTransmitService HTTP/1.1" 200 501
58.40.7.146 - - [16/Jan/2020:10:18:07 +0800] "GET /xingrg/check_reg.html?_=1579141083970 HTTP/1.1" 200 22
58.40.7.146 - - [16/Jan/2020:10:18:07 +0800] "GET /xingrg/all/function/internal_message.html?_=1579141083971&CODE_STATE=getMsg HTTP/1.1" 200 27
116.238.181.252 - - [16/Jan/2020:10:18:14 +0800] "GET /xingrg/all/function/internal_message.html?_=1579141092067&CODE_STATE=getMsg HTTP/1.1" 200 27
117.131.5.26 - - [16/Jan/2020:10:18:14 +0800] "POST /xingrg/services/DataTransmitService HTTP/1.1" 200 501
117.131.5.26 - - [16/Jan/2020:10:18:15 +0800] "POST /xingrg/services/DataTransmitService HTTP/1.1" 200 501
117.131.5.26 - - [16/Jan/2020:10:18:15 +0800] "POST /xingrg/services/DataTransmitService HTTP/1.1" 200 501
117.131.5.26 - - [16/Jan/2020:10:18:16 +0800] "POST /xingrg/services/DataTransmitService HTTP/1.1" 200 501
117.131.5.26 - - [16/Jan/2020:10:18:16 +0800] "POST /xingrg/services/DataTransmitService HTTP/1.1" 200 501
116.224.233.159 - - [16/Jan/2020:10:18:19 +0800] "GET /xingrg/kc/buy/cgsh_order_operate.html?command=get_materiel&rest_code=00102&code=00101016025&supplier_code=00100031&order_time=2020-01-16 HTTP/1.1" 200 408
117.131.5.26 - - [16/Jan/2020:10:18:19 +0800] "POST /xingrg/services/DataTransmitService HTTP/1.1" 200 412
124.77.241.94 - - [16/Jan/2020:10:18:19 +0800] "GET /xingrg/all/function/internal_message.html?_=1579141093651&CODE_STATE=getMsg HTTP/1.1" 200 27
58.221.95.50 - - [16/Jan/2020:10:18:19 +0800] "GET /xingrg/check_reg.html?_=1579141407624 HTTP/1.1" 302 -
58.221.95.50 - - [16/Jan/2020:10:18:19 +0800] "GET /xingrg/all/function/internal_message.html?_=1579141407625&CODE_STATE=getMsg HTTP/1.1" 302 -
58.221.95.50 - - [16/Jan/2020:10:18:19 +0800] "GET /xingrg/login.html HTTP/1.1" 200 7639
114.88.159.93 - - [16/Jan/2020:10:18:20 +0800] "GET /xingrg/all/function/internal_message.html?_=1579141105862&CODE_STATE=getMsg HTTP/1.1" 200 27
58.221.95.50 - - [16/Jan/2020:10:18:20 +0800] "GET /xingrg/login.html HTTP/1.1" 200 7639
117.185.32.26 - - [16/Jan/2020:10:18:22 +0800] "GET /xingrg/all/function/internal_message.html?_=1579141473577&CODE_STATE=getMsg HTTP/1.1" 200 27
120.253.135.82 - - [16/Jan/2020:10:18:23 +0800] "GET /xingrg/all/function/internal_message.html?_=1579140840120&CODE_STATE=getMsg HTTP/1.1" 200 27
101.81.125.204 - - [16/Jan/2020:10:18:24 +0800] "GET /xingrg/kc/base/wldb_order_operate.html?command=get_materiel&rest_code=00107&base_code=0010151&code=00101019400 HTTP/1.1" 200 451
116.238.35.243 - - [16/Jan/2020:10:18:25 +0800] "GET /xingrg/all/function/internal_message.html?_=1579141106302&CODE_STATE=getMsg HTTP/1.1" 200 27
117.184.7.26 - - [16/Jan/2020:10:18:30 +0800] "GET /xingrg/check_reg.html?_=1579141096385 HTTP/1.1" 200 22
117.184.7.26 - - [16/Jan/2020:10:18:30 +0800] "GET /xingrg/all/function/internal_message.html?_=1579141096680&CODE_STATE=getMsg HTTP/1.1" 200 27
114.93.75.19 - - [16/Jan/2020:10:18:38 +0800] "GET /xingrg/all/function/internal_message.html?_=1579141113857&CODE_STATE=getMsg HTTP/1.1" 200 27
180.162.232.172 - - [16/Jan/2020:10:18:39 +0800] "GET /xingrg/all/function/internal_message.html?_=1579141227694&CODE_STATE=getMsg HTTP/1.1" 200 27
222.69.138.237 - - [16/Jan/2020:10:18:40 +0800] "GET /xingrg/all/function/internal_message.html?_=1579141113854&CODE_STATE=getMsg HTTP/1.1" 200 27
116.224.233.159 - - [16/Jan/2020:10:18:44 +0800] "GET /xingrg/kc/buy/cgsh_order_operate.html?command=get_materiel&rest_code=00102&code=00101020089&supplier_code=00100031&order_time=2020-01-16 HTTP/1.1" 200 412
116.233.72.195 - - [16/Jan/2020:10:18:47 +0800] "GET /xingrg/all/function/internal_message.html?_=1579141138203&CODE_STATE=getMsg HTTP/1.1" 200 27
116.224.233.159 - - [16/Jan/2020:10:18:49 +0800] "GET /xingrg/check_reg.html?_=1579141282244 HTTP/1.1" 200 22
116.228.172.94 - - [16/Jan/2020:10:18:52 +0800] "GET /xingrg/all/function/internal_message.html?_=1579140513353&CODE_STATE=getMsg HTTP/1.1" 200 27
101.81.125.204 - - [16/Jan/2020:10:18:56 +0800] "GET /xingrg/all/function/internal_message.html?_=1579141133172&CODE_STATE=getMsg HTTP/1.1" 200 27
114.88.170.138 - - [16/Jan/2020:10:19:00 +0800] "GET /xingrg/all/function/internal_message.html?_=1579141362017&CODE_STATE=getMsg HTTP/1.1" 200 27
124.77.241.94 - - [16/Jan/2020:10:19:03 +0800] "GET /xingrg/all/function/internal_message.html?_=1579141140846&CODE_STATE=getMsg HTTP/1.1" 200 27
114.93.75.19 - - [16/Jan/2020:10:19:06 +0800] "GET /xingrg/all/function/internal_message.html?_=1579141053794&CODE_STATE=getMsg HTTP/1.1" 200 27
58.40.7.146 - - [16/Jan/2020:10:19:07 +0800] "GET /xingrg/all/function/internal_message.html?_=1579141143977&CODE_STATE=getMsg HTTP/1.1" 200 27
116.238.181.252 - - [16/Jan/2020:10:19:14 +0800] "GET /xingrg/all/function/internal_message.html?_=1579141152226&CODE_STATE=getMsg HTTP/1.1" 200 27
180.162.232.172 - - [16/Jan/2020:10:19:19 +0800] "POST /xingrg/dwr/call/plaincall/AjaxQqpsService.saveMaterielItem.dwr HTTP/1.1" 200 79
124.77.241.94 - - [16/Jan/2020:10:19:19 +0800] "GET /xingrg/all/function/internal_message.html?_=1579141153661&CODE_STATE=getMsg HTTP/1.1" 200 27
58.221.95.50 - - [16/Jan/2020:10:19:19 +0800] "GET /xingrg/all/function/internal_message.html?_=1579141467653&CODE_STATE=getMsg HTTP/1.1" 302 -
58.221.95.50 - - [16/Jan/2020:10:19:20 +0800] "GET /xingrg/login.html HTTP/1.1" 200 7639
114.88.159.93 - - [16/Jan/2020:10:19:20 +0800] "GET /xingrg/all/function/internal_message.html?_=1579141165877&CODE_STATE=getMsg HTTP/1.1" 200 27
114.88.159.93 - - [16/Jan/2020:10:19:20 +0800] "GET /xingrg/check_reg.html?_=1579141165879 HTTP/1.1" 200 22
120.253.135.82 - - [16/Jan/2020:10:19:20 +0800] "GET /xingrg/check_reg.html?_=1579140897448 HTTP/1.1" 200 22
180.162.232.172 - - [16/Jan/2020:10:19:21 +0800] "POST /xingrg/dwr/call/plaincall/AjaxQqpsService.checkOrder.dwr HTTP/1.1" 200 79
117.185.32.26 - - [16/Jan/2020:10:19:22 +0800] "GET /xingrg/all/function/internal_message.html?_=1579141533577&CODE_STATE=getMsg HTTP/1.1" 200 27
180.162.232.172 - - [16/Jan/2020:10:19:22 +0800] "GET /xingrg/kc/mdqp/qqps_order_info.html?code=302020011600384 HTTP/1.1" 200 27404
180.162.232.172 - - [16/Jan/2020:10:19:22 +0800] "GET /xingrg/dwr/interface/AjaxQqpsService.js HTTP/1.1" 200 16326
180.162.232.172 - - [16/Jan/2020:10:19:22 +0800] "GET /xingrg/dwr/interface/AjaxComOrderService.js HTTP/1.1" 200 18264
180.162.232.172 - - [16/Jan/2020:10:19:22 +0800] "GET /xingrg/dwr/engine.js HTTP/1.1" 200 43631
180.162.232.172 - - [16/Jan/2020:10:19:23 +0800] "POST /xingrg/dwr/call/plaincall/AjaxQqpsService.loadMaterielItems.dwr HTTP/1.1" 200 9175
120.253.135.82 - - [16/Jan/2020:10:19:23 +0800] "GET /xingrg/all/function/internal_message.html?_=1579140900134&CODE_STATE=getMsg HTTP/1.1" 200 27
180.162.232.172 - - [16/Jan/2020:10:19:23 +0800] "GET /xingrg/images/yd/bt.gif HTTP/1.1" 404 1040
180.162.232.172 - - [16/Jan/2020:10:19:24 +0800] "GET /xingrg/images/yd/bt2.gif HTTP/1.1" 404 1042
116.238.35.243 - - [16/Jan/2020:10:19:25 +0800] "GET /xingrg/all/function/internal_message.html?_=1579141166300&CODE_STATE=getMsg HTTP/1.1" 200 27
117.184.7.26 - - [16/Jan/2020:10:19:30 +0800] "GET /xingrg/all/function/internal_message.html?_=1579141156693&CODE_STATE=getMsg HTTP/1.1" 200 27
114.93.75.19 - - [16/Jan/2020:10:19:38 +0800] "GET /xingrg/all/function/internal_message.html?_=1579141173862&CODE_STATE=getMsg HTTP/1.1" 200 27
180.162.232.172 - - [16/Jan/2020:10:19:38 +0800] "POST /xingrg/dwr/call/plaincall/AjaxQqpsService.uncheckOrder.dwr HTTP/1.1" 200 78
116.224.233.159 - - [16/Jan/2020:10:19:38 +0800] "GET /xingrg/kc/buy/cgsh_order_operate.html?command=get_materiel&rest_code=00102&code=00101010477&supplier_code=00100031&order_time=2020-01-16 HTTP/1.1" 200 391
180.162.232.172 - - [16/Jan/2020:10:19:39 +0800] "GET /xingrg/check_reg.html?_=1579141287707 HTTP/1.1" 200 22
180.162.232.172 - - [16/Jan/2020:10:19:39 +0800] "GET /xingrg/all/function/internal_message.html?_=1579141287708&CODE_STATE=getMsg HTTP/1.1" 200 27
180.162.232.172 - - [16/Jan/2020:10:19:39 +0800] "GET /xingrg/css/blue.css HTTP/1.1" 304 -
180.162.232.172 - - [16/Jan/2020:10:19:39 +0800] "GET /xingrg/javascript/jquery_easy_ui/themes/icon.css HTTP/1.1" 304 -
180.162.232.172 - - [16/Jan/2020:10:19:39 +0800] "GET /xingrg/javascript/auto/jquery.autocomplete.js HTTP/1.1" 304 -
180.162.232.172 - - [16/Jan/2020:10:19:39 +0800] "GET /xingrg/javascript/auto/jquery.autocomplete.css HTTP/1.1" 304 -
180.162.232.172 - - [16/Jan/2020:10:19:39 +0800] "GET /xingrg/javascript/jquery_easy_ui/jquery.easyui.min.js HTTP/1.1" 304 -
180.162.232.172 - - [16/Jan/2020:10:19:39 +0800] "GET /xingrg/javascript/jquery_easy_ui/easyui-lang-zh_CN.js HTTP/1.1" 304 -
180.162.232.172 - - [16/Jan/2020:10:19:39 +0800] "GET /xingrg/javascript/tools/jquery.qtip-1.0.0-rc3.min.js HTTP/1.1" 304 -
180.162.232.172 - - [16/Jan/2020:10:19:39 +0800] "GET /xingrg/javascript/pic_change.js HTTP/1.1" 304 -
180.162.232.172 - - [16/Jan/2020:10:19:39 +0800] "GET /xingrg/javascript/jquery-1.4.2.min.js HTTP/1.1" 304 -
180.162.232.172 - - [16/Jan/2020:10:19:39 +0800] "GET /xingrg/dwr/util.js HTTP/1.1" 304 -
180.162.232.172 - - [16/Jan/2020:10:19:39 +0800] "GET /xingrg/javascript/Calendar.js HTTP/1.1" 304 -
180.162.232.172 - - [16/Jan/2020:10:19:39 +0800] "GET /xingrg/javascript/AjaxInfoList.js HTTP/1.1" 304 -
180.162.232.172 - - [16/Jan/2020:10:19:39 +0800] "GET /xingrg/javascript/Grid.js HTTP/1.1" 304 -
180.162.232.172 - - [16/Jan/2020:10:19:39 +0800] "GET /xingrg/javascript/ToolTips.js HTTP/1.1" 304 -
180.162.232.172 - - [16/Jan/2020:10:19:39 +0800] "GET /xingrg/javascript/print/kc_print.js HTTP/1.1" 304 -
180.162.232.172 - - [16/Jan/2020:10:19:39 +0800] "GET /xingrg/kc/mdqp/qqps_order_info.html?code=302020011600384 HTTP/1.1" 200 29160
180.162.232.172 - - [16/Jan/2020:10:19:39 +0800] "GET /xingrg/javascript/print/LodopFuncs.js HTTP/1.1" 304 -
180.162.232.172 - - [16/Jan/2020:10:19:39 +0800] "GET /xingrg/javascript/myfunction.js HTTP/1.1" 304 -
180.162.232.172 - - [16/Jan/2020:10:19:39 +0800] "GET /xingrg/javascript/jquery_easy_ui/themes/icon.css HTTP/1.1" 304 -
180.162.232.172 - - [16/Jan/2020:10:19:39 +0800] "GET /xingrg/javascript/jquery_easy_ui/themes/default/easyui.css HTTP/1.1" 304 -
180.162.232.172 - - [16/Jan/2020:10:19:39 +0800] "GET /xingrg/dwr/interface/AjaxComOrderService.js HTTP/1.1" 200 18264
180.162.232.172 - - [16/Jan/2020:10:19:39 +0800] "GET /xingrg/dwr/interface/AjaxQqpsService.js HTTP/1.1" 200 16326
180.162.232.172 - - [16/Jan/2020:10:19:39 +0800] "GET /xingrg/dwr/engine.js HTTP/1.1" 200 43631
222.69.138.237 - - [16/Jan/2020:10:19:40 +0800] "GET /xingrg/all/function/internal_message.html?_=1579141173839&CODE_STATE=getMsg HTTP/1.1" 200 27
180.162.232.172 - - [16/Jan/2020:10:19:42 +0800] "GET /xingrg/javascript/jquery.utils.js HTTP/1.1" 304 -
180.162.232.172 - - [16/Jan/2020:10:19:42 +0800] "GET /xingrg/words/20200116072130_words.js HTTP/1.1" 304 -
180.162.232.172 - - [16/Jan/2020:10:19:42 +0800] "GET /xingrg/javascript/jquery_easy_ui/themes/icons/template_new.png HTTP/1.1" 200 3956
180.162.232.172 - - [16/Jan/2020:10:19:42 +0800] "GET /xingrg/javascript/jquery_easy_ui/themes/icons/edit_add_new.png HTTP/1.1" 200 2997
180.162.232.172 - - [16/Jan/2020:10:19:42 +0800] "GET /xingrg/javascript/jquery_easy_ui/themes/icons/copy_new.png HTTP/1.1" 200 815
180.162.232.172 - - [16/Jan/2020:10:19:42 +0800] "GET /xingrg/javascript/jquery_easy_ui/themes/icons/cance_new.png HTTP/1.1" 200 3986
180.162.232.172 - - [16/Jan/2020:10:19:42 +0800] "GET /xingrg/javascript/jquery_easy_ui/themes/icons/ok.png HTTP/1.1" 200 883
180.162.232.172 - - [16/Jan/2020:10:19:42 +0800] "GET /xingrg/javascript/jquery_easy_ui/themes/icons/check_new.png HTTP/1.1" 200 3224
180.162.232.172 - - [16/Jan/2020:10:19:42 +0800] "GET /xingrg/javascript/jquery_easy_ui/themes/icons/print.png HTTP/1.1" 200 1057
180.162.232.172 - - [16/Jan/2020:10:19:42 +0800] "GET /xingrg/javascript/jquery_easy_ui/themes/default/images/menu_downarrow.png HTTP/1.1" 200 173
180.162.232.172 - - [16/Jan/2020:10:19:42 +0800] "GET /xingrg/javascript/jquery_easy_ui/themes/icons/back_new.png HTTP/1.1" 200 3414
180.162.232.172 - - [16/Jan/2020:10:19:42 +0800] "GET /xingrg/javascript/jquery_easy_ui/themes/default/images/combo_arrow_dot.gif HTTP/1.1" 200 79
180.162.232.172 - - [16/Jan/2020:10:19:42 +0800] "GET /xingrg/images/blue/button/kc_tab_del.gif HTTP/1.1" 200 383
180.162.232.172 - - [16/Jan/2020:10:19:42 +0800] "GET /xingrg/images/blue/button/kc_tab_save.gif HTTP/1.1" 200 777
180.162.232.172 - - [16/Jan/2020:10:19:42 +0800] "GET /xingrg/images/blue/button/kc_tab_add.gif HTTP/1.1" 200 375
180.162.232.172 - - [16/Jan/2020:10:19:42 +0800] "GET /xingrg/images/blue/button/kc_tab_edit.gif HTTP/1.1" 200 551
180.162.232.172 - - [16/Jan/2020:10:19:42 +0800] "GET /xingrg/images/blue/kc_tab2_left.gif HTTP/1.1" 200 625
180.162.232.172 - - [16/Jan/2020:10:19:42 +0800] "GET /xingrg/images/blue/kc_tab_left.gif HTTP/1.1" 200 188
180.162.232.172 - - [16/Jan/2020:10:19:42 +0800] "GET /xingrg/images/blue/kc_tab_mid.gif HTTP/1.1" 200 44
180.162.232.172 - - [16/Jan/2020:10:19:42 +0800] "GET /xingrg/images/blue/kc_tab_right.gif HTTP/1.1" 200 643
180.162.232.172 - - [16/Jan/2020:10:19:42 +0800] "GET /xingrg/images/blue/kc_tab2_right.gif HTTP/1.1" 200 192
180.162.232.172 - - [16/Jan/2020:10:19:42 +0800] "GET /xingrg/images/blue/wait.gif HTTP/1.1" 200 1100
180.162.232.172 - - [16/Jan/2020:10:19:42 +0800] "POST /xingrg/dwr/call/plaincall/AjaxQqpsService.loadMaterielItems.dwr HTTP/1.1" 200 9175
101.81.125.204 - - [16/Jan/2020:10:19:43 +0800] "GET /xingrg/kc/base/wldb_order_operate.html?command=get_materiel&rest_code=00107&base_code=0010151&code=00101019184 HTTP/1.1" 200 444
116.233.72.195 - - [16/Jan/2020:10:19:45 +0800] "GET /xingrg/all/function/internal_message.html?_=1579141198192&CODE_STATE=getMsg HTTP/1.1" 200 27
116.224.233.159 - - [16/Jan/2020:10:19:46 +0800] "GET /xingrg/kc/buy/cgsh_order_operate.html?command=get_materiel&rest_code=00102&code=00101005037&supplier_code=00100031&order_time=2020-01-16 HTTP/1.1" 200 409
180.162.232.172 - - [16/Jan/2020:10:19:47 +0800] "GET /xingrg/images/yd/bt.gif HTTP/1.1" 404 1040
180.162.232.172 - - [16/Jan/2020:10:19:49 +0800] "GET /xingrg/javascript/auto/indicator.gif HTTP/1.1" 404 1066
116.228.172.94 - - [16/Jan/2020:10:19:52 +0800] "GET /xingrg/all/function/internal_message.html?_=1579140573390&CODE_STATE=getMsg HTTP/1.1" 200 27
180.162.232.172 - - [16/Jan/2020:10:19:52 +0800] "POST /xingrg/dwr/call/plaincall/AjaxQqpsService.getMaterielByCode.dwr HTTP/1.1" 200 3460
116.224.233.159 - - [16/Jan/2020:10:19:52 +0800] "GET /xingrg/kc/buy/cgsh_order_operate.html?command=get_materiel&rest_code=00102&code=00101012052&supplier_code=00100031&order_time=2020-01-16 HTTP/1.1" 200 412
101.81.125.204 - - [16/Jan/2020:10:19:55 +0800] "GET /xingrg/kc/base/wldb_order_operate.html?command=get_materiel&rest_code=00107&base_code=0010151&code=00101019359 HTTP/1.1" 200 447
101.81.125.204 - - [16/Jan/2020:10:19:56 +0800] "GET /xingrg/all/function/internal_message.html?_=1579141193169&CODE_STATE=getMsg HTTP/1.1" 200 27
180.162.232.172 - - [16/Jan/2020:10:19:56 +0800] "POST /xingrg/dwr/call/plaincall/AjaxQqpsService.saveMaterielItem.dwr HTTP/1.1" 200 78
114.88.170.138 - - [16/Jan/2020:10:20:00 +0800] "GET /xingrg/all/function/internal_message.html?_=1579141421988&CODE_STATE=getMsg HTTP/1.1" 200 27
180.162.232.172 - - [16/Jan/2020:10:20:01 +0800] "POST /xingrg/dwr/call/plaincall/AjaxQqpsService.getMaterielByCode.dwr HTTP/1.1" 200 3479
124.77.241.94 - - [16/Jan/2020:10:20:03 +0800] "GET /xingrg/all/function/internal_message.html?_=1579141201014&CODE_STATE=getMsg HTTP/1.1" 200 27
116.224.233.159 - - [16/Jan/2020:10:20:05 +0800] "GET /xingrg/kc/buy/cgsh_order_operate.html?command=get_materiel&rest_code=00102&code=00101018017&supplier_code=00100031&order_time=2020-01-16 HTTP/1.1" 200 421
101.81.125.204 - - [16/Jan/2020:10:20:06 +0800] "GET /xingrg/kc/base/wldb_order_operate.html?command=get_materiel&rest_code=00107&base_code=0010151&code=00101019204 HTTP/1.1" 200 438
114.93.75.19 - - [16/Jan/2020:10:20:06 +0800] "GET /xingrg/all/function/internal_message.html?_=1579141113793&CODE_STATE=getMsg HTTP/1.1" 200 27
58.40.7.146 - - [16/Jan/2020:10:20:07 +0800] "GET /xingrg/all/function/internal_message.html?_=1579141203969&CODE_STATE=getMsg HTTP/1.1" 200 27
180.157.252.250 - - [16/Jan/2020:10:20:14 +0800] "GET /xingrg/check_reg.html?_=1579141201291 HTTP/1.1" 302 -
116.238.181.252 - - [16/Jan/2020:10:20:14 +0800] "GET /xingrg/all/function/internal_message.html?_=1579141212201&CODE_STATE=getMsg HTTP/1.1" 200 27
101.81.125.204 - - [16/Jan/2020:10:20:15 +0800] "GET /xingrg/kc/base/wldb_order_operate.html?command=get_materiel&rest_code=00107&base_code=0010151&code=00101019185 HTTP/1.1" 200 456
124.77.241.94 - - [16/Jan/2020:10:20:17 +0800] "GET /xingrg/check_reg.html?_=1579141211434 HTTP/1.1" 200 22
116.224.233.159 - - [16/Jan/2020:10:20:18 +0800] "POST /xingrg/kc/buy/cgsh_order_operate.html HTTP/1.1" 200 37
124.77.241.94 - - [16/Jan/2020:10:20:19 +0800] "GET /xingrg/all/function/internal_message.html?_=1579141213676&CODE_STATE=getMsg HTTP/1.1" 200 27
58.221.95.50 - - [16/Jan/2020:10:20:19 +0800] "GET /xingrg/all/function/internal_message.html?_=1579141527632&CODE_STATE=getMsg HTTP/1.1" 302 -
58.221.95.50 - - [16/Jan/2020:10:20:20 +0800] "GET /xingrg/login.html HTTP/1.1" 200 7639
114.88.159.93 - - [16/Jan/2020:10:20:20 +0800] "GET /xingrg/all/function/internal_message.html?_=1579141225877&CODE_STATE=getMsg HTTP/1.1" 200 27
116.224.233.159 - - [16/Jan/2020:10:20:22 +0800] "POST /xingrg/kc/buy/cgsh_order_operate.html HTTP/1.1" 200 12
117.185.32.26 - - [16/Jan/2020:10:20:22 +0800] "GET /xingrg/all/function/internal_message.html?_=1579141593575&CODE_STATE=getMsg HTTP/1.1" 200 27
120.253.135.82 - - [16/Jan/2020:10:20:23 +0800] "GET /xingrg/all/function/internal_message.html?_=1579140960147&CODE_STATE=getMsg HTTP/1.1" 200 27
116.238.35.243 - - [16/Jan/2020:10:20:25 +0800] "GET /xingrg/all/function/internal_message.html?_=1579141226304&CODE_STATE=getMsg HTTP/1.1" 200 27
116.224.233.159 - - [16/Jan/2020:10:20:29 +0800] "GET /xingrg/kc/buy/cgsh_order_info.html?code=212020011608333 HTTP/1.1" 200 52272
116.224.233.159 - - [16/Jan/2020:10:20:30 +0800] "GET /xingrg/javascript/easyui/themes/default/validatebox.css HTTP/1.1" 404 1104
117.184.7.30 - - [16/Jan/2020:10:20:30 +0800] "GET /xingrg/all/function/internal_message.html?_=1579141216707&CODE_STATE=getMsg HTTP/1.1" 200 27
116.224.233.159 - - [16/Jan/2020:10:20:30 +0800] "POST /xingrg/kc/buy/cgsh_order_operate.html HTTP/1.1" 200 5348
116.224.233.159 - - [16/Jan/2020:10:20:36 +0800] "GET /xingrg/kc/print/load_data.html?order_code=212020011608333&kc_code=cgsh&condition= HTTP/1.1" 200 2519
101.81.125.204 - - [16/Jan/2020:10:20:36 +0800] "GET /xingrg/kc/base/wldb_order_operate.html?command=get_materiel&rest_code=00107&base_code=0010151&code=00101019187 HTTP/1.1" 200 465
180.162.232.172 - - [16/Jan/2020:10:20:37 +0800] "GET /xingrg/images/yd/bt2.gif HTTP/1.1" 404 1042
114.93.75.19 - - [16/Jan/2020:10:20:37 +0800] "GET /xingrg/all/function/internal_message.html?_=1579141233843&CODE_STATE=getMsg HTTP/1.1" 200 27
180.162.232.172 - - [16/Jan/2020:10:20:38 +0800] "POST /xingrg/dwr/call/plaincall/AjaxQqpsService.saveMaterielItem.dwr HTTP/1.1" 200 78
180.162.232.172 - - [16/Jan/2020:10:20:39 +0800] "GET /xingrg/all/function/internal_message.html?_=1579141347721&CODE_STATE=getMsg HTTP/1.1" 200 27
222.69.138.237 - - [16/Jan/2020:10:20:40 +0800] "GET /xingrg/check_reg.html?_=1579141233839 HTTP/1.1" 200 22
222.69.138.237 - - [16/Jan/2020:10:20:40 +0800] "GET /xingrg/all/function/internal_message.html?_=1579141233842&CODE_STATE=getMsg HTTP/1.1" 200 27
180.162.232.172 - - [16/Jan/2020:10:20:41 +0800] "POST /xingrg/dwr/call/plaincall/AjaxQqpsService.checkOrder.dwr HTTP/1.1" 200 78
180.162.232.172 - - [16/Jan/2020:10:20:43 +0800] "GET /xingrg/kc/mdqp/qqps_order_info.html?code=302020011600384 HTTP/1.1" 200 27404
180.162.232.172 - - [16/Jan/2020:10:20:43 +0800] "GET /xingrg/dwr/interface/AjaxQqpsService.js HTTP/1.1" 200 16326
180.162.232.172 - - [16/Jan/2020:10:20:43 +0800] "GET /xingrg/dwr/interface/AjaxComOrderService.js HTTP/1.1" 200 18264
180.162.232.172 - - [16/Jan/2020:10:20:43 +0800] "GET /xingrg/dwr/engine.js HTTP/1.1" 200 43631
116.233.72.195 - - [16/Jan/2020:10:20:43 +0800] "GET /xingrg/check_reg.html?_=1579141258190 HTTP/1.1" 200 22
116.233.72.195 - - [16/Jan/2020:10:20:43 +0800] "GET /xingrg/all/function/internal_message.html?_=1579141258190&CODE_STATE=getMsg HTTP/1.1" 200 27
180.162.232.172 - - [16/Jan/2020:10:20:43 +0800] "POST /xingrg/dwr/call/plaincall/AjaxQqpsService.loadMaterielItems.dwr HTTP/1.1" 200 9778
180.162.232.172 - - [16/Jan/2020:10:20:44 +0800] "GET /xingrg/images/yd/bt.gif HTTP/1.1" 404 1040
180.162.232.172 - - [16/Jan/2020:10:20:44 +0800] "GET /xingrg/images/yd/bt2.gif HTTP/1.1" 404 1042
180.157.252.250 - - [16/Jan/2020:10:20:45 +0800] "GET /xingrg/check_reg.html?_=1579141232391 HTTP/1.1" 302 -
116.224.233.159 - - [16/Jan/2020:10:20:47 +0800] "GET /xingrg/kc/buy/cgsh_order_add.html HTTP/1.1" 200 57361
116.224.233.159 - - [16/Jan/2020:10:20:49 +0800] "POST /xingrg/kc/buy/cgsh_order_operate.html HTTP/1.1" 200 8245
116.224.233.159 - - [16/Jan/2020:10:20:49 +0800] "GET /xingrg/javascript/easyui/themes/default/validatebox.css HTTP/1.1" 404 1104
101.81.125.204 - - [16/Jan/2020:10:20:50 +0800] "GET /xingrg/kc/base/wldb_order_operate.html?command=get_materiel&rest_code=00107&base_code=0010151&code=00101019127 HTTP/1.1" 200 466
116.224.233.159 - - [16/Jan/2020:10:20:51 +0800] "GET /xingrg/javascript/easyui/themes/default/tree.css HTTP/1.1" 404 1090
116.224.233.159 - - [16/Jan/2020:10:20:51 +0800] "POST /xingrg/all/common/load_tree.html?tree=supplier_tree_json&isDelete=1 HTTP/1.1" 200 46062
116.228.172.94 - - [16/Jan/2020:10:20:52 +0800] "GET /xingrg/all/function/internal_message.html?_=1579140633406&CODE_STATE=getMsg HTTP/1.1" 200 27
101.81.125.204 - - [16/Jan/2020:10:20:56 +0800] "GET /xingrg/check_reg.html?_=1579141253181 HTTP/1.1" 200 22
101.81.125.204 - - [16/Jan/2020:10:20:56 +0800] "GET /xingrg/all/function/internal_message.html?_=1579141253184&CODE_STATE=getMsg HTTP/1.1" 200 27
114.88.170.138 - - [16/Jan/2020:10:21:00 +0800] "GET /xingrg/all/function/internal_message.html?_=1579141481960&CODE_STATE=getMsg HTTP/1.1" 200 27
101.81.125.204 - - [16/Jan/2020:10:21:01 +0800] "GET /xingrg/kc/base/wldb_order_operate.html?command=get_materiel&rest_code=00107&base_code=0010151&code=00101019133 HTTP/1.1" 200 466
124.77.241.94 - - [16/Jan/2020:10:21:03 +0800] "GET /xingrg/all/function/internal_message.html?_=1579141261030&CODE_STATE=getMsg HTTP/1.1" 200 27
114.93.75.19 - - [16/Jan/2020:10:21:06 +0800] "GET /xingrg/all/function/internal_message.html?_=1579141173823&CODE_STATE=getMsg HTTP/1.1" 200 27
114.93.75.19 - - [16/Jan/2020:10:21:06 +0800] "GET /xingrg/check_reg.html?_=1579141173824 HTTP/1.1" 200 22
58.40.7.146 - - [16/Jan/2020:10:21:07 +0800] "GET /xingrg/all/function/internal_message.html?_=1579141263968&CODE_STATE=getMsg HTTP/1.1" 200 27
116.238.181.252 - - [16/Jan/2020:10:21:14 +0800] "GET /xingrg/all/function/internal_message.html?_=1579141272180&CODE_STATE=getMsg HTTP/1.1" 200 27
124.77.241.94 - - [16/Jan/2020:10:21:19 +0800] "GET /xingrg/all/function/internal_message.html?_=1579141273689&CODE_STATE=getMsg HTTP/1.1" 200 27
58.221.95.50 - - [16/Jan/2020:10:21:19 +0800] "GET /xingrg/all/function/internal_message.html?_=1579141587640&CODE_STATE=getMsg HTTP/1.1" 302 -
58.221.95.50 - - [16/Jan/2020:10:21:19 +0800] "GET /xingrg/login.html HTTP/1.1" 200 7639
114.88.159.93 - - [16/Jan/2020:10:21:20 +0800] "GET /xingrg/all/function/internal_message.html?_=1579141285877&CODE_STATE=getMsg HTTP/1.1" 200 27
117.185.32.26 - - [16/Jan/2020:10:21:22 +0800] "GET /xingrg/all/function/internal_message.html?_=1579141653589&CODE_STATE=getMsg HTTP/1.1" 200 27
117.185.32.26 - - [16/Jan/2020:10:21:22 +0800] "GET /xingrg/check_reg.html?_=1579141653591 HTTP/1.1" 200 22
120.253.135.82 - - [16/Jan/2020:10:21:23 +0800] "GET /xingrg/all/function/internal_message.html?_=1579141020160&CODE_STATE=getMsg HTTP/1.1" 200 27
116.238.35.243 - - [16/Jan/2020:10:21:25 +0800] "GET /xingrg/check_reg.html?_=1579141286306 HTTP/1.1" 200 22
116.238.35.243 - - [16/Jan/2020:10:21:25 +0800] "GET /xingrg/all/function/internal_message.html?_=1579141286313&CODE_STATE=getMsg HTTP/1.1" 200 27
101.81.125.204 - - [16/Jan/2020:10:21:27 +0800] "GET /xingrg/kc/base/wldb_order_operate.html?command=get_materiel&rest_code=00107&base_code=0010151&code=00101019505 HTTP/1.1" 200 480
117.184.7.26 - - [16/Jan/2020:10:21:30 +0800] "GET /xingrg/all/function/internal_message.html?_=1579141276876&CODE_STATE=getMsg HTTP/1.1" 200 27
114.93.75.19 - - [16/Jan/2020:10:21:37 +0800] "GET /xingrg/all/function/internal_message.html?_=1579141293821&CODE_STATE=getMsg HTTP/1.1" 200 27
180.162.232.172 - - [16/Jan/2020:10:21:39 +0800] "GET /xingrg/all/function/internal_message.html?_=1579141407741&CODE_STATE=getMsg HTTP/1.1" 200 27
222.69.138.237 - - [16/Jan/2020:10:21:40 +0800] "GET /xingrg/all/function/internal_message.html?_=1579141293840&CODE_STATE=getMsg HTTP/1.1" 200 27
116.233.72.195 - - [16/Jan/2020:10:21:41 +0800] "GET /xingrg/all/function/internal_message.html?_=1579141318196&CODE_STATE=getMsg HTTP/1.1" 200 27
101.81.125.204 - - [16/Jan/2020:10:21:49 +0800] "POST /xingrg/kc/base/wldb_order_operate.html HTTP/1.1" 200 37
101.81.125.204 - - [16/Jan/2020:10:21:49 +0800] "POST /xingrg/kc/base/wldb_order_operate.html HTTP/1.1" 200 6719
101.81.125.204 - - [16/Jan/2020:10:21:49 +0800] "GET /xingrg/kc/base/wldb_order_info.html?code=422020011602331 HTTP/1.1" 200 30339
101.81.125.204 - - [16/Jan/2020:10:21:50 +0800] "GET /xingrg/words/20200116072130_words.js HTTP/1.1" 304 -
101.81.125.204 - - [16/Jan/2020:10:21:50 +0800] "GET /xingrg/javascript/easyui/themes/default/validatebox.css HTTP/1.1" 404 1104
180.162.232.172 - - [16/Jan/2020:10:21:50 +0800] "POST /xingrg/dwr/call/plaincall/AjaxQqpsService.uncheckOrder.dwr HTTP/1.1" 200 78
101.81.125.204 - - [16/Jan/2020:10:21:51 +0800] "POST /xingrg/kc/base/wldb_order_operate.html HTTP/1.1" 200 6719
114.93.75.19 - - [16/Jan/2020:10:21:51 +0800] "GET /xingrg/check_reg.html?_=1579141307534 HTTP/1.1" 200 22
116.228.172.94 - - [16/Jan/2020:10:21:51 +0800] "GET /xingrg/check_reg.html?_=1579140693072 HTTP/1.1" 200 22
116.228.172.94 - - [16/Jan/2020:10:21:52 +0800] "GET /xingrg/all/function/internal_message.html?_=1579140693435&CODE_STATE=getMsg HTTP/1.1" 200 27
180.162.232.172 - - [16/Jan/2020:10:21:52 +0800] "GET /xingrg/javascript/jquery_easy_ui/themes/icon.css HTTP/1.1" 304 -
180.162.232.172 - - [16/Jan/2020:10:21:52 +0800] "GET /xingrg/javascript/auto/jquery.autocomplete.css HTTP/1.1" 304 -
180.162.232.172 - - [16/Jan/2020:10:21:52 +0800] "GET /xingrg/css/blue.css HTTP/1.1" 304 -
180.162.232.172 - - [16/Jan/2020:10:21:52 +0800] "GET /xingrg/javascript/jquery_easy_ui/jquery.easyui.min.js HTTP/1.1" 304 -
180.162.232.172 - - [16/Jan/2020:10:21:52 +0800] "GET /xingrg/javascript/jquery-1.4.2.min.js HTTP/1.1" 304 -
180.162.232.172 - - [16/Jan/2020:10:21:52 +0800] "GET /xingrg/javascript/auto/jquery.autocomplete.js HTTP/1.1" 304 -
180.162.232.172 - - [16/Jan/2020:10:21:52 +0800] "GET /xingrg/javascript/tools/jquery.qtip-1.0.0-rc3.min.js HTTP/1.1" 304 -
180.162.232.172 - - [16/Jan/2020:10:21:52 +0800] "GET /xingrg/javascript/jquery.utils.js HTTP/1.1" 304 -
180.162.232.172 - - [16/Jan/2020:10:21:52 +0800] "GET /xingrg/javascript/jquery_easy_ui/easyui-lang-zh_CN.js HTTP/1.1" 304 -
180.162.232.172 - - [16/Jan/2020:10:21:52 +0800] "GET /xingrg/javascript/pic_change.js HTTP/1.1" 304 -
180.162.232.172 - - [16/Jan/2020:10:21:52 +0800] "GET /xingrg/dwr/util.js HTTP/1.1" 304 -
180.162.232.172 - - [16/Jan/2020:10:21:52 +0800] "GET /xingrg/javascript/AjaxInfoList.js HTTP/1.1" 304 -
180.162.232.172 - - [16/Jan/2020:10:21:52 +0800] "GET /xingrg/javascript/myfunction.js HTTP/1.1" 304 -
180.162.232.172 - - [16/Jan/2020:10:21:52 +0800] "GET /xingrg/javascript/ToolTips.js HTTP/1.1" 304 -
180.162.232.172 - - [16/Jan/2020:10:21:52 +0800] "GET /xingrg/javascript/print/kc_print.js HTTP/1.1" 304 -
180.162.232.172 - - [16/Jan/2020:10:21:52 +0800] "GET /xingrg/javascript/Grid.js HTTP/1.1" 304 -
180.162.232.172 - - [16/Jan/2020:10:21:52 +0800] "GET /xingrg/kc/mdqp/qqps_order_info.html?code=302020011600384 HTTP/1.1" 200 29160
180.162.232.172 - - [16/Jan/2020:10:21:52 +0800] "GET /xingrg/javascript/print/LodopFuncs.js HTTP/1.1" 304 -
180.162.232.172 - - [16/Jan/2020:10:21:52 +0800] "GET /xingrg/javascript/Calendar.js HTTP/1.1" 304 -
180.162.232.172 - - [16/Jan/2020:10:21:52 +0800] "GET /xingrg/javascript/jquery_easy_ui/themes/icon.css HTTP/1.1" 304 -
180.162.232.172 - - [16/Jan/2020:10:21:52 +0800] "GET /xingrg/javascript/jquery_easy_ui/themes/default/easyui.css HTTP/1.1" 304 -
180.162.232.172 - - [16/Jan/2020:10:21:52 +0800] "GET /xingrg/dwr/interface/AjaxQqpsService.js HTTP/1.1" 200 16326
180.162.232.172 - - [16/Jan/2020:10:21:52 +0800] "GET /xingrg/dwr/interface/AjaxComOrderService.js HTTP/1.1" 200 18264
180.162.232.172 - - [16/Jan/2020:10:21:52 +0800] "GET /xingrg/dwr/engine.js HTTP/1.1" 200 43631
180.162.232.172 - - [16/Jan/2020:10:21:52 +0800] "GET /xingrg/words/20200116072130_words.js HTTP/1.1" 304 -
180.162.232.172 - - [16/Jan/2020:10:21:52 +0800] "GET /xingrg/javascript/jquery_easy_ui/themes/icons/copy_new.png HTTP/1.1" 304 -
180.162.232.172 - - [16/Jan/2020:10:21:52 +0800] "GET /xingrg/javascript/jquery_easy_ui/themes/icons/template_new.png HTTP/1.1" 304 -
180.162.232.172 - - [16/Jan/2020:10:21:52 +0800] "GET /xingrg/javascript/jquery_easy_ui/themes/icons/edit_add_new.png HTTP/1.1" 304 -
180.162.232.172 - - [16/Jan/2020:10:21:52 +0800] "GET /xingrg/javascript/jquery_easy_ui/themes/icons/cance_new.png HTTP/1.1" 304 -
180.162.232.172 - - [16/Jan/2020:10:21:52 +0800] "GET /xingrg/javascript/jquery_easy_ui/themes/icons/ok.png HTTP/1.1" 304 -
180.162.232.172 - - [16/Jan/2020:10:21:52 +0800] "GET /xingrg/javascript/jquery_easy_ui/themes/icons/check_new.png HTTP/1.1" 304 -
180.162.232.172 - - [16/Jan/2020:10:21:52 +0800] "GET /xingrg/javascript/jquery_easy_ui/themes/default/images/menu_downarrow.png HTTP/1.1" 304 -
180.162.232.172 - - [16/Jan/2020:10:21:52 +0800] "GET /xingrg/javascript/jquery_easy_ui/themes/icons/print.png HTTP/1.1" 304 -
180.162.232.172 - - [16/Jan/2020:10:21:52 +0800] "GET /xingrg/javascript/jquery_easy_ui/themes/icons/back_new.png HTTP/1.1" 304 -
180.162.232.172 - - [16/Jan/2020:10:21:52 +0800] "GET /xingrg/javascript/jquery_easy_ui/themes/default/images/combo_arrow_dot.gif HTTP/1.1" 304 -
180.162.232.172 - - [16/Jan/2020:10:21:52 +0800] "GET /xingrg/images/blue/button/kc_tab_add.gif HTTP/1.1" 304 -
180.162.232.172 - - [16/Jan/2020:10:21:52 +0800] "GET /xingrg/images/blue/button/kc_tab_save.gif HTTP/1.1" 304 -
180.162.232.172 - - [16/Jan/2020:10:21:52 +0800] "GET /xingrg/images/blue/button/kc_tab_del.gif HTTP/1.1" 304 -
180.162.232.172 - - [16/Jan/2020:10:21:52 +0800] "GET /xingrg/images/blue/button/kc_tab_edit.gif HTTP/1.1" 304 -
180.162.232.172 - - [16/Jan/2020:10:21:52 +0800] "GET /xingrg/images/blue/kc_tab_left.gif HTTP/1.1" 304 -
180.162.232.172 - - [16/Jan/2020:10:21:52 +0800] "GET /xingrg/images/blue/kc_tab_right.gif HTTP/1.1" 304 -
180.162.232.172 - - [16/Jan/2020:10:21:52 +0800] "GET /xingrg/images/blue/kc_tab_mid.gif HTTP/1.1" 304 -
180.162.232.172 - - [16/Jan/2020:10:21:52 +0800] "GET /xingrg/images/blue/kc_tab2_right.gif HTTP/1.1" 304 -
180.162.232.172 - - [16/Jan/2020:10:21:52 +0800] "GET /xingrg/images/blue/kc_tab2_left.gif HTTP/1.1" 304 -
180.162.232.172 - - [16/Jan/2020:10:21:52 +0800] "GET /xingrg/images/blue/wait.gif HTTP/1.1" 304 -
180.162.232.172 - - [16/Jan/2020:10:21:53 +0800] "POST /xingrg/dwr/call/plaincall/AjaxQqpsService.loadMaterielItems.dwr HTTP/1.1" 200 9778
